-- https://www.phpmyadmin.net/
--
-- Czas generowania: 09 Sty 2020, 23:54
-- Wersja serwera: 10.1.43-MariaDB
-- Wersja PHP: 7.2.10-0ubuntu0.18.04.1

START TRANSACTION;



--
-- Baza danych: `altkomp_18`
--

-- --------------------------------------------------------

--
-- Struktura tabeli dla tabeli `address_book`
--

CREATE TABLE `address_book` (
  `address_book_id` int(11) NOT NULL,
  `customers_id` int(11) NOT NULL DEFAULT '0',
  `entry_gender` char(1) NOT NULL DEFAULT '',
  `entry_company` varchar(128) DEFAULT NULL,
  `entry_firstname` varchar(128) NOT NULL DEFAULT '',
  `entry_lastname` varchar(128) NOT NULL DEFAULT '',
  `entry_street_address` varchar(128) NOT NULL DEFAULT '',
  `entry_suburb` varchar(32) DEFAULT NULL,
  `entry_postcode` varchar(10) NOT NULL DEFAULT '',
  `entry_city` varchar(128) NOT NULL DEFAULT '',
  `entry_state` varchar(64) DEFAULT NULL,
  `entry_country_id` int(11) NOT NULL DEFAULT '0',
  `entry_zone_id` int(11) NOT NULL DEFAULT '0'
) ENGINE=MyISAM DEFAULT CHARSET=utf8;

--
-- Zrzut danych tabeli `address_book`
--

INSERT INTO `address_book` (`address_book_id`, `customers_id`, `entry_gender`, `entry_company`, `entry_firstname`, `entry_lastname`, `entry_street_address`, `entry_suburb`, `entry_postcode`, `entry_city`, `entry_state`, `entry_country_id`, `entry_zone_id`) VALUES
(1, 1, '', '', 'ww', 'aaaaa', 'aasasddfd', '', '21030', 'mary', NULL, 170, 0),
(2, 2, '', '', 'fff', 'fff', 'fffff', '', '21-030', 'ffff', NULL, 170, 0),
(5, 5, '', '', 'Małgorzata', 'Tobolewska', 'ul.Dominikańska16', '', '98-200', 'Sieradz', NULL, 170, 0),
(6, 5, '', '', 's.Małgorzata', 'Tobolewska', 'ul.Dominikańska16', '', '98-200', 'Sieradz', NULL, 170, 0),
(458, 417, '', '', 'Piotr', 'Lelo', 'Niekłonice 53', '', '76-024', 'Świeszyno', NULL, 170, 0),
(459, 418, '', '', 'janusz', 'zbrożek', 'górki pęcławskie 7', 'piątek', '99-120', 'piątek', NULL, 170, 0),
(10, 8, '', '', 'Ryszard', 'Szcześniak', 'miejscowość Wojciechówka31a', '', '62-800', 'gmina Żelazków', NULL, 170, 0),
(11, 9, '', '', 'Barbara', 'Paluch', 'Jankowice 11', '', '26-660', 'Jedlińsk', NULL, 170, 0),
(12, 10, '', '', 'Sławomir', 'Kryczka', 'Niekłonice 41', '', '76-024', 'Niekłonce', NULL, 170, 0),
(14, 12, '', '', 'Marek', 'Orzechowski', 'Komorczyn 7a', '', '76251', 'Kobylnica', NULL, 170, 0),
(15, 13, '', '', 'Czesława', 'Krynke', 'Łuczańska 20', '', '11-600', 'Węgorewo', NULL, 170, 0),
(16, 14, '', '', 'Jan', 'Rzepecki', 'Kurowo 11', '', '62-065', 'Grodzisk Wielkopolski', NULL, 170, 0),
(17, 15, '', '', 'Antoni', 'Lipniewski', 'xxxwerrfg', '', '21212', 'xxxccvvvv', NULL, 170, 0),
(18, 16, '', '', 'MIROSŁAW', 'CZEBOTAR', 'BOENIGKA 25 / 9', '', '10-686', 'OLSZTYN', NULL, 170, 0),
(19, 17, '', '', 'Marek', 'Sterna', 'Tuchorza 17a', '', '64-232', 'Tuchorza', NULL, 170, 0),
(20, 18, '', '', 'Sławomir', 'Kryczka', 'Niekłonice 41', '', '76-024', 'Niekłonce', NULL, 170, 0),
(21, 19, '', '', 'Mikołaj', 'Szreder', 'Kościelna 27, wejscie od ul Mostowej', '', '84-230', 'Rumia', NULL, 170, 0),
(22, 20, '', '', 'Jarosław', 'Nadolny', 'Wonieść 68', '', '64-030', 'Wonieść', NULL, 170, 0),
(23, 20, '', '', 'Jarosław', 'Nadolny', 'Wonieść 68', '', '64-030', 'Śmigiel', NULL, 170, 0),
(24, 21, '', '', 'Paulina', 'Łach', 'Krępice 27', '', '28-530', 'Skalbmierz', NULL, 170, 0),
(25, 22, '', '', 'Marek', 'Andrzejewski', 'Wola Jabłońska 31a', '', '64-300', 'Nowy Tomyśl', NULL, 170, 0),
(28, 25, '', '', 'andrzej', 'kwiecień', 'dziewków', '', '27-640', 'klimontów', NULL, 170, 0),
(29, 26, '', '', 'Zofia', 'Dyrek', 'Brzezna 327', '', '33-386', 'Podegrodzie', NULL, 170, 0),
(33, 30, '', '', 'Jerzy', 'Konklewski', 'Ogrodowa 14', '', '87-148', 'Papowo Toruńskie', NULL, 170, 0),
(34, 31, '', '', 'Sławomir', 'Kryczka', 'Niekłonice 41', '', '76-024', 'Niekłonce', NULL, 170, 0),
(35, 32, '', '', 'Joanna', 'Piwko', 'Beethovena 48', '', '80-171', 'Gdańsk', NULL, 170, 0),
(37, 34, '', '', 'Teodora', 'Szyszkowska', 'Warszówek 43', '', '27-225', 'Pawłów', NULL, 170, 0),
(38, 35, '', '', 'urszula', 'orlikowska', 'błota 4', '', '86-050', 'solec kujawski', NULL, 170, 0),
(39, 36, '', '', 'lidia', 'gawliczek', 'widokowa 3', 'Żerdziny', '47-480PIet', 'Żerdziny', NULL, 170, 0),
(41, 38, '', '', 'Marcin', 'Kaczmarowski', 'Ludowa 24', '', '64-800', 'Chodzież', NULL, 170, 0),
(42, 39, '', '', 'Marian', 'Gołek', 'Krótka10', '', '68-200', 'Żary', NULL, 170, 0),
(43, 40, '', '', 'Zdzisław', 'Karpiński', 'Goździków 19', '', '44-335', 'Jastrzębie-Zdrój', NULL, 170, 0),
(45, 42, '', '', 'Piotr', 'Pawłowski', 'Kilińskiego 71', '', '95-083', 'Kazimierz', NULL, 170, 0),
(46, 43, '', '', 'wojciech', 'fryziak', 'Suchorączek 31', 'Więcbork', '89-410', 'Więcbork', NULL, 170, 0),
(48, 45, '', '', 'Henryk', 'Parzychowski', 'Bydgoska 9b/1', '', '89-300', 'Wyrzysk', NULL, 170, 0),
(52, 49, '', '', 'Andrzej', 'Kosiec', 'Żydy 5', '', '26-414', 'Potworów', NULL, 170, 0),
(53, 50, '', '', 'Anatol', 'Łukasiewicz', 'Stary Garbów, 83', '', '27-620', 'Stary Garbów', NULL, 170, 0),
(54, 50, '', '', 'Anatol', 'Łukasiewicz', 'Stary Garbów, 83', '', '27-620', 'Dwikozy', NULL, 170, 0),
(56, 52, '', 'Gospodarstwo Ogrodniczo - Rybackie', 'Andrzej', 'Szatkowski', 'Głowackiego 2/1', '856-123-77-26', '72-130', 'Maszewo', NULL, 170, 0),
(57, 53, '', 'Gospodarstwo Ekologiczne Jagoda', 'Andrzej', 'Kaniewski', 'Malinówka205', '', '36-213', 'Malinówka', NULL, 170, 0),
(58, 54, '', '', 'Jerzy', 'Przewłocki', 'Łukowiec 37', '', '27-660', 'Koprzywnica', NULL, 170, 0),
(59, 55, '', 'TOMASZULKA', 'Tomasz', 'Steinborn', 'Zacisze 54', '958-065-01-90', '84-208', 'Czeczewo', NULL, 170, 0),
(61, 57, '', '', 'andrzej', 'sycewicz', 'długa 51', '', '17-300', 'czartajew', NULL, 170, 0),
(62, 58, '', '', 'Ryszard', 'Szcześniak', 'Wojciechówka 31a', '', '62-800', 'Wojciechówka', NULL, 170, 0),
(63, 58, '', '', 'Ryszard', 'Szcześniak', 'Wojciechówka 31a', '', '62-800', 'Kalisz', NULL, 170, 0),
(64, 58, '', '', 'Ryszard', 'Szcześniak', 'Wojciechówka 31a', '', '62-800', 'Kalisz', NULL, 170, 0),
(67, 61, '', '', 'Piotr', 'Lelo', 'Niekłonice 53', '', '76-024', 'Świeszyno', NULL, 170, 0),
(68, 62, '', '', 'Sławomir', 'Kryczka', 'Niekónice 41', '', '76-024', 'Świeszyno', NULL, 170, 0),
(69, 63, '', '', 'Danuta', 'Płatos', 'Huta Mazowszańska 5', '', '26-624', 'Kowala', NULL, 170, 0),
(70, 64, '', '', 'Mateusz', 'Chwilczyński', 'Krzywanice 52', '', '97-565', 'Krzywanice', NULL, 170, 0),
(74, 67, '', '', 'Mariola', 'Wolańczyk', 'Torowa 19', '', '55-114', 'Szewce', NULL, 170, 0),
(76, 69, '', '', 'JANINA', 'KONOPKA', 'OLSZYNKA17A', '', '11-430', 'KORSZE', NULL, 170, 0),
(78, 71, '', '', 'ELŻBIETA', 'JABŁECKA', 'TRĘBKI NOWE 98', '', '05-170', 'ZAKROCZYM', NULL, 170, 0),
(79, 72, '', '', 'Grzegorz', 'Buras', 'Szarbia Zwierzyniecka 32', 'Skalbmierz', '28-530', 'Skalbmierz', NULL, 170, 0),
(82, 75, '', '', 'Helmut', 'Rzega', 'koscielna 4', '', '47-400', 'Raciborz', NULL, 170, 0),
(83, 76, '', '', 'izabela', 'czaplinska', 'Krzywe Kolo 102', '', '83 032', 'Pszczolki', NULL, 170, 0),
(85, 78, '', 'Gospodarstwo Ogrodniczo-Rolne Teresa i Leszek Kopera', 'Leszek', 'Kopera', 'Wyzwolenia 202', '832-104-53-64', '98-355', 'Trębaczew', NULL, 170, 0),
(86, 79, '', '', 'Grazyna', 'Roguska', 'Miklaszewskiego 43', '', '05-090', 'Dawidy Bankowe', NULL, 170, 0),
(87, 79, '', '', 'Grazyna', 'Roguska', 'Starzynskiego 4 l.5', 'Dawidy Bankowe', '05-090', 'Dawidy Bankowe', NULL, 170, 0),
(88, 80, '', '', 'robert', 'weclawiak', 'obórki 22', '', '05-520', 'konstancin-jeziorna', NULL, 170, 0),
(89, 81, '', '', 'Grazyna', 'Roguska', 'Miklaszewskiego 43', 'Dawidy Bankowe', '05-090', 'Dawidy Bankowe', NULL, 170, 0),
(90, 81, '', '', 'Grażyna', 'Roguska', 'Starzynskiego 4 l.5', '', '05-090', 'Dawidy Bankowe', NULL, 170, 0),
(91, 82, '', '', 'Sławomir', 'Kryczka', 'Niekónice 41', '', '76-024', 'Niekłonice', NULL, 170, 0),
(92, 83, '', '', 'Sebastian', 'Sapiński', 'Miłosna 21', '', '99-340', 'Krośniewice', NULL, 170, 0),
(93, 84, '', '', 'Sebastian', 'Sapiński', 'Miłosna 21', '', '99-340', 'Krośniewice', NULL, 170, 0),
(94, 85, '', '', 'Monika', 'Kasprzak', 'Rajsko 22', '', '62-860', 'Opatówek', NULL, 170, 0),
(95, 86, '', '', 'Monika', 'Kasprzak', 'Rajsko 22', '', '62-860', 'Rajsko', NULL, 170, 0),
(96, 87, '', '', 'Monika', 'Kasprzak', 'Rajsko 22', '', '62-860', 'Opatówek', NULL, 170, 0),
(98, 89, '', 'Robert', 'Robert', 'Pasiuk', 'Zezulin Niższy 18', 'Ludwin', '21-075', 'Ludwin', NULL, 170, 0),
(100, 91, '', '', 'Grazyna', 'Roguska', 'Miklaszewskiego 43', 'Dawidy Bankowe', '05-090', 'Dawidy Bankowe', NULL, 170, 0),
(101, 91, '', '', 'Grazyna', 'Roguska', 'Starzynskiego 4 l.5', 'Dawidy Bankowe', '05-090', 'Dawidy Bankowe', NULL, 170, 0),
(105, 94, '', '', 'Ryszard', 'Szcześniak', 'Wojciechówka 31a', '', '62-800', 'Wojciechówka', NULL, 170, 0),
(106, 94, '', '', 'Ryszard', 'Szcześniak', 'Wojciechówka 31a', '', '62-800', 'Kalisz', NULL, 170, 0),
(110, 97, '', '', 'Maciej', 'Wawrzyniak', 'Janików 8', '', '62-860', 'Opatówek', NULL, 170, 0),
(111, 97, '', '', 'Ewa', 'Grzelaczyk', 'Janików 8', '', '62-860', 'Opatówek', NULL, 170, 0),
(112, 98, '', '', 'Leszek', 'Ambroziak', 'Lasota 14', '', '99-311', 'Lasota', NULL, 170, 0),
(113, 99, '', '', 'Leszek', 'Ambroziak', 'Lasota 14', '', '99-311', 'Bedlno', NULL, 170, 0),
(115, 101, '', '', 'zdzisław', 'śliwiński', 'smolna 22a', '', '56-400', 'oleśnica', NULL, 170, 0),
(116, 102, '', '', 'Leszek', 'Ambroziak', 'Lasota 14', '', '99-311', 'Bedlno', NULL, 170, 0),
(118, 104, '', '', 'monika', 'ratajczak', 'krążkowo 3', '', '86-060', 'nowa wieś wielka', NULL, 170, 0),
(119, 105, '', '', 'Henryk', 'Parzychowski', 'Bydgoska 9 b /1', '', '89-300', 'Wyrzysk', NULL, 170, 0),
(120, 106, '', '', 'Agnieszka', 'Gaca', 'Grabowa 54', '', '26-414', 'Potworow', NULL, 170, 0),
(121, 107, '', '', 'Agnieszka', 'Gaca', 'Grabowa 54', '', '26-414', 'Potworow', NULL, 170, 0),
(123, 109, '', '', 'Marlena', 'Grabowska-Kozioł', 'Laski 71', '', '07-130', 'Łochów', NULL, 170, 0),
(124, 110, '', '', 'Maciej', 'Wawrzyniak', 'Janików 8', '', '62-860', 'Opatówek', NULL, 170, 0),
(125, 111, '', '', 'Grzegorz', 'Szczęsny', 'Zabostów Duży 41', '', '99-400', 'Łowicz', NULL, 170, 0),
(126, 112, '', '', 'Wojciech', 'Firynowicz', 'Tarnowa 40', '', '62-067', 'Rakoniewice', NULL, 170, 0),
(127, 113, '', '', 'Sybilla', 'Malura', 'ul. Rzeczna 17', '', '47-400', 'Racibórz', NULL, 170, 0),
(129, 115, '', '', 'wojciech', 'fryziak', 'suchorączek 31', '', '89-410', 'Więcbork', NULL, 170, 0),
(130, 116, '', 'Gospodarstwo Rolne', 'Zbigniew', 'Bathelt', 'Bronowska 51', '6521595068', '43-518', 'Ligota', NULL, 170, 0),
(133, 118, '', '', 'JANINA', 'KONOPKA', 'Olszynka 17 a', '', '11-430', 'Korsze', NULL, 170, 0),
(134, 119, '', '', 'Magdalena', 'Zimniewicz', 'Malwowa 19', 'Poznań', '60-175', 'Poznań', NULL, 170, 0),
(136, 121, '', '', 'Rafał', 'Maciejczyk', 'O R Ę Ż N A 8', 'Piaseczno', '05-501', 'Piaseczno', NULL, 170, 0),
(137, 122, '', '', 'Bożena', 'Grabarczyk', 'Radzanów 109', '', '26-807', 'Radzanów', NULL, 170, 0),
(138, 123, '', '', 'Emilia', 'Brzezińska', 'Polna 4d', '', '55-140', 'Żmigród', NULL, 170, 0),
(139, 124, '', '', 'Monika', 'Kasprzak', 'Rajsko 22', '', '62-860', 'Opatówek', NULL, 170, 0),
(140, 125, '', '', 'Krzysztof', 'Sztajer', 'ul. Szkolna 12 f/11', '', '95-054', 'Ksawerów', NULL, 170, 0),
(142, 127, '', '', 'Sebastian', 'Sapiński', 'Miłosna 21', '', '99-340', 'Miłosna, gm. Krośniewice', NULL, 170, 0),
(143, 128, '', '', 'Sebastian', 'Sapiński', 'Miłosna 21', '', '99-340', 'Krośniewice', NULL, 170, 0),
(144, 129, '', '', 'Janina', 'Konopka', 'zm.Olszynka 17a', '', '11-430', 'Korsze', NULL, 170, 0),
(145, 130, '', '', 'Rafał', 'Maciejczyk', 'O R Ę Ż N A 8', '', '05-501', 'Piaseczno', NULL, 170, 0),
(146, 131, '', '', 'Jarosław', 'Jatczak', 'Copina 14', '', '99-300', 'Kutno', NULL, 170, 0),
(147, 131, '', '', 'Jarosław', 'Jatczak', 'Chopina 14', '', '99-300', 'Kutno', NULL, 170, 0),
(148, 131, '', '', 'Jarosław', 'Jatczak', 'Chopina 14', '', '99-300', 'Kutno', NULL, 170, 0),
(149, 132, '', '', 'Ireneusz', 'Hańderek', 'Polna 262', '', '43-384', 'Jaworze', NULL, 170, 0),
(151, 134, '', '', 'Sybilla', 'Malura', 'ul. Rzeczna 17', '', '47-400', 'Racibórz', NULL, 170, 0),
(155, 137, '', 'ZPOIW AGROBIZNES Sp. z o.o.', 'Patrycjusz', 'Dragan', 'Polubicze Wiejskie I nr 40', '537-262-30-94', '21-580', 'Wisznice', NULL, 170, 0),
(156, 138, '', '', 'Maria', 'Dylewska', 'Brochocinek 35', '', '09-410', 'Płock', NULL, 170, 0),
(157, 139, '', '', 'Grażyna', 'Roguska', 'Starzyńskiego 4 lok.5', '', '05-090', 'Dawidy Bankowe', NULL, 170, 0),
(158, 140, '', '', 'Marius', 'Naumiuk', 'Bottrupvej 13 A', '', '8723', 'Losning', NULL, 57, 0),
(159, 141, '', '', 'Andrzej', 'Jasek', 'socha22', '', '98-290', 'Warta', NULL, 170, 0),
(160, 142, '', '', 'Mariola', 'Sońta', 'Las Dębowy 32', '', '24-335', 'Łaziska', NULL, 170, 0),
(162, 144, '', '', 'Adam', 'Janusz', 'Zagórzyce Dworskie 40', '', '32-091', 'Michałowice', NULL, 170, 0),
(163, 145, '', '', 'Grażyna', 'Roguska', 'Miklaszewskiego 43', '', '05-090', 'Dawidy Bankowe', NULL, 170, 0),
(164, 145, '', '', 'Grażyna', 'Roguska', 'Starzynskiego 4', 'Dawidy Bankowe', '05-090', 'Dawidy Bankowe', NULL, 170, 0),
(165, 146, '', '', 'Witold', 'Grzegorek', 'Drzonek ul.Klonowa 36', '', '63-140', 'Dolsk', NULL, 170, 0),
(166, 147, '', '', 'Adam', 'Janusz', 'Zagórzyce Dworskie 40', '', '32-091', 'Michałowice', NULL, 170, 0),
(167, 148, '', 'Gospodarstwo rolne Jana Wiesław', 'Wiesław', 'Jana', 'Ujeździec Wielki 27', '975-15973-83', '55-100', 'Trzebnica', NULL, 170, 0),
(168, 148, '', 'Gospodarstwo Rolne Wiesław Jana', 'Wiesław', 'Jana', 'Ujeździec Wielki 27', '915-159-73-83', '55-100', 'Trzebnica', NULL, 170, 0),
(169, 148, '', 'Gospodarstwo Rolne Wiesław Jana', 'Wiesław', 'Jana', 'Ujeździec Wielki 27', '915-159-73-83', '55-100', 'Trzebnica', NULL, 170, 0),
(170, 149, '', 'Gospodarstwo Rolne Wiesław Jana', 'Wiesław', 'Jana', 'Ujeździec Wielki 27', '915-159-73-83', '55-100', 'Trzebnica', NULL, 170, 0),
(171, 150, '', '', 'Hanna', 'Gotowicka', 'Osiedlowa 4/2', '', '82-520', 'Gardeja', NULL, 170, 0),
(172, 151, '', '', 'Jerzy', 'Piotrowski', 'Tum 81', '', '99-100', 'Łęczyca', NULL, 170, 0),
(174, 153, '', '', 'Rafał', 'Tomalak', 'Macew 1a', '', '63-322', 'Macew', NULL, 170, 0),
(175, 154, '', '', 'Monika', 'Kasprzak', 'Rajsko 22', '', '62-860', 'Opatówek', NULL, 170, 0),
(176, 155, '', '', 'Andrzej', 'Flisowski', 'Tryl 16', 'Nowe', '86-170', 'Nowe', NULL, 170, 0),
(177, 156, '', '', 'Patrycja', 'Tomczyk', 'Główna 8', '', '26-422', 'Wymysłów', NULL, 170, 0),
(179, 158, '', '', 'Anna', 'Kropopek', 'Marynarska 11', '', '70-612', 'Szczecin', NULL, 170, 0),
(180, 159, '', 'gospodarstwo rolne', 'slawomir', 'solinski', 'polna 834', '798-137-77-58', '26-800', 'białobrzegi', NULL, 170, 0),
(181, 160, '', 'gospodarstwo rolne', 'Sławomir', 'Soliński', 'Polna 8|34', '798-137-77-58', '26-800', 'białobrzegi', NULL, 170, 0),
(182, 161, '', '', 'Małgorzata', 'Kamińska-Janik', 'Zamkowa 17', '', '05-480', 'Otwock Wielki', NULL, 170, 0),
(183, 162, '', '', 'Ewa', 'Wątorowska', 'Kędziorki 5a', '', '95-060', 'Brzeziny', NULL, 170, 0),
(185, 164, '', '', 'ryszrd', 'dudek', 'moscickiego 15', '', '97-200', 'tomaszów mazowiecki', NULL, 170, 0),
(186, 165, '', '', 'ty', 'gh', 'moscickiego', '', '97-200', 'tomaszow maz', NULL, 170, 0),
(188, 167, '', '', 'Karol', 'Ożadowicz', 'Jana Pawła II 22', '', '99-140', 'Świnice Warckie', NULL, 170, 0),
(189, 168, '', '', 'Piotr', 'Lelo', 'Niekłonice 53', '', '76-024', 'Świeszyno', NULL, 170, 0),
(190, 169, '', 'Gospodarstwo rolne Wlazło Wojciech', 'Wojciech', 'Wlazło', 'Ostrołęka 43', '948-213-33-29', '26-650', 'Ostrołęka', NULL, 170, 0),
(191, 170, '', '', 'Anna', 'Flisowska', 'Tryl 16', 'Tryl', '86-170', 'Tryl', NULL, 170, 0),
(192, 171, '', '', 'Marian', 'Hutny', 'Niedźwiedzice 65', '', '59-225', 'Chojnów', NULL, 170, 0),
(198, 177, '', '', 'Henryk', 'Parzychowski', 'Bydgoska 9B/1', '', '89-300', 'Wyrzysk', NULL, 170, 0),
(200, 179, '', '', 'Ryszard', 'Domoradzki', 'Myśliwca 52', '', '47-330', 'Zdzieszowice', NULL, 170, 0),
(201, 180, '', '', 'Iwona', 'Lubiejewska', 'Oporowo 20', '', '64-120', 'Oporowo', NULL, 170, 0),
(202, 181, '', '', 'Iwona', 'Lubiejewska', 'Oporowo 20', '', '64-120', 'Oporowo', NULL, 170, 0),
(203, 182, '', '', 'Iwona', 'Lubiejewska', 'Oporowo 20', '', '64-120', 'Krzemieniewo', NULL, 170, 0),
(204, 183, '', 'gospodarstwo rolne Lerka Jarosław', 'Jarosław', 'Lerka', 'Podczasza Wola 50a', '6010013361', '26 -415', 'Klwów', NULL, 170, 0),
(205, 184, '', '', 'Danuta', 'Potoczna', 'Biskupice 1', '', '33-260', 'Gręboszów', NULL, 170, 0),
(206, 185, '', '', 'Rafał', 'Wujda', 'Męcka Wola 11a', '', '98-200', 'Sieradz', NULL, 170, 0),
(207, 186, '', '', 'Mirosław', 'Barczak', 'Pionierów Żuław 56', '', '83-020', 'Cedry wielkioe', NULL, 170, 0),
(210, 189, '', '', 'karol', 'malczewski', 'bukówno 24', '', '26-807', 'bukówno', NULL, 170, 0),
(211, 189, '', '', 'karol', 'malczewski', 'bukówno 24', '', '26807', 'radzanów', NULL, 170, 0),
(212, 189, '', '', 'karol', 'malczewski', 'bukówno 24', '', '26-807', 'radzanów', NULL, 170, 0),
(214, 191, '', '', 'robert', 'tracz', 'kanclerzowice 26', '', '55-140', 'kanclerzowice', NULL, 170, 0),
(215, 192, '', '', 'Patryk', 'Bednarkiewicz', 'B.Krzywoustego 11/35', '', '63-300', 'Pleszew', NULL, 170, 0),
(221, 196, '', 'gospodarstwo warzywnicze rafal olesinski', 'rafal', 'olesinski', 'zatorze 2', '1181770959', '05-850', 'ozarow mazowiecki', NULL, 170, 0),
(222, 197, '', '', 'Mirosław', 'Toczek', 'Bąków 19', '', '26-411', 'Rusinów', NULL, 170, 0),
(224, 199, '', '', 'Andrzej', 'Sapiński', 'Sokołowska 153', '', '08-110', 'Siedlce', NULL, 170, 0),
(225, 200, '', '', 'Anna', 'Klichowska', 'Kutrowa 23', '', '70-615', 'Szczecin', NULL, 170, 0),
(226, 201, '', '', 'Jarosław', 'Cyga', 'Korzekwin 21', '', '62-862', 'iwanowice', NULL, 170, 0),
(227, 202, '', '', 'karol', 'każmierski', 'Borki 32', '', '99-100', 'Łęczyca', NULL, 170, 0),
(232, 207, '', '', 'Radosław', 'Kwaśniewski', 'Grodzisko 111', '', '63-300', 'Pleszew', NULL, 170, 0),
(233, 208, '', '', 'JACEK', 'KOWALCZYK', 'KOZIENICKA', '', '26-922', 'SIECIECHÓW', NULL, 170, 0),
(234, 209, '', '', 'Grażyna', 'Roguska', 'Starzynskiego 4', 'Dawidy Bankowe', '05-090', 'Dawidy Bankowe', NULL, 170, 0),
(235, 210, '', '', 'Mirosław', 'Rosolak', '49 Dąbie k. Łęczycy', '', '99-100', 'Dąbie', NULL, 170, 0),
(236, 210, '', '', 'Mirosław', 'Rosolak', 'Dąbie 49', '', '99-100', 'Łęczyca', NULL, 170, 0),
(237, 211, '', '', 'Krzysztof', 'Skóra', 'Szczepanowice 49', 'i', '32-090', 'Słomniki', NULL, 170, 0),
(238, 212, '', '', 'MIECZYSŁAW', 'DZIEKAN', 'ŁĘTKOWICE KOLONIA 7', '', '32-107', 'RADZIEMICE', NULL, 170, 0),
(239, 213, '', '', 'Beata', 'Grotowska', 'Okrzei 30/18', '', '26-600', 'Radom', NULL, 170, 0),
(240, 214, '', '', 'Magdalena', 'Jasinska', 'Skalmierz 15', '', '98-235', 'Blaszki', NULL, 170, 0),
(241, 215, '', '', 'Tadeusz', 'Buczek', 'Wszemirow 38', '', '55-110', 'Prusice', NULL, 170, 0),
(242, 216, '', '', 'Sybilla', 'Malura', 'Rzeczna 17', '', '47-400', 'Racibórz', NULL, 170, 0),
(243, 217, '', 'Gospodarstwo rolne Marek Tański', 'Marek', 'Tański', 'Polna 7', '7393232690', '06-500', 'Mława', NULL, 170, 0),
(244, 218, '', 'Gospodarstwo ogrodnicze Elżbieta i Remigiusz Zając', 'Remigiusz', 'Zajac', 'Koscielna 12', '726 173 44 95', '95-002', 'Szczawin', NULL, 170, 0),
(245, 219, '', '', 'Marcin', 'Żuchowski', 'Przedborska 63', '', '97-500', 'Radomsko', NULL, 170, 0),
(246, 220, '', '', 'Grzegorz', 'Ziętek', 'Sadowo 19', '837-173-56-97', '93-519', 'Brzozów', NULL, 170, 0),
(247, 221, '', '', 'Grażyna', 'Roguska', 'Starzyńskiego 4', '', '05-090', 'Dawidy Bankowe', NULL, 170, 0),
(248, 222, '', '', 'Jerzy', 'Łukawy', 'Polna 4d', '', '55-140', 'Żmigród', NULL, 170, 0),
(249, 223, '', '', 'Bernadeta', 'Radecka', 'Chrystkowo 23', '', '86-105', 'Świecie', NULL, 170, 0),
(251, 224, '', '', 'Krzysztof', 'Bartoszewski', 'Ostrożanka 46', '', '27-220', 'Mirzec', NULL, 170, 0),
(252, 225, '', '', 'Iwona', 'Swiatczak', 'Miodowa 31', '', '47-206', 'Kędzierzyn-Koźle', NULL, 170, 0),
(253, 226, '', '', 'Łukasz', 'Żmurko', 'Polna 6', '', '83-021', 'Rokitnica', NULL, 170, 0),
(254, 227, '', '', 'anna', 'nowakowska-jastrząb', 'piaski 28', '', '33-230', 'szczucin', NULL, 170, 0),
(255, 228, '', '', 'Piotr', 'Lelo', 'Niekłonice 53', '', '76-024', 'Świeszyno', NULL, 170, 0),
(256, 229, '', '', 'Wiesław', 'Pyszka', 'Toruńska 279A', 'bydgoszcz', '85-880', 'bydgoszcz', NULL, 170, 0),
(257, 230, '', '', 'Ryszard', 'Mazur', 'Stary Lubliniec 23', '', '37-611', 'Stary Lubliniec 23', NULL, 170, 0),
(258, 231, '', '', 'Ryszard', 'Mazur', 'Stary Lubliniec 23', '', '37-611', 'Cieszanów', NULL, 170, 0),
(261, 234, '', '', 'Sławomir', 'Żurowski', 'Łępin 16', '', '26-806', 'Stara Błotnica', NULL, 170, 0),
(262, 235, '', '', 'zdzisław', 'kobierecki', 'babinek 47', 'banie', '74-110', 'banie', NULL, 170, 0),
(263, 236, '', '', 'Urszula', 'Skorupińska', 'ul. Lipowa 23', '', '64-234', 'Popowo Stare', NULL, 170, 0),
(264, 237, '', '', 'Wojciech', 'Kapusta', 'Aleksandrów 41a', 'ALEKSANDRÓW', '96-315Wisk', 'ALEKSANDRÓW 41a', NULL, 170, 0),
(265, 238, '', '', 'Marzena', 'Kwiecien', 'Sady Kolonia 21', 'Radom', '26-415', 'Klwow', NULL, 170, 0),
(266, 238, '', '', 'Marzena', 'Kwiecien', 'Sady Kolonia 21', '', '26-415', 'Klwow', NULL, 170, 0),
(268, 240, '', 'P.H.AGRAVIA', 'BŁAŻEJ', 'PTASZYŃSKI', 'Klasztorna 11', '699-000-21-35', '63-900', 'Rawicz', NULL, 170, 0),
(269, 241, '', '', 'Pawel', 'Stefaniak', 'Pieruchy 27c', '', '63-304', 'Czermin', NULL, 170, 0),
(270, 242, '', 'Gospodarstwo Rolne Bartłomiej Kembłowski', 'Bartłomiej', 'Kembłowski', 'ul. Zjazd 1', '', '87-610', 'Dobrzyń nad Wisłą', NULL, 170, 0),
(272, 244, '', '', 'Jan', 'Kowalski', 'Domek', '', '21-030', 'Marynin', NULL, 170, 0),
(274, 246, '', '', 'Sławomir', 'Dałek', 'Bieniewice, ul.Błonska62/12', '', '05-870', 'Błonie', NULL, 170, 0),
(276, 248, '', '', 'Jolanta', 'Wilkowska', 'Glewo 24', 'Dobrzyń nad Wisłą', '87-610', 'Dobrzyń nad Wisłą', NULL, 170, 0),
(277, 249, '', '', 'Krzysztof', 'Madalinski', 'Skarszyn 49', 'Trzebnica', '55-100', 'Trzebnica', NULL, 170, 0),
(278, 249, '', '', 'Krzysztof', 'Madalinski', 'Skarszyn 49', '', '55-100', 'Skarszyn', NULL, 170, 0),
(279, 249, '', '', 'Krzysztof', 'Madalinski', 'Skarszyn 49', '', '55-100', 'Skarszyn', NULL, 170, 0),
(280, 250, '', '', 'Krzysztof', 'Kołada', 'Poziomkowa 2', '', '95-070', 'Rąbień', NULL, 170, 0),
(281, 251, '', 'Gospodarstwo Rolno-Ogrodnicze Szocik Andrzej', 'Andrzej', 'Szocik', 'kolejowa 37', '916-127-57-41', '56-300', 'Sułów', NULL, 170, 0),
(282, 252, '', '', 'Iwona', 'Laskowska', 'Galeria Odkryta, Kwiaciarnia Peonia, Odkryta 4', '', '03-140', 'Warszawa', NULL, 170, 0),
(283, 253, '', 'Gospodarstwo Ogrodnicze Robert Kurczab', 'Robert', 'Kurczab', 'Wierzbica 58', '6551372657', '28-142', 'Tuczępy', NULL, 170, 0),
(284, 254, '', '', 'Paweł', 'Ignasiak', 'Glinki 13', 'Pleszew', '63-300', 'Pleszew', NULL, 170, 0),
(285, 255, '', '', 'Piotr', 'Lelo', 'Niekłonice 53', '', '76-024', 'Świeszyno', NULL, 170, 0),
(289, 258, '', '', 'Andrzej', 'Zaworski', 'Niziny 301', '', '37-716', 'Orły', NULL, 170, 0),
(292, 260, '', '', 'WIESŁAW', 'KOCHANEK', 'STOŁECZNA, 165', 'PŁOCHOCIN', '05-860', 'PŁOCHOCIN', NULL, 170, 0),
(293, 261, '', '', 'Monika', 'Orszewska', 'Pozytywistów 4/56', '', '20-639', 'Lublin', NULL, 170, 0),
(294, 262, '', '-', 'Jolanta', 'wilkowskia', 'g lewo 24', 'Dobrzyń nad Wisłą', '87-610', 'Dobrzyń nad Wisłą', NULL, 170, 0),
(296, 264, '', '', 'WOJCIECH', 'TKACZYK', 'Czarnolas Kol 39', 'Policzna', '26-720', 'Policzna', NULL, 170, 0),
(297, 265, '', '', 'Anna', 'Sobczak', 'Jedlec, 81', '', '63-322', 'Gołuchów', NULL, 170, 0),
(299, 267, '', '', 'Tomasz', 'Guzik', '95 Błędowa Zgłobieńska', '', '36-071', 'Trzciana', NULL, 170, 0),
(300, 268, '', '', 'Paweł', 'Łojek', 'Władysławowo 1', '', '82 300', 'Elbląg', NULL, 170, 0),
(301, 269, '', 'AAAtestowa', 'AA', 'AAA', 'AAAAAAA', '', '21-030', 'AAA', NULL, 170, 0),
(303, 270, '', '', 'Zbigniew', 'Kalinecki', 'Siennica Nadolna 124a, 124', '', '22-302', 'Siennica Nadolna', NULL, 170, 0),
(304, 271, '', '', 'MONIKOwo', 'BLBLA', 'Malinowa 3, 195F', '', '21-030', 'Motycz', NULL, 170, 0),
(305, 272, '', '', 'Sybilla', 'Malura', 'Rzeczna 17', '', '47-400', 'Racibórz', NULL, 170, 0),
(307, 274, '', '', 'Krzysztof', 'Świerz', 'Poręba Wielka 163', '', '34-735', 'Poreba Wielka', NULL, 170, 0),
(312, 278, '', '', 'WOJCIECH', 'TKACZYK', 'Czarnolas Kol 39', '', '26-720', 'Policzna', NULL, 170, 0),
(313, 279, '', '', 'Piotr', 'Lelo', 'Niekłonice 53', '', '76-024', 'Świeszyno', NULL, 170, 0),
(314, 280, '', 'Gospodarstwo rolne Dobosz Stefan', 'Stefan', 'Dobosz', 'Kolonia Mickiewicza 27', '5591780480', '86-111', 'Gruczno', NULL, 170, 0),
(316, 282, '', '', 'Artur', 'Kłysiak', 'Poligonowa 21', '', '20-817', 'Lublin', NULL, 170, 0),
(317, 283, '', 'PPHU \"Alfa\" Sklep Zaopatrzenia Ogrodniczego w Nasielsku Anna Lewandowska', 'Anna', 'Lewandowska', 'T.Kościuszki10', '568 102 14 99', '05-190', 'Nasielsk', NULL, 170, 0),
(318, 284, '', '', 'Marlena', 'Borucińska', 'Bukowa 34', '', '62-571', 'Żychlin', NULL, 170, 0),
(319, 285, '', '', 'Damian', 'Kowalski', 'Szarych Szeregów 35 m45', '', '97-200', 'Tomaszów Mazowiecki', NULL, 170, 0),
(320, 285, '', '', 'Damian', 'Kowalski', 'Szarych Szeregów 3/5m45', '', '97-200', 'Tomaszów Mazowiecki', NULL, 170, 0),
(321, 286, '', '', 'Lucyna', 'Wajda', 'Mniszów 3', '', '32-120', 'Nowe Brzesko', NULL, 170, 0),
(322, 287, '', '', 'Mirosław', 'Regnowski', 'Grębocin 24', '', '32-120', 'Nowe Brzesko', NULL, 170, 0),
(324, 288, '', '', 'Jacek', 'Jeruzal', 'Chrząstówek 4', '', '99-100', 'Łęczyca', NULL, 170, 0),
(326, 290, '', '', 'Mirosława', 'Wymiatał', 'Janki 63', '', '22-500', 'Hrubieszów', NULL, 170, 0),
(327, 291, '', '', 'Monika', 'Orszewska', 'Braterstwa Broni 89', '', '22-400', 'Zamość', NULL, 170, 0),
(328, 292, '', '', 'Wioleta', 'Szturo', 'ognica 30', '', '74-121', 'Ognica', NULL, 170, 0),
(329, 293, '', '', 'as', 'as', 'asfalt', '', '86130', 'as', NULL, 170, 0),
(331, 295, '', '', 'Krzysztof', 'Cumbrowski', 'Fletnowo ul.Główna 10', '', '86-134', 'Dragacz', NULL, 170, 0),
(333, 297, '', '', 'Marek', 'Tafliński', 'Jurgo 5C/3', '', '83-110', 'Tczew', NULL, 170, 0),
(335, 299, '', '', 'GDF', 'FDG', 'DFGFGF', '', '2342', 'DGFFG324', NULL, 170, 0),
(336, 300, '', '', 'Witold', 'Nowakowski', 'Łużycka 86', '', '74-100', 'Gryfino', NULL, 170, 0),
(337, 301, '', '', 'Miłosz', 'Grzegorczyk', 'Starowiejska 24', '', '26-414', 'Potworów', NULL, 170, 0),
(338, 302, '', 'Gspodarstwo Ogrodnicze', 'Piotr', 'Kawalec', 'Mirzec-Malcówki, 30', '', '27-220', 'Mirzec', NULL, 170, 0),
(339, 303, '', 'Gspodarstwo Ogrodnicze', 'Piotr', 'Kawalec', 'Mirzec-Malcówki, 30', '', '27-220', 'Mirzec', NULL, 170, 0),
(340, 304, '', '', 'Albin', 'Horyłek', 'Bezek-Kolonia 15', '', '22-130', 'Siedliszcze', NULL, 170, 0),
(341, 305, '', '', 'Izabella', 'Matyjasik', 'Kamień-Kolonia 20', 'Łaziska', '24-335', 'Łaziska', NULL, 170, 0),
(345, 309, '', '+48503167026', 'Krystyna', 'Aust', 'Modlińska 18,', 'Skierdy', '05-101', 'Skierdy', NULL, 170, 0),
(346, 310, '', '', 'Dorota', 'Więch', 'Cisie 7', '', '05-252', 'Dąbrówka', NULL, 170, 0),
(348, 312, '', '', 'Wojciech', 'Grochola', 'sady kolonia, 27', 'Klwow', '26-415', 'Klwow', NULL, 170, 0),
(349, 313, '', '', 'Małgorzata', 'Sulyk', 'Główna, 123', 'Wola Prazmowska', '05-505', 'Wola Prazmowska', NULL, 170, 0),
(350, 314, '', '', 'ireneusz', 'maciejak', 'zukowko 11', '', '77-100-byt', 'bytow', NULL, 170, 0),
(351, 315, '', '', 'Robert', 'Gołek', 'Krótka 10', '', '68-200', 'Żary', NULL, 170, 0),
(352, 316, '', '', 'SYLWIA', 'Perzyńska', 'górki pęcławskie 28', '', '99-120', 'GÓRKI PĘCŁAWSKIE gmina piątek', NULL, 170, 0),
(353, 316, '', '', 'SYLWIA', 'Perzyńska', 'górki pęcławskie 28', '', '99-120', 'piątek', NULL, 170, 0),
(354, 316, '', '', 'SYLWIA', 'Perzyńska', 'górki pęcławskie 28', '', '99-120', 'piątek', NULL, 170, 0),
(355, 317, '', 'Gospodarstwo Rolno-Ogrodnicze', 'Henryk', 'Wojewodzic', 'Ogrodnicza 35', '551-105-94-45', '34-120', 'Andrychów', NULL, 170, 0),
(356, 318, '', 'Gospodarstwo Rolne Kobas Leszek', 'Leszek', 'Kobas', 'Posądza 39', '682-152-44-28', '32-104', 'Koniusza', NULL, 170, 0),
(357, 319, '', 'Allium Seeds UK Ltd', 'Rebecca', 'Penfold', 'Allium and Brassica Centre, Wash Road, Kirton', 'Boston', 'PE201QQ', 'Boston', NULL, 222, 0),
(359, 321, '', '', 'Piotr', 'Lelo', 'Niekłonice 53', '', '76-024', 'Świeszyno', NULL, 170, 0),
(360, 322, '', '', 'Czesław', 'Ługowski', 'ul. Weigla 12 p. 228', '', '53-114', 'Wrocław', NULL, 170, 0),
(361, 323, '', 'Gospodarstwo Rolno-Ogrodnicze Szocik Andrzej', 'Andrzej', 'Szocik', 'kolejowa 37', '916-127-57-41', '56-300', 'Sułów', NULL, 170, 0),
(362, 324, '', '', 'Tadeusz', 'Mućka', 'Szynach 31', '', '86-302', 'Grudziądz', NULL, 170, 0),
(364, 326, '', '', 'Marek', 'Natkaniec', 'Kępa 1', '', '32-090', 'Kępa', NULL, 170, 0),
(367, 329, '', '', 'Urszula', 'Wiśniewska', 'Jelenin 16J', '', '57-160', 'Jelenin', NULL, 170, 0),
(368, 330, '', 'Ekologiczne Gospodarstwo Rolne Dariusz Chrzanowski', 'Dariusz', 'Chrzanowski', 'Lipniki Stare 10', '5681620521', '06-100', 'Pułtusk', NULL, 170, 0),
(369, 331, '', '7732330982', 'Małgorzata', 'Sobczak', 'Zagóry 4', 'Czerniewice', '97-216', 'Czerniewice', NULL, 170, 0),
(370, 332, '', '', 'Tadeusz', 'Bukczyński', 'Biernacka 11', '', '62-035', 'Bnin', NULL, 170, 0),
(372, 334, '', 'BRZYSKI RYSZARD', 'RYSZARD', 'BRZYSKI', 'ZATYLE 27', '921-130-62-84', '22-680', 'LUBYCZA KRÓLEWSKA', NULL, 170, 0),
(374, 336, '', '', 'Jacek', 'Jeruzal', 'Chrząstówek 4', '', '99-100', 'Łęczyca', NULL, 170, 0),
(375, 337, '', '', 'Czesław', 'Polewiak', 'Olchowo 6', '', '72-200', 'Nowogard', NULL, 170, 0),
(376, 338, '', '', 'Piotr', 'Lelo', 'Niekłonice 53', '', '76-024', 'Świeszyno', NULL, 170, 0),
(377, 339, '', '', 'Henryk', 'Parzychowski', 'Bydgska, 9B / 1', '', '89-300', 'Wyrzysk', NULL, 170, 0),
(378, 340, '', '', 'Henryk', 'Parzychowski', 'Bydgoska, 9B / 1', '', '89-300', 'Wyrzysk', NULL, 170, 0),
(379, 341, '', '', 'Andrzej', 'Zaworski', 'Niziny 301', 'Niziny , Podkarpacie', '37-716', 'Niziny , Podkarpacie', NULL, 170, 0),
(380, 342, '', '', 'Jacek', 'Zając', 'Lipa Miklas, 145', 'Lipsko', '27-300', 'Lipsko', NULL, 170, 0),
(382, 344, '', '', 'Alina', 'Kłysiak', 'Poligonowa 21', '', '20-817', 'Lublin', NULL, 170, 0),
(383, 345, '', '', 'Magdalena', 'Szabela', 'Krzemieniew 32', '', '99-205', 'Dalików', NULL, 170, 0),
(384, 346, '', '', 'Marzena', 'Kwiecień', 'Sady Kolonia 27', '', '26-415', 'Klwow', NULL, 170, 0),
(385, 347, '', '', 'anna', 'bolechowska', 'grzymalin 53', '', '59-222', 'grzymalin', NULL, 170, 0),
(386, 348, '', '', 'Sławomir', 'Dziakiewicz', 'Krojczyn 30A', '', '87-610', 'Dobrzyn nad wisłą', NULL, 170, 0),
(387, 349, '', '', 'grzegorz', 'szeniak', 'małochwiej duży 41a', '', '22-300', 'małochwiej duży', NULL, 170, 0),
(388, 350, '', 'aaaaa', 'Paweł', 'Pilawski', 'Lutra, 1/5', 'Zabrze', '41-800', 'Zabrze', NULL, 170, 0),
(390, 352, '', '', 'ELZBIETA', 'LESZCZYK', 'UL.TRZEBNICKA 57', '', '55-095', 'SZCZODRE', NULL, 170, 0),
(391, 353, '', '', 'Jolanta', 'Wilkowska', 'Glewo 24, 24', 'Dobrzyń nad Wisłą', '87-610', 'Dobrzyń nad Wisłą', NULL, 170, 0),
(392, 354, '', '', 'Wioletta', 'Dorabiała', 'Korzecznik 60', '', '62-650', 'Kłodawa', NULL, 170, 0),
(393, 355, '', '', 'Agnieszka', 'Ryło', 'Kwiatowa 22', '', '55-095', 'Mirków', NULL, 170, 0),
(394, 356, '', '', 'Sylwia', 'Chyła', 'Linowiec 30', '', '86-230', 'Lisewo', NULL, 170, 0),
(395, 357, '', '', 'piotr', 'macieja', 'nowy zbrachlin35', '', '87-731', 'waganiec', NULL, 170, 0),
(396, 358, '', '', 'Rafał', 'Denisewicz', 'Olszanica 12', '', '82-522', 'Sadlinki', NULL, 170, 0),
(397, 359, '', 'Gospodarstwo ogrodnicze Gawryszewski Andrzej', 'Andrzej', 'Gawryszewski', 'Maciejowice 14 A', '7971646139', '05-600', 'Maciejowice', NULL, 170, 0),
(399, 361, '', '', 'Izabela', 'Frąckowiak', 'Konwaliowa, 14', 'Osłonin', '64-234', 'Osłonin', NULL, 170, 0),
(400, 362, '', '', 'MAREK', 'SZYMAŃSKI', 'CZĄSTKÓW 29 A', '', '62-650', 'KŁODAWA', NULL, 170, 0),
(401, 363, '', '', 'MAREK', 'SZYMAŃSKI', 'CZĄSTKÓW 29 A', '', '62-650', 'KŁODAWA', NULL, 170, 0),
(402, 364, '', '', 'Mateusz', 'Garbarczyk', 'Jana III Sobieskiego 7', '', '63-300', 'Kowalew', NULL, 170, 0),
(406, 366, '', 'Gospodarstwo ogrodnicze Gawryszewski Andrzej', 'Andrzej', 'Gawryszewski', 'Maciejowice 14 A', '7971646139', '05-600', 'Grójec', NULL, 170, 0),
(407, 367, '', '', 'Jagoda', 'Tunowska', 'Wabcz-kolonia 12', '', '86-212', 'Stolno', NULL, 170, 0),
(408, 368, '', '', 'EWELINA', 'STAWCZYK', 'GULIN', '', '26-652', 'ZARZEW', NULL, 170, 0),
(409, 369, '', '', 'ADAM', 'NIEDZIELA', 'KWIATOWA 3', '', '28-425', 'ZŁOTA', NULL, 170, 0),
(410, 370, '', '', 'Sławomir', 'Dejneka', 'krzywice 21', '', '22-100', 'Chełm', NULL, 170, 0),
(411, 371, '', '', 'agnieszka', 'wiraszka', 'kowalskiego 17/81', '', '08-530', 'dęblin', NULL, 170, 0),
(412, 372, '', '', 'Elzbieta', 'Orchowska', 'Kaniczki 17', '', '82-522', 'Sadlinki', NULL, 170, 0),
(413, 373, '', '', 'Radosław', 'Magoś', 'Starocin32', '', '82-100', 'Starocin 32 82-100 Nowy Dwór Gd', NULL, 170, 0),
(414, 374, '', '', 'Jan', 'Tyndel', 'Wrocławska 33a', '', '55-050', 'Rogów Sobócki', NULL, 170, 0),
(415, 375, '', 'Marek Włodarczyk Gospodarstwo Rolne', 'Marek', 'Włodarczyk', 'Igołomia, 39', '6821486389', '32-125', 'Igołomia', NULL, 170, 0),
(417, 377, '', '', 'Radosław', 'Magoś', 'Starocin 32 82-100 Nowy DwórGd', '', '82-100', 'Starocin', NULL, 170, 0),
(418, 378, '', '', 'Krzysztof', 'Madalinski', 'Skarszyn 49', '', '55-100', 'Trzebnica', NULL, 170, 0),
(419, 379, '', '', 'Krzysztof', 'Madalinski', 'Skarszyn 49', '', '55-100', 'Trzebnica', NULL, 170, 0),
(420, 380, '', '', 'Sylwia', 'Chyła', 'Linowiec 30', '', '86-230', 'Lisewo', NULL, 170, 0),
(422, 382, '', '', 'Sybilla', 'Malura', 'Rzeczna 17', '', '47-400', 'Racibórz', NULL, 170, 0),
(423, 383, '', '', 'Krzysztof', 'Pociecha', 'Skrzętla 34', '', '33-312', 'Tęgoborze', NULL, 170, 0),
(425, 385, '', '', 'Teresa', 'Kantarek', 'Wola Zadabrowska Nowa Wieś 2', '', '98 -290', 'Wola Zadabrowska', NULL, 170, 0),
(426, 385, '', '', 'Teresa', 'Kantarek', 'Wola Zadabrowska Nowa Wieś 2', '', '98-290', 'Warta', NULL, 170, 0),
(427, 386, '', '', 'Elżbieta', 'Woźniak', 'Borzechów 115', '', '24-224', 'Borzechów', NULL, 170, 0),
(429, 388, '', '', 'Jaroslaw', 'Paszko', 'Plan 44', '', '74-505', 'Mieszkowice', NULL, 170, 0),
(430, 389, '', '-', 'Przemysław', 'Piesio', 'Zagrodowa 4', '', '08-400', 'Garwolin', NULL, 170, 0),
(431, 390, '', 'xxx', 'Wiesław', 'Pyszka', 'Toruńska 279A', 'bydgoszcz', '85-880', 'bydgoszcz', NULL, 170, 0),
(432, 391, '', '', 'Romuald', 'Pociej Artom', 'ul. Szczecińska 67', '', '76-200', 'Słupsk', NULL, 170, 0),
(433, 392, '', '', 'Irena', 'Bentkiewicz', 'ul. Gen. W. Sikorskiego 76', '', '58-105', 'Świdnica', NULL, 170, 0),
(434, 393, '', '', 'Marzena', 'Urban', 'Na Ostrawy 1', '', '64-400', 'Międzychód', NULL, 170, 0),
(436, 395, '', '', 'Monika', 'Kołaczyńska-Lis', 'Krojczyn 12', '', '87-610', 'Dobrzyń nad Wisłą', NULL, 170, 0),
(437, 396, '', '', 'Aleksander', 'Walczak', 'Wieczyn 6', '', '63-304', 'Czermin', NULL, 170, 0),
(438, 397, '', '', 'Sebastian', 'Żurowski', 'Łępin 16', '', '26-806', 'Stara Błotnica', NULL, 170, 0),
(439, 398, '', '', 'Izabela', 'Frąckowiak', 'Konwaliowa 14', '', '64-234', 'Osłonin', NULL, 170, 0),
(440, 399, '', '', 'Sebastian', 'Żurowski', 'Łępin 16', '', '26-806', 'stara błotnica', NULL, 170, 0),
(442, 401, '', '', 'Małgorzata', 'Struzik', 'Kalinowice 135', 'Zamość', '22-400', 'Zamość', NULL, 170, 0),
(443, 402, '', '', 'Marian', 'Gołek', 'Krótka 10', '', '68-200', 'Żary', NULL, 170, 0),
(444, 403, '', '', 'Antoni', 'Lipniewski', 'Marynin 195A', '', '21-030', 'Motycz', NULL, 170, 0),
(445, 404, '', '', 'Anna', 'Kołodziej', 'Hebdów, 27', 'Nowe Brzesko', '32-120', 'Nowe Brzesko', NULL, 170, 0),
(446, 405, '', '', 'sylwia', 'perzynska', 'gorki pecławski', '', '99-120', 'piątek', NULL, 170, 0),
(447, 406, '', '', 'sylwia', 'Perzyńska', 'górki pęcławskie 28', '', '99-120', 'piątek', NULL, 170, 0),
(448, 407, '', '', 'Teresa', 'Kantarek', 'NOWA WIEŚ', '', '98-290', 'Wola Zadabrowska Nowa Wies 2', NULL, 170, 0),
(449, 408, '', 'Gospodarstwo Rolne M Komorek', 'Małgorzata', 'Komorek', 'Występ 19A', '8121722063', '26-922', 'Sieciechów', NULL, 170, 0),
(450, 409, '', '', 'Dawid', 'Jarosz', 'Mikołajów 5', '', '28-506', 'Czarnocin', NULL, 170, 0),
(451, 410, '', '', 'Mirosław', 'Regnowski', 'Grębocin 24', '', '32-120', 'Nowe Brzesko', NULL, 170, 0),
(453, 412, '', '', 'Dariusz', 'Kuziemkowski', 'Sumin 73', '', '87-620', 'Kikół', NULL, 170, 0),
(454, 413, '', '', 'Andrzej', 'Kawalec', 'Nowawieś Chełmińska, 37a', '', '86-200', 'Chełmno', NULL, 170, 0),
(455, 414, '', '', 'Wiesław', 'Białas', 'Kościerzyn Mały 54', '', '89-310', 'Łobżenica', NULL, 170, 0),
(456, 415, '', '', 'wwwww', 'sssss', 'ddffhhhh', '', '21-030', 'vcxx', NULL, 170, 0),
(457, 416, '', '', 'teswt', 'test', 'testowa 14', '', '31-564', 'testowiska', NULL, 170, 0),
(460, 419, '', 'Gospodarstwo Rolne Grzegorz Michalak', 'Grzegorz', 'Michalak', 'Górki Pęcławskie 8', '507-002-40-37', '99-120', 'Piątek', NULL, 170, 0),
(461, 420, '', '', 'Dominika', 'Bachorska', 'Targowa Górka ul. Antoniego Kosińskiego 32', '', '62-330', 'Nekla', NULL, 170, 0),
(462, 421, '', '', 'Adam', 'Sikora', 'Tymowa 422', '', '32-863', 'Tymowa', NULL, 170, 0),
(463, 422, '', '', 'Agnieszka', 'Socha', 'Zębowice 28', '', '59-411', 'Zębowice', NULL, 170, 0),
(464, 423, '', 'GOSPODARSTWO ROLNE JAROSŁAW BUDZYŃSKI', 'Jarosław', 'Budzyński', 'Grądy 52', 'Ludwin', '21-075', 'Grądy', NULL, 170, 0),
(465, 424, '', '', 'Bronisław', 'Klus', 'Kalinowice 135', 'Zamość', '22-400', 'Zamość', NULL, 170, 0),
(466, 425, '', 'Andrzej Gawryszewski', 'Andrzej', 'Gawryszewski', 'Maciejowice 14 A', '7971646139', '05-600', 'Grojec', NULL, 170, 0),
(467, 426, '', '', 'Łukasz', 'Łukaszczuk', 'Czernikowice 38', '', '59-225', 'Chojnów', NULL, 170, 0),
(468, 427, '', '', 'Łukasz', 'Łukaszczuk', 'Czernikowice 38', '', '59-225', 'Chojnów', NULL, 170, 0),
(469, 428, '', 'GOSPODARSTWO ROLNE', 'Irena', 'Wadowska', 'Lisi Las 4', '579-191-46-72', '82-440', 'Dzierzgoń', NULL, 170, 0),
(470, 429, '', '', 'Agnieszka', 'Ryło', 'Kwiatowa 22', '', '55-095', 'Mirków', NULL, 170, 0),
(471, 430, '', '', 'Mariola', 'Jankowiak', 'ul.Majakowskiego 16/2', '', '54-317', 'Wroclaw', NULL, 170, 0),
(472, 431, '', '', 'Mariola', 'Jankowiak', 'ul. Majakowskiego 16/2', 'Wrocław', '54-317', 'Wrocław', NULL, 170, 0),
(473, 432, '', '', 'Mariola', 'Jankowiak', 'ul. Majakowskiego 16/2', 'Wrocław', '54-317', 'Wrocław', NULL, 170, 0),
(474, 433, '', '', 'Mariola', 'Jankowiak', 'ul.Majakowskiego 16/2', '', '54-317', 'Wroclaw', NULL, 38, 0),
(475, 433, '', '', 'Mariola', 'Jankowiak', 'ul.Majakowskiego 16/2', '', '54-317', 'Wroclaw', NULL, 170, 0),
(476, 434, '', 'Gospodarstwo Rolne Piotr Karpiński', 'Piotr', 'Karpiński', 'Kocia Góra 13', '5050124853', '21-075', 'Ludwin', NULL, 170, 0),
(477, 435, '', '', 'darek', 'kwiatkowski', 'kobierniki 170', '', '27-600', 'sandomierz', NULL, 170, 0),
(478, 436, '', '', 'Paweł', 'Moneta', 'Boiskowa, 16', '', '52-126', 'Wrocław', NULL, 170, 0),
(479, 437, '', '', 'Wioletta', 'Dorabiała', 'Korzecznik 60', '', '62-650', 'Kłodawa', NULL, 170, 0),
(480, 438, '', '', 'Jarek', 'Banasik', 'Jarzabki 47', '', '28114', 'Jarzabki', NULL, 170, 0),
(481, 439, '', '', 'Mateusz', 'Kosiorowski', 'Górzyn 19', '', '59-305', 'Rudna', NULL, 170, 0),
(482, 440, '', '', 'Maria', 'Laska', 'Glinki 6a', '', '07-100', 'Wegrow', NULL, 170, 0),
(483, 441, '', '', 'Tomasz', 'Ziemski', 'Zalesie 29', '', '26-920', 'Gniewoszów', NULL, 170, 0),
(484, 442, '', '', 'Norbert', 'Płotek', 'Osiek 16 B', '', '63-460', 'Osiek', NULL, 170, 0),
(485, 443, '', '', 'Paweł', 'Iskra', 'Mysłakowo 9', '', 'Tłuchowo', '87-605', NULL, 170, 0),
(486, 444, '', 'Roltex Kot Kazimierz', 'Kazimierz', 'Kot', 'Pruchnicka 15', '7920005459', '37-500', 'Jarosław', NULL, 170, 0),
(487, 445, '', '', 'Paweł', 'Iskra', 'mysłakowo 9', '', '87-605', 'mysłakowo', NULL, 170, 0),
(488, 446, '', '', 'Krzysztof', 'Świerz', 'Poreba Wielka 163', '', '34-735', 'Poreba Wielka', NULL, 170, 0),
(489, 447, '', '', 'Ilona', 'Czerniak', 'Nowe Komaszyce 12', '', '24-300', 'Opole Lubelskie', NULL, 170, 0),
(490, 448, '', '', 'Damian', 'Komorowski', 'Jaworów 12', '', '99-150', 'Grabów', NULL, 170, 0),
(491, 449, '', '', 'Radoslaw', 'Glowacki', 'Kaliska 34/50', '', '87-800', 'Wloclawek', NULL, 170, 0),
(492, 450, '', '', 'Anna', 'Zaniewicz-Bajkowska', 'Cieszkowizna 37', '', '21-400', 'Łuków', NULL, 170, 0),
(493, 451, '', '', 'Alina', 'Kłysiak', 'Poligonowa 21', '', '20-817', 'Lublin', NULL, 170, 0),
(494, 452, '', '', 'radosław', 'antoniak', 'dolna 43', '', '21 080', 'garbów', NULL, 170, 0),
(495, 453, '', '', 'Stanisława', 'Łapkowska', 'os. Łużyckie 23f/10', '', '66-200', 'Świebodzin', NULL, 170, 0),
(496, 454, '', '', 'Rafał', 'Kozdra', 'Św. Wojciech 31b', 'Międzyrzecz', '66-300', 'Międzyrzecz', NULL, 170, 0),
(497, 455, '', '', 'Henryk', 'Wymiatał', 'Janki 63', '', '22-500', 'Hrubieszów', NULL, 170, 0),
(498, 456, '', '', 'Bożena', 'Gądek', '134 Tworkowa', '', '32-863', 'Tworkowa', NULL, 170, 0),
(499, 457, '', '', 'anna', 'nowakowska', 'piaski28', '', '33-230', 'szczucin', NULL, 170, 0),
(500, 458, '', '', 'wiesław', 'górka', 'żarska wieś 66', '', '59-900', 'żarska wieś', NULL, 170, 0),
(501, 459, '', '', 'Albin', 'Żur', 'Podleśna wola 13', '', '32-200', 'Podleśna wola', NULL, 170, 0),
(502, 460, '', '', 'Piotr', 'Kutermowski', 'Kwiatowa 3a', '', '82-325', 'Żurawiec', NULL, 170, 0),
(503, 461, '', '', 'Piotr', 'Kuternowski', 'Kwiatowa 3a', '', '82-325', 'Żurawiec', NULL, 170, 0),
(504, 462, '', '', 'Michał', 'Dyśko', 'Ogrodowa 21', '', '96-130', 'Głuchów', NULL, 170, 0),
(505, 463, '', '', 'Agnieszka', 'Bukowska', 'Wiejska 27', '', '95-015', 'Głowno', NULL, 170, 0),
(506, 464, '', '', 'Wojciech', 'Grochoła', 'Sady Kolonia, 27', '', '26-415', 'Klwów', NULL, 170, 0),
(507, 465, '', '', 'Jacek', 'Jeruzal', 'Chrząstówek 4', '', '99-100', 'Łęczyca', NULL, 170, 0),
(508, 466, '', '', 'Łukasz', 'Batiuk', 'Hnatkowice 12', '', '37-716', 'Hnatkowice', NULL, 170, 0),
(509, 467, '', '', 'anna', 'nowakowska', 'piaski 28', '', '33-230', 'szczucin', NULL, 170, 0),
(510, 468, '', '', 'Piotr', 'Kula', 'Pastwa 47', 'Kwidzyn', '82-500', 'Kwidzyn', NULL, 170, 0),
(511, 469, '', '', 'Piotr', 'Kula', 'Pastwa 47', 'Kwidzyn', '82-500', 'Kwidzyn', NULL, 170, 0),
(512, 470, '', '', 'Elzbieta', 'Piasta', 'Broniów 37', '', '26-510', 'Broniów', NULL, 170, 0),
(513, 471, '', '', 'Elzbieta', 'Piasta', 'Broniów 37', '', '26-510', 'Broniow', NULL, 170, 0),
(514, 471, '', '', 'Elzbieta', 'Piasta', 'Broniów 37', '', '26-510', 'Chlewiska', NULL, 170, 0),
(515, 472, '', 'Gospodarstwo Rolne Bartkowicz Piotr', 'Piotr', 'Bartkowicz', 'Wonorze 44', '5562760598', '88-133', 'Dąbrowa Biskupia', NULL, 170, 0),
(516, 473, '', '', 'Monika', 'Orszewska', 'Braterstwa Broni 89', '', '22-400', 'Zamość', NULL, 170, 0),
(517, 474, '', '', 'Bartłomiej', 'Orszewski', 'Braterstwa Broni 89', '', '22-400', 'Zamość', NULL, 170, 0),
(518, 475, '', '', 'Monika', 'Orszewska', 'Braterstwa Broni 89', '', '22-400', 'Zamość', NULL, 170, 0),
(519, 476, '', '', 'Teresa', 'Kwiecień', 'Sady Kolonia, 21', '', '26-415', 'Klwów', NULL, 170, 0),
(520, 477, '', '', 'Jacek', 'Łukasiak', 'Cychry 17,', 'Cychry', '05-652', 'Cychry', NULL, 170, 0),
(521, 478, '', '', 'Grzegorz', 'Woźniak', 'Śladków Rozlazły 29', '', '99-120', 'Śladków Rozlazły', NULL, 170, 0),
(522, 479, '', '', 'Sławomir', 'Wartnik', 'Kuchary 22', 'Wislica', '28-160', 'Wislica', NULL, 170, 0),
(523, 480, '', '', 'Sławomir', 'Wartnik', 'Kuchary 22', '', '28-160', 'Wislica', NULL, 170, 0),
(524, 481, '', 'Gospodarstwo Rolno-Ogrodnicze Renata Waszak', 'Renata', 'Waszak', 'Skarszew 37', '968-083-26-60', '62-817', 'Żelazków', NULL, 170, 0),
(525, 482, '', '', 'Barbara', 'Wróblewska', '4 Bieżun', '', '09-320', 'Wieluń -Zalesie', NULL, 170, 0),
(526, 482, '', '', 'Barbara', 'Wróblewska', 'Wieluń -Zalesie4', '', '09-320', 'Bieżuń', NULL, 170, 0),
(527, 483, '', '', 'Sylwia', 'Chyła', 'Linowiec 30', '', '86-230', 'Lisewo', NULL, 170, 0),
(528, 484, '', 'Gospodarstwo Rolne Marcin Pauter', 'Marcin', 'Pauter', 'Giecz 9/1', '786-153-93-71', '63-012', 'Dominowo', NULL, 170, 0),
(529, 485, '', '', 'Mirosława', 'Formela', 'Glina, 25', 'Sadlinki', '82-522', 'Sadlinki', NULL, 170, 0),
(530, 486, '', '', 'Anna', 'Paszkiewicz', 'Drożków 88', '', '68-200', 'Żary', NULL, 170, 0),
(531, 487, '', 'GOSP. RÓL. Uprawa Warzyw', 'Justyna', 'Cumbrowska', 'Główna, 10', '559-147-42-05', 'Dragacz', 'Fletnowo', NULL, 170, 0),
(532, 488, '', 'GOSP. RÓL. Uprawa Warzyw', 'Krzysztof', 'Cumbrowski', 'Główna, 10', '559-147-42-05', 'Dragacz', 'Fletnowo', NULL, 170, 0),
(533, 489, '', 'GOSP. ROL. Uprawa Warzyw', 'Krzysztof', 'Cumbrowski', 'Główna, 10', '559-147-42-05', 'Dragacz', 'Fletnowo', NULL, 170, 0),
(534, 490, '', 'Syntech Research Poland Sp. z o.o.', 'Katarzyna', 'Wojtaniec', 'Bajeczna 6', '9671354586', '05-870', 'Bramki', NULL, 170, 0),
(535, 491, '', 'Syntech Research Poland Sp. z o.o.', 'Katarzyna', 'Wojtaniec', 'Bajeczna 6', '9671354586', '05-870', 'Bramki', NULL, 170, 0),
(536, 492, '', 'Syntech Research Poland Sp. z o.o.', 'Katarzyna', 'Wojtaniec', 'Bajeczna 6', '9671354586', '05-870', 'Bramki', NULL, 170, 0),
(537, 493, '', '', 'Laskus', 'Miroslaw', 'orzecowa 16', '', '05-503', 'Robercin', NULL, 170, 0),
(538, 494, '', 'Gospodarstwo rolne', 'Zbigniew', 'Bathelt', 'Bronowska 51', '6521595068', '43-518', 'Ligota', NULL, 170, 0),
(539, 495, '', '', 'Michal', 'Piotrowski', 'Borowiec17', 'Piatek', '99-120', 'Piatek', NULL, 170, 0),
(540, 496, '', '', 'Edyta', 'Wagner', 'Mścichów 49', 'Przytyk', '26-650', 'Przytyk', NULL, 170, 0),
(541, 497, '', '', 'Pawel', 'Gaszewski', '3-go Maja 15 G', '', '14-100', 'Ostróda', NULL, 170, 0),
(542, 498, '', '', 'Rafał', 'Tomalak', 'Macew 1a', '', '63-322', 'Gołuchów', NULL, 170, 0),
(543, 499, '', '', 'Marzena', 'Kwiecień', 'Sady Kolonia, 27', 'Klwów', '26-415', 'Klwów', NULL, 170, 0),
(544, 500, '', '', 'Wioletta', 'Dorabiała', 'Korzecznik 60', '', '62-650', 'Kłodawa', NULL, 170, 0),
(545, 501, '', 'Gospodarstwo Warzywnicze Wiesław Masztalerczyk', 'Wiesław', 'Masztalerczyk', 'Młodynie Górne, 15', '798-132-94-00', '26-807', 'Radzanów', NULL, 170, 0),
(546, 502, '', 'Gospodarstwo Warzywnicze Wiesław Masztalerczyk', 'Wiesław', 'Masztalerczyk', 'Młodynie Górne, 15', '798-132-94-00', '26-807', 'Radzanów', NULL, 170, 0),
(547, 503, '', '', 'ŁUKASZ', 'SZPYT', 'KRZYŻ 40', '', '28-506', 'CZARNOCIN', NULL, 170, 0),
(548, 504, '', '', 'Adam', 'Kwaśnik', 'Kowala Kolonia 48 B', '', '26-624', 'Kowala Stępocina', NULL, 170, 0),
(549, 505, '', '', 'Krzysztof', 'Pudłowski', 'Powidzko7a', '', '55-140', 'Powidzko', NULL, 170, 0),
(550, 506, '', '', 'Andrzej', 'Wilczak', 'Zacisze 15', 'Włoszakowice', '64-140', 'Włoszakowice', NULL, 170, 0),
(551, 507, '', '', 'Zbigniew', 'Jaros', 'Solec 101', '', '28-225', 'Szydłów', NULL, 170, 0),
(552, 508, '', '', 'Patryk', 'Dupczyk', 'Kozietuly Nowe 76', '', '05-640', 'Mogielnica', NULL, 170, 0),
(553, 509, '', '', 'Patryk', 'Dupczyk', 'Kozietuly Nowe 76', '', '05-640', 'Mogielnica', NULL, 170, 0),
(554, 510, '', '', 'Barbara', 'Kuca', 'Solec, 109', 'Szydłów', '28-225', 'Szydłów', NULL, 170, 0),
(555, 511, '', '', 'Maria', 'Bernaś', 'Czerkiesy 106', '', '98-330', 'Pajeczno', NULL, 170, 0),
(556, 512, '', '', 'Przemysław', 'Pater', 'chwalibogowice 2', '', '28-520', 'Chwalibogowice', NULL, 170, 0),
(557, 513, '', '', 'Paweł', 'Kołdej', 'Wólka wojcieszkowska 5', '', '26-922', 'Wólka wojcieszkowska', NULL, 170, 0),
(558, 514, '', '', 'Alicja', 'Krysztoforska', 'Raczków 22', '', '98-290', 'Warta', NULL, 170, 0),
(559, 515, '', '', 'Józef', 'Skoczeń', 'Gołkowice Górne 34', '', '33-388', 'Gołkowice', NULL, 170, 0),
(560, 516, '', '', 'Edyta', 'Kunka', 'Jeziorko33b', 'Koluszki', '95-040', 'Koluszki', NULL, 170, 0),
(561, 517, '', '', 'Robert', 'Gołek', 'Krótka, 10', '', '68-200', 'Żary', NULL, 170, 0),
(562, 518, '', 'GOSPODARSTWO ROLNE RUSLAN PASHKO', 'RUSLAN', 'PASHKO', 'BOGLEWICE 19A', '', '05-604', 'JASIENIEC', NULL, 170, 0),
(563, 519, '', '', 'zbigniew', 'bojanecki', 'walowice 8', '', '96 - 200', 'rawa mazowiecka', NULL, 170, 0),
(564, 520, '', '', 'Marian', 'Gołek', 'Krótka 10', '', '68-200', 'Żary', NULL, 170, 0),
(565, 521, '', '', 'sfsdf', 'sdfdsf', 'sdfsdfgdfg 54', '', '23-233', 'sdfdsf', NULL, 170, 0),
(566, 522, '', '', 'asdasd', 'asdad', 'asdadas 23', '', '12-123', 'sdadasd', NULL, 170, 0),
(567, 523, '', '', 'Weronika', 'Kubielas', 'Marianska, 63a', 'Raciborz', '47-400', 'Raciborz', NULL, 170, 0),
(568, 524, '', '', 'Grzegorz', 'Mazurek', 'Wierzbno 83', '', '32-104', 'Koniusza', NULL, 170, 0),
(569, 525, '', '', 'Łukasz', 'Przewodowski', 'Łany Wybranieckie 62', '', '88-200', 'Radziejów', NULL, 170, 0),
(570, 526, '', '', 'Mateusz', 'Przewodowski', 'Łany Wybranieckie 62', '', '88-200', 'Radziejów', NULL, 170, 0),
(571, 527, '', 'Gospodarstwo Ogrodnicze Mierzejewscy', 'Artur', 'Mierzejewski', 'Dzbenin, 195', '7582249131', '07-410', 'Ostrołęka', NULL, 170, 0),
(572, 528, '', '', 'Alicja', 'Kuran', 'Pileckiego 48', '', '96-300', 'Żyrardów', NULL, 170, 0),
(573, 529, '', '', 'Janusz', 'Szwaja', 'Siedliska 28', '', '32-104', 'Koniusza', NULL, 170, 0),
(574, 530, '', '', 'Mieczysaw', 'Barczak', 'Wysoka Glogowska 537', 'Wysoka Glogowska', '36 061', 'Wysoka Glogowska', NULL, 170, 0),
(575, 531, '', 'Instytut Immunologii', 'Czesław', 'Ługowski', 'Weigla 12 p. 228', '', '53-114', 'Wrocław', NULL, 170, 0);

-- --------------------------------------------------------

--
-- Struktura tabeli dla tabeli `address_format`
--

CREATE TABLE `address_format` (
  `address_format_id` int(11) NOT NULL,
  `address_format` varchar(128) NOT NULL DEFAULT '',
  `address_summary` varchar(48) NOT NULL DEFAULT ''
) ENGINE=MyISAM DEFAULT CHARSET=utf8;

--
-- Zrzut danych tabeli `address_format`
--

INSERT INTO `address_format` (`address_format_id`, `address_format`, `address_summary`) VALUES
(1, '$firstname $lastname$cr$streets$cr$city, $postcode$cr$statecomma$country', '$city / $country'),
(2, '$firstname $lastname$cr$streets$cr$city, $state    $postcode$cr$country', '$city, $state / $country'),
(3, '$firstname $lastname$cr$streets$cr$city$cr$postcode - $statecomma$country', '$state / $country'),
(4, '$firstname $lastname$cr$streets$cr$city ($postcode)$cr$country', '$postcode / $country'),
(5, '$firstname $lastname$cr$streets$cr$postcode $city$cr$country', '$city / $country'),
(6, '$firstname $lastname$cr$streets$cr$city$cr$state$cr$postcode$cr$country', '$postcode / $country');

-- --------------------------------------------------------

--
-- Struktura tabeli dla tabeli `admin_activity_log`
--

CREATE TABLE `admin_activity_log` (
  `log_id` bigint(15) NOT NULL,
  `access_date` datetime NOT NULL DEFAULT '0001-01-01 00:00:00',
  `admin_id` int(11) NOT NULL DEFAULT '0',
  `page_accessed` varchar(80) NOT NULL DEFAULT '',
  `page_parameters` text,
  `ip_address` varchar(20) NOT NULL DEFAULT '',
  `flagged` tinyint(4) NOT NULL DEFAULT '0',
  `attention` varchar(255) NOT NULL DEFAULT '',
  `gzpost` mediumblob NOT NULL
) ENGINE=MyISAM DEFAULT CHARSET=utf8;

--
-- Zrzut danych tabeli `admin_activity_log`
--

INSERT INTO `admin_activity_log` (`log_id`, `access_date`, `admin_id`, `page_accessed`, `page_parameters`, `ip_address`, `flagged`, `attention`, `gzpost`) VALUES
(1, '2019-11-19 20:19:31', 1, 'Log reset by {altkompserwis[1]}.', '', '185.157.12.106', 0, '', ''),
(2, '2019-11-19 20:19:31', 1, 'admin_activity.php', '', '185.157.12.106', 0, '', ''),
(3, '2019-11-19 20:19:52', 1, 'orders.php', '', '185.157.12.106', 0, '', ''),
(4, '2019-11-29 22:10:06', 0, 'login.php ', 'camefrom=index.php&', '185.157.12.106', 0, '', ''),
(5, '2019-11-29 22:10:17', 0, 'login.php altkompserwis', 'camefrom=index.php&', '185.157.12.106', 0, '', 0x0dc9310e80200c00c0bf7476105002bec13f9842d1340a18c13818ff2eebdd0b4891d392300698008fbae77896703d5ca08372bbc8b5c59c374e0dd057cea90165544eba5e4b3b38d5d3aabcf7a3b141682d0c0d92e0fb01),
(6, '2019-11-29 22:10:27', 1, 'categories.php', '', '185.157.12.106', 0, '', ''),
(7, '2019-11-29 22:11:32', 1, 'categories.php', 'cPath=2&', '185.157.12.106', 0, '', ''),
(8, '2019-11-29 22:11:56', 1, 'product.php', 'cPath=2&product_type=1&pID=71&action=new_product&', '185.157.12.106', 0, '', ''),
(9, '2019-11-29 22:12:07', 1, 'categories.php', 'cPath=2&pID=71&', '185.157.12.106', 0, '', ''),
(10, '2019-11-29 22:12:14', 1, 'categories.php', 'cPath=2&pID=71&action=attribute_features&page=1&', '185.157.12.106', 0, '', ''),
(11, '2019-11-29 22:12:19', 1, 'attributes_controller.php', 'products_filter=71&current_category_id=2&', '185.157.12.106', 0, '', ''),
(12, '2019-11-29 22:12:33', 1, 'attributes_controller.php', 'action=update_attribute&attribute_id=7&attribute_page=1&products_filter=71&current_category_id=2&', '185.157.12.106', 0, '', ''),
(13, '2019-11-29 22:12:45', 1, 'attributes_controller.php', 'action=update_product_attribute&attribute_page=1&products_filter=71&', '185.157.12.106', 0, '', 0x[BLOB]),
(14, '2019-11-29 22:12:46', 1, 'attributes_controller.php', 'attribute_page=1&products_filter=71&current_category_id=2&', '185.157.12.106', 0, '', ''),
(15, '2019-11-29 22:12:54', 1, 'categories.php', 'action=new_product&cPath=2&pID=71&product_type=1&', '185.157.12.106', 0, '', ''),
(16, '2019-11-29 22:12:55', 1, 'product.php', 'action=new_product&cPath=2&pID=71&product_type=1&', '185.157.12.106', 0, '', ''),
(17, '2019-11-29 22:13:32', 1, 'product.php', 'cPath=2&product_type=1&pID=71&action=new_product_preview&', '185.157.12.106', 0, '', 0x[BLOB]),
(18, '2019-11-29 22:13:37', 1, 'product.php', 'cPath=2&product_type=1&pID=71&action=update_product&', '185.157.12.106', 0, '', 0x[BLOB]),
(19, '2019-11-29 22:13:38', 1, 'categories.php', 'cPath=2&pID=71&', '185.157.12.106', 0, '', ''),
(20, '2019-11-29 22:14:23', 1, 'product.php', 'cPath=2&product_type=1&pID=2&action=new_product&', '185.157.12.106', 0, '', ''),
(21, '2019-11-29 22:15:01', 1, 'product.php', 'cPath=2&product_type=1&pID=2&action=new_product_preview&', '185.157.12.106', 0, '', 0x[BLOB]),
(22, '2019-11-29 22:15:08', 1, 'product.php', 'cPath=2&product_type=1&pID=2&action=update_product&', '185.157.12.106', 0, '', 0x[BLOB]),
(23, '2019-11-29 22:15:09', 1, 'categories.php', 'cPath=2&pID=2&', '185.157.12.106', 0, '', ''),
(24, '2019-11-29 22:15:26', 1, 'product.php', 'cPath=2&product_type=1&pID=71&action=new_product&', '185.157.12.106', 0, '', ''),
(25, '2019-11-29 22:15:42', 1, 'product.php', 'cPath=2&product_type=1&pID=71&action=new_product_preview&', '185.157.12.106', 0, '', 0x[BLOB]),
(26, '2019-11-29 22:15:46', 1, 'product.php', 'cPath=2&product_type=1&pID=71&action=update_product&', '185.157.12.106', 0, '', 0x[BLOB]),
(27, '2019-11-29 22:15:47', 1, 'categories.php', 'cPath=2&pID=71&', '185.157.12.106', 0, '', ''),
(28, '2019-11-29 22:15:56', 1, 'categories.php', 'cPath=2&pID=2&action=attribute_features&page=1&', '185.157.12.106', 0, '', ''),
(29, '2019-11-29 22:16:03', 1, 'attributes_controller.php', 'products_filter=2&current_category_id=2&', '185.157.12.106', 0, '', ''),
(30, '2019-11-29 22:16:11', 1, 'attributes_controller.php', 'action=update_attribute&attribute_id=6&attribute_page=1&products_filter=2&current_category_id=2&', '185.157.12.106', 0, '', ''),
(31, '2019-11-29 22:16:21', 1, 'attributes_controller.php', 'action=update_product_attribute&attribute_page=1&products_filter=2&', '185.157.12.106', 0, '', 0x[BLOB]),
(32, '2019-11-29 22:16:22', 1, 'attributes_controller.php', 'attribute_page=1&products_filter=2&current_category_id=2&', '185.157.12.106', 0, '', ''),
(33, '2019-11-29 22:17:08', 1, 'categories.php', 'action=new_product&cPath=2&pID=2&product_type=1&', '185.157.12.106', 0, '', ''),
(34, '2019-11-29 22:17:09', 1, 'product.php', 'action=new_product&cPath=2&pID=2&product_type=1&', '185.157.12.106', 0, '', ''),
(35, '2019-11-29 22:17:15', 1, 'categories.php', 'cPath=2&pID=2&', '185.157.12.106', 0, '', ''),
(36, '2019-11-29 22:18:11', 1, 'product.php', 'cPath=2&product_type=1&pID=1&action=copy_to&', '185.157.12.106', 0, '', ''),
(37, '2019-11-29 22:18:21', 1, 'product.php', 'action=copy_to_confirm&cPath=2&page=1&', '185.157.12.106', 0, '', 0x5dcbb10a80300c04d07fc9ac838efe4ca96d29016d429a0c45fc775b1007c77b7777010b450b5a1d46d860810982d7944930bdb60e236eced79ea2f18163d2d504e7d33363c9bdc15c48d2375615dc4dd338fdc4b5aef703),
(38, '2019-11-29 22:18:22', 1, 'categories.php', 'cPath=2&pID=169&page=1&', '185.157.12.106', 0, '', ''),
(39, '2019-11-29 22:18:30', 1, 'product.php', 'cPath=2&product_type=1&pID=169&action=new_product&', '185.157.12.106', 0, '', ''),
(40, '2019-11-29 22:21:06', 1, 'product.php', 'cPath=2&product_type=1&pID=169&action=new_product_preview&', '185.157.12.106', 0, '', 0x[BLOB]),
(41, '2019-11-29 22:21:13', 1, 'product.php', 'cPath=2&product_type=1&pID=169&action=update_product&', '185.157.12.106', 0, '', 0x[BLOB]),
(42, '2019-11-29 22:21:14', 1, 'categories.php', 'cPath=2&pID=169&', '185.157.12.106', 0, '', ''),
(43, '2019-11-29 22:21:37', 1, 'categories.php', 'cPath=2&pID=169&action=attribute_features&page=1&', '185.157.12.106', 0, '', ''),
(44, '2019-11-29 22:21:43', 1, 'attributes_controller.php', 'products_filter=169&current_category_id=2&', '185.157.12.106', 0, '', ''),
(45, '2019-11-29 22:21:53', 1, 'attributes_controller.php', 'action=update_attribute&attribute_id=193&attribute_page=1&products_filter=169&current_category_id=2&', '185.157.12.106', 0, '', ''),
(46, '2019-11-29 22:22:07', 1, 'attributes_controller.php', 'action=update_product_attribute&attribute_page=1&products_filter=169&', '185.157.12.106', 0, '', 0x[BLOB]),
(47, '2019-11-29 22:22:08', 1, 'attributes_controller.php', 'attribute_page=1&products_filter=169&current_category_id=2&', '185.157.12.106', 0, '', ''),
(48, '2019-11-29 22:22:17', 1, 'attributes_controller.php', 'action=set_products_filter&', '185.157.12.106', 0, '', 0xab562a28ca4f294d2e298e4fcbcc29492d52b2523254d2514a2e2d2a4acd2b894f4e2c494dcf2faa8ccf4c01ca1829d50200),
(49, '2019-11-29 22:22:18', 1, 'attributes_controller.php', 'products_filter=1&current_category_id=2&', '185.157.12.106', 0, '', ''),
(50, '2019-11-29 22:22:28', 1, 'attributes_controller.php', 'action=update_attribute&attribute_id=5&attribute_page=1&products_filter=1&current_category_id=2&', '185.157.12.106', 0, '', ''),
(51, '2019-11-29 22:22:41', 1, 'attributes_controller.php', 'action=update_product_attribute&attribute_page=1&products_filter=1&', '185.157.12.106', 0, '', 0x[BLOB]),
(52, '2019-11-29 22:22:42', 1, 'attributes_controller.php', 'attribute_page=1&products_filter=1&current_category_id=2&', '185.157.12.106', 0, '', ''),
(53, '2019-11-29 22:22:48', 1, 'specials.php', '', '185.157.12.106', 0, '', ''),
(54, '2019-11-29 22:22:58', 1, 'specials.php', 'page=1&sID=19&action=delete&', '185.157.12.106', 0, '', ''),
(55, '2019-11-29 22:23:04', 1, 'specials.php', 'page=1&action=deleteconfirm&', '185.157.12.106', 0, '', 0xab562af67451b25232b454aa0500),
(56, '2019-11-29 22:23:05', 1, 'specials.php', 'page=1&', '185.157.12.106', 0, '', ''),
(57, '2019-11-29 22:23:12', 1, 'categories.php', '', '185.157.12.106', 0, '', ''),
(58, '2019-11-29 22:23:18', 1, 'categories.php', 'cPath=2&', '185.157.12.106', 0, '', ''),
(59, '2019-11-29 22:23:23', 1, 'product.php', 'cPath=2&product_type=1&pID=1&action=new_product&', '185.157.12.106', 0, '', ''),
(60, '2019-11-29 22:23:50', 1, 'product.php', 'cPath=2&product_type=1&pID=1&action=new_product_preview&', '185.157.12.106', 0, '', 0x[BLOB]),
(61, '2019-11-29 22:23:55', 1, 'product.php', 'cPath=2&product_type=1&pID=1&action=update_product&', '185.157.12.106', 0, '', 0x[BLOB]),
(62, '2019-11-29 22:23:56', 1, 'categories.php', 'cPath=2&pID=1&', '185.157.12.106', 0, '', ''),
(63, '2019-11-29 22:24:04', 1, 'product.php', 'cPath=2&product_type=1&pID=1&action=new_product&', '185.157.12.106', 0, '', ''),
(64, '2019-11-29 22:24:14', 1, 'product.php', 'cPath=2&product_type=1&pID=1&action=new_product_preview&', '185.157.12.106', 0, '', 0x[BLOB]),
(65, '2019-11-29 22:24:22', 1, 'product.php', 'cPath=2&product_type=1&pID=1&action=update_product&', '185.157.12.106', 0, '', 0x[BLOB]),
(66, '2019-11-29 22:24:23', 1, 'categories.php', 'cPath=2&pID=1&', '185.157.12.106', 0, '', ''),
(67, '2019-11-29 22:26:58', 1, 'categories.php', 'cPath=1&', '185.157.12.106', 0, '', ''),
(68, '2019-11-29 22:31:32', 1, 'categories.php', 'cPath=3&', '185.157.12.106', 0, '', ''),
(69, '2019-11-29 22:32:30', 1, 'categories.php', 'cPath=3&pID=6&action=attribute_features&page=1&', '185.157.12.106', 0, '', ''),
(70, '2019-11-29 22:32:35', 1, 'attributes_controller.php', 'products_filter=6&current_category_id=3&', '185.157.12.106', 0, '', ''),
(71, '2019-11-29 22:34:00', 1, 'attributes_controller.php', 'action=update_attribute&attribute_id=9&attribute_page=1&products_filter=6&current_category_id=3&', '185.157.12.106', 0, '', ''),
(72, '2019-11-29 22:35:18', 1, 'attributes_controller.php', 'action=update_product_attribute&attribute_page=1&products_filter=6&', '185.157.12.106', 0, '', 0x[BLOB]),
(73, '2019-11-29 22:35:18', 1, 'attributes_controller.php', 'attribute_page=1&products_filter=6&current_category_id=3&', '185.157.12.106', 0, '', ''),
(74, '2019-11-29 22:35:32', 1, 'categories.php', 'action=new_product&cPath=3&pID=6&product_type=1&', '185.157.12.106', 0, '', ''),
(75, '2019-11-29 22:35:32', 1, 'product.php', 'action=new_product&cPath=3&pID=6&product_type=1&', '185.157.12.106', 0, '', ''),
(76, '2019-11-29 22:36:38', 1, 'product.php', 'cPath=3&product_type=1&pID=6&action=new_product_preview&', '185.157.12.106', 0, '', 0x[BLOB]),
(77, '2019-11-29 22:36:43', 1, 'product.php', 'cPath=3&product_type=1&pID=6&action=update_product&', '185.157.12.106', 0, '', 0x[BLOB]),
(78, '2019-11-29 22:36:44', 1, 'categories.php', 'cPath=3&pID=6&', '185.157.12.106', 0, '', ''),
(79, '2019-11-29 22:36:52', 1, 'product.php', 'cPath=3&product_type=1&pID=125&action=new_product&', '185.157.12.106', 0, '', ''),
(80, '2019-11-29 22:37:16', 1, 'categories.php', 'cPath=3&pID=125&', '185.157.12.106', 0, '', ''),
(81, '2019-11-29 22:37:23', 1, 'product.php', 'cPath=3&product_type=1&pID=6&action=new_product&', '185.157.12.106', 0, '', ''),
(82, '2019-11-29 22:37:45', 1, 'product.php', 'cPath=3&product_type=1&pID=6&action=new_product_preview&', '185.157.12.106', 0, '', 0x[BLOB]),
(83, '2019-11-29 22:37:55', 1, 'product.php', 'cPath=3&product_type=1&pID=6&action=update_product&', '185.157.12.106', 0, '', 0x[BLOB]),
(84, '2019-11-29 22:37:56', 1, 'categories.php', 'cPath=3&pID=6&', '185.157.12.106', 0, '', ''),
(85, '2019-11-29 22:38:05', 1, 'categories.php', 'cPath=3&pID=6&action=attribute_features&page=1&', '185.157.12.106', 0, '', ''),
(86, '2019-11-29 22:38:09', 1, 'attributes_controller.php', 'products_filter=6&current_category_id=3&', '185.157.12.106', 0, '', ''),
(87, '2019-11-29 22:38:19', 1, 'attributes_controller.php', 'action=update_attribute&attribute_id=9&attribute_page=1&products_filter=6&current_category_id=3&', '185.157.12.106', 0, '', ''),
(88, '2019-11-29 22:38:30', 1, 'attributes_controller.php', 'action=update_product_attribute&attribute_page=1&products_filter=6&', '185.157.12.106', 0, '', 0x[BLOB]),
(89, '2019-11-29 22:38:31', 1, 'attributes_controller.php', 'attribute_page=1&products_filter=6&current_category_id=3&', '185.157.12.106', 0, '', ''),
(90, '2019-11-29 22:38:44', 1, 'specials.php', '', '185.157.12.106', 0, '', ''),
(91, '2019-11-29 22:38:51', 1, 'specials.php', 'page=1&action=new&', '185.157.12.106', 0, '', ''),
(92, '2019-11-29 22:39:09', 1, 'specials.php', 'page=1&action=insert&go_back=&', '185.157.12.106', 0, '', 0xab562a28ca4f294d2e298ecf4c51b2523253d2418814146526a702058162c505a9c9998939083123130b0ca529f14995f1892525459949a525508da505298925a9f1a8b6800c2c492c2a813053f3c062b500),
(93, '2019-11-29 22:39:10', 1, 'specials.php', 'page=1&sID=24&', '185.157.12.106', 0, '', ''),
(94, '2019-11-29 22:40:50', 1, 'categories.php', '', '185.157.12.106', 0, '', ''),
(95, '2019-11-29 22:40:56', 1, 'categories.php', 'cPath=3&', '185.157.12.106', 0, '', ''),
(96, '2019-11-29 22:40:56', 1, 'categories.php', 'cPath=3&', '185.157.12.106', 0, '', ''),
(97, '2019-11-29 22:41:52', 1, 'categories.php', 'cPath=3&pID=72&action=attribute_features&page=1&', '185.157.12.106', 0, '', ''),
(98, '2019-11-29 22:41:57', 1, 'attributes_controller.php', 'products_filter=72&current_category_id=3&', '185.157.12.106', 0, '', ''),
(99, '2019-11-29 22:42:50', 1, 'attributes_controller.php', 'action=set_products_filter&', '185.157.12.106', 0, '', 0xab562a28ca4f294d2e298e4fcbcc29492d52b252b23455d2514a2e2d2a4acd2b894f4e2c494dcf2faa8ccf4c014a192bd50200),
(100, '2019-11-29 22:42:51', 1, 'attributes_controller.php', 'products_filter=95&current_category_id=3&', '185.157.12.106', 0, '', ''),
(101, '2019-11-29 22:43:07', 1, 'attributes_controller.php', 'action=set_products_filter&', '185.157.12.106', 0, '', 0xab562a28ca4f294d2e298e4fcbcc29492d52b252323752d2514a2e2d2a4acd2b894f4e2c494dcf2faa8ccf4c014a192bd50200),
(102, '2019-11-29 22:43:08', 1, 'attributes_controller.php', 'products_filter=72&current_category_id=3&', '185.157.12.106', 0, '', ''),
(103, '2019-11-29 22:43:28', 1, 'attributes_controller.php', 'action=delete_product_attribute&attribute_id=179&attribute_page=1&products_filter=72&current_category_id=3&', '185.157.12.106', 0, '', ''),
(104, '2019-11-29 22:43:32', 1, 'attributes_controller.php', 'action=delete_attribute&attribute_page=1&products_filter=72&', '185.157.12.106', 0, '', 0xab562a28ca4f294d2e298e4fcbcc29492d52b252323752d2514a2e2d2a4acd2b894f4e2c494dcf2faa8ccf4c014a190365525273524b52e3134b4a8a32934a812cb08ca1b9a5522d00),
(105, '2019-11-29 22:43:33', 1, 'attributes_controller.php', 'attribute_page=1&products_filter=72&current_category_id=3&', '185.157.12.106', 0, '', ''),
(106, '2019-11-29 22:43:39', 1, 'attributes_controller.php', 'action=update_attribute&attribute_id=95&attribute_page=1&products_filter=72&current_category_id=3&', '185.157.12.106', 0, '', ''),
(107, '2019-11-29 22:43:59', 1, 'attributes_controller.php', 'action=update_product_attribute&attribute_page=1&products_filter=72&', '185.157.12.106', 0, '', 0x[BLOB]),
(108, '2019-11-29 22:43:59', 1, 'attributes_controller.php', 'attribute_page=1&products_filter=72&current_category_id=3&', '185.157.12.106', 0, '', ''),
(109, '2019-11-29 22:44:05', 1, 'attributes_controller.php', 'action=update_attribute&attribute_id=95&attribute_page=1&products_filter=72&current_category_id=3&', '185.157.12.106', 0, '', ''),
(110, '2019-11-29 22:44:14', 1, 'attributes_controller.php', 'action=update_product_attribute&attribute_page=1&products_filter=72&', '185.157.12.106', 0, '', 0x[BLOB]),
(111, '2019-11-29 22:44:15', 1, 'attributes_controller.php', 'attribute_page=1&products_filter=72&current_category_id=3&', '185.157.12.106', 0, '', ''),
(112, '2019-11-29 22:44:26', 1, 'attributes_controller.php', 'action=set_products_filter&', '185.157.12.106', 0, '', 0xab562a28ca4f294d2e298e4fcbcc29492d52b2523253d2514a2e2d2a4acd2b894f4e2c494dcf2faa8ccf4c01ca182bd50200),
(113, '2019-11-29 22:44:27', 1, 'attributes_controller.php', 'products_filter=6&current_category_id=3&', '185.157.12.106', 0, '', ''),
(114, '2019-11-29 22:44:34', 1, 'attributes_controller.php', 'action=update_attribute&attribute_id=9&attribute_page=1&products_filter=6&current_category_id=3&', '185.157.12.106', 0, '', ''),
(115, '2019-11-29 22:44:41', 1, 'attributes_controller.php', 'attribute_page=1&products_filter=6&current_category_id=3&', '185.157.12.106', 0, '', ''),
(116, '2019-11-29 22:44:48', 1, 'attributes_controller.php', 'action=set_products_filter&', '185.157.12.106', 0, '', 0xab562a28ca4f294d2e298e4fcbcc29492d52b252323752d2514a2e2d2a4acd2b894f4e2c494dcf2faa8ccf4c014a192bd50200),
(117, '2019-11-29 22:44:48', 1, 'attributes_controller.php', 'products_filter=72&current_category_id=3&', '185.157.12.106', 0, '', ''),
(118, '2019-11-29 22:44:57', 1, 'categories.php', 'action=new_product&cPath=3&pID=72&product_type=1&', '185.157.12.106', 0, '', ''),
(119, '2019-11-29 22:44:58', 1, 'product.php', 'action=new_product&cPath=3&pID=72&product_type=1&', '185.157.12.106', 0, '', ''),
(120, '2019-11-29 22:45:31', 1, 'product.php', 'cPath=3&product_type=1&pID=72&action=new_product_preview&', '185.157.12.106', 0, '', 0x[BLOB]);
INSERT INTO `admin_activity_log` (`log_id`, `access_date`, `admin_id`, `page_accessed`, `page_parameters`, `ip_address`, `flagged`, `attention`, `gzpost`) VALUES
(121, '2019-11-29 22:45:36', 1, 'product.php', 'cPath=3&product_type=1&pID=72&action=update_product&', '185.157.12.106', 0, '', 0x[BLOB]),
(122, '2019-11-29 22:45:37', 1, 'categories.php', 'cPath=3&pID=72&', '185.157.12.106', 0, '', ''),
(123, '2019-11-29 22:45:47', 1, 'specials.php', '', '185.157.12.106', 0, '', ''),
(124, '2019-11-29 22:45:55', 1, 'specials.php', 'page=1&action=new&', '185.157.12.106', 0, '', ''),
(125, '2019-11-29 22:46:08', 1, 'specials.php', 'page=1&action=insert&go_back=&', '185.157.12.106', 0, '', 0xab562a28ca4f294d2e298ecf4c51b252323752d2410815146526a702458162c505a9c9998939083163130b0ca529f14995f1892525459949a525508da505298925a9f1a8d6800c2c492c2a813053f3c062b500),
(126, '2019-11-29 22:46:09', 1, 'specials.php', 'page=1&sID=25&', '185.157.12.106', 0, '', ''),
(127, '2019-11-29 22:47:34', 1, 'categories.php', '', '185.157.12.106', 0, '', ''),
(128, '2019-11-29 22:47:46', 1, 'categories.php', 'cPath=3&', '185.157.12.106', 0, '', ''),
(129, '2019-11-29 22:48:02', 1, 'categories.php', 'cPath=4&', '185.157.12.106', 0, '', ''),
(130, '2019-11-29 22:48:11', 1, 'categories.php', 'cPath=4&pID=11&action=attribute_features&page=1&', '185.157.12.106', 0, '', ''),
(131, '2019-11-29 22:48:15', 1, 'attributes_controller.php', 'products_filter=11&current_category_id=4&', '185.157.12.106', 0, '', ''),
(132, '2019-11-29 22:48:22', 1, 'attributes_controller.php', 'action=update_attribute&attribute_id=16&attribute_page=1&products_filter=11&current_category_id=4&', '185.157.12.106', 0, '', ''),
(133, '2019-11-29 22:48:31', 1, 'attributes_controller.php', 'action=update_product_attribute&attribute_page=1&products_filter=11&', '185.157.12.106', 0, '', 0x[BLOB]),
(134, '2019-11-29 22:48:32', 1, 'attributes_controller.php', 'attribute_page=1&products_filter=11&current_category_id=4&', '185.157.12.106', 0, '', ''),
(135, '2019-11-29 22:48:41', 1, 'attributes_controller.php', 'action=set_products_filter&', '185.157.12.106', 0, '', 0xab562a28ca4f294d2e298e4fcbcc29492d52b252323452d2514a2e2d2a4acd2b894f4e2c494dcf2faa8ccf4c014a9928d50200),
(136, '2019-11-29 22:48:42', 1, 'attributes_controller.php', 'products_filter=12&current_category_id=4&', '185.157.12.106', 0, '', ''),
(137, '2019-11-29 22:48:46', 1, 'attributes_controller.php', 'action=update_attribute&attribute_id=17&attribute_page=1&products_filter=12&current_category_id=4&', '185.157.12.106', 0, '', ''),
(138, '2019-11-29 22:48:57', 1, 'attributes_controller.php', 'action=update_product_attribute&attribute_page=1&products_filter=12&', '185.157.12.106', 0, '', 0x[BLOB]),
(139, '2019-11-29 22:48:58', 1, 'attributes_controller.php', 'attribute_page=1&products_filter=12&current_category_id=4&', '185.157.12.106', 0, '', ''),
(140, '2019-11-29 22:49:04', 1, 'categories.php', 'action=new_product&cPath=4&pID=12&product_type=1&', '185.157.12.106', 0, '', ''),
(141, '2019-11-29 22:49:05', 1, 'product.php', 'action=new_product&cPath=4&pID=12&product_type=1&', '185.157.12.106', 0, '', ''),
(142, '2019-11-29 22:49:05', 0, 'login.php ', 'camefrom=categories.php&', '185.157.12.106', 0, '', ''),
(143, '2019-11-29 22:49:11', 1, 'categories.php', 'cPath=4&pID=12&', '185.157.12.106', 0, '', ''),
(144, '2019-11-29 22:50:38', 1, 'categories.php', 'cPath=6&', '185.157.12.106', 0, '', ''),
(145, '2019-11-29 22:50:55', 1, 'categories.php', 'cPath=6&pID=16&action=attribute_features&page=1&', '185.157.12.106', 0, '', ''),
(146, '2019-11-29 22:51:00', 1, 'attributes_controller.php', 'products_filter=16&current_category_id=6&', '185.157.12.106', 0, '', ''),
(147, '2019-11-29 22:51:13', 1, 'attributes_controller.php', 'action=update_attribute&attribute_id=29&attribute_page=1&products_filter=16&current_category_id=6&', '185.157.12.106', 0, '', ''),
(148, '2019-11-29 22:51:23', 1, 'attributes_controller.php', 'action=update_product_attribute&attribute_page=1&products_filter=16&', '185.157.12.106', 0, '', 0x[BLOB]),
(149, '2019-11-29 22:51:24', 1, 'attributes_controller.php', 'attribute_page=1&products_filter=16&current_category_id=6&', '185.157.12.106', 0, '', ''),
(150, '2019-11-29 22:51:47', 1, 'attributes_controller.php', 'action=set_products_filter&', '185.157.12.106', 0, '', 0xab562a28ca4f294d2e298e4fcbcc29492d52b252323756d2514a2e2d2a4acd2b894f4e2c494dcf2faa8ccf4c014a9929d50200),
(151, '2019-11-29 22:51:48', 1, 'attributes_controller.php', 'products_filter=73&current_category_id=6&', '185.157.12.106', 0, '', ''),
(152, '2019-11-29 22:51:52', 1, 'attributes_controller.php', 'action=update_attribute&attribute_id=30&attribute_page=1&products_filter=73&current_category_id=6&', '185.157.12.106', 0, '', ''),
(153, '2019-11-29 22:52:02', 1, 'attributes_controller.php', 'action=update_product_attribute&attribute_page=1&products_filter=73&', '185.157.12.106', 0, '', 0x[BLOB]),
(154, '2019-11-29 22:52:02', 1, 'attributes_controller.php', 'attribute_page=1&products_filter=73&current_category_id=6&', '185.157.12.106', 0, '', ''),
(155, '2019-11-29 22:52:50', 1, 'attributes_controller.php', 'action=set_products_filter&', '185.157.12.106', 0, '', 0xab562a28ca4f294d2e298e4fcbcc29492d52b252323757d2514a2e2d2a4acd2b894f4e2c494dcf2faa8ccf4c014a9929d50200),
(156, '2019-11-29 22:52:51', 1, 'attributes_controller.php', 'products_filter=77&current_category_id=6&', '185.157.12.106', 0, '', ''),
(157, '2019-11-29 22:52:57', 1, 'attributes_controller.php', 'action=update_attribute&attribute_id=34&attribute_page=1&products_filter=77&current_category_id=6&', '185.157.12.106', 0, '', ''),
(158, '2019-11-29 22:53:07', 1, 'attributes_controller.php', 'action=update_product_attribute&attribute_page=1&products_filter=77&', '185.157.12.106', 0, '', 0x[BLOB]),
(159, '2019-11-29 22:53:08', 1, 'attributes_controller.php', 'attribute_page=1&products_filter=77&current_category_id=6&', '185.157.12.106', 0, '', ''),
(160, '2019-11-29 22:53:34', 1, 'attributes_controller.php', 'action=set_products_filter&', '185.157.12.106', 0, '', 0xab562a28ca4f294d2e298e4fcbcc29492d52b25232343156d2514a2e2d2a4acd2b894f4e2c494dcf2faa8ccf4c01ca9929d50200),
(161, '2019-11-29 22:53:34', 1, 'attributes_controller.php', 'products_filter=143&current_category_id=6&', '185.157.12.106', 0, '', ''),
(162, '2019-11-29 22:53:40', 1, 'attributes_controller.php', 'action=update_attribute&attribute_id=153&attribute_page=1&products_filter=143&current_category_id=6&', '185.157.12.106', 0, '', ''),
(163, '2019-11-29 22:53:49', 1, 'attributes_controller.php', 'action=update_product_attribute&attribute_page=1&products_filter=143&', '185.157.12.106', 0, '', 0x[BLOB]),
(164, '2019-11-29 22:53:50', 1, 'attributes_controller.php', 'attribute_page=1&products_filter=143&current_category_id=6&', '185.157.12.106', 0, '', ''),
(165, '2019-11-29 22:54:50', 1, 'attributes_controller.php', 'action=set_products_filter&', '185.157.12.106', 0, '', 0xab562a28ca4f294d2e298e4fcbcc29492d52b25232343151d2514a2e2d2a4acd2b894f4e2c494dcf2faa8ccf4c01ca9929d50200),
(166, '2019-11-29 22:54:50', 1, 'attributes_controller.php', 'products_filter=144&current_category_id=6&', '185.157.12.106', 0, '', ''),
(167, '2019-11-29 22:55:03', 1, 'attributes_controller.php', 'action=update_attribute&attribute_id=154&attribute_page=1&products_filter=144&current_category_id=6&', '185.157.12.106', 0, '', ''),
(168, '2019-11-29 22:55:13', 1, 'attributes_controller.php', 'action=update_product_attribute&attribute_page=1&products_filter=144&', '185.157.12.106', 0, '', 0x[BLOB]),
(169, '2019-11-29 22:55:14', 1, 'attributes_controller.php', 'attribute_page=1&products_filter=144&current_category_id=6&', '185.157.12.106', 0, '', ''),
(170, '2019-11-30 12:23:09', 0, 'login.php ', 'camefrom=index.php&', '185.157.12.106', 0, '', ''),
(171, '2019-11-30 12:23:35', 0, 'login.php altkompserwis', 'camefrom=index.php&', '185.157.12.106', 0, '', 0x0dc9310e80200c00c0bf7476b0350af806ff608aa0691430827130fe5dd6bb17d8058973e4e061043eca9ec299fdf5488606f26d83941a53da2456e0a5488a155c52063b747a30ca50bfa25fa843d21adbbe65f296e0fb01),
(172, '2019-11-30 12:29:27', 1, 'specials.php', '', '185.157.12.106', 0, '', ''),
(173, '2019-11-30 12:29:50', 0, 'login.php ', 'camefrom=specials.php&', '185.157.12.106', 0, '', ''),
(174, '2019-11-30 12:29:56', 1, 'specials.php', 'page=1&sID=22&action=edit&', '185.157.12.106', 0, '', ''),
(175, '2019-11-30 12:30:06', 1, 'specials.php', 'page=1&action=update&go_back=&', '185.157.12.106', 0, '', 0x65cd3d0a80300c86e1bb6416698b3a7899d09f0c05d1d0a6838877b7557431e3cb13be0332938f76c91803cc600c74c0690bc54b464ed153adb57dec6dc3a87a55efe703ba1dad488aae4893ba92c2c10ae127ef313db5ef2c36c933426bcb705e),
(176, '2019-11-30 12:30:07', 1, 'specials.php', 'page=1&sID=22&', '185.157.12.106', 0, '', ''),
(177, '2019-11-30 12:30:25', 1, 'specials.php', 'page=1&sID=21&action=edit&', '185.157.12.106', 0, '', ''),
(178, '2019-11-30 12:30:33', 1, 'specials.php', 'page=1&action=update&go_back=&', '185.157.12.106', 0, '', 0x658d3b0a80301005efb2b54822a6d0cb2cf96c11100dc9a610f1ee66156d7ce530cc3ba024f2d12e05638019060d1da4bc85eab960cad153a38d7ddacb46a37ad5f6f303ba1d2d738eaeb29892ac295826fcccfb4c9b49ca6c333f27b40a86f302),
(179, '2019-11-30 12:30:34', 1, 'specials.php', 'page=1&sID=21&', '185.157.12.106', 0, '', ''),
(180, '2019-11-30 12:30:52', 1, 'specials.php', 'page=1&sID=12&action=edit&', '185.157.12.106', 0, '', ''),
(181, '2019-11-30 12:31:00', 1, 'specials.php', 'page=1&action=update&go_back=&', '185.157.12.106', 0, '', 0x65cdc10a80200cc6f177d93942a3087a99a1ce831035741e227af714c94b3bfef9b1ef86c4de05b3270c041be80906e078527692906370bed4d23afbdabca85195fb79427ba11189c166a9521792998c78ecb28da9b57e1613a58df8a366785e),
(182, '2019-11-30 12:31:01', 1, 'specials.php', 'page=1&sID=12&', '185.157.12.106', 0, '', ''),
(183, '2019-11-30 12:31:15', 1, 'specials.php', 'page=1&sID=23&action=edit&', '185.157.12.106', 0, '', ''),
(184, '2019-11-30 12:31:24', 1, 'specials.php', 'page=1&action=update&go_back=&', '185.157.12.106', 0, '', 0x65cdbb0a80300c85e177c92cd2d6cbe0cb84de86826869d341c4773755ec62c69f8f9c1372f436e8356370b0801aa0839876572c658c2958cf955b635f1b27d10bbe9f77680ed444299842554a26253a4d1e9b7cc6e4acea67d289de11bfd50cd70d),
(185, '2019-11-30 12:31:25', 1, 'specials.php', 'page=1&sID=23&', '185.157.12.106', 0, '', ''),
(186, '2019-11-30 12:31:38', 1, 'specials.php', 'page=1&sID=13&action=edit&', '185.157.12.106', 0, '', ''),
(187, '2019-11-30 12:31:47', 1, 'specials.php', 'page=1&action=update&go_back=&', '185.157.12.106', 0, '', 0x65cdc10a80200cc6f177d93942a9207a99317507214a741e227af714c94b3bfef9b1ef8614d87ada137a071be8090608f174d94ac210bde5524bebec6bf3a24655eee71d9a0b49247a93a54a5d480e8e84b1cb36a6d7fa59284a1be1a366785e),
(188, '2019-11-30 12:31:47', 1, 'specials.php', 'page=1&sID=13&', '185.157.12.106', 0, '', ''),
(189, '2019-11-30 12:32:02', 1, 'specials.php', 'page=1&sID=11&action=edit&', '185.157.12.106', 0, '', ''),
(190, '2019-11-30 12:32:11', 1, 'specials.php', 'page=1&action=update&go_back=&', '185.157.12.106', 0, '', 0x658d3b0a80301005efb2b54802da789965f32902a261b32944bcbb5982697ce530ccbba1e4e813ed0553800dac8509329fa17a299839f9d8686343fbd8b29ad9b4fdfc80ee4212e1e4aaa8a9c99a0349c461f633b36a5988a59fc443313c2f),
(191, '2019-11-30 12:32:11', 1, 'specials.php', 'page=1&sID=11&', '185.157.12.106', 0, '', ''),
(192, '2019-11-30 12:34:01', 1, 'categories.php', '', '185.157.12.106', 0, '', ''),
(193, '2019-11-30 12:34:08', 1, 'categories.php', 'cPath=5&', '185.157.12.106', 0, '', ''),
(194, '2019-11-30 12:34:21', 1, 'categories.php', 'cID=5&', '185.157.12.106', 0, '', ''),
(195, '2019-11-30 12:34:27', 1, 'categories.php', 'cPath=6&', '185.157.12.106', 0, '', ''),
(196, '2019-11-30 12:41:19', 1, 'categories.php', 'cPath=6&pID=101&action=attribute_features&page=1&', '185.157.12.106', 0, '', ''),
(197, '2019-11-30 12:41:24', 1, 'attributes_controller.php', 'products_filter=101&current_category_id=6&', '185.157.12.106', 0, '', ''),
(198, '2019-11-30 12:41:33', 1, 'attributes_controller.php', 'action=update_attribute&attribute_id=100&attribute_page=1&products_filter=101&current_category_id=6&', '185.157.12.106', 0, '', ''),
(199, '2019-11-30 12:41:46', 1, 'attributes_controller.php', 'action=update_product_attribute&attribute_page=1&products_filter=101&', '185.157.12.106', 0, '', 0x[BLOB]),
(200, '2019-11-30 12:41:47', 1, 'attributes_controller.php', 'attribute_page=1&products_filter=101&current_category_id=6&', '185.157.12.106', 0, '', ''),
(201, '2019-11-30 12:41:54', 1, 'attributes_controller.php', 'action=set_products_filter&', '185.157.12.106', 0, '', 0xab562a28ca4f294d2e298e4fcbcc29492d52b25232343354d2514a2e2d2a4acd2b894f4e2c494dcf2faa8ccf4c01ca9929d50200),
(202, '2019-11-30 12:41:55', 1, 'attributes_controller.php', 'products_filter=161&current_category_id=6&', '185.157.12.106', 0, '', ''),
(203, '2019-11-30 12:42:00', 1, 'attributes_controller.php', 'action=update_attribute&attribute_id=183&attribute_page=1&products_filter=161&current_category_id=6&', '185.157.12.106', 0, '', ''),
(204, '2019-11-30 12:42:10', 1, 'attributes_controller.php', 'action=update_product_attribute&attribute_page=1&products_filter=161&', '185.157.12.106', 0, '', 0x[BLOB]),
(205, '2019-11-30 12:42:11', 1, 'attributes_controller.php', 'attribute_page=1&products_filter=161&current_category_id=6&', '185.157.12.106', 0, '', ''),
(206, '2019-11-30 12:42:16', 1, 'categories.php', 'action=new_product&cPath=6&pID=161&product_type=1&', '185.157.12.106', 0, '', ''),
(207, '2019-11-30 12:42:16', 1, 'product.php', 'action=new_product&cPath=6&pID=161&product_type=1&', '185.157.12.106', 0, '', ''),
(208, '2019-11-30 12:43:43', 1, 'product.php', 'cPath=6&product_type=1&pID=161&action=new_product_preview&', '185.157.12.106', 0, '', 0x[BLOB]),
(209, '2019-11-30 12:43:48', 1, 'product.php', 'cPath=6&product_type=1&pID=161&action=update_product&', '185.157.12.106', 0, '', 0x[BLOB]),
(210, '2019-11-30 12:43:49', 1, 'categories.php', 'cPath=6&pID=161&', '185.157.12.106', 0, '', ''),
(211, '2019-11-30 12:46:03', 1, 'categories.php', 'cPath=7&', '185.157.12.106', 0, '', ''),
(212, '2019-11-30 12:47:07', 1, 'categories.php', 'cPath=7&pID=19&action=attribute_features&page=1&', '185.157.12.106', 0, '', ''),
(213, '2019-11-30 12:47:11', 1, 'attributes_controller.php', 'products_filter=19&current_category_id=7&', '185.157.12.106', 0, '', ''),
(214, '2019-11-30 12:47:22', 1, 'attributes_controller.php', 'action=update_attribute&attribute_id=18&attribute_page=1&products_filter=19&current_category_id=7&', '185.157.12.106', 0, '', ''),
(215, '2019-11-30 12:47:32', 1, 'attributes_controller.php', 'action=update_product_attribute&attribute_page=1&products_filter=19&', '185.157.12.106', 0, '', 0x[BLOB]),
(216, '2019-11-30 12:47:33', 1, 'attributes_controller.php', 'attribute_page=1&products_filter=19&current_category_id=7&', '185.157.12.106', 0, '', ''),
(217, '2019-11-30 12:49:09', 1, 'attributes_controller.php', 'action=set_products_filter&', '185.157.12.106', 0, '', 0xab562a28ca4f294d2e298e4fcbcc29492d52b25232343052d2514a2e2d2a4acd2b894f4e2c494dcf2faa8ccf4c01ca992bd50200),
(218, '2019-11-30 12:49:10', 1, 'attributes_controller.php', 'products_filter=102&current_category_id=7&', '185.157.12.106', 0, '', ''),
(219, '2019-11-30 12:49:18', 1, 'attributes_controller.php', 'action=update_attribute&attribute_id=101&attribute_page=1&products_filter=102&current_category_id=7&', '185.157.12.106', 0, '', ''),
(220, '2019-11-30 12:49:28', 1, 'attributes_controller.php', 'action=update_product_attribute&attribute_page=1&products_filter=102&', '185.157.12.106', 0, '', 0x[BLOB]),
(221, '2019-11-30 12:49:29', 1, 'attributes_controller.php', 'attribute_page=1&products_filter=102&current_category_id=7&', '185.157.12.106', 0, '', ''),
(222, '2019-11-30 12:49:51', 1, 'attributes_controller.php', 'action=set_products_filter&', '185.157.12.106', 0, '', 0xab562a28ca4f294d2e298e4fcbcc29492d52b25232343051d2514a2e2d2a4acd2b894f4e2c494dcf2faa8ccf4c01ca992bd50200),
(223, '2019-11-30 12:49:51', 1, 'attributes_controller.php', 'products_filter=104&current_category_id=7&', '185.157.12.106', 0, '', ''),
(224, '2019-11-30 12:49:58', 1, 'attributes_controller.php', 'action=update_attribute&attribute_id=103&attribute_page=1&products_filter=104&current_category_id=7&', '185.157.12.106', 0, '', ''),
(225, '2019-11-30 12:50:07', 1, 'attributes_controller.php', 'action=update_product_attribute&attribute_page=1&products_filter=104&', '185.157.12.106', 0, '', 0x[BLOB]),
(226, '2019-11-30 12:50:08', 1, 'attributes_controller.php', 'attribute_page=1&products_filter=104&current_category_id=7&', '185.157.12.106', 0, '', ''),
(227, '2019-11-30 12:51:04', 1, 'categories.php', 'action=new_product&cPath=7&pID=104&product_type=1&', '185.157.12.106', 0, '', ''),
(228, '2019-11-30 12:51:05', 1, 'product.php', 'action=new_product&cPath=7&pID=104&product_type=1&', '185.157.12.106', 0, '', ''),
(229, '2019-11-30 12:51:12', 1, 'categories.php', 'cPath=7&pID=104&', '185.157.12.106', 0, '', ''),
(230, '2019-11-30 12:51:48', 1, 'categories.php', 'cPath=7&pID=100&action=attribute_features&page=1&', '185.157.12.106', 0, '', ''),
(231, '2019-11-30 12:51:53', 1, 'attributes_controller.php', 'products_filter=100&current_category_id=7&', '185.157.12.106', 0, '', ''),
(232, '2019-11-30 12:52:00', 1, 'attributes_controller.php', 'action=update_attribute&attribute_id=99&attribute_page=1&products_filter=100&current_category_id=7&', '185.157.12.106', 0, '', ''),
(233, '2019-11-30 12:52:09', 1, 'attributes_controller.php', 'action=update_product_attribute&attribute_page=1&products_filter=100&', '185.157.12.106', 0, '', 0x[BLOB]),
(234, '2019-11-30 12:52:10', 1, 'attributes_controller.php', 'attribute_page=1&products_filter=100&current_category_id=7&', '185.157.12.106', 0, '', ''),
(235, '2019-11-30 12:52:18', 1, 'categories.php', 'action=new_product&cPath=7&pID=100&product_type=1&', '185.157.12.106', 0, '', ''),
(236, '2019-11-30 12:52:18', 1, 'product.php', 'action=new_product&cPath=7&pID=100&product_type=1&', '185.157.12.106', 0, '', ''),
(237, '2019-11-30 12:52:26', 1, 'categories.php', 'cPath=7&pID=100&', '185.157.12.106', 0, '', ''),
(238, '2019-11-30 12:53:56', 1, 'categories.php', 'cPath=8&', '185.157.12.106', 0, '', ''),
(239, '2019-11-30 12:54:52', 1, 'categories.php', 'cPath=8&pID=142&action=attribute_features&page=1&', '185.157.12.106', 0, '', ''),
(240, '2019-11-30 12:54:57', 1, 'attributes_controller.php', 'products_filter=142&current_category_id=8&', '185.157.12.106', 0, '', ''),
(241, '2019-11-30 12:55:04', 1, 'attributes_controller.php', 'action=update_attribute&attribute_id=152&attribute_page=1&products_filter=142&current_category_id=8&', '185.157.12.106', 0, '', ''),
(242, '2019-11-30 12:55:17', 1, 'attributes_controller.php', 'action=update_product_attribute&attribute_page=1&products_filter=142&', '185.157.12.106', 0, '', 0x[BLOB]),
(243, '2019-11-30 12:55:17', 1, 'attributes_controller.php', 'attribute_page=1&products_filter=142&current_category_id=8&', '185.157.12.106', 0, '', ''),
(244, '2019-11-30 12:56:05', 1, 'attributes_controller.php', 'action=set_products_filter&', '185.157.12.106', 0, '', 0xab562a28ca4f294d2e298e4fcbcc29492d52b252323255d2514a2e2d2a4acd2b894f4e2c494dcf2faa8ccf4c014a5928d50200),
(245, '2019-11-30 12:56:06', 1, 'attributes_controller.php', 'products_filter=25&current_category_id=8&', '185.157.12.106', 0, '', ''),
(246, '2019-11-30 12:56:13', 1, 'attributes_controller.php', 'action=update_attribute&attribute_id=27&attribute_page=1&products_filter=25&current_category_id=8&', '185.157.12.106', 0, '', ''),
(247, '2019-11-30 12:56:27', 1, 'attributes_controller.php', 'action=update_product_attribute&attribute_page=1&products_filter=25&', '185.157.12.106', 0, '', 0x[BLOB]),
(248, '2019-11-30 12:56:27', 1, 'attributes_controller.php', 'attribute_page=1&products_filter=25&current_category_id=8&', '185.157.12.106', 0, '', ''),
(249, '2019-11-30 12:56:48', 1, 'attributes_controller.php', 'action=set_products_filter&', '185.157.12.106', 0, '', 0xab562a28ca4f294d2e298e4fcbcc29492d52b252323256d2514a2e2d2a4acd2b894f4e2c494dcf2faa8ccf4c014a5928d50200),
(250, '2019-11-30 12:56:49', 1, 'attributes_controller.php', 'products_filter=23&current_category_id=8&', '185.157.12.106', 0, '', ''),
(251, '2019-11-30 12:56:54', 1, 'attributes_controller.php', 'action=update_attribute&attribute_id=23&attribute_page=1&products_filter=23&current_category_id=8&', '185.157.12.106', 0, '', ''),
(252, '2019-11-30 12:57:07', 1, 'attributes_controller.php', 'action=update_product_attribute&attribute_page=1&products_filter=23&', '185.157.12.106', 0, '', 0x[BLOB]),
(253, '2019-11-30 12:57:08', 1, 'attributes_controller.php', 'attribute_page=1&products_filter=23&current_category_id=8&', '185.157.12.106', 0, '', ''),
(254, '2019-11-30 12:58:28', 1, 'categories.php', 'action=new_product&cPath=8&pID=23&product_type=1&', '185.157.12.106', 0, '', ''),
(255, '2019-11-30 12:58:28', 1, 'product.php', 'action=new_product&cPath=8&pID=23&product_type=1&', '185.157.12.106', 0, '', ''),
(256, '2019-11-30 12:58:34', 1, 'categories.php', 'cPath=8&pID=23&', '185.157.12.106', 0, '', ''),
(257, '2019-11-30 12:58:54', 1, 'categories.php', 'cPath=25&', '185.157.12.106', 0, '', ''),
(258, '2019-11-30 12:59:16', 1, 'categories.php', 'cPath=25&pID=145&action=attribute_features&page=1&', '185.157.12.106', 0, '', ''),
(259, '2019-11-30 12:59:20', 1, 'attributes_controller.php', 'products_filter=145&current_category_id=25&', '185.157.12.106', 0, '', ''),
(260, '2019-11-30 12:59:27', 1, 'attributes_controller.php', 'action=update_attribute&attribute_id=155&attribute_page=1&products_filter=145&current_category_id=25&', '185.157.12.106', 0, '', ''),
(261, '2019-11-30 12:59:45', 1, 'attributes_controller.php', 'action=update_product_attribute&attribute_page=1&products_filter=145&', '185.157.12.106', 0, '', 0x[BLOB]),
(262, '2019-11-30 12:59:46', 1, 'attributes_controller.php', 'attribute_page=1&products_filter=145&current_category_id=25&', '185.157.12.106', 0, '', ''),
(263, '2019-11-30 13:00:00', 1, 'attributes_controller.php', 'action=set_products_filter&', '185.157.12.106', 0, '', 0xab562a28ca4f294d2e298e4fcbcc29492d52b25232343153d2514a2e2d2a4acd2b894f4e2c494dcf2faa8ccf4c01ca19992ad50200),
(264, '2019-11-30 13:00:01', 1, 'attributes_controller.php', 'products_filter=146&current_category_id=25&', '185.157.12.106', 0, '', ''),
(265, '2019-11-30 13:00:05', 1, 'attributes_controller.php', 'action=update_attribute&attribute_id=156&attribute_page=1&products_filter=146&current_category_id=25&', '185.157.12.106', 0, '', ''),
(266, '2019-11-30 13:00:16', 1, 'attributes_controller.php', 'action=update_product_attribute&attribute_page=1&products_filter=146&', '185.157.12.106', 0, '', 0x[BLOB]),
(267, '2019-11-30 13:00:17', 1, 'attributes_controller.php', 'attribute_page=1&products_filter=146&current_category_id=25&', '185.157.12.106', 0, '', ''),
(268, '2019-11-30 13:00:51', 1, 'attributes_controller.php', 'current_category_id=10&products_filter=146&action=new_cat&', '185.157.12.106', 0, '', ''),
(269, '2019-11-30 13:00:52', 1, 'attributes_controller.php', 'products_filter=29&current_category_id=10&', '185.157.12.106', 0, '', ''),
(270, '2019-11-30 13:01:07', 1, 'attributes_controller.php', 'action=set_products_filter&', '185.157.12.106', 0, '', 0xab562a28ca4f294d2e298e4fcbcc29492d52b252323654d2514a2e2d2a4acd2b894f4e2c494dcf2faa8ccf4c014a191a28d50200),
(271, '2019-11-30 13:01:08', 1, 'attributes_controller.php', 'products_filter=31&current_category_id=10&', '185.157.12.106', 0, '', ''),
(272, '2019-11-30 13:01:21', 1, 'attributes_controller.php', 'action=update_attribute&attribute_id=36&attribute_page=1&products_filter=31&current_category_id=10&', '185.157.12.106', 0, '', ''),
(273, '2019-11-30 13:01:31', 1, 'attributes_controller.php', 'action=update_product_attribute&attribute_page=1&products_filter=31&', '185.157.12.106', 0, '', 0x[BLOB]),
(274, '2019-11-30 13:01:32', 1, 'attributes_controller.php', 'attribute_page=1&products_filter=31&current_category_id=10&', '185.157.12.106', 0, '', ''),
(275, '2019-11-30 13:01:59', 1, 'attributes_controller.php', 'action=set_products_filter&', '185.157.12.106', 0, '', 0xab562a28ca4f294d2e298e4fcbcc29492d52b252323652d2514a2e2d2a4acd2b894f4e2c494dcf2faa8ccf4c014a191a28d50200),
(276, '2019-11-30 13:02:02', 1, 'attributes_controller.php', 'products_filter=32&current_category_id=10&', '185.157.12.106', 0, '', ''),
(277, '2019-11-30 13:02:15', 1, 'attributes_controller.php', 'action=update_attribute&attribute_id=37&attribute_page=1&products_filter=32&current_category_id=10&', '185.157.12.106', 0, '', ''),
(278, '2019-11-30 13:02:26', 1, 'attributes_controller.php', 'action=update_product_attribute&attribute_page=1&products_filter=32&', '185.157.12.106', 0, '', 0x[BLOB]),
(279, '2019-11-30 13:02:27', 1, 'attributes_controller.php', 'attribute_page=1&products_filter=32&current_category_id=10&', '185.157.12.106', 0, '', ''),
(280, '2019-11-30 13:02:32', 1, 'categories.php', 'action=new_product&cPath=10&pID=32&product_type=1&', '185.157.12.106', 0, '', ''),
(281, '2019-11-30 13:02:32', 1, 'product.php', 'action=new_product&cPath=10&pID=32&product_type=1&', '185.157.12.106', 0, '', ''),
(282, '2019-11-30 13:02:40', 1, 'categories.php', 'cPath=10&pID=32&', '185.157.12.106', 0, '', ''),
(283, '2019-11-30 13:02:59', 1, 'categories.php', 'cPath=25&', '185.157.12.106', 0, '', ''),
(284, '2019-11-30 13:03:07', 1, 'categories.php', 'cPath=10&', '185.157.12.106', 0, '', ''),
(285, '2019-11-30 13:07:53', 1, 'categories.php', 'cPath=23&', '185.157.12.106', 0, '', ''),
(286, '2019-11-30 13:11:34', 1, 'product.php', 'cPath=23&product_type=1&pID=156&action=new_product&', '185.157.12.106', 0, '', ''),
(287, '2019-11-30 13:13:03', 1, 'categories.php', 'cPath=23&pID=156&', '185.157.12.106', 0, '', ''),
(288, '2019-11-30 13:13:25', 1, 'categories.php', 'action=setflag&flag=0&pID=155&cPath=23&page=1&', '185.157.12.106', 0, '', ''),
(289, '2019-11-30 13:13:26', 1, 'categories.php', 'cPath=23&pID=155&page=1&', '185.157.12.106', 0, '', ''),
(290, '2019-11-30 13:13:32', 1, 'product.php', 'cPath=23&product_type=1&pID=155&action=new_product&', '185.157.12.106', 0, '', ''),
(291, '2019-11-30 13:13:43', 1, 'product.php', 'cPath=23&product_type=1&pID=155&action=new_product_preview&', '185.157.12.106', 0, '', 0x[BLOB]),
(292, '2019-11-30 13:13:53', 1, 'product.php', 'cPath=23&product_type=1&pID=155&action=update_product&', '185.157.12.106', 0, '', 0x[BLOB]),
(293, '2019-11-30 13:13:54', 1, 'categories.php', 'cPath=23&pID=155&', '185.157.12.106', 0, '', ''),
(294, '2019-11-30 13:15:12', 1, 'product.php', 'cPath=23&product_type=1&pID=129&action=new_product&', '185.157.12.106', 0, '', ''),
(295, '2019-11-30 13:15:45', 1, 'product.php', 'cPath=23&product_type=1&pID=129&action=new_product_preview&', '185.157.12.106', 0, '', 0x[BLOB]);
INSERT INTO `admin_activity_log` (`log_id`, `access_date`, `admin_id`, `page_accessed`, `page_parameters`, `ip_address`, `flagged`, `attention`, `gzpost`) VALUES
(296, '2019-11-30 13:15:50', 1, 'product.php', 'cPath=23&product_type=1&pID=129&action=update_product&', '185.157.12.106', 0, '', 0x[BLOB]),
(297, '2019-11-30 13:15:51', 1, 'categories.php', 'cPath=23&pID=129&', '185.157.12.106', 0, '', ''),
(298, '2019-11-30 13:18:00', 1, 'categories.php', 'cPath=11&', '185.157.12.106', 0, '', ''),
(299, '2019-11-30 13:18:58', 1, 'categories.php', 'cPath=11&pID=36&action=attribute_features&page=1&', '185.157.12.106', 0, '', ''),
(300, '2019-11-30 13:19:03', 1, 'attributes_controller.php', 'products_filter=36&current_category_id=11&', '185.157.12.106', 0, '', ''),
(301, '2019-11-30 13:19:12', 1, 'attributes_controller.php', 'action=update_attribute&attribute_id=40&attribute_page=1&products_filter=36&current_category_id=11&', '185.157.12.106', 0, '', ''),
(302, '2019-11-30 13:19:21', 1, 'attributes_controller.php', 'action=update_product_attribute&attribute_page=1&products_filter=36&', '185.157.12.106', 0, '', 0x[BLOB]),
(303, '2019-11-30 13:19:22', 1, 'attributes_controller.php', 'attribute_page=1&products_filter=36&current_category_id=11&', '185.157.12.106', 0, '', ''),
(304, '2019-11-30 13:19:36', 1, 'attributes_controller.php', 'action=update_attribute&attribute_id=41&attribute_page=1&products_filter=36&current_category_id=11&', '185.157.12.106', 0, '', ''),
(305, '2019-11-30 13:19:46', 1, 'attributes_controller.php', 'action=update_product_attribute&attribute_page=1&products_filter=36&', '185.157.12.106', 0, '', 0x[BLOB]),
(306, '2019-11-30 13:19:47', 1, 'attributes_controller.php', 'attribute_page=1&products_filter=36&current_category_id=11&', '185.157.12.106', 0, '', ''),
(307, '2019-11-30 13:20:17', 1, 'attributes_controller.php', 'action=set_products_filter&', '185.157.12.106', 0, '', 0xab562a28ca4f294d2e298e4fcbcc29492d52b2523234b454d2514a2e2d2a4acd2b894f4e2c494dcf2faa8ccf4c01cb29d50200),
(308, '2019-11-30 13:20:18', 1, 'attributes_controller.php', 'products_filter=119&current_category_id=11&', '185.157.12.106', 0, '', ''),
(309, '2019-11-30 13:20:24', 1, 'attributes_controller.php', 'action=update_attribute&attribute_id=123&attribute_page=1&products_filter=119&current_category_id=11&', '185.157.12.106', 0, '', ''),
(310, '2019-11-30 13:20:33', 1, 'attributes_controller.php', 'action=update_product_attribute&attribute_page=1&products_filter=119&', '185.157.12.106', 0, '', 0x[BLOB]),
(311, '2019-11-30 13:20:34', 1, 'attributes_controller.php', 'attribute_page=1&products_filter=119&current_category_id=11&', '185.157.12.106', 0, '', ''),
(312, '2019-11-30 13:21:05', 1, 'attributes_controller.php', 'action=set_products_filter&', '185.157.12.106', 0, '', 0xab562a28ca4f294d2e298e4fcbcc29492d52b25232b650d2514a2e2d2a4acd2b894f4e2c494dcf2faa8ccf4c014a191a2ad50200),
(313, '2019-11-30 13:21:06', 1, 'attributes_controller.php', 'products_filter=38&current_category_id=11&', '185.157.12.106', 0, '', ''),
(314, '2019-11-30 13:21:23', 1, 'attributes_controller.php', 'action=update_attribute&attribute_id=42&attribute_page=1&products_filter=38&current_category_id=11&', '185.157.12.106', 0, '', ''),
(315, '2019-11-30 13:21:34', 1, 'attributes_controller.php', 'action=update_product_attribute&attribute_page=1&products_filter=38&', '185.157.12.106', 0, '', 0x[BLOB]),
(316, '2019-11-30 13:21:34', 1, 'attributes_controller.php', 'attribute_page=1&products_filter=38&current_category_id=11&', '185.157.12.106', 0, '', ''),
(317, '2019-11-30 13:21:43', 1, 'attributes_controller.php', 'action=update_attribute&attribute_id=43&attribute_page=1&products_filter=38&current_category_id=11&', '185.157.12.106', 0, '', ''),
(318, '2019-11-30 13:21:58', 1, 'attributes_controller.php', 'action=update_product_attribute&attribute_page=1&products_filter=38&', '185.157.12.106', 0, '', 0x[BLOB]),
(319, '2019-11-30 13:21:59', 1, 'attributes_controller.php', 'attribute_page=1&products_filter=38&current_category_id=11&', '185.157.12.106', 0, '', ''),
(320, '2019-11-30 13:22:20', 1, 'categories.php', 'action=new_product&cPath=11&pID=38&product_type=1&', '185.157.12.106', 0, '', ''),
(321, '2019-11-30 13:22:21', 1, 'product.php', 'action=new_product&cPath=11&pID=38&product_type=1&', '185.157.12.106', 0, '', ''),
(322, '2019-11-30 13:22:27', 1, 'categories.php', 'cPath=11&pID=38&', '185.157.12.106', 0, '', ''),
(323, '2019-11-30 13:23:42', 1, 'product.php', 'cPath=11&product_type=1&pID=40&action=new_product&', '185.157.12.106', 0, '', ''),
(324, '2019-11-30 13:23:50', 1, 'product.php', 'cPath=11&product_type=1&pID=40&action=new_product_preview&', '185.157.12.106', 0, '', 0x[BLOB]),
(325, '2019-11-30 13:23:54', 1, 'product.php', 'cPath=11&product_type=1&pID=40&action=update_product&', '185.157.12.106', 0, '', 0x[BLOB]),
(326, '2019-11-30 13:23:55', 1, 'categories.php', 'cPath=11&pID=40&', '185.157.12.106', 0, '', ''),
(327, '2019-11-30 13:24:02', 1, 'product.php', 'cPath=11&product_type=1&pID=121&action=new_product&', '185.157.12.106', 0, '', ''),
(328, '2019-11-30 13:24:09', 1, 'product.php', 'cPath=11&product_type=1&pID=121&action=new_product_preview&', '185.157.12.106', 0, '', 0x[BLOB]),
(329, '2019-11-30 13:24:14', 1, 'product.php', 'cPath=11&product_type=1&pID=121&action=update_product&', '185.157.12.106', 0, '', 0x[BLOB]),
(330, '2019-11-30 13:24:14', 1, 'categories.php', 'cPath=11&pID=121&', '185.157.12.106', 0, '', ''),
(331, '2019-11-30 13:24:24', 1, 'product.php', 'cPath=11&product_type=1&pID=38&action=new_product&', '185.157.12.106', 0, '', ''),
(332, '2019-11-30 13:24:32', 1, 'product.php', 'cPath=11&product_type=1&pID=38&action=new_product_preview&', '185.157.12.106', 0, '', 0x[BLOB]),
(333, '2019-11-30 13:24:36', 1, 'product.php', 'cPath=11&product_type=1&pID=38&action=update_product&', '185.157.12.106', 0, '', 0x[BLOB]),
(334, '2019-11-30 13:24:37', 1, 'categories.php', 'cPath=11&pID=38&', '185.157.12.106', 0, '', ''),
(335, '2019-11-30 13:24:44', 1, 'product.php', 'cPath=11&product_type=1&pID=38&action=new_product&', '185.157.12.106', 0, '', ''),
(336, '2019-11-30 13:25:39', 1, 'product.php', 'cPath=11&product_type=1&pID=38&action=new_product_preview&', '185.157.12.106', 0, '', 0x[BLOB]),
(337, '2019-11-30 13:25:43', 1, 'product.php', 'cPath=11&product_type=1&pID=38&action=update_product&', '185.157.12.106', 0, '', 0x[BLOB]),
(338, '2019-11-30 13:25:44', 1, 'categories.php', 'cPath=11&pID=38&', '185.157.12.106', 0, '', ''),
(339, '2019-11-30 13:27:03', 1, 'categories.php', 'cPath=12&', '185.157.12.106', 0, '', ''),
(340, '2019-11-30 13:30:25', 1, 'categories.php', '', '185.157.12.106', 0, '', ''),
(341, '2019-11-30 13:30:35', 1, 'categories.php', 'cPath=&cID=12&action=edit_category&', '185.157.12.106', 0, '', ''),
(342, '2019-11-30 13:31:22', 1, 'categories.php', 'cPath=&cID=12&', '185.157.12.106', 0, '', ''),
(343, '2019-11-30 13:34:45', 1, 'categories.php', 'cPath=13&', '185.157.12.106', 0, '', ''),
(344, '2019-11-30 13:35:26', 1, 'categories.php', 'cPath=13&pID=43&action=attribute_features&page=1&', '185.157.12.106', 0, '', ''),
(345, '2019-11-30 13:35:31', 1, 'attributes_controller.php', 'products_filter=43&current_category_id=13&', '185.157.12.106', 0, '', ''),
(346, '2019-11-30 13:35:39', 1, 'attributes_controller.php', 'action=update_attribute&attribute_id=52&attribute_page=1&products_filter=43&current_category_id=13&', '185.157.12.106', 0, '', ''),
(347, '2019-11-30 13:35:51', 1, 'attributes_controller.php', 'action=update_product_attribute&attribute_page=1&products_filter=43&', '185.157.12.106', 0, '', 0x[BLOB]),
(348, '2019-11-30 13:35:52', 1, 'attributes_controller.php', 'attribute_page=1&products_filter=43&current_category_id=13&', '185.157.12.106', 0, '', ''),
(349, '2019-11-30 13:35:57', 1, 'attributes_controller.php', 'action=update_attribute&attribute_id=53&attribute_page=1&products_filter=43&current_category_id=13&', '185.157.12.106', 0, '', ''),
(350, '2019-11-30 13:36:07', 1, 'attributes_controller.php', 'action=update_product_attribute&attribute_page=1&products_filter=43&', '185.157.12.106', 0, '', 0x[BLOB]),
(351, '2019-11-30 13:36:08', 1, 'attributes_controller.php', 'attribute_page=1&products_filter=43&current_category_id=13&', '185.157.12.106', 0, '', ''),
(352, '2019-11-30 13:37:24', 1, 'attributes_controller.php', 'action=set_products_filter&', '185.157.12.106', 0, '', 0xab562a28ca4f294d2e298e4fcbcc29492d52b252323155d2514a2e2d2a4acd2b894f4e2c494dcf2faa8ccf4c014a191a2bd50200),
(353, '2019-11-30 13:37:25', 1, 'attributes_controller.php', 'products_filter=45&current_category_id=13&', '185.157.12.106', 0, '', ''),
(354, '2019-11-30 13:37:41', 1, 'attributes_controller.php', 'action=update_attribute&attribute_id=54&attribute_page=1&products_filter=45&current_category_id=13&', '185.157.12.106', 0, '', ''),
(355, '2019-11-30 13:37:50', 1, 'attributes_controller.php', 'action=update_product_attribute&attribute_page=1&products_filter=45&', '185.157.12.106', 0, '', 0x[BLOB]),
(356, '2019-11-30 13:37:51', 1, 'attributes_controller.php', 'attribute_page=1&products_filter=45&current_category_id=13&', '185.157.12.106', 0, '', ''),
(357, '2019-11-30 13:37:57', 1, 'attributes_controller.php', 'action=set_products_filter&', '185.157.12.106', 0, '', 0xab562a28ca4f294d2e298e4fcbcc29492d52b252b23453d2514a2e2d2a4acd2b894f4e2c494dcf2faa8ccf4c014a191a2bd50200),
(358, '2019-11-30 13:37:58', 1, 'attributes_controller.php', 'products_filter=96&current_category_id=13&', '185.157.12.106', 0, '', ''),
(359, '2019-11-30 13:38:02', 1, 'attributes_controller.php', 'action=update_attribute&attribute_id=92&attribute_page=1&products_filter=96&current_category_id=13&', '185.157.12.106', 0, '', ''),
(360, '2019-11-30 13:38:14', 1, 'attributes_controller.php', 'action=update_product_attribute&attribute_page=1&products_filter=96&', '185.157.12.106', 0, '', 0x[BLOB]),
(361, '2019-11-30 13:38:15', 1, 'attributes_controller.php', 'attribute_page=1&products_filter=96&current_category_id=13&', '185.157.12.106', 0, '', ''),
(362, '2019-11-30 13:40:10', 1, 'attributes_controller.php', 'action=update_attribute&attribute_id=92&attribute_page=1&products_filter=96&current_category_id=13&', '185.157.12.106', 0, '', ''),
(363, '2019-11-30 13:40:42', 1, 'attributes_controller.php', 'attribute_page=1&products_filter=96&current_category_id=13&', '185.157.12.106', 0, '', ''),
(364, '2019-11-30 13:40:58', 1, 'attributes_controller.php', 'action=set_products_filter&', '185.157.12.106', 0, '', 0xab562a28ca4f294d2e298e4fcbcc29492d52b252323155d2514a2e2d2a4acd2b894f4e2c494dcf2faa8ccf4c014a191a2bd50200),
(365, '2019-11-30 13:40:59', 1, 'attributes_controller.php', 'products_filter=45&current_category_id=13&', '185.157.12.106', 0, '', ''),
(366, '2019-11-30 13:41:39', 1, 'attributes_controller.php', 'action=add_product_attributes&attribute_page=1&products_filter=45&', '185.157.12.106', 0, '', 0x[BLOB]),
(367, '2019-11-30 13:41:40', 1, 'attributes_controller.php', 'attribute_page=1&products_filter=45&current_category_id=13&', '185.157.12.106', 0, '', ''),
(368, '2019-11-30 13:41:49', 1, 'categories.php', 'action=new_product&cPath=13&pID=45&product_type=1&', '185.157.12.106', 0, '', ''),
(369, '2019-11-30 13:41:49', 1, 'product.php', 'action=new_product&cPath=13&pID=45&product_type=1&', '185.157.12.106', 0, '', ''),
(370, '2019-11-30 13:42:11', 1, 'categories.php', 'cPath=13&pID=45&', '185.157.12.106', 0, '', ''),
(371, '2019-11-30 13:42:25', 1, 'product.php', 'cPath=13&product_type=1&pID=96&action=new_product&', '185.157.12.106', 0, '', ''),
(372, '2019-11-30 13:42:32', 1, 'product.php', 'cPath=13&product_type=1&pID=96&action=new_product_preview&', '185.157.12.106', 0, '', 0x[BLOB]),
(373, '2019-11-30 13:42:37', 1, 'product.php', 'cPath=13&product_type=1&pID=96&action=update_product&', '185.157.12.106', 0, '', 0x[BLOB]),
(374, '2019-11-30 13:42:38', 1, 'categories.php', 'cPath=13&pID=96&', '185.157.12.106', 0, '', ''),
(375, '2019-11-30 13:43:56', 1, 'categories.php', 'cPath=15&', '185.157.12.106', 0, '', ''),
(376, '2019-11-30 13:46:23', 1, 'categories.php', 'cPath=22&', '185.157.12.106', 0, '', ''),
(377, '2019-11-30 13:47:36', 1, 'product.php', 'cPath=22&product_type=1&pID=138&action=new_product&', '185.157.12.106', 0, '', ''),
(378, '2019-11-30 13:47:45', 1, 'product.php', 'cPath=22&product_type=1&pID=138&action=new_product_preview&', '185.157.12.106', 0, '', 0x[BLOB]),
(379, '2019-11-30 13:47:51', 1, 'product.php', 'cPath=22&product_type=1&pID=138&action=update_product&', '185.157.12.106', 0, '', 0x[BLOB]),
(380, '2019-11-30 13:47:52', 1, 'categories.php', 'cPath=22&pID=138&', '185.157.12.106', 0, '', ''),
(381, '2019-11-30 13:48:00', 1, 'product.php', 'cPath=22&product_type=1&pID=139&action=new_product&', '185.157.12.106', 0, '', ''),
(382, '2019-11-30 13:48:11', 1, 'product.php', 'cPath=22&product_type=1&pID=139&action=new_product_preview&', '185.157.12.106', 0, '', 0x[BLOB]),
(383, '2019-11-30 13:48:15', 1, 'product.php', 'cPath=22&product_type=1&pID=139&action=update_product&', '185.157.12.106', 0, '', 0x[BLOB]),
(384, '2019-11-30 13:48:16', 1, 'categories.php', 'cPath=22&pID=139&', '185.157.12.106', 0, '', ''),
(385, '2019-11-30 13:48:24', 1, 'product.php', 'cPath=22&product_type=1&pID=140&action=new_product&', '185.157.12.106', 0, '', ''),
(386, '2019-11-30 13:48:52', 1, 'product.php', 'cPath=22&product_type=1&pID=140&action=new_product_preview&', '185.157.12.106', 0, '', 0x[BLOB]),
(387, '2019-11-30 13:48:57', 1, 'product.php', 'cPath=22&product_type=1&pID=140&action=update_product&', '185.157.12.106', 0, '', 0x[BLOB]),
(388, '2019-11-30 13:48:57', 1, 'categories.php', 'cPath=22&pID=140&', '185.157.12.106', 0, '', ''),
(389, '2019-11-30 13:49:12', 1, 'categories.php', 'cPath=22&pID=140&action=attribute_features&page=1&', '185.157.12.106', 0, '', ''),
(390, '2019-11-30 13:49:16', 1, 'attributes_controller.php', 'products_filter=140&current_category_id=22&', '185.157.12.106', 0, '', ''),
(391, '2019-11-30 13:49:34', 1, 'attributes_controller.php', 'action=update_attribute&attribute_id=150&attribute_page=1&products_filter=140&current_category_id=22&', '185.157.12.106', 0, '', ''),
(392, '2019-11-30 13:50:46', 1, 'attributes_controller.php', 'action=update_product_attribute&attribute_page=1&products_filter=140&', '185.157.12.106', 0, '', 0x[BLOB]),
(393, '2019-11-30 13:50:47', 1, 'attributes_controller.php', 'attribute_page=1&products_filter=140&current_category_id=22&', '185.157.12.106', 0, '', ''),
(394, '2019-11-30 13:51:11', 1, 'specials.php', '', '185.157.12.106', 0, '', ''),
(395, '2019-11-30 13:51:20', 1, 'specials.php', 'page=1&sID=16&action=delete&', '185.157.12.106', 0, '', ''),
(396, '2019-11-30 13:51:20', 1, 'specials.php', 'page=1&sID=16&action=edit&', '185.157.12.106', 0, '', '');
INSERT INTO `admin_activity_log` (`log_id`, `access_date`, `admin_id`, `page_accessed`, `page_parameters`, `ip_address`, `flagged`, `attention`, `gzpost`) VALUES
(397, '2019-11-30 13:51:28', 1, 'specials.php', 'page=1&action=deleteconfirm&', '185.157.12.106', 0, '', 0xab562af67451b252323453aa0500),
(398, '2019-11-30 13:51:28', 1, 'specials.php', 'page=1&', '185.157.12.106', 0, '', ''),
(399, '2019-11-30 13:51:34', 1, 'specials.php', 'page=1&sID=15&action=delete&', '185.157.12.106', 0, '', ''),
(400, '2019-11-30 13:51:37', 1, 'specials.php', 'page=1&action=deleteconfirm&', '185.157.12.106', 0, '', 0xab562af67451b252323455aa0500),
(401, '2019-11-30 13:51:38', 1, 'specials.php', 'page=1&', '185.157.12.106', 0, '', ''),
(402, '2019-11-30 13:51:57', 1, 'specials.php', 'page=1&sID=18&action=delete&', '185.157.12.106', 0, '', ''),
(403, '2019-11-30 13:52:02', 1, 'specials.php', 'page=1&action=deleteconfirm&', '185.157.12.106', 0, '', 0xab562af67451b25232b450aa0500),
(404, '2019-11-30 13:52:03', 1, 'specials.php', 'page=1&', '185.157.12.106', 0, '', ''),
(405, '2019-11-30 13:53:09', 1, 'categories.php', '', '185.157.12.106', 0, '', ''),
(406, '2019-11-30 13:53:15', 1, 'categories.php', 'cPath=22&', '185.157.12.106', 0, '', ''),
(407, '2019-11-30 13:53:21', 1, 'product.php', 'cPath=22&product_type=1&pID=140&action=new_product&', '185.157.12.106', 0, '', ''),
(408, '2019-11-30 13:53:41', 1, 'product.php', 'cPath=22&product_type=1&pID=140&action=new_product_preview&', '185.157.12.106', 0, '', 0x[BLOB]),
(409, '2019-11-30 13:53:45', 1, 'product.php', 'cPath=22&product_type=1&pID=140&action=update_product&', '185.157.12.106', 0, '', 0x[BLOB]),
(410, '2019-11-30 13:53:46', 1, 'categories.php', 'cPath=22&pID=140&', '185.157.12.106', 0, '', ''),
(411, '2019-11-30 13:54:52', 1, 'categories.php', 'cPath=16&', '185.157.12.106', 0, '', ''),
(412, '2019-11-30 13:55:06', 1, 'categories.php', 'cPath=16&pID=147&action=attribute_features&page=1&', '185.157.12.106', 0, '', ''),
(413, '2019-11-30 13:55:10', 1, 'attributes_controller.php', 'products_filter=147&current_category_id=16&', '185.157.12.106', 0, '', ''),
(414, '2019-11-30 13:55:17', 1, 'attributes_controller.php', 'action=update_attribute&attribute_id=157&attribute_page=1&products_filter=147&current_category_id=16&', '185.157.12.106', 0, '', ''),
(415, '2019-11-30 13:55:29', 1, 'attributes_controller.php', 'action=update_product_attribute&attribute_page=1&products_filter=147&', '185.157.12.106', 0, '', 0x[BLOB]),
(416, '2019-11-30 13:55:30', 1, 'attributes_controller.php', 'attribute_page=1&products_filter=147&current_category_id=16&', '185.157.12.106', 0, '', ''),
(417, '2019-11-30 13:55:37', 1, 'categories.php', 'action=new_product&cPath=16&pID=147&product_type=1&', '185.157.12.106', 0, '', ''),
(418, '2019-11-30 13:55:38', 1, 'product.php', 'action=new_product&cPath=16&pID=147&product_type=1&', '185.157.12.106', 0, '', ''),
(419, '2019-11-30 13:55:43', 1, 'categories.php', 'cPath=16&pID=147&', '185.157.12.106', 0, '', ''),
(420, '2019-11-30 13:56:01', 1, 'categories.php', 'cPath=19&', '185.157.12.106', 0, '', ''),
(421, '2019-11-30 13:56:17', 1, 'categories.php', 'cID=19&', '185.157.12.106', 0, '', ''),
(422, '2019-11-30 13:56:37', 1, 'categories.php', 'cPath=14&', '185.157.12.106', 0, '', ''),
(423, '2019-11-30 13:58:03', 1, 'categories.php', 'cPath=14&pID=137&action=attribute_features&page=1&', '185.157.12.106', 0, '', ''),
(424, '2019-11-30 13:58:08', 1, 'attributes_controller.php', 'products_filter=137&current_category_id=14&', '185.157.12.106', 0, '', ''),
(425, '2019-11-30 13:58:16', 1, 'attributes_controller.php', 'action=update_attribute&attribute_id=147&attribute_page=1&products_filter=137&current_category_id=14&', '185.157.12.106', 0, '', ''),
(426, '2019-11-30 13:58:34', 1, 'attributes_controller.php', 'action=update_product_attribute&attribute_page=1&products_filter=137&', '185.157.12.106', 0, '', 0x[BLOB]),
(427, '2019-11-30 13:58:35', 1, 'attributes_controller.php', 'attribute_page=1&products_filter=137&current_category_id=14&', '185.157.12.106', 0, '', ''),
(428, '2019-11-30 13:59:35', 1, 'attributes_controller.php', 'action=set_products_filter&', '185.157.12.106', 0, '', 0xab562a28ca4f294d2e298e4fcbcc29492d52b252323552d2514a2e2d2a4acd2b894f4e2c494dcf2faa8ccf4c014a199a28d50200),
(429, '2019-11-30 13:59:36', 1, 'attributes_controller.php', 'products_filter=52&current_category_id=14&', '185.157.12.106', 0, '', ''),
(430, '2019-11-30 13:59:44', 1, 'attributes_controller.php', 'action=update_attribute&attribute_id=58&attribute_page=1&products_filter=52&current_category_id=14&', '185.157.12.106', 0, '', ''),
(431, '2019-11-30 13:59:53', 1, 'attributes_controller.php', 'action=update_product_attribute&attribute_page=1&products_filter=52&', '185.157.12.106', 0, '', 0x[BLOB]),
(432, '2019-11-30 13:59:54', 1, 'attributes_controller.php', 'attribute_page=1&products_filter=52&current_category_id=14&', '185.157.12.106', 0, '', ''),
(433, '2019-11-30 14:00:30', 1, 'attributes_controller.php', 'current_category_id=27&products_filter=52&action=new_cat&', '185.157.12.106', 0, '', ''),
(434, '2019-11-30 14:00:31', 1, 'attributes_controller.php', 'products_filter=131&current_category_id=27&', '185.157.12.106', 0, '', ''),
(435, '2019-11-30 14:00:58', 1, 'attributes_controller.php', 'action=update_attribute&attribute_id=138&attribute_page=1&products_filter=131&current_category_id=27&', '185.157.12.106', 0, '', ''),
(436, '2019-11-30 14:01:09', 1, 'attributes_controller.php', 'action=update_product_attribute&attribute_page=1&products_filter=131&', '185.157.12.106', 0, '', 0x[BLOB]),
(437, '2019-11-30 14:01:10', 1, 'attributes_controller.php', 'attribute_page=1&products_filter=131&current_category_id=27&', '185.157.12.106', 0, '', ''),
(438, '2019-11-30 14:02:44', 1, 'attributes_controller.php', 'action=set_products_filter&', '185.157.12.106', 0, '', 0xab562a28ca4f294d2e298e4fcbcc29492d52b25232343656d2514a2e2d2a4acd2b894f4e2c494dcf2faa8ccf4c01ca19992bd50200),
(439, '2019-11-30 14:02:45', 1, 'attributes_controller.php', 'products_filter=133&current_category_id=27&', '185.157.12.106', 0, '', ''),
(440, '2019-11-30 14:03:17', 1, 'attributes_controller.php', 'action=set_products_filter&', '185.157.12.106', 0, '', 0xab562a28ca4f294d2e298e4fcbcc29492d52b25232343353d2514a2e2d2a4acd2b894f4e2c494dcf2faa8ccf4c01ca19992bd50200),
(441, '2019-11-30 14:03:18', 1, 'attributes_controller.php', 'products_filter=166&current_category_id=27&', '185.157.12.106', 0, '', ''),
(442, '2019-11-30 14:03:56', 1, 'attributes_controller.php', 'action=update_attribute&attribute_id=189&attribute_page=1&products_filter=166&current_category_id=27&', '185.157.12.106', 0, '', ''),
(443, '2019-11-30 14:04:10', 1, 'attributes_controller.php', 'action=update_product_attribute&attribute_page=1&products_filter=166&', '185.157.12.106', 0, '', 0x[BLOB]),
(444, '2019-11-30 14:04:11', 1, 'attributes_controller.php', 'attribute_page=1&products_filter=166&current_category_id=27&', '185.157.12.106', 0, '', ''),
(445, '2019-11-30 14:05:42', 1, 'categories.php', 'action=new_product&cPath=27&pID=166&product_type=1&', '185.157.12.106', 0, '', ''),
(446, '2019-11-30 14:05:42', 1, 'product.php', 'action=new_product&cPath=27&pID=166&product_type=1&', '185.157.12.106', 0, '', ''),
(447, '2019-11-30 14:05:50', 1, 'categories.php', 'cPath=27&pID=166&', '185.157.12.106', 0, '', ''),
(448, '2019-11-30 14:05:59', 1, 'product.php', 'cPath=27&product_type=1&pID=131&action=new_product&', '185.157.12.106', 0, '', ''),
(449, '2019-11-30 14:06:52', 1, 'product.php', 'cPath=27&product_type=1&pID=131&action=new_product_preview&', '185.157.12.106', 0, '', 0x[BLOB]),
(450, '2019-11-30 14:06:59', 1, 'product.php', 'cPath=27&product_type=1&pID=131&action=update_product&', '185.157.12.106', 0, '', 0x[BLOB]),
(451, '2019-11-30 14:06:59', 1, 'categories.php', 'cPath=27&pID=131&', '185.157.12.106', 0, '', ''),
(452, '2019-11-30 14:07:30', 1, 'product.php', 'page=1&product_type=1&cPath=27&pID=133&action=new_product&', '185.157.12.106', 0, '', ''),
(453, '2019-11-30 14:07:30', 1, 'product.php', 'cPath=27&product_type=1&pID=133&action=new_product&', '185.157.12.106', 0, '', ''),
(454, '2019-11-30 14:08:57', 1, 'product.php', 'cPath=27&product_type=1&pID=133&action=new_product_preview&', '185.157.12.106', 0, '', 0x[BLOB]),
(455, '2019-11-30 14:10:38', 1, 'product.php', 'cPath=27&product_type=1&pID=133&action=update_product&', '185.157.12.106', 0, '', 0x[BLOB]),
(456, '2019-11-30 14:10:39', 1, 'categories.php', 'cPath=27&pID=133&', '185.157.12.106', 0, '', ''),
(457, '2019-11-30 14:14:01', 1, 'product.php', 'cPath=27&product_type=1&pID=132&action=new_product&', '185.157.12.106', 0, '', ''),
(458, '2019-11-30 14:14:27', 1, 'categories.php', 'cPath=27&pID=132&', '185.157.12.106', 0, '', ''),
(459, '2019-11-30 14:14:35', 1, 'product.php', 'cPath=27&product_type=1&pID=166&action=new_product&', '185.157.12.106', 0, '', ''),
(460, '2019-11-30 14:15:07', 1, 'product.php', 'cPath=27&product_type=1&pID=166&action=new_product_preview&', '185.157.12.106', 0, '', 0x[BLOB]),
(461, '2019-11-30 14:15:11', 1, 'product.php', 'cPath=27&product_type=1&pID=166&action=update_product&', '185.157.12.106', 0, '', 0x[BLOB]),
(462, '2019-11-30 14:15:12', 1, 'categories.php', 'cPath=27&pID=166&', '185.157.12.106', 0, '', ''),
(463, '2019-11-30 14:16:59', 1, 'server_info.php', '', '185.157.12.106', 0, '', ''),
(464, '2019-11-30 14:19:39', 1, 'ezpages.php', '', '185.157.12.106', 0, '', ''),
(465, '2019-11-30 14:19:47', 1, 'ezpages.php', 'page=1&ezID=6&action=new&', '185.157.12.106', 0, '', ''),
(466, '2019-11-30 14:20:06', 1, 'ezpages.php', 'page=1&action=update&', '185.157.12.106', 0, '', 0x[BLOB]),
(467, '2019-11-30 14:20:06', 1, 'ezpages.php', 'page=1&ezID=6&', '185.157.12.106', 0, '', ''),
(468, '2019-11-30 19:35:04', 1, 'categories.php', '', '185.157.12.106', 0, '', ''),
(469, '2019-11-30 19:35:17', 1, 'categories.php', 'cPath=&action=new_category&', '185.157.12.106', 0, '', ''),
(470, '2019-11-30 19:35:58', 1, 'categories.php', 'action=insert_category&cPath=&', '185.157.12.106', 0, '', 0x8d8ec10ac3300c437f65f8dc3076ed2fec1706c134c618963838c9c628fdf7a594d1f6b6a3a427a41926acc46a42c5278c04e30c3718e1ae99eca26c1af4fd8165388281ca6492ab68faf12b21917d10eb6a671f5738552522938f981a3ed7da0045ad7ab540b6e96cf472cdc445cc591297e3c41fbec35695a93febe9f205),
(471, '2019-11-30 19:35:59', 1, 'categories.php', 'cPath=&cID=29&', '185.157.12.106', 0, '', ''),
(472, '2019-11-30 19:36:12', 1, 'categories.php', 'cPath=&action=new_category&', '185.157.12.106', 0, '', ''),
(473, '2019-11-30 19:36:33', 1, 'categories.php', 'action=insert_category&cPath=&', '185.157.12.106', 0, '', 0x8d8ec10ac2301044ff65cf0d56bcf527fc8142589a75597493b049bc94febb2922d69bc79979c3cc0a0b56e26442c54754826985334c70e5b98de3ed6274876d385281ca6292aba4f8817742947d10ebeacbce27f8a98a2293578c0d1f7b6d8092acfa6481ecadb3d1d33513a798b3442ec7893f7c87ad26a6feaca7db0b),
(474, '2019-11-30 19:36:34', 1, 'categories.php', 'cPath=&cID=30&', '185.157.12.106', 0, '', ''),
(475, '2019-11-30 19:37:12', 1, 'categories.php', 'cPath=29&', '185.157.12.106', 0, '', ''),
(476, '2019-11-30 19:37:17', 1, 'categories.php', 'x=56&y=12&product_type=1&cPath=29&action=new_product&', '185.157.12.106', 0, '', ''),
(477, '2019-11-30 19:37:18', 1, 'product.php', 'x=56&y=12&product_type=1&cPath=29&action=new_product&', '185.157.12.106', 0, '', ''),
(478, '2019-11-30 19:39:21', 1, 'product.php', 'cPath=29&product_type=1&action=new_product_preview&', '185.157.12.106', 0, '', 0x[BLOB]),
(479, '2019-11-30 19:39:27', 1, 'product.php', 'cPath=29&product_type=1&action=insert_product&', '185.157.12.106', 0, '', 0x[BLOB]),
(480, '2019-11-30 19:39:28', 1, 'categories.php', 'cPath=29&pID=170&', '185.157.12.106', 0, '', ''),
(481, '2019-11-30 19:39:33', 1, 'attributes_controller.php', 'products_filter=170&current_category_id=29&', '185.157.12.106', 0, '', ''),
(482, '2019-11-30 19:40:16', 1, 'attributes_controller.php', 'action=add_product_attributes&attribute_page=1&products_filter=170&', '185.157.12.106', 0, '', 0x[BLOB]),
(483, '2019-11-30 19:40:17', 1, 'attributes_controller.php', 'attribute_page=1&products_filter=170&current_category_id=29&', '185.157.12.106', 0, '', ''),
(484, '2019-11-30 19:41:01', 1, 'options_values_manager.php', '', '185.157.12.106', 0, '', ''),
(485, '2019-11-30 19:41:19', 1, 'options_values_manager.php', 'action=add_product_option_values&value_page=1&', '185.157.12.106', 0, '', 0xab56ca2f28c9cccf8bcf4c51b2523254d2512a4bcc294d85704d2ce1fcbcc4dc5425ab6aa00aa02a85ec74a55a1da582a2fc94d2e492e2788811c5f160a5c5f1c5f94525f1f94529a94540c54ab500),
(486, '2019-11-30 19:41:20', 1, 'options_values_manager.php', 'value_page=1&', '185.157.12.106', 0, '', ''),
(487, '2019-11-30 19:41:31', 1, 'categories.php', '', '185.157.12.106', 0, '', ''),
(488, '2019-11-30 19:41:40', 1, 'categories.php', 'cPath=29&', '185.157.12.106', 0, '', ''),
(489, '2019-11-30 19:41:45', 1, 'categories.php', 'cPath=29&pID=170&action=attribute_features&page=1&', '185.157.12.106', 0, '', ''),
(490, '2019-11-30 19:41:50', 1, 'attributes_controller.php', 'products_filter=170&current_category_id=29&', '185.157.12.106', 0, '', ''),
(491, '2019-11-30 19:42:21', 1, 'attributes_controller.php', 'action=add_product_attributes&attribute_page=1&products_filter=170&', '185.157.12.106', 0, '', 0x[BLOB]),
(492, '2019-11-30 19:42:22', 1, 'attributes_controller.php', 'attribute_page=1&products_filter=170&current_category_id=29&', '185.157.12.106', 0, '', ''),
(493, '2019-11-30 19:43:35', 1, 'categories.php', '', '185.157.12.106', 0, '', ''),
(494, '2019-11-30 19:43:46', 1, 'categories.php', 'cPath=30&', '185.157.12.106', 0, '', ''),
(495, '2019-11-30 19:43:46', 1, 'categories.php', 'cPath=30&', '185.157.12.106', 0, '', ''),
(496, '2019-11-30 19:43:52', 1, 'categories.php', 'x=41&y=10&product_type=1&cPath=30&action=new_product&', '185.157.12.106', 0, '', ''),
(497, '2019-11-30 19:43:52', 1, 'product.php', 'x=41&y=10&product_type=1&cPath=30&action=new_product&', '185.157.12.106', 0, '', ''),
(498, '2019-11-30 19:47:02', 1, 'product.php', 'cPath=30&product_type=1&action=new_product_preview&', '185.157.12.106', 0, '', 0x[BLOB]),
(499, '2019-11-30 19:47:13', 1, 'product.php', 'cPath=30&product_type=1&action=insert_product&', '185.157.12.106', 0, '', 0x[BLOB]),
(500, '2019-11-30 19:47:14', 1, 'categories.php', 'cPath=30&pID=171&', '185.157.12.106', 0, '', ''),
(501, '2019-11-30 19:47:22', 1, 'attributes_controller.php', 'products_filter=171&current_category_id=30&', '185.157.12.106', 0, '', ''),
(502, '2019-11-30 19:48:07', 1, 'attributes_controller.php', 'action=add_product_attributes&attribute_page=1&products_filter=171&', '185.157.12.106', 0, '', 0x[BLOB]),
(503, '2019-11-30 19:48:08', 1, 'attributes_controller.php', 'attribute_page=1&products_filter=171&current_category_id=30&', '185.157.12.106', 0, '', ''),
(504, '2019-11-30 19:48:19', 1, 'specials.php', '', '185.157.12.106', 0, '', ''),
(505, '2019-11-30 19:48:24', 1, 'specials.php', 'page=1&action=new&', '185.157.12.106', 0, '', ''),
(506, '2019-11-30 19:48:38', 1, 'specials.php', 'page=1&action=insert&go_back=&', '185.157.12.106', 0, '', 0xab562a28ca4f294d2e298ecf4c51b25232343754d2418815146526a702858162c505a9c99989390831134b3d03030cc529f14995f1892525459949a52550ada505298925a9f1a836818c2c492c2a813053f3c062b500),
(507, '2019-11-30 19:48:38', 1, 'specials.php', 'page=1&sID=26&', '185.157.12.106', 0, '', ''),
(508, '2019-11-30 19:49:21', 1, 'categories.php', '', '185.157.12.106', 0, '', ''),
(509, '2019-11-30 19:49:28', 1, 'categories.php', 'cPath=30&', '185.157.12.106', 0, '', ''),
(510, '2019-11-30 19:50:37', 1, 'categories.php', 'x=27&y=8&product_type=1&cPath=30&action=new_product&', '185.157.12.106', 0, '', ''),
(511, '2019-11-30 19:50:38', 1, 'product.php', 'x=27&y=8&product_type=1&cPath=30&action=new_product&', '185.157.12.106', 0, '', ''),
(512, '2019-11-30 19:55:04', 1, 'product.php', 'cPath=30&product_type=1&action=new_product_preview&', '185.157.12.106', 0, '', 0x[BLOB]),
(513, '2019-11-30 19:55:12', 1, 'product.php', 'cPath=30&product_type=1&action=insert_product&', '185.157.12.106', 0, '', 0x[BLOB]),
(514, '2019-11-30 19:55:12', 1, 'categories.php', 'cPath=30&pID=172&', '185.157.12.106', 0, '', ''),
(515, '2019-11-30 19:55:26', 1, 'attributes_controller.php', 'products_filter=172&current_category_id=30&', '185.157.12.106', 0, '', ''),
(516, '2019-11-30 19:56:20', 1, 'options_values_manager.php', '', '185.157.12.106', 0, '', ''),
(517, '2019-11-30 19:57:05', 1, 'options_values_manager.php', 'action=add_product_option_values&value_page=1&', '185.157.12.106', 0, '', 0x3d8c490a80301004bf32f459dcc08b6f11866082889a914c1444fcbb51c163355d7542d6388ae7d1a245850cbb9937f76153feeccde2d09ee9f1cc345057904c39d5140fcdc91b4d115c19d62076eba3f2d7557e7d659510598275211570dd),
(518, '2019-11-30 19:57:06', 1, 'options_values_manager.php', 'value_page=1&', '185.157.12.106', 0, '', ''),
(519, '2019-11-30 19:57:17', 1, 'categories.php', '', '185.157.12.106', 0, '', ''),
(520, '2019-11-30 19:57:24', 1, 'categories.php', 'cPath=30&', '185.157.12.106', 0, '', ''),
(521, '2019-11-30 19:57:31', 1, 'attributes_controller.php', 'products_filter=172&current_category_id=30&', '185.157.12.106', 0, '', ''),
(522, '2019-11-30 19:58:45', 1, 'attributes_controller.php', 'action=add_product_attributes&attribute_page=1&products_filter=172&', '185.157.12.106', 0, '', 0x[BLOB]),
(523, '2019-11-30 19:58:45', 1, 'attributes_controller.php', 'attribute_page=1&products_filter=172&current_category_id=30&', '185.157.12.106', 0, '', ''),
(524, '2019-11-30 19:58:59', 1, 'specials.php', '', '185.157.12.106', 0, '', ''),
(525, '2019-11-30 19:59:02', 1, 'specials.php', 'page=1&action=new&', '185.157.12.106', 0, '', ''),
(526, '2019-11-30 19:59:26', 1, 'specials.php', 'page=1&action=insert&go_back=&', '185.157.12.106', 0, '', 0xab562a28ca4f294d2e298ecf4c51b25232343752d2418815146526a702858162c505a9c99989390831230b3d03030cc529f14995f1892525459949a52550ada505298925a9f1a836818c2c492c2a813053f3c062b500),
(527, '2019-11-30 19:59:27', 1, 'specials.php', 'page=1&sID=27&', '185.157.12.106', 0, '', ''),
(528, '2019-11-30 19:59:37', 1, 'options_values_manager.php', '', '185.157.12.106', 0, '', ''),
(529, '2019-11-30 19:59:59', 1, 'options_values_manager.php', 'action=add_product_option_values&value_page=1&', '185.157.12.106', 0, '', 0x45cc4b0a80300c45d1ad8437167fe0a46b1142b145446da4a982887bb7e8c0e185cbb9205b9a24f0e460d0a0c06197dd7fd9fd1decea61ae7c18b45d4d23f515c95c5253533ab5a4603533b80b6c51dc3e24e54f567e0565959858a2f3311bb81f),
(530, '2019-11-30 20:00:00', 1, 'options_values_manager.php', 'value_page=1&', '185.157.12.106', 0, '', ''),
(531, '2019-11-30 20:01:25', 1, 'categories.php', '', '185.157.12.106', 0, '', ''),
(532, '2019-11-30 20:01:31', 1, 'categories.php', 'cPath=30&', '185.157.12.106', 0, '', ''),
(533, '2019-11-30 20:01:38', 1, 'product.php', 'cPath=30&product_type=1&pID=172&action=copy_to&', '185.157.12.106', 0, '', ''),
(534, '2019-11-30 20:01:47', 1, 'product.php', 'action=copy_to_confirm&cPath=30&page=1&', '185.157.12.106', 0, '', 0x5dcb4b0a80300c04d0bb64ade067217899526d28016d439a2e8a78775b10172ee7cdcc052cd1e55d9321072b8ccb041dec56d147217c751e1a462ec6a61a5de683daa66a16ea4fcb4cc1d7867c8882df585568cb8aedf41353aade0f),
(535, '2019-11-30 20:01:47', 1, 'categories.php', 'cPath=30&pID=173&page=1&', '185.157.12.106', 0, '', ''),
(536, '2019-11-30 20:01:52', 1, 'product.php', 'cPath=30&product_type=1&pID=173&action=new_product&', '185.157.12.106', 0, '', ''),
(537, '2019-11-30 20:02:22', 1, 'product.php', 'cPath=30&product_type=1&pID=173&action=new_product_preview&', '185.157.12.106', 0, '', 0x[BLOB]),
(538, '2019-11-30 20:02:27', 1, 'product.php', 'cPath=30&product_type=1&pID=173&action=update_product&', '185.157.12.106', 0, '', 0x[BLOB]),
(539, '2019-11-30 20:02:28', 1, 'categories.php', 'cPath=30&pID=173&', '185.157.12.106', 0, '', ''),
(540, '2019-11-30 20:02:34', 1, 'categories.php', 'cPath=30&pID=173&action=attribute_features&page=1&', '185.157.12.106', 0, '', ''),
(541, '2019-11-30 20:02:38', 1, 'attributes_controller.php', 'products_filter=173&current_category_id=30&', '185.157.12.106', 0, '', ''),
(542, '2019-11-30 20:02:48', 1, 'attributes_controller.php', 'action=update_attribute&attribute_id=199&attribute_page=1&products_filter=173&current_category_id=30&', '185.157.12.106', 0, '', ''),
(543, '2019-11-30 20:03:28', 1, 'attributes_controller.php', 'action=update_product_attribute&attribute_page=1&products_filter=173&', '185.157.12.106', 0, '', 0x[BLOB]),
(544, '2019-11-30 20:03:28', 1, 'attributes_controller.php', 'attribute_page=1&products_filter=173&current_category_id=30&', '185.157.12.106', 0, '', ''),
(545, '2019-11-30 20:03:48', 1, 'specials.php', '', '185.157.12.106', 0, '', ''),
(546, '2019-11-30 20:03:53', 1, 'specials.php', 'page=1&action=new&', '185.157.12.106', 0, '', ''),
(547, '2019-11-30 20:04:11', 1, 'specials.php', 'page=1&action=insert&go_back=&', '185.157.12.106', 0, '', 0xab562a28ca4f294d2e298ecf4c51b25232343756d2418815146526a702858162c505a9c999893908314b0b3d03030cc529f14995f1892525459949a52550ada505298925a9f1a836818c2c492c2a813053f3c062b500),
(548, '2019-11-30 20:04:12', 1, 'specials.php', 'page=1&sID=28&', '185.157.12.106', 0, '', ''),
(549, '2019-11-30 20:13:35', 1, 'specials.php', 'page=1&action=new&', '185.157.12.106', 0, '', ''),
(550, '2019-11-30 20:13:42', 1, 'specials.php', 'page=1&', '185.157.12.106', 0, '', ''),
(551, '2019-11-30 20:13:47', 1, 'categories.php', '', '185.157.12.106', 0, '', ''),
(552, '2019-11-30 20:13:53', 1, 'categories.php', 'cPath=24&', '185.157.12.106', 0, '', ''),
(553, '2019-11-30 20:14:00', 1, 'categories.php', 'x=51&y=7&product_type=1&cPath=24&action=new_product&', '185.157.12.106', 0, '', ''),
(554, '2019-11-30 20:14:01', 1, 'product.php', 'x=51&y=7&product_type=1&cPath=24&action=new_product&', '185.157.12.106', 0, '', ''),
(555, '2019-12-04 12:35:57', 0, 'login.php ', 'camefrom=index.php&', '185.157.12.106', 0, '', ''),
(556, '2019-12-04 12:36:07', 0, 'login.php altkompserwis', 'camefrom=index.php&', '185.157.12.106', 0, '', 0x0dc93b0e80201005c0bb6c6d21fe029ec13b9807ae66a380118c85f1eed2cebc84c54b98033cd34838f21efd99f87a245145e9b65e7289296e120ac06589a1c012614c03d73314f7ccb5c20a58a0d57537b0d186be1f),
(557, '2019-12-04 12:36:20', 1, 'specials.php', '', '185.157.12.106', 0, '', ''),
(558, '2019-12-04 12:36:25', 1, 'specials.php', 'page=1&sID=24&action=edit&', '185.157.12.106', 0, '', ''),
(559, '2019-12-04 12:36:34', 1, 'specials.php', 'page=1&action=update&go_back=&', '185.157.12.106', 0, '', 0x65cd3d0a80300c86e1bb6416d12245bc4ce8df10102d693a8878775bc52e667c79c877428ac1915913928705d4041d44de7d76923032b9506a698d7d4de9b91fcafdbc477ba01161b259aa1c0bc9d11b09d8e433a6eb5f312cef44d86a84eb06),
(560, '2019-12-04 12:36:35', 1, 'specials.php', 'page=1&sID=24&', '185.157.12.106', 0, '', ''),
(561, '2019-12-23 10:13:26', 0, 'login.php ', 'camefrom=index.php&', '185.157.12.106', 0, '', ''),
(562, '2019-12-23 10:13:32', 0, 'login.php altkompserwis', 'camefrom=index.php&', '185.157.12.106', 0, '', 0x0dc9410e40301000c0bfecd96129daf5067f9055251bda8a561cc4dff53af3022f5ec214d83b18808fbc477f26773d92a08274cf5e7289316e120ab0cd1243812532d5eb4cb6a7d634ca10ba15add12d326a341d29f87e),
(563, '2019-12-23 10:13:44', 1, 'users.php', '', '185.157.12.106', 0, '', ''),
(564, '2019-12-23 10:14:10', 1, 'users.php', 'action=add&', '185.157.12.106', 0, '', ''),
(565, '2019-12-23 10:16:09', 1, 'users.php', '', '185.157.12.106', 0, '', 0x1dcb310a80300c46e1bb649682ab9357f92d11826d529a4e15ef6e74fce0bd9b908798d246a2ce7dd0428acae1eed64a902ba4849d0ff81068f2992737a8e0daa34a7fd6ba9d52be71a5e705),
(566, '2019-12-23 10:16:21', 1, 'logoff.php', '', '185.157.12.106', 0, '', ''),
(567, '2019-12-23 10:16:21', 0, 'login.php ', '', '185.157.12.106', 0, '', ''),
(568, '2019-12-23 10:16:41', 0, 'login.php rsopl', '', '185.157.12.106', 0, '', 0x0dc8310e80200c00c0bf74763020487d837f3005c43491620427e3dfe5c67b816266d984f20e0bdcb55c270c501f9fb9f558cbc1d28342e3223d6221246550a3c3c97844a7529a51076783b701e308df0f);
INSERT INTO `admin_activity_log` (`log_id`, `access_date`, `admin_id`, `page_accessed`, `page_parameters`, `ip_address`, `flagged`, `attention`, `gzpost`) VALUES
(569, '2019-12-23 10:19:09', 0, 'login.php ', 'camefrom=index.php&', '185.157.12.106', 0, '', ''),
(570, '2019-12-23 11:23:45', 0, 'login.php ', 'camefrom=index.php&', '83.9.39.146', 0, '', ''),
(571, '2019-12-23 11:23:58', 0, 'login.php rsopl', 'camefrom=index.php&', '83.9.39.146', 0, '', 0x0dc8cb0d80200c00d05d7af602c8cf19dcc1d0028644a8113d197797777c2f84584bdb5aa80916b83a9f074cd01face51eb1f25eda884077e1362272f64ac82c2c69243446aaa09d3606dd4c689347f87e),
(572, '2019-12-23 11:24:16', 3, 'alt_nav.php', '', '83.9.39.146', 0, '', ''),
(573, '2019-12-28 23:37:16', 0, 'login.php ', 'camefrom=index.php&', '185.157.12.106', 0, '', ''),
(574, '2019-12-28 23:37:19', 0, 'login.php ', 'camefrom=index.php&', '185.157.12.106', 0, '', ''),
(575, '2019-12-28 23:37:22', 0, 'login.php altkompserwis', 'camefrom=index.php&', '185.157.12.106', 0, '', 0x0dc9310e80200c00c0bf74768080a2bec13f98d6a2691430827130fe5dd6bb179083c43962f030021e654fe1ccfe7a244303f9a620a5c69436891570299262054e6dcf16890d2add6a6d57520e9d724c037b653a0bdf0f),
(576, '2019-12-28 23:37:48', 1, 'server_info.php', '', '185.157.12.106', 0, '', ''),
(577, '2019-12-28 23:41:33', 1, 'orders.php', 'oID=481&origin=index&', '185.157.12.106', 0, '', ''),
(578, '2019-12-28 23:41:51', 1, 'orders.php', 'origin=index&page=1&oID=481&action=edit&', '185.157.12.106', 0, '', ''),
(579, '2020-01-09 12:34:44', 0, 'login.php ', 'camefrom=index.php&', '83.9.244.154', 0, '', ''),
(580, '2020-01-09 12:34:55', 0, 'login.php rsopl', 'camefrom=index.php&', '83.9.244.154', 0, '', 0x0dc8310e80200c00c0bf7476918812dfe01f4c29d43491d6084ec6bfcb8df702a622ba2b960c2bdcd5ae1306a84f2cd27a6c7688f6406a62da23d94c63a01098714a8e3ca177893d2f141d674682ef07),
(581, '2020-01-09 12:36:04', 3, 'orders.php', '', '83.9.244.154', 0, '', '');

-- --------------------------------------------------------

--
-- Struktura tabeli dla tabeli `admin_menus`
--

CREATE TABLE `admin_menus` (
  `menu_key` varchar(32) NOT NULL DEFAULT '',
  `language_key` varchar(255) NOT NULL DEFAULT '',
  `sort_order` int(11) NOT NULL DEFAULT '0'
) ENGINE=MyISAM DEFAULT CHARSET=utf8;

--
-- Zrzut danych tabeli `admin_menus`
--

INSERT INTO `admin_menus` (`menu_key`, `language_key`, `sort_order`) VALUES
('configuration', 'BOX_HEADING_CONFIGURATION', 1),
('catalog', 'BOX_HEADING_CATALOG', 2),
('modules', 'BOX_HEADING_MODULES', 3),
('customers', 'BOX_HEADING_CUSTOMERS', 4),
('taxes', 'BOX_HEADING_LOCATION_AND_TAXES', 5),
('localization', 'BOX_HEADING_LOCALIZATION', 6),
('reports', 'BOX_HEADING_REPORTS', 7),
('tools', 'BOX_HEADING_TOOLS', 8),
('gv', 'BOX_HEADING_GV_ADMIN', 9),
('access', 'BOX_HEADING_ADMIN_ACCESS', 10),
('extras', 'BOX_HEADING_EXTRAS', 11);

-- --------------------------------------------------------

--
-- Struktura tabeli dla tabeli `admin_pages`
--

CREATE TABLE `admin_pages` (
  `page_key` varchar(32) NOT NULL DEFAULT '',
  `language_key` varchar(255) NOT NULL DEFAULT '',
  `main_page` varchar(64) NOT NULL DEFAULT '',
  `page_params` varchar(64) NOT NULL DEFAULT '',
  `menu_key` varchar(32) NOT NULL DEFAULT '',
  `display_on_menu` char(1) NOT NULL DEFAULT 'N',
  `sort_order` int(11) NOT NULL DEFAULT '0'
) ENGINE=MyISAM DEFAULT CHARSET=utf8;

--
-- Zrzut danych tabeli `admin_pages`
--

INSERT INTO `admin_pages` (`page_key`, `language_key`, `main_page`, `page_params`, `menu_key`, `display_on_menu`, `sort_order`) VALUES
('configMyStore', 'BOX_CONFIGURATION_MY_STORE', 'FILENAME_CONFIGURATION', 'gID=1', 'configuration', 'Y', 1),
('configMinimumValues', 'BOX_CONFIGURATION_MINIMUM_VALUES', 'FILENAME_CONFIGURATION', 'gID=2', 'configuration', 'Y', 2),
('configMaximumValues', 'BOX_CONFIGURATION_MAXIMUM_VALUES', 'FILENAME_CONFIGURATION', 'gID=3', 'configuration', 'Y', 3),
('configImages', 'BOX_CONFIGURATION_IMAGES', 'FILENAME_CONFIGURATION', 'gID=4', 'configuration', 'Y', 4),
('configCustomerDetails', 'BOX_CONFIGURATION_CUSTOMER_DETAILS', 'FILENAME_CONFIGURATION', 'gID=5', 'configuration', 'Y', 5),
('configShipping', 'BOX_CONFIGURATION_SHIPPING_PACKAGING', 'FILENAME_CONFIGURATION', 'gID=7', 'configuration', 'Y', 6),
('configProductListing', 'BOX_CONFIGURATION_PRODUCT_LISTING', 'FILENAME_CONFIGURATION', 'gID=8', 'configuration', 'Y', 7),
('configStock', 'BOX_CONFIGURATION_STOCK', 'FILENAME_CONFIGURATION', 'gID=9', 'configuration', 'Y', 8),
('configLogging', 'BOX_CONFIGURATION_LOGGING', 'FILENAME_CONFIGURATION', 'gID=10', 'configuration', 'Y', 9),
('configEmail', 'BOX_CONFIGURATION_EMAIL_OPTIONS', 'FILENAME_CONFIGURATION', 'gID=12', 'configuration', 'Y', 10),
('configAttributes', 'BOX_CONFIGURATION_ATTRIBUTE_OPTIONS', 'FILENAME_CONFIGURATION', 'gID=13', 'configuration', 'Y', 11),
('configGzipCompression', 'BOX_CONFIGURATION_GZIP_COMPRESSION', 'FILENAME_CONFIGURATION', 'gID=14', 'configuration', 'Y', 12),
('configSessions', 'BOX_CONFIGURATION_SESSIONS', 'FILENAME_CONFIGURATION', 'gID=15', 'configuration', 'Y', 13),
('configRegulations', 'BOX_CONFIGURATION_REGULATIONS', 'FILENAME_CONFIGURATION', 'gID=11', 'configuration', 'Y', 14),
('configGvCoupons', 'BOX_CONFIGURATION_GV_COUPONS', 'FILENAME_CONFIGURATION', 'gID=16', 'configuration', 'Y', 15),
('configCreditCards', 'BOX_CONFIGURATION_CREDIT_CARDS', 'FILENAME_CONFIGURATION', 'gID=17', 'configuration', 'Y', 16),
('configProductInfo', 'BOX_CONFIGURATION_PRODUCT_INFO', 'FILENAME_CONFIGURATION', 'gID=18', 'configuration', 'Y', 17),
('configLayoutSettings', 'BOX_CONFIGURATION_LAYOUT_SETTINGS', 'FILENAME_CONFIGURATION', 'gID=19', 'configuration', 'Y', 18),
('configWebsiteMaintenance', 'BOX_CONFIGURATION_WEBSITE_MAINTENANCE', 'FILENAME_CONFIGURATION', 'gID=20', 'configuration', 'Y', 19),
('configNewListing', 'BOX_CONFIGURATION_NEW_LISTING', 'FILENAME_CONFIGURATION', 'gID=21', 'configuration', 'Y', 20),
('configFeaturedListing', 'BOX_CONFIGURATION_FEATURED_LISTING', 'FILENAME_CONFIGURATION', 'gID=22', 'configuration', 'Y', 21),
('configAllListing', 'BOX_CONFIGURATION_ALL_LISTING', 'FILENAME_CONFIGURATION', 'gID=23', 'configuration', 'Y', 22),
('configIndexListing', 'BOX_CONFIGURATION_INDEX_LISTING', 'FILENAME_CONFIGURATION', 'gID=24', 'configuration', 'Y', 23),
('configDefinePageStatus', 'BOX_CONFIGURATION_DEFINE_PAGE_STATUS', 'FILENAME_CONFIGURATION', 'gID=25', 'configuration', 'Y', 24),
('configEzPagesSettings', 'BOX_CONFIGURATION_EZPAGES_SETTINGS', 'FILENAME_CONFIGURATION', 'gID=30', 'configuration', 'Y', 25),
('categories', 'BOX_CATALOG_CATEGORIES_PRODUCTS', 'FILENAME_CATEGORIES', '', 'catalog', 'Y', 1),
('productTypes', 'BOX_CATALOG_PRODUCT_TYPES', 'FILENAME_PRODUCT_TYPES', '', 'catalog', 'Y', 2),
('priceManager', 'BOX_CATALOG_PRODUCTS_PRICE_MANAGER', 'FILENAME_PRODUCTS_PRICE_MANAGER', '', 'catalog', 'Y', 3),
('optionNames', 'BOX_CATALOG_CATEGORIES_OPTIONS_NAME_MANAGER', 'FILENAME_OPTIONS_NAME_MANAGER', '', 'catalog', 'Y', 4),
('optionValues', 'BOX_CATALOG_CATEGORIES_OPTIONS_VALUES_MANAGER', 'FILENAME_OPTIONS_VALUES_MANAGER', '', 'catalog', 'Y', 5),
('attributes', 'BOX_CATALOG_CATEGORIES_ATTRIBUTES_CONTROLLER', 'FILENAME_ATTRIBUTES_CONTROLLER', '', 'catalog', 'Y', 6),
('downloads', 'BOX_CATALOG_CATEGORIES_ATTRIBUTES_DOWNLOADS_MANAGER', 'FILENAME_DOWNLOADS_MANAGER', '', 'catalog', 'Y', 7),
('optionNameSorter', 'BOX_CATALOG_PRODUCT_OPTIONS_NAME', 'FILENAME_PRODUCTS_OPTIONS_NAME', '', 'catalog', 'Y', 8),
('optionValueSorter', 'BOX_CATALOG_PRODUCT_OPTIONS_VALUES', 'FILENAME_PRODUCTS_OPTIONS_VALUES', '', 'catalog', 'Y', 9),
('manufacturers', 'BOX_CATALOG_MANUFACTURERS', 'FILENAME_MANUFACTURERS', '', 'catalog', 'Y', 10),
('reviews', 'BOX_CATALOG_REVIEWS', 'FILENAME_REVIEWS', '', 'catalog', 'Y', 11),
('specials', 'BOX_CATALOG_SPECIALS', 'FILENAME_SPECIALS', '', 'catalog', 'Y', 12),
('featured', 'BOX_CATALOG_FEATURED', 'FILENAME_FEATURED', '', 'catalog', 'Y', 13),
('salemaker', 'BOX_CATALOG_SALEMAKER', 'FILENAME_SALEMAKER', '', 'catalog', 'Y', 14),
('productsExpected', 'BOX_CATALOG_PRODUCTS_EXPECTED', 'FILENAME_PRODUCTS_EXPECTED', '', 'catalog', 'Y', 15),
('product', 'BOX_CATALOG_PRODUCT', 'FILENAME_PRODUCT', '', 'catalog', 'N', 16),
('productsToCategories', 'BOX_CATALOG_PRODUCTS_TO_CATEGORIES', 'FILENAME_PRODUCTS_TO_CATEGORIES', '', 'catalog', 'N', 17),
('payment', 'BOX_MODULES_PAYMENT', 'FILENAME_MODULES', 'set=payment', 'modules', 'Y', 1),
('shipping', 'BOX_MODULES_SHIPPING', 'FILENAME_MODULES', 'set=shipping', 'modules', 'Y', 2),
('orderTotal', 'BOX_MODULES_ORDER_TOTAL', 'FILENAME_MODULES', 'set=ordertotal', 'modules', 'Y', 3),
('customers', 'BOX_CUSTOMERS_CUSTOMERS', 'FILENAME_CUSTOMERS', '', 'customers', 'Y', 1),
('orders', 'BOX_CUSTOMERS_ORDERS', 'FILENAME_ORDERS', '', 'customers', 'Y', 2),
('groupPricing', 'BOX_CUSTOMERS_GROUP_PRICING', 'FILENAME_GROUP_PRICING', '', 'customers', 'Y', 3),
('paypal', 'BOX_CUSTOMERS_PAYPAL', 'FILENAME_PAYPAL', '', 'customers', 'Y', 4),
('invoice', 'BOX_CUSTOMERS_INVOICE', 'FILENAME_ORDERS_INVOICE', '', 'customers', 'N', 5),
('packingslip', 'BOX_CUSTOMERS_PACKING_SLIP', 'FILENAME_ORDERS_PACKINGSLIP', '', 'customers', 'N', 6),
('linkpointReview', 'BOX_CUSTOMERS_LINKPOINT_REVIEW', 'FILENAME_LINKPOINT_REVIEW', '', 'customers', 'Y', 7),
('countries', 'BOX_TAXES_COUNTRIES', 'FILENAME_COUNTRIES', '', 'taxes', 'Y', 1),
('zones', 'BOX_TAXES_ZONES', 'FILENAME_ZONES', '', 'taxes', 'Y', 2),
('geoZones', 'BOX_TAXES_GEO_ZONES', 'FILENAME_GEO_ZONES', '', 'taxes', 'Y', 3),
('taxClasses', 'BOX_TAXES_TAX_CLASSES', 'FILENAME_TAX_CLASSES', '', 'taxes', 'Y', 4),
('taxRates', 'BOX_TAXES_TAX_RATES', 'FILENAME_TAX_RATES', '', 'taxes', 'Y', 5),
('currencies', 'BOX_LOCALIZATION_CURRENCIES', 'FILENAME_CURRENCIES', '', 'localization', 'Y', 1),
('languages', 'BOX_LOCALIZATION_LANGUAGES', 'FILENAME_LANGUAGES', '', 'localization', 'Y', 2),
('ordersStatus', 'BOX_LOCALIZATION_ORDERS_STATUS', 'FILENAME_ORDERS_STATUS', '', 'localization', 'Y', 3),
('reportCustomers', 'BOX_REPORTS_ORDERS_TOTAL', 'FILENAME_STATS_CUSTOMERS', '', 'reports', 'Y', 1),
('reportReferrals', 'BOX_REPORTS_CUSTOMERS_REFERRALS', 'FILENAME_STATS_CUSTOMERS_REFERRALS', '', 'reports', 'Y', 2),
('reportLowStock', 'BOX_REPORTS_PRODUCTS_LOWSTOCK', 'FILENAME_STATS_PRODUCTS_LOWSTOCK', '', 'reports', 'Y', 3),
('reportProductsSold', 'BOX_REPORTS_PRODUCTS_PURCHASED', 'FILENAME_STATS_PRODUCTS_PURCHASED', '', 'reports', 'Y', 4),
('reportProductsViewed', 'BOX_REPORTS_PRODUCTS_VIEWED', 'FILENAME_STATS_PRODUCTS_VIEWED', '', 'reports', 'Y', 5),
('templateSelect', 'BOX_TOOLS_TEMPLATE_SELECT', 'FILENAME_TEMPLATE_SELECT', '', 'tools', 'Y', 1),
('layoutController', 'BOX_TOOLS_LAYOUT_CONTROLLER', 'FILENAME_LAYOUT_CONTROLLER', '', 'tools', 'Y', 2),
('banners', 'BOX_TOOLS_BANNER_MANAGER', 'FILENAME_BANNER_MANAGER', '', 'tools', 'Y', 3),
('mail', 'BOX_TOOLS_MAIL', 'FILENAME_MAIL', '', 'tools', 'Y', 4),
('newsletters', 'BOX_TOOLS_NEWSLETTER_MANAGER', 'FILENAME_NEWSLETTERS', '', 'tools', 'Y', 5),
('server', 'BOX_TOOLS_SERVER_INFO', 'FILENAME_SERVER_INFO', '', 'tools', 'Y', 6),
('whosOnline', 'BOX_TOOLS_WHOS_ONLINE', 'FILENAME_WHOS_ONLINE', '', 'tools', 'Y', 7),
('storeManager', 'BOX_TOOLS_STORE_MANAGER', 'FILENAME_STORE_MANAGER', '', 'tools', 'Y', 9),
('developersToolKit', 'BOX_TOOLS_DEVELOPERS_TOOL_KIT', 'FILENAME_DEVELOPERS_TOOL_KIT', '', 'tools', 'Y', 10),
('ezpages', 'BOX_TOOLS_EZPAGES', 'FILENAME_EZPAGES_ADMIN', '', 'tools', 'Y', 11),
('definePagesEditor', 'BOX_TOOLS_DEFINE_PAGES_EDITOR', 'FILENAME_DEFINE_PAGES_EDITOR', '', 'tools', 'Y', 12),
('sqlPatch', 'BOX_TOOLS_SQLPATCH', 'FILENAME_SQLPATCH', '', 'tools', 'Y', 13),
('couponAdmin', 'BOX_COUPON_ADMIN', 'FILENAME_COUPON_ADMIN', '', 'gv', 'Y', 1),
('couponRestrict', 'BOX_COUPON_RESTRICT', 'FILENAME_COUPON_RESTRICT', '', 'gv', 'N', 1),
('gvQueue', 'BOX_GV_ADMIN_QUEUE', 'FILENAME_GV_QUEUE', '', 'gv', 'Y', 2),
('gvMail', 'BOX_GV_ADMIN_MAIL', 'FILENAME_GV_MAIL', '', 'gv', 'Y', 3),
('gvSent', 'BOX_GV_ADMIN_SENT', 'FILENAME_GV_SENT', '', 'gv', 'Y', 4),
('profiles', 'BOX_ADMIN_ACCESS_PROFILES', 'FILENAME_PROFILES', '', 'access', 'Y', 1),
('users', 'BOX_ADMIN_ACCESS_USERS', 'FILENAME_USERS', '', 'access', 'Y', 2),
('pageRegistration', 'BOX_ADMIN_ACCESS_PAGE_REGISTRATION', 'FILENAME_ADMIN_PAGE_REGISTRATION', '', 'access', 'Y', 3),
('adminlogs', 'BOX_ADMIN_ACCESS_LOGS', 'FILENAME_ADMIN_ACTIVITY', '', 'access', 'Y', 4),
('recordArtists', 'BOX_CATALOG_RECORD_ARTISTS', 'FILENAME_RECORD_ARTISTS', '', 'extras', 'Y', 1),
('recordCompanies', 'BOX_CATALOG_RECORD_COMPANY', 'FILENAME_RECORD_COMPANY', '', 'extras', 'Y', 2),
('musicGenre', 'BOX_CATALOG_MUSIC_GENRE', 'FILENAME_MUSIC_GENRE', '', 'extras', 'Y', 3),
('mediaManager', 'BOX_CATALOG_MEDIA_MANAGER', 'FILENAME_MEDIA_MANAGER', '', 'extras', 'Y', 4),
('mediaTypes', 'BOX_CATALOG_MEDIA_TYPES', 'FILENAME_MEDIA_TYPES', '', 'extras', 'Y', 5),
('configCOWOA', 'BOX_CONFIGURATION_COWOA', 'FILENAME_CONFIGURATION', 'gID=31', 'configuration', 'Y', 31),
('configZenLightbox', 'BOX_CONFIGURATION_ZEN_LIGHTBOX', 'FILENAME_CONFIGURATION', 'gID=32', 'configuration', 'Y', 32),
('configImageHandler4', 'BOX_TOOLS_IMAGE_HANDLER', 'FILENAME_IMAGE_HANDLER', '', 'tools', 'Y', 14),
('backup_mysql', 'BOX_TOOLS_BACKUP_MYSQL', 'FILENAME_BACKUP_MYSQL', '', 'tools', 'Y', 17),
('Szybka aktualizacja produktów', 'BOX_CATALOG_QUICK_UPDATES', 'FILENAME_QUICK_UPDATES', '', 'catalog', 'Y', 103),
('quick_updates_config', 'BOX_CATALOG_QUICK_UPDATES', 'FILENAME_CONFIGURATION', 'gID=33', 'configuration', 'Y', 103),
('configZXSlideshow', 'BOX_CONFIGURATION_ZX_SLIDESHOW', 'FILENAME_CONFIGURATION', 'gID=34', 'configuration', 'Y', 34),
('multi_ezpages', 'BOX_MULTI_EZPAGES_INSTALL', 'FILENAME_MULTI_EZPAGES_INSTALL', '', 'tools', 'Y', 70),
('easypopulate_4', 'BOX_TOOLS_EASYPOPULATE_4', 'FILENAME_EASYPOPULATE_4', '', 'tools', 'Y', 97),
('easypopulate_4_config', 'BOX_TOOLS_EASYPOPULATE_4', 'FILENAME_CONFIGURATION', 'gID=36', 'configuration', 'Y', 97),
('configCookieControl', 'BOX_CONFIGURATION_COOKIECONTROL', 'FILENAME_CONFIGURATION', 'gID=39', 'configuration', 'Y', 39),
('ceon_uri_mapping_config', 'BOX_CEON_URI_MAPPING', 'FILENAME_CEON_URI_MAPPING_CONFIG', '', 'modules', 'Y', 40),
('ceon_uri_mapping_config_group', 'BOX_CEON_URI_MAPPING_CONFIG_GROUP', 'FILENAME_CONFIGURATION', 'gID=40', 'configuration', 'Y', 40),
('sitemapxml', 'BOX_SITEMAPXML', 'FILENAME_SITEMAPXML', '', 'tools', 'Y', 41),
('sitemapxmlConfig', 'BOX_CONFIGURATION_SITEMAPXML', 'FILENAME_CONFIGURATION', 'gID=41', 'configuration', 'Y', 41);

-- --------------------------------------------------------

--
-- Struktura tabeli dla tabeli `admin_pages_to_profiles`
--

