CREATE TABLE `paypal` (
  `paypal_ipn_id` int(11) UNSIGNED NOT NULL,
  `order_id` int(11) UNSIGNED NOT NULL DEFAULT '0',
  `txn_type` varchar(40) NOT NULL DEFAULT '',
  `module_name` varchar(40) NOT NULL DEFAULT '',
  `module_mode` varchar(40) NOT NULL DEFAULT '',
  `reason_code` varchar(40) DEFAULT NULL,
  `payment_type` varchar(40) NOT NULL DEFAULT '',
  `payment_status` varchar(32) NOT NULL DEFAULT '',
  `pending_reason` varchar(32) DEFAULT NULL,
  `invoice` varchar(128) DEFAULT NULL,
  `mc_currency` char(3) NOT NULL DEFAULT '',
  `first_name` varchar(32) NOT NULL DEFAULT '',
  `last_name` varchar(32) NOT NULL DEFAULT '',
  `payer_business_name` varchar(128) DEFAULT NULL,
  `address_name` varchar(64) DEFAULT NULL,
  `address_street` varchar(254) DEFAULT NULL,
  `address_city` varchar(120) DEFAULT NULL,
  `address_state` varchar(120) DEFAULT NULL,
  `address_zip` varchar(10) DEFAULT NULL,
  `address_country` varchar(64) DEFAULT NULL,
  `address_status` varchar(11) DEFAULT NULL,
  `payer_email` varchar(128) NOT NULL DEFAULT '',
  `payer_id` varchar(32) NOT NULL DEFAULT '',
  `payer_status` varchar(10) NOT NULL DEFAULT '',
  `payment_date` datetime NOT NULL DEFAULT '0001-01-01 00:00:00',
  `business` varchar(128) NOT NULL DEFAULT '',
  `receiver_email` varchar(128) NOT NULL DEFAULT '',
  `receiver_id` varchar(32) NOT NULL DEFAULT '',
  `txn_id` varchar(20) NOT NULL DEFAULT '',
  `parent_txn_id` varchar(20) DEFAULT NULL,
  `num_cart_items` tinyint(4) UNSIGNED NOT NULL DEFAULT '1',
  `mc_gross` decimal(7,2) NOT NULL DEFAULT '0.00',
  `mc_fee` decimal(7,2) NOT NULL DEFAULT '0.00',
  `payment_gross` decimal(7,2) DEFAULT NULL,
  `payment_fee` decimal(7,2) DEFAULT NULL,
  `settle_amount` decimal(7,2) DEFAULT NULL,
  `settle_currency` char(3) DEFAULT NULL,
  `exchange_rate` decimal(4,2) DEFAULT NULL,
  `notify_version` varchar(6) NOT NULL DEFAULT '',
  `verify_sign` varchar(128) NOT NULL DEFAULT '',
  `last_modified` datetime NOT NULL DEFAULT '0001-01-01 00:00:00',
  `date_added` datetime NOT NULL DEFAULT '0001-01-01 00:00:00',
  `memo` text
) ENGINE=MyISAM DEFAULT CHARSET=utf8;

-- --------------------------------------------------------

--
-- Struktura tabeli dla tabeli `paypal_payment_status`
--

CREATE TABLE `paypal_payment_status` (
  `payment_status_id` int(11) NOT NULL,
  `payment_status_name` varchar(64) NOT NULL DEFAULT ''
) ENGINE=MyISAM DEFAULT CHARSET=utf8;

--
-- Zrzut danych tabeli `paypal_payment_status`
--

INSERT INTO `paypal_payment_status` (`payment_status_id`, `payment_status_name`) VALUES
(1, 'Completed'),
(2, 'Pending'),
(3, 'Failed'),
(4, 'Denied'),
(5, 'Refunded'),
(6, 'Canceled_Reversal'),
(7, 'Reversed');

-- --------------------------------------------------------

--
-- Struktura tabeli dla tabeli `paypal_payment_status_history`
--

CREATE TABLE `paypal_payment_status_history` (
  `payment_status_history_id` int(11) NOT NULL,
  `paypal_ipn_id` int(11) NOT NULL DEFAULT '0',
  `txn_id` varchar(64) NOT NULL DEFAULT '',
  `parent_txn_id` varchar(64) NOT NULL DEFAULT '',
  `payment_status` varchar(17) NOT NULL DEFAULT '',
  `pending_reason` varchar(14) DEFAULT NULL,
  `date_added` datetime NOT NULL DEFAULT '0001-01-01 00:00:00'
) ENGINE=MyISAM DEFAULT CHARSET=utf8;

-- --------------------------------------------------------

--
-- Struktura tabeli dla tabeli `paypal_testing`
--

CREATE TABLE `paypal_testing` (
  `paypal_ipn_id` int(11) UNSIGNED NOT NULL,
  `order_id` int(11) UNSIGNED NOT NULL DEFAULT '0',
  `custom` varchar(255) NOT NULL DEFAULT '',
  `txn_type` varchar(40) NOT NULL DEFAULT '',
  `module_name` varchar(40) NOT NULL DEFAULT '',
  `module_mode` varchar(40) NOT NULL DEFAULT '',
  `reason_code` varchar(40) DEFAULT NULL,
  `payment_type` varchar(40) NOT NULL DEFAULT '',
  `payment_status` varchar(32) NOT NULL DEFAULT '',
  `pending_reason` varchar(32) DEFAULT NULL,
  `invoice` varchar(128) DEFAULT NULL,
  `mc_currency` char(3) NOT NULL DEFAULT '',
  `first_name` varchar(32) NOT NULL DEFAULT '',
  `last_name` varchar(32) NOT NULL DEFAULT '',
  `payer_business_name` varchar(128) DEFAULT NULL,
  `address_name` varchar(64) DEFAULT NULL,
  `address_street` varchar(254) DEFAULT NULL,
  `address_city` varchar(120) DEFAULT NULL,
  `address_state` varchar(120) DEFAULT NULL,
  `address_zip` varchar(10) DEFAULT NULL,
  `address_country` varchar(64) DEFAULT NULL,
  `address_status` varchar(11) DEFAULT NULL,
  `payer_email` varchar(128) NOT NULL DEFAULT '',
  `payer_id` varchar(32) NOT NULL DEFAULT '',
  `payer_status` varchar(10) NOT NULL DEFAULT '',
  `payment_date` datetime NOT NULL DEFAULT '0001-01-01 00:00:00',
  `business` varchar(128) NOT NULL DEFAULT '',
  `receiver_email` varchar(128) NOT NULL DEFAULT '',
  `receiver_id` varchar(32) NOT NULL DEFAULT '',
  `txn_id` varchar(20) NOT NULL DEFAULT '',
  `parent_txn_id` varchar(20) DEFAULT NULL,
  `num_cart_items` tinyint(4) UNSIGNED NOT NULL DEFAULT '1',
  `mc_gross` decimal(7,2) NOT NULL DEFAULT '0.00',
  `mc_fee` decimal(7,2) NOT NULL DEFAULT '0.00',
  `payment_gross` decimal(7,2) DEFAULT NULL,
  `payment_fee` decimal(7,2) DEFAULT NULL,
  `settle_amount` decimal(7,2) DEFAULT NULL,
  `settle_currency` char(3) DEFAULT NULL,
  `exchange_rate` decimal(4,2) DEFAULT NULL,
  `notify_version` decimal(2,1) NOT NULL DEFAULT '0.0',
  `verify_sign` varchar(128) NOT NULL DEFAULT '',
  `last_modified` datetime NOT NULL DEFAULT '0001-01-01 00:00:00',
  `date_added` datetime NOT NULL DEFAULT '0001-01-01 00:00:00',
  `memo` text
) ENGINE=MyISAM DEFAULT CHARSET=utf8;

-- --------------------------------------------------------

--
-- Struktura tabeli dla tabeli `products`
--

CREATE TABLE `products` (
  `products_id` int(11) NOT NULL,
  `products_type` int(11) NOT NULL DEFAULT '1',
  `products_quantity` float NOT NULL DEFAULT '0',
  `products_model` varchar(32) DEFAULT NULL,
  `products_image` varchar(64) DEFAULT NULL,
  `products_price` decimal(15,4) NOT NULL DEFAULT '0.0000',
  `products_virtual` tinyint(1) NOT NULL DEFAULT '0',
  `products_date_added` datetime NOT NULL DEFAULT '0001-01-01 00:00:00',
  `products_last_modified` datetime DEFAULT NULL,
  `products_date_available` datetime DEFAULT NULL,
  `products_weight` float NOT NULL DEFAULT '0',
  `products_status` tinyint(1) NOT NULL DEFAULT '0',
  `products_tax_class_id` int(11) NOT NULL DEFAULT '0',
  `manufacturers_id` int(11) DEFAULT NULL,
  `products_ordered` float NOT NULL DEFAULT '0',
  `products_quantity_order_min` float NOT NULL DEFAULT '1',
  `products_quantity_order_units` float NOT NULL DEFAULT '1',
  `products_priced_by_attribute` tinyint(1) NOT NULL DEFAULT '0',
  `product_is_free` tinyint(1) NOT NULL DEFAULT '0',
  `product_is_call` tinyint(1) NOT NULL DEFAULT '0',
  `products_quantity_mixed` tinyint(1) NOT NULL DEFAULT '0',
  `product_is_always_free_shipping` tinyint(1) NOT NULL DEFAULT '0',
  `products_qty_box_status` tinyint(1) NOT NULL DEFAULT '1',
  `products_quantity_order_max` float NOT NULL DEFAULT '0',
  `products_sort_order` int(11) NOT NULL DEFAULT '0',
  `products_discount_type` tinyint(1) NOT NULL DEFAULT '0',
  `products_discount_type_from` tinyint(1) NOT NULL DEFAULT '0',
  `products_price_sorter` decimal(15,4) NOT NULL DEFAULT '0.0000',
  `master_categories_id` int(11) NOT NULL DEFAULT '0',
  `products_mixed_discount_quantity` tinyint(1) NOT NULL DEFAULT '1',
  `metatags_title_status` tinyint(1) NOT NULL DEFAULT '0',
  `metatags_products_name_status` tinyint(1) NOT NULL DEFAULT '0',
  `metatags_model_status` tinyint(1) NOT NULL DEFAULT '0',
  `metatags_price_status` tinyint(1) NOT NULL DEFAULT '0',
  `metatags_title_tagline_status` tinyint(1) NOT NULL DEFAULT '0',
  `products_family` varchar(50) DEFAULT NULL
) ENGINE=MyISAM DEFAULT CHARSET=utf8;

--
-- Zrzut danych tabeli `products`
--

INSERT INTO `products` (`products_id`, `products_type`, `products_quantity`, `products_model`, `products_image`, `products_price`, `products_virtual`, `products_date_added`, `products_last_modified`, `products_date_available`, `products_weight`, `products_status`, `products_tax_class_id`, `manufacturers_id`, `products_ordered`, `products_quantity_order_min`, `products_quantity_order_units`, `products_priced_by_attribute`, `product_is_free`, `product_is_call`, `products_quantity_mixed`, `product_is_always_free_shipping`, `products_qty_box_status`, `products_quantity_order_max`, `products_sort_order`, `products_discount_type`, `products_discount_type_from`, `products_price_sorter`, `master_categories_id`, `products_mixed_discount_quantity`, `metatags_title_status`, `metatags_products_name_status`, `metatags_model_status`, `metatags_price_status`, `metatags_title_tagline_status`, `products_family`) VALUES
(1, 1, 1000, '', 'bobaquadulce.jpg', '0.0000', 0, '2012-12-13 20:33:57', '2019-11-29 22:24:23', NULL, 5, 1, 0, 0, 22, 1, 1, 1, 0, 0, 1, 0, 1, 0, 0, 0, 0, '118.0000', 2, 1, 0, 0, 0, 0, 0, ''),
(2, 1, 1000, '', 'Witkiem.jpg', '0.0000', 0, '2012-12-13 20:35:53', '2019-11-29 22:15:09', NULL, 5, 1, 0, 0, 3, 1, 1, 1, 0, 0, 1, 0, 1, 0, 0, 0, 0, '134.0000', 2, 1, 0, 0, 0, 0, 0, ''),
(3, 1, 992, '', 'Cylindra.jpg', '0.0000', 0, '2012-12-13 20:43:18', '2019-02-20 11:13:20', NULL, 1, 0, 0, 1, 15, 1, 1, 1, 0, 0, 1, 0, 1, 0, 0, 0, 0, '138.0000', 1, 1, 0, 0, 0, 0, 0, ''),
(71, 1, 1000, '', 'Monica.jpg', '0.0000', 0, '2013-02-03 22:00:33', '2019-11-29 22:15:47', NULL, 5, 1, 0, 2, 26, 1, 1, 1, 0, 0, 1, 0, 1, 0, 0, 0, 0, '134.0000', 2, 1, 0, 0, 0, 0, 0, ''),
(5, 1, 939, '', 'DetritDarkRed.jpg', '0.0000', 0, '2012-12-13 20:53:28', '2019-02-20 21:22:03', NULL, 0.5, 1, 0, 1, 61, 1, 1, 1, 0, 0, 1, 0, 1, 0, 0, 0, 0, '56.0000', 1, 1, 0, 0, 0, 0, 0, ''),
(6, 1, 1000, '', 'RijnsburgerBalusta.jpg', '0.0000', 0, '2012-12-13 20:57:38', '2019-11-29 22:37:55', NULL, 1, 1, 0, 1, 9, 1, 1, 1, 0, 0, 1, 0, 1, 0, 0, 0, 0, '268.0000', 3, 1, 0, 0, 0, 0, 0, ''),
(72, 1, 999, '', 'cebula-hiszpanska.png', '0.0000', 0, '2013-02-03 23:02:39', '2019-11-29 22:45:37', NULL, 1, 1, 0, 1, 24, 1, 1, 1, 0, 0, 1, 0, 1, 0, 0, 0, 0, '348.0000', 3, 1, 0, 0, 0, 0, 0, ''),
(8, 1, 973, '', 'WhiteLisbon.jpg', '0.0000', 0, '2012-12-13 22:12:33', '2019-02-20 21:23:58', NULL, 0.1, 1, 0, 1, 27, 1, 1, 1, 0, 0, 1, 0, 1, 0, 0, 0, 0, '58.0000', 3, 1, 0, 0, 0, 0, 0, ''),
(9, 1, 999, '', 'deBrunswick.jpg', '0.0000', 0, '2012-12-13 22:16:39', '2019-02-20 11:34:13', NULL, 0.1, 0, 0, 1, 1, 1, 1, 1, 0, 0, 1, 0, 1, 0, 0, 0, 0, '44.0000', 3, 1, 0, 0, 0, 0, 0, ''),
(10, 1, 992, '', 'IshikuraLongWhite.jpg', '0.0000', 0, '2012-12-13 22:21:50', '2019-02-20 11:34:20', NULL, 0.1, 0, 0, 1, 8, 1, 1, 1, 0, 0, 1, 0, 1, 0, 0, 0, 0, '50.0000', 3, 1, 0, 0, 0, 0, 0, ''),
(11, 1, 987, '', 'BlackBeauty.jpg', '0.0000', 0, '2012-12-13 22:25:51', '2019-02-20 21:25:27', NULL, 0.1, 1, 0, 1, 13, 1, 1, 1, 0, 0, 1, 0, 1, 0, 0, 0, 0, '64.0000', 4, 1, 0, 0, 0, 0, 0, ''),
(12, 1, 990, '', 'StorssGreen.jpg', '0.0000', 0, '2012-12-13 22:27:38', '2019-02-20 21:27:08', NULL, 0.1, 1, 0, 1, 10, 1, 1, 1, 0, 0, 1, 0, 1, 0, 0, 0, 0, '86.0000', 4, 1, 0, 0, 0, 0, 0, ''),
(13, 1, 1000, '', 'storrsgreenF1.jpg', '0.0000', 0, '2012-12-13 22:30:03', '2019-02-20 11:38:08', NULL, 0, 0, 0, 1, 0, 1, 1, 0, 0, 0, 1, 0, 1, 0, 0, 0, 0, '0.0000', 4, 1, 0, 0, 0, 0, 0, ''),
(14, 1, 1000, '', 'Stanley.jpg', '0.0000', 0, '2010-07-01 08:24:27', '2019-02-20 12:40:38', NULL, 100000, 1, 0, 2, 0, 1, 1, 0, 0, 1, 1, 0, 1, 0, 0, 0, 0, '0.0000', 5, 1, 0, 0, 0, 0, 0, ''),
(15, 1, 1000, '', 'Parker.jpg', '0.0000', 0, '2011-12-16 19:52:43', '2019-02-20 12:40:26', NULL, 100000, 0, 0, 2, 0, 1, 1, 0, 0, 1, 1, 0, 1, 0, 0, 0, 0, '0.0000', 5, 1, 0, 0, 0, 0, 0, ''),
(16, 1, 968, '', 'Ferrari.jpg', '0.0000', 0, '2012-12-16 19:56:20', '2019-02-20 21:29:40', NULL, 1, 1, 0, 1, 32, 1, 1, 1, 0, 0, 1, 0, 1, 0, 10, 0, 0, '54.0000', 6, 1, 0, 0, 0, 0, 0, ''),
(17, 1, 998, '', 'Eden.jpg', '0.0000', 0, '2012-12-16 19:58:09', '2019-02-20 12:41:08', NULL, 1, 0, 0, 1, 2, 1, 1, 1, 0, 0, 1, 0, 1, 0, 0, 0, 0, '44.0000', 6, 1, 0, 0, 0, 0, 0, ''),
(18, 1, 994, '', 'Uranus.jpg', '0.0000', 0, '2012-12-16 20:01:16', '2019-02-20 12:54:23', NULL, 1, 0, 0, 1, 6, 1, 1, 1, 0, 0, 1, 0, 1, 0, 15, 0, 0, '44.0000', 7, 1, 0, 0, 0, 0, 0, ''),
(19, 1, 978, '', 'BergGold.jpg', '0.0000', 0, '2012-12-16 20:02:41', '2019-02-20 21:55:58', NULL, 1, 1, 0, 1, 22, 1, 1, 1, 0, 0, 1, 0, 1, 0, 20, 0, 0, '54.0000', 7, 1, 0, 0, 0, 0, 0, ''),
(20, 1, 0, '', 'Goldenteepe.jpg', '0.0000', 0, '2012-12-16 20:05:34', '2019-02-20 12:56:18', NULL, 1, 0, 0, 1, 34, 1, 1, 1, 0, 0, 1, 0, 1, 0, 100, 0, 0, '46.0000', 7, 1, 0, 0, 0, 0, 0, ''),
(21, 1, 943, '', 'Rocquencourt.jpg', '0.0000', 0, '2012-12-16 20:08:08', '2019-02-20 13:57:14', NULL, 1, 0, 0, 1, 57, 1, 1, 1, 0, 0, 1, 0, 1, 0, 5, 0, 0, '49.0000', 7, 1, 0, 0, 0, 0, 0, ''),
(22, 1, 998, '', 'Scala.jpg', '0.0000', 0, '2012-12-16 20:11:29', '2019-02-20 12:55:22', NULL, 1, 0, 0, 1, 2, 1, 1, 1, 0, 0, 1, 0, 1, 0, 30, 0, 0, '44.0000', 7, 1, 0, 0, 0, 0, 0, ''),
(23, 1, 968, '', 'Algarve.jpg', '0.0000', 0, '2012-12-16 20:14:23', '2019-03-04 20:25:58', NULL, 0.5, 1, 0, 2, 32, 1, 1, 1, 0, 0, 1, 0, 1, 0, 0, 0, 0, '82.0000', 8, 1, 0, 0, 0, 0, 0, ''),
(24, 1, 954, '', 'GoldenGate.jpg', '0.0000', 0, '2012-12-16 20:16:04', '2019-02-20 12:58:10', NULL, 0.5, 1, 0, 2, 46, 1, 1, 1, 0, 0, 1, 0, 1, 0, 0, 0, 0, '88.0000', 8, 1, 0, 0, 0, 0, 0, ''),
(25, 1, 976, '', 'Goldfield.jpg', '0.0000', 0, '2012-12-16 20:18:02', '2019-02-20 12:58:18', NULL, 0.5, 1, 0, 2, 24, 1, 1, 1, 0, 0, 1, 0, 1, 0, 0, 0, 0, '82.0000', 8, 1, 0, 0, 0, 0, 0, ''),
(26, 1, 999, '', 'Vitalis.jpg', '0.0000', 0, '2012-12-16 20:19:48', '2019-02-20 12:57:30', NULL, 1, 0, 0, 2, 1, 1, 1, 1, 0, 0, 1, 0, 1, 0, 0, 0, 0, '98.0000', 8, 1, 0, 0, 0, 0, 0, ''),
(27, 1, 992, '', 'Sultana.jpg', '0.0000', 0, '2012-12-16 20:21:13', '2019-02-20 12:57:12', NULL, 0.5, 0, 0, 2, 8, 1, 1, 1, 0, 0, 1, 0, 1, 0, 0, 0, 0, '69.0000', 8, 1, 0, 0, 0, 0, 0, ''),
(28, 1, 1000, '', 'beryl2.jpg', '83.8095', 0, '2012-12-16 20:25:23', '2019-02-20 13:00:17', NULL, 0, 0, 4, 1, 0, 1, 1, 0, 0, 0, 1, 0, 1, 0, 0, 0, 0, '83.8095', 10, 1, 0, 0, 0, 0, 0, ''),
(29, 1, 1000, '', 'BarabasF1.jpg', '65.7143', 0, '2012-12-16 20:27:27', '2019-02-20 12:59:33', NULL, 0, 0, 4, 1, 0, 1, 1, 0, 0, 0, 1, 0, 1, 0, 0, 0, 0, '65.7143', 10, 1, 0, 0, 0, 0, 0, ''),
(30, 1, 0, '', 'Express.jpg', '0.0000', 0, '2012-12-16 20:29:45', '2019-02-20 12:59:44', NULL, 0.2, 0, 0, 1, 11, 1, 1, 1, 0, 0, 1, 0, 1, 0, 0, 0, 0, '54.0000', 10, 1, 0, 0, 0, 0, 0, ''),
(31, 1, 982, '', 'GoldenAcre.jpg', '0.0000', 0, '2012-12-16 20:31:28', '2019-02-20 12:59:53', NULL, 0.2, 1, 0, 1, 18, 1, 1, 1, 0, 0, 1, 0, 1, 0, 0, 0, 0, '56.0000', 10, 1, 0, 0, 0, 0, 0, ''),
(32, 1, 984, '', 'Storado.jpg', '0.0000', 0, '2012-12-16 20:37:36', '2019-02-20 13:00:26', NULL, 0.2, 1, 0, 1, 16, 1, 1, 1, 0, 0, 1, 0, 1, 0, 0, 0, 0, '56.0000', 10, 1, 0, 0, 0, 0, 0, ''),
(83, 1, 0, '', 'Amelie.jpg', '0.0000', 0, '2013-02-06 00:45:43', '2017-01-29 22:01:57', NULL, 0.05, 0, 0, 1, 7, 1, 1, 1, 0, 0, 1, 0, 1, 0, 100, 0, 0, '21.0000', 11, 1, 0, 0, 0, 0, 0, ''),
(84, 1, 1000, '', 'Balancio.jpg', '0.0000', 0, '2013-02-06 00:58:15', '2014-04-03 09:35:11', NULL, 0.05, 0, 0, 1, 0, 1, 1, 1, 0, 0, 1, 0, 1, 0, 0, 0, 0, '66.0000', 11, 1, 0, 0, 0, 0, 0, ''),
(35, 1, 988, '', 'Nantes2Castle.jpg', '0.0000', 0, '2012-12-16 20:43:03', '2018-02-20 12:41:25', NULL, 0.05, 0, 0, 1, 12, 1, 1, 1, 0, 0, 1, 0, 1, 0, 0, 0, 0, '22.0000', 11, 1, 0, 0, 0, 0, 0, ''),
(36, 1, 956, '', 'Nantes5Naba.jpg', '0.0000', 0, '2012-12-16 20:47:27', '2019-02-20 13:02:03', NULL, 0.05, 1, 0, 1, 44, 1, 1, 1, 0, 0, 1, 0, 1, 0, 0, 0, 0, '24.0000', 11, 1, 0, 0, 0, 0, 0, ''),
(86, 1, 0, '', 'Dulcia.jpg', '0.0000', 0, '2012-02-06 13:49:23', '2017-01-29 14:36:23', NULL, 500, 0, 0, 1, 2, 1, 1, 1, 0, 0, 1, 0, 1, 0, 100, 0, 0, '99.0000', 14, 1, 0, 0, 0, 0, 0, ''),
(38, 1, 996, '', 'BerlikumerBerba.jpg', '0.0000', 0, '2012-12-16 20:50:28', '2019-11-30 13:25:44', NULL, 0.05, 1, 0, 1, 35, 1, 1, 1, 0, 0, 1, 0, 1, 0, 5, 0, 0, '23.0000', 11, 1, 0, 0, 0, 0, 0, ''),
(40, 1, 988, '', 'FlakkeseFivak.jpg', '0.0000', 0, '2012-12-16 20:53:03', '2019-11-30 13:23:55', NULL, 0.05, 0, 0, 1, 28, 1, 1, 1, 0, 0, 1, 0, 1, 0, 10, 0, 0, '22.0000', 11, 1, 0, 0, 0, 0, 0, ''),
(85, 1, 998, '', 'Baladis.jpg', '0.0000', 0, '2013-02-06 01:07:41', '2015-01-12 22:27:00', NULL, 0.05, 0, 0, 1, 2, 1, 1, 1, 0, 0, 1, 0, 1, 0, 0, 0, 0, '66.0000', 11, 1, 0, 0, 0, 0, 0, ''),
(42, 1, 0, '', 'parthosF1.jpg', '0.0000', 0, '2012-12-16 20:58:40', NULL, NULL, 0, 0, 4, 1, 0, 1, 1, 0, 0, 0, 1, 0, 1, 0, 0, 0, 0, '0.0000', 12, 1, 0, 0, 0, 0, 0, ''),
(43, 1, 974, '', 'Berliner.jpg', '0.0000', 0, '2012-12-16 21:01:01', '2019-02-20 13:06:29', NULL, 0.05, 1, 0, 1, 41, 1, 1, 1, 0, 0, 1, 0, 1, 0, 0, 0, 0, '24.0000', 13, 1, 0, 0, 0, 0, 0, ''),
(45, 1, 957, '', 'Commun.jpg', '0.0000', 0, '2012-12-16 21:03:24', '2019-02-20 13:08:00', NULL, 0.05, 1, 0, 1, 43, 1, 1, 1, 0, 0, 1, 0, 1, 0, 0, 0, 0, '23.0000', 13, 1, 0, 0, 0, 0, 0, ''),
(46, 1, 997, '', 'MossCurled.jpg', '0.0000', 0, '2012-12-16 21:04:56', '2019-02-20 13:08:19', NULL, 0.5, 1, 0, 1, 3, 1, 1, 1, 0, 0, 1, 0, 1, 0, 0, 0, 0, '89.0000', 13, 1, 0, 0, 0, 0, 0, ''),
(47, 1, 998, '', 'Baltyco.jpg', '0.0000', 0, '2012-12-16 21:09:33', '2015-01-12 23:04:48', NULL, 500, 0, 0, 1, 2, 1, 1, 1, 0, 0, 1, 0, 1, 0, 0, 0, 0, '165.0000', 14, 1, 0, 0, 0, 0, 0, ''),
(48, 1, 0, '', 'Barlo.jpg', '0.0000', 0, '2012-12-16 21:11:12', '2017-01-29 14:35:57', NULL, 500, 0, 0, 1, 9, 1, 1, 1, 0, 0, 1, 0, 1, 0, 100, 0, 0, '190.0000', 14, 1, 0, 0, 0, 0, 0, ''),
(49, 1, 0, '', 'Bakony.jpg', '0.0000', 0, '2012-12-16 21:12:38', '2017-01-29 14:36:50', NULL, 500, 0, 0, 1, 19, 1, 1, 1, 0, 0, 1, 0, 1, 0, 100, 0, 0, '220.0000', 14, 1, 0, 0, 0, 0, 0, ''),
(50, 1, 993, '', 'Malibu.jpg', '0.0000', 0, '2012-12-16 21:14:20', '2019-02-20 13:08:46', NULL, 500, 1, 0, 3, 7, 1, 1, 1, 0, 0, 1, 0, 1, 0, 15, 0, 0, '240.0000', 14, 1, 0, 0, 0, 0, 0, ''),
(51, 1, 989, '', 'Parica.jpg', '0.0000', 0, '2012-12-16 21:15:54', '2019-02-20 13:08:54', NULL, 500, 1, 0, 3, 11, 1, 1, 1, 0, 0, 1, 0, 1, 0, 20, 0, 0, '240.0000', 14, 1, 0, 0, 0, 0, 0, ''),
(52, 1, 988, '', 'Lianne.jpg', '0.0000', 0, '2012-12-16 21:21:39', '2019-02-20 13:08:36', NULL, 500, 1, 0, 3, 12, 1, 1, 1, 0, 0, 1, 0, 1, 0, 1, 0, 0, '280.0000', 14, 1, 0, 0, 0, 0, 0, ''),
(54, 1, 965, '', 'Baikal.jpg', '0.0000', 0, '2012-12-16 21:27:05', '2017-01-29 12:27:59', NULL, 0.05, 0, 0, 1, 35, 1, 1, 1, 0, 0, 1, 0, 1, 0, 0, 0, 0, '420.0000', 15, 1, 0, 0, 0, 0, 0, ''),
(89, 1, 998, '', 'Delicato.jpg', '0.0000', 0, '2013-02-06 20:47:54', '2015-01-12 22:50:06', NULL, 0.01, 0, 0, 1, 2, 1, 1, 1, 0, 0, 1, 0, 1, 0, 0, 0, 0, '54.0000', 17, 1, 0, 0, 0, 0, 0, ''),
(56, 1, 999, '', 'Snowflake.jpg', '0.0000', 0, '2012-12-16 21:32:05', '2017-11-15 20:20:03', NULL, 0.05, 0, 0, 1, 10, 1, 1, 1, 0, 0, 1, 0, 1, 0, 0, 0, 0, '55.0000', 15, 1, 0, 0, 0, 0, 0, ''),
(90, 1, 0, '', 'Baval.jpg', '0.0000', 0, '2013-02-06 22:40:31', '2017-01-29 13:41:19', NULL, 0.01, 0, 0, 1, 5, 1, 1, 0, 0, 1, 1, 0, 1, 0, 0, 0, 0, '0.0000', 20, 1, 0, 0, 0, 0, 0, ''),
(58, 1, 0, '', 'Reuzen.jpg', '0.0000', 0, '2012-12-16 21:35:42', '2017-01-29 12:28:16', NULL, 0.05, 0, 0, 1, 3, 1, 1, 1, 0, 0, 1, 0, 1, 0, 100, 0, 0, '52.0000', 15, 1, 0, 0, 0, 0, 0, ''),
(60, 1, 0, '', 'Noba.jpg', '0.0000', 0, '2012-12-16 21:39:29', '2017-01-29 21:13:49', NULL, 0.1, 0, 0, 1, 18, 1, 1, 1, 0, 0, 1, 0, 1, 0, 100, 0, 0, '21.0000', 16, 1, 0, 0, 0, 0, 0, ''),
(88, 1, 998, '', 'Assor.jpg', '0.0000', 0, '2013-02-06 20:31:28', '2015-01-12 22:50:16', NULL, 0.01, 0, 0, 1, 2, 1, 1, 1, 0, 0, 1, 0, 1, 0, 0, 0, 0, '54.0000', 17, 1, 0, 0, 0, 0, 0, ''),
(87, 1, 1000, '', 'Queen.jpg', '0.0000', 0, '2013-02-06 20:21:15', '2017-01-29 13:37:59', NULL, 0.01, 0, 0, 1, 2, 1, 1, 1, 0, 0, 1, 0, 1, 0, 100, 0, 0, '59.0000', 17, 1, 0, 0, 0, 0, 0, ''),
(63, 1, 994, '', 'Saxa.jpg', '0.0000', 0, '2012-12-16 21:42:54', '2017-01-29 21:13:40', NULL, 0.25, 0, 0, 1, 6, 1, 1, 1, 0, 0, 1, 0, 1, 0, 0, 0, 0, '38.0000', 16, 1, 0, 0, 0, 0, 0, ''),
(65, 1, 995, '', 'Blonde.jpg', '0.0000', 0, '2012-12-16 21:50:24', '2013-02-06 20:04:49', NULL, 0.01, 0, 0, 1, 5, 1, 1, 1, 0, 0, 1, 0, 1, 0, 0, 0, 0, '59.0000', 17, 1, 0, 0, 0, 0, 0, ''),
(66, 1, 995, '', 'Lakes.jpg', '0.0000', 0, '2012-12-16 21:51:53', '2013-02-06 20:13:13', NULL, 0.01, 0, 0, 1, 5, 1, 1, 1, 0, 0, 1, 0, 1, 0, 0, 0, 0, '59.0000', 17, 1, 0, 0, 0, 0, 0, ''),
(67, 1, 0, '', 'Prager.jpg', '0.0000', 0, '2012-12-16 21:54:33', '2016-03-22 09:10:47', NULL, 0.01, 0, 0, 1, 6, 1, 1, 1, 0, 0, 1, 0, 1, 0, 100, 0, 0, '98.0000', 18, 1, 0, 0, 0, 0, 0, ''),
(69, 1, 997, '', 'Pascal.jpg', '0.0000', 0, '2012-12-16 21:58:45', '2017-11-15 20:28:06', NULL, 0.05, 0, 0, 1, 3, 1, 1, 1, 0, 0, 1, 0, 1, 0, 0, 0, 0, '65.0000', 18, 1, 0, 0, 0, 0, 0, ''),
(70, 1, 984, '', 'Resistoflay.jpg', '0.0000', 0, '2012-12-16 22:00:28', '2013-02-06 22:01:30', NULL, 1, 0, 0, 1, 16, 1, 1, 1, 0, 0, 1, 0, 1, 0, 0, 0, 0, '68.0000', 19, 1, 0, 0, 0, 0, 0, ''),
(73, 1, 959, '', 'Tempo.jpg', '0.0000', 0, '2013-02-05 13:54:02', '2019-02-20 21:31:33', NULL, 1, 1, 0, 1, 41, 1, 1, 1, 0, 0, 1, 0, 1, 0, 20, 0, 0, '54.0000', 6, 1, 0, 0, 0, 0, 0, ''),
(74, 1, 989, '', 'BaromaVR.jpg', '0.0000', 0, '2013-02-05 14:07:53', '2019-02-20 12:45:20', NULL, 1, 0, 0, 1, 11, 1, 1, 1, 0, 0, 1, 0, 1, 0, 50, 0, 0, '68.0000', 6, 1, 0, 0, 0, 0, 0, ''),
(75, 1, 987, '', 'Odir.jpg', '0.0000', 0, '2013-02-05 14:22:10', '2019-02-20 12:55:39', NULL, 1, 0, 0, 1, 14, 1, 1, 1, 0, 0, 1, 0, 1, 0, 51, 0, 0, '68.0000', 7, 1, 0, 0, 0, 0, 0, ''),
(76, 1, 973, '', 'Lawrence.jpg', '0.0000', 0, '2013-02-05 20:36:10', '2019-02-20 12:41:16', NULL, 5000, 0, 0, 2, 27, 1, 1, 1, 0, 0, 1, 0, 1, 0, 0, 0, 0, '59.0000', 6, 1, 0, 0, 0, 0, 0, ''),
(77, 1, 976, '', 'Stanley.jpg', '0.0000', 0, '2013-02-05 20:51:34', '2019-02-20 12:44:19', NULL, 5000, 1, 0, 2, 24, 1, 1, 1, 0, 0, 1, 0, 1, 0, 15, 0, 0, '66.0000', 6, 1, 0, 0, 0, 0, 0, ''),
(78, 1, 1000, '', 'Lawrence.jpg', '0.0000', 0, '2010-02-05 21:26:41', '2019-02-20 12:40:13', NULL, 100000, 0, 0, 2, 0, 1, 1, 0, 0, 1, 1, 0, 1, 0, 0, 0, 0, '0.0000', 5, 1, 0, 0, 0, 0, 0, ''),
(79, 1, 1000, '', 'Domino.jpg', '0.0000', 0, '2010-02-05 21:39:24', '2019-02-20 12:40:01', NULL, 100000, 0, 0, 2, 0, 1, 1, 0, 0, 1, 1, 0, 1, 0, 0, 0, 0, '0.0000', 5, 1, 0, 0, 0, 0, 0, ''),
(80, 1, 1000, '', 'Columbo.jpg', '0.0000', 0, '2010-02-05 21:46:15', '2019-02-20 12:39:53', NULL, 100000, 0, 0, 2, 0, 1, 1, 0, 0, 1, 1, 0, 1, 0, 0, 0, 0, '0.0000', 5, 1, 0, 0, 0, 0, 0, ''),
(81, 1, 1000, '', 'Kansas.jpg', '0.0000', 0, '2010-02-05 22:01:03', '2019-02-20 12:40:54', NULL, 100000, 0, 0, 2, 0, 1, 1, 0, 0, 1, 1, 0, 1, 0, 0, 0, 0, '0.0000', 5, 1, 0, 0, 0, 0, 0, ''),
(82, 1, 1000, '', 'Flagrano.jpg', '0.0000', 0, '2010-02-05 22:12:26', '2019-02-20 12:39:44', NULL, 100000, 0, 0, 2, 0, 1, 1, 0, 0, 1, 1, 0, 1, 0, 0, 0, 0, '0.0000', 5, 1, 0, 0, 0, 0, 0, ''),
(91, 1, 1000, '', 'Tempo.jpg', '0.0000', 0, '2010-03-22 13:34:22', '2019-02-20 21:32:19', NULL, 100000, 1, 0, 1, 0, 1, 1, 0, 0, 1, 1, 0, 1, 0, 0, 0, 0, '0.0000', 5, 1, 0, 0, 0, 0, 0, ''),
(92, 1, 992, '', 'batnapapryka.jpg', '0.0000', 0, '2014-01-03 20:18:43', '2019-01-04 22:19:28', NULL, 250, 0, 0, 1, 8, 1, 1, 1, 0, 0, 1, 0, 1, 0, 0, 0, 0, '125.0000', 22, 1, 0, 0, 0, 0, 0, ''),
(93, 1, 999, '', 'batistapapryka.jpg', '0.0000', 0, '2014-01-03 20:24:24', '2017-01-29 16:18:38', NULL, 250, 0, 0, 1, 1, 1, 1, 1, 0, 0, 1, 0, 1, 0, 0, 0, 0, '125.0000', 22, 1, 0, 0, 0, 0, 0, ''),
(94, 1, 991, '', 'bambapapryka.jpg', '0.0000', 0, '2014-01-03 20:41:15', '2017-01-29 16:19:14', NULL, 1500, 0, 0, 1, 9, 1, 1, 1, 0, 0, 1, 0, 1, 0, 0, 0, 0, '50.0000', 22, 1, 0, 0, 0, 0, 0, ''),
(95, 1, 993, '', 'cebula-hiszpanska.png', '0.0000', 0, '2014-04-01 16:05:23', '2019-02-20 11:35:52', NULL, 0.5, 0, 0, 1, 0, 1, 1, 1, 0, 0, 1, 0, 1, 0, 0, 0, 0, '182.0000', 3, 1, 0, 0, 0, 0, 0, ''),
(96, 1, 993, '', 'Commun.jpg', '0.0000', 0, '2014-04-03 09:39:40', '2019-11-30 13:42:38', NULL, 0.5, 0, 0, 1, 16, 1, 1, 1, 0, 0, 1, 0, 1, 0, 0, 0, 0, '158.0000', 13, 1, 0, 0, 0, 0, 0, ''),
(97, 1, 990, '', 'Commun.jpg', '0.0000', 0, '2014-04-03 09:39:57', '2015-01-12 22:31:34', NULL, 0.05, 0, 0, 1, 3, 1, 1, 1, 0, 0, 1, 0, 1, 0, 0, 0, 0, '19.0000', 13, 1, 0, 0, 0, 0, 0, ''),
(98, 1, 999, '', 'Lawrence.jpg', '0.0000', 0, '2015-01-12 21:05:09', '2019-02-20 12:42:03', NULL, 50000, 0, 0, 2, 1, 1, 1, 1, 0, 0, 1, 0, 1, 0, 0, 0, 0, '440.0000', 6, 1, 0, 0, 0, 0, 0, ''),
(99, 1, 0, '', 'Barracuda.jpg', '0.0000', 0, '2015-01-12 23:21:53', '2017-01-29 22:02:06', NULL, 0.025, 0, 0, 1, 1, 1, 1, 1, 0, 0, 1, 0, 1, 0, 100, 0, 0, '66.0000', 11, 1, 0, 0, 0, 0, 0, ''),
(100, 1, 975, '', 'FasolaCapitano.jpg', '0.0000', 0, '2015-01-12 23:31:57', '2019-02-20 21:54:01', NULL, 1, 1, 0, 2, 25, 1, 1, 1, 0, 0, 1, 0, 1, 0, 50, 0, 0, '66.0000', 7, 1, 0, 0, 0, 0, 0, ''),
(101, 1, 997, '', 'FasolaKansas.jpg', '0.0000', 0, '2015-01-12 23:38:53', '2019-02-20 12:45:31', NULL, 1, 1, 0, 2, 3, 1, 1, 1, 0, 0, 1, 0, 1, 0, 51, 0, 0, '66.0000', 6, 1, 0, 0, 0, 0, 0, ''),
(102, 1, 960, '', 'FasolaSprinter.jpg', '0.0000', 0, '2015-01-12 23:46:54', '2019-02-20 21:39:26', NULL, 1, 1, 0, 2, 92, 1, 1, 1, 0, 0, 1, 0, 1, 0, 0, 0, 0, '66.0000', 7, 1, 0, 0, 0, 0, 0, ''),
(103, 1, 0, '', 'FasolaSprinter.jpg', '0.0000', 0, '2015-01-12 23:48:55', '2019-02-20 12:56:10', NULL, 10, 0, 0, 2, 2, 1, 1, 1, 0, 0, 1, 0, 1, 0, 100, 0, 0, '440.0000', 7, 1, 0, 0, 0, 0, 0, ''),
(104, 1, 980, '', 'FasolaVoltage.jpg', '0.0000', 0, '2015-01-12 23:55:53', '2019-02-20 21:42:40', NULL, 1, 1, 0, 2, 31, 1, 1, 1, 0, 0, 1, 0, 1, 0, 1, 0, 0, '66.0000', 7, 1, 0, 0, 0, 0, 0, ''),
(105, 1, 999, '', 'FasolaVoltage.jpg', '0.0000', 0, '2015-01-12 23:57:36', '2019-02-20 21:45:12', NULL, 10, 1, 0, 2, 3, 1, 1, 1, 0, 0, 1, 0, 1, 0, 2, 0, 0, '450.0000', 7, 1, 0, 0, 0, 0, 0, ''),
(106, 1, 960, '', 'FasolaDior.jpg', '0.0000', 0, '2015-01-13 00:22:05', '2019-02-20 21:49:23', NULL, 1, 1, 0, 2, 40, 1, 1, 1, 0, 0, 1, 0, 1, 0, 10, 0, 0, '64.0000', 7, 1, 0, 0, 0, 0, 0, ''),
(107, 1, 997, '', 'FasolaDior.jpg', '0.0000', 0, '2015-01-13 00:23:44', '2019-02-20 21:49:49', NULL, 10, 1, 0, 2, 3, 1, 1, 1, 0, 0, 1, 0, 1, 0, 25, 0, 0, '450.0000', 7, 1, 0, 0, 0, 0, 0, ''),
(108, 1, 1000, '', 'kukurydzaSeven.jpg', '0.0000', 0, '2015-01-13 00:49:47', '2017-01-29 13:59:39', NULL, 1, 0, 0, 4, 3, 1, 1, 1, 0, 0, 1, 0, 1, 0, 100, 0, 0, '160.0000', 23, 1, 0, 0, 0, 0, 0, ''),
(109, 1, 962, '', 'kukurydzaAC7473.jpg', '0.0000', 0, '2015-01-13 00:50:47', '2018-04-21 00:10:45', NULL, 1, 0, 0, 4, 38, 1, 1, 1, 0, 0, 1, 0, 1, 0, 5, 0, 0, '160.0000', 23, 1, 0, 0, 0, 0, 0, ''),
(110, 1, 999, '', 'FulvicoNawoz.png', '0.0000', 0, '2015-05-24 12:59:23', '2015-05-25 12:03:16', NULL, 1, 0, 0, 5, 1, 1, 1, 1, 0, 0, 1, 0, 1, 0, 0, 0, 0, '54.0000', 24, 1, 0, 0, 0, 0, 0, 'nawozy'),
(111, 1, 1000, '', 'FulvicoNawoz.png', '0.0000', 0, '2015-05-24 13:07:20', '2015-05-25 11:17:07', NULL, 20, 0, 0, 5, 0, 1, 1, 0, 0, 1, 1, 0, 1, 0, 0, 0, 0, '0.0000', 24, 1, 0, 0, 0, 0, 0, ''),
(112, 1, 998, '', 'WonderfulNawoz.png', '0.0000', 0, '2015-05-24 13:18:12', '2015-05-25 12:02:04', NULL, 1, 0, 0, 5, 2, 1, 1, 1, 0, 0, 1, 0, 1, 0, 0, 0, 0, '56.0000', 24, 1, 0, 0, 0, 0, 0, 'nawozy'),
(113, 1, 1000, '', 'WonderfulNawoz.png', '0.0000', 0, '2015-05-24 13:20:55', '2015-05-25 11:16:53', NULL, 20, 0, 0, 5, 0, 1, 1, 0, 0, 1, 1, 0, 1, 0, 0, 0, 0, '0.0000', 24, 1, 0, 0, 0, 0, 0, ''),
(114, 1, 999, '', 'kukurydzaSeven.jpg', '0.0000', 0, '2015-05-24 20:02:31', '2015-05-25 11:36:52', NULL, 1, 0, 0, 4, 0, 1, 1, 0, 0, 1, 1, 0, 1, 0, 0, 0, 0, '0.0000', 23, 1, 0, 0, 0, 0, 0, ''),
(115, 1, 999, '', 'kukurydzaAC7473.jpg', '0.0000', 0, '2015-05-24 20:05:29', '2019-01-04 21:30:12', NULL, 1, 0, 0, 4, 0, 1, 1, 0, 0, 1, 1, 0, 1, 0, 0, 0, 0, '0.0000', 23, 1, 0, 0, 0, 0, 0, ''),
(116, 1, 993, '', 'DetritDarkRed.jpg', '0.0000', 0, '2015-12-09 20:48:40', '2019-02-20 11:14:43', NULL, 1, 1, 0, 1, 7, 1, 1, 1, 0, 0, 1, 0, 1, 0, 0, 0, 0, '128.0000', 1, 1, 0, 0, 0, 0, 0, ''),
(117, 1, 996, '', 'DetritDarkRed.jpg', '0.0000', 0, '2015-12-09 20:49:48', '2019-02-20 11:14:51', NULL, 1, 0, 0, 1, 4, 1, 1, 1, 0, 0, 1, 0, 1, 0, 0, 0, 0, '138.0000', 1, 1, 0, 0, 0, 0, 0, ''),
(118, 1, 998, '', 'Stanley.jpg', '0.0000', 0, '2015-12-09 21:31:26', '2019-02-20 12:45:01', NULL, 50000, 1, 0, 2, 2, 1, 1, 1, 0, 0, 1, 0, 1, 0, 16, 0, 0, '450.0000', 6, 1, 0, 0, 0, 0, 0, ''),
(119, 1, 974, '', 'Nantes5Naba.jpg', '0.0000', 0, '2015-12-09 22:01:56', '2019-02-20 13:03:02', NULL, 0.5, 1, 0, 1, 2, 1, 1, 1, 0, 0, 1, 0, 1, 0, 0, 0, 0, '234.0000', 11, 1, 0, 0, 0, 0, 0, ''),
(120, 1, 975, '', 'Nantes5Naba.jpg', '0.0000', 0, '2015-12-09 22:04:53', '2019-01-04 22:01:21', NULL, 0.5, 0, 0, 1, 1, 1, 1, 1, 0, 0, 1, 0, 1, 0, 0, 0, 0, '224.0000', 11, 1, 0, 0, 0, 0, 0, ''),
(121, 1, 986, '', 'FlakkeseFivak.jpg', '0.0000', 0, '2015-12-09 22:06:08', '2019-11-30 13:24:14', NULL, 0.5, 0, 0, 1, 13, 1, 1, 1, 0, 0, 1, 0, 1, 0, 11, 0, 0, '224.0000', 11, 1, 0, 0, 0, 0, 0, ''),
(122, 1, 999, '', 'FlakkeseFivak.jpg', '0.0000', 0, '2015-12-09 22:07:38', '2018-02-20 12:40:08', NULL, 0.5, 0, 0, 1, 0, 1, 1, 1, 0, 0, 1, 0, 1, 0, 0, 0, 0, '224.0000', 11, 1, 0, 0, 0, 0, 0, ''),
(123, 1, 1000, '', 'YellowSweetSpanish.jpg', '0.0000', 0, '2016-02-15 10:59:19', '2019-02-20 11:36:04', NULL, 20, 1, 0, 1, 0, 1, 1, 0, 0, 1, 1, 0, 1, 0, 100, 0, 0, '0.0000', 3, 1, 0, 0, 0, 0, 0, ''),
(125, 1, 996, '', 'RijnsburgerBalusta.jpg', '0.0000', 0, '2017-01-28 23:43:21', '2019-02-20 11:34:58', NULL, 1, 0, 0, 1, 4, 1, 1, 1, 0, 0, 1, 0, 1, 0, 0, 0, 0, '170.0000', 3, 1, 0, 0, 0, 0, 0, ''),
(126, 1, 994, '', 'porgiantedebulgaria.png', '0.0000', 0, '2017-01-29 12:27:36', '2019-03-04 20:00:55', NULL, 0.05, 1, 0, 1, 6, 1, 1, 1, 0, 0, 1, 0, 1, 0, 0, 0, 0, '58.0000', 15, 1, 0, 0, 0, 0, 0, ''),
(127, 1, 0, '', 'Baikal.jpg', '0.0000', 0, '2017-01-29 12:35:06', '2019-01-04 22:12:42', NULL, 0.05, 0, 0, 1, 13, 1, 1, 1, 0, 0, 1, 0, 1, 0, 0, 0, 0, '58.0000', 15, 1, 0, 0, 0, 0, 0, ''),
(129, 1, 1000, '', 'kukurydzaSeven.jpg', '0.0000', 0, '2017-01-29 14:21:14', '2019-11-30 13:15:51', NULL, 1, 1, 0, 4, 0, 1, 1, 0, 0, 1, 1, 0, 1, 0, 100, 0, 0, '0.0000', 23, 1, 0, 0, 0, 0, 0, ''),
(128, 1, 991, '', 'kukurydzaSeven.jpg', '0.0000', 0, '2017-01-29 13:59:09', '2018-04-20 23:55:42', NULL, 1, 0, 0, 4, 9, 1, 1, 1, 0, 0, 1, 0, 1, 0, 1, 0, 0, '160.0000', 23, 1, 0, 0, 0, 0, 0, ''),
(130, 1, 1000, '', 'pomidorpodkladkamozart.png', '0.0000', 0, '2017-01-29 14:44:42', NULL, NULL, 500, 0, 0, 6, 0, 1, 1, 1, 0, 0, 1, 0, 1, 0, 0, 0, 0, '280.0000', 28, 1, 0, 0, 0, 0, 0, ''),
(131, 1, 997, '', 'pomidoramelia.png', '0.0000', 0, '2017-01-29 14:58:36', '2019-11-30 14:06:59', NULL, 500, 1, 0, 6, 3, 1, 1, 1, 0, 0, 1, 0, 1, 0, 5, 0, 0, '280.0000', 27, 1, 0, 0, 0, 0, 0, ''),
(132, 1, 999, '', 'pomidorastra.png', '0.0000', 0, '2017-01-29 15:04:40', '2019-01-04 22:26:05', NULL, 250, 0, 0, 3, 1, 1, 1, 1, 0, 0, 1, 0, 1, 0, 10, 0, 0, '150.0000', 27, 1, 0, 0, 0, 0, 0, ''),
(133, 1, 988, '', 'pomidorgiantpink.png', '0.0000', 0, '2017-01-29 15:15:50', '2019-11-30 14:10:39', NULL, 250, 1, 0, 3, 12, 1, 1, 1, 0, 0, 1, 0, 1, 0, 1, 0, 0, '170.0000', 27, 1, 0, 0, 0, 0, 0, ''),
(134, 1, 1000, '', 'pomidorsalinas.png', '0.0000', 0, '2017-01-29 15:34:36', '2019-01-04 22:33:05', NULL, 500, 0, 0, 6, 0, 1, 1, 1, 0, 0, 1, 0, 1, 0, 5, 0, 0, '250.0000', 14, 1, 0, 0, 0, 0, 0, ''),
(135, 1, 995, '', 'pomidorbayonne.png', '0.0000', 0, '2017-01-29 15:53:49', '2019-01-04 22:33:26', NULL, 100, 0, 0, 1, 5, 1, 1, 1, 0, 0, 1, 0, 1, 0, 10, 0, 0, '49.0000', 14, 1, 0, 0, 0, 0, 0, ''),
(136, 1, 0, '', 'pomidorturpino.png', '0.0000', 0, '2017-01-29 16:01:46', '2017-11-15 20:26:12', NULL, 500, 0, 0, 6, 0, 1, 1, 1, 0, 0, 1, 0, 1, 0, 25, 0, 0, '240.0000', 14, 1, 0, 0, 0, 0, 0, ''),
(137, 1, 999, '', 'santoria1.jpg', '0.0000', 0, '2017-01-29 16:07:56', '2019-02-20 13:09:45', NULL, 250, 1, 0, 3, 1, 1, 1, 1, 0, 0, 1, 0, 1, 0, 30, 0, 0, '180.0000', 14, 1, 0, 0, 0, 0, 0, ''),
(138, 1, 999, '', 'paprykasidi.png', '0.0000', 0, '2017-01-29 19:19:39', '2019-11-30 13:47:52', NULL, 500, 0, 0, 6, 1, 1, 1, 1, 0, 0, 1, 0, 1, 0, 100, 0, 0, '250.0000', 22, 1, 0, 0, 0, 0, 0, ''),
(139, 1, 1000, '', 'paprykagandhi.png', '0.0000', 0, '2017-01-29 19:25:27', '2019-11-30 13:48:16', NULL, 500, 0, 0, 6, 0, 1, 1, 1, 0, 0, 1, 0, 1, 0, 0, 0, 0, '250.0000', 22, 1, 0, 0, 0, 0, 0, ''),
(140, 1, 1000, '', 'paprykafrey.png', '0.0000', 0, '2017-01-29 19:31:54', '2019-11-30 13:53:46', NULL, 500, 1, 0, 1, 0, 1, 1, 1, 0, 0, 1, 0, 1, 0, 0, 0, 0, '238.0000', 22, 1, 0, 0, 0, 0, 0, ''),
(141, 1, 999, '', 'bambapapryka.jpg', '0.0000', 0, '2017-01-29 19:39:59', '2019-02-20 13:04:22', NULL, 1500, 1, 0, 1, 1, 1, 1, 1, 0, 0, 1, 0, 1, 0, 0, 0, 0, '68.0000', 22, 1, 0, 0, 0, 0, 0, ''),
(142, 1, 982, '', 'fasolacobra.png', '0.0000', 0, '2017-01-29 19:54:18', '2019-02-20 12:56:32', NULL, 0.5, 1, 0, 2, 18, 1, 1, 1, 0, 0, 1, 0, 1, 0, 0, 0, 0, '82.0000', 8, 1, 0, 0, 0, 0, 0, ''),
(143, 1, 999, '', 'fasolaparker.png', '0.0000', 0, '2017-01-29 20:36:50', '2019-02-20 12:43:11', NULL, 5000, 1, 0, 2, 1, 1, 1, 1, 0, 0, 1, 0, 1, 0, 5, 0, 0, '66.0000', 6, 1, 0, 0, 0, 0, 0, ''),
(144, 1, 958, '', 'fasolajackson.png', '0.0000', 0, '2017-01-29 20:42:45', '2019-02-20 21:35:29', NULL, 5000, 1, 0, 2, 42, 1, 1, 1, 0, 0, 1, 0, 1, 0, 1, 0, 0, '66.0000', 6, 1, 0, 0, 0, 0, 0, ''),
(145, 1, 979, '', 'groszeknairobi.png', '0.0000', 0, '2017-01-29 21:08:06', '2019-02-20 12:58:33', NULL, 0.5, 1, 0, 2, 21, 1, 1, 1, 0, 0, 1, 0, 1, 0, 0, 0, 0, '70.0000', 25, 1, 0, 0, 0, 0, 0, ''),
(146, 1, 995, '', 'groszeksweethorizon.png', '0.0000', 0, '2017-01-29 21:10:19', '2019-02-20 12:58:39', NULL, 0.5, 1, 0, 2, 5, 1, 1, 1, 0, 0, 1, 0, 1, 0, 0, 0, 0, '66.0000', 25, 1, 0, 0, 0, 0, 0, ''),
(147, 1, 966, '', 'rzodkiewkarossotondo.png', '0.0000', 0, '2017-01-29 21:40:36', '2019-02-20 13:11:18', NULL, 0.25, 1, 0, 2, 34, 1, 1, 1, 0, 0, 1, 0, 1, 0, 0, 0, 0, '46.0000', 16, 1, 0, 0, 0, 0, 0, ''),
(148, 1, 997, '', 'rzodkiewkatondo.png', '0.0000', 0, '2017-01-29 21:41:34', '2019-01-04 22:39:02', NULL, 0.25, 0, 0, 2, 3, 1, 1, 1, 0, 0, 1, 0, 1, 0, 0, 0, 0, '44.0000', 16, 1, 0, 0, 0, 0, 0, ''),
(149, 1, 1000, '', 'BerlikumerBerba.jpg', '0.0000', 0, '2017-01-29 21:52:31', '2018-02-20 12:39:08', NULL, 0.5, 0, 0, 1, 0, 1, 1, 1, 0, 0, 1, 0, 1, 0, 0, 0, 0, '224.0000', 11, 1, 0, 0, 0, 0, 0, ''),
(150, 1, 1000, '', 'BerlikumerBerba.jpg', '0.0000', 0, '2017-01-29 21:53:45', '2018-02-20 12:39:20', NULL, 0.5, 0, 0, 1, 0, 1, 1, 1, 0, 0, 1, 0, 1, 0, 0, 0, 0, '224.0000', 11, 1, 0, 0, 0, 0, 0, ''),
(151, 1, 1000, '', 'pasternakdugibeli.png', '0.0000', 0, '2017-01-29 22:34:23', '2019-01-04 22:43:02', NULL, 0.5, 0, 0, 1, 0, 1, 1, 1, 0, 0, 1, 0, 1, 0, 0, 0, 0, '125.0000', 26, 1, 0, 0, 0, 0, 0, ''),
(152, 1, 1000, '', 'Witkiem.jpg', '0.0000', 0, '2012-12-13 20:35:53', '2019-02-20 11:12:47', NULL, 5, 0, 0, 1, 0, 1, 1, 1, 0, 0, 1, 0, 1, 0, 0, 0, 0, '500.0000', 2, 1, 0, 0, 0, 0, 0, ''),
(154, 1, 999, '', 'kukurydzaearlyriser.jpg', '0.0000', 0, '2018-04-20 23:37:46', '2019-01-04 21:30:45', NULL, 1, 0, 0, 4, 1, 1, 1, 1, 0, 0, 1, 0, 1, 0, 1, 0, 0, '160.0000', 23, 1, 0, 0, 0, 0, 0, ''),
(155, 1, 990, '', 'kukurydzaAC7473.jpg', '0.0000', 0, '2018-04-20 23:59:46', '2019-11-30 13:13:54', NULL, 1, 0, 0, 4, 10, 1, 1, 1, 0, 0, 1, 0, 1, 0, 5, 0, 0, '170.0000', 23, 1, 0, 0, 0, 0, 0, ''),
(156, 1, 1000, '', 'kukurydza3580mr.jpg', '0.0000', 0, '2018-04-21 10:46:50', '2019-01-04 21:31:03', NULL, 1, 0, 0, 4, 0, 1, 1, 1, 0, 0, 1, 0, 1, 0, 6, 0, 0, '160.0000', 23, 1, 0, 0, 0, 0, 0, ''),
(157, 1, 1000, '', 'kukurydzadesser82.jpg', '0.0000', 0, '2018-04-21 10:56:23', '2019-01-04 21:31:18', NULL, 1, 0, 0, 4, 0, 1, 1, 1, 0, 0, 1, 0, 1, 0, 7, 0, 0, '160.0000', 23, 1, 0, 0, 0, 0, 0, ''),
(158, 1, 996, '', 'DetritDarkRed.jpg', '0.0000', 0, '2018-01-04 12:26:38', '2019-02-20 21:22:29', NULL, 1, 1, 0, 1, 4, 1, 1, 1, 0, 0, 1, 0, 1, 0, 0, 0, 0, '98.0000', 1, 1, 0, 0, 0, 0, 0, ''),
(159, 1, 1000, '', 'fasolaparker.png', '0.0000', 0, '2018-01-04 20:31:29', '2019-02-20 12:43:54', NULL, 50000, 1, 0, 2, 0, 1, 1, 1, 0, 0, 1, 0, 1, 0, 5, 0, 0, '450.0000', 6, 1, 0, 0, 0, 0, 0, ''),
(160, 1, 958, '', 'fasolajackson.png', '0.0000', 0, '2018-01-04 20:46:14', '2019-02-20 21:35:57', NULL, 50000, 1, 0, 2, 4, 1, 1, 1, 0, 0, 1, 0, 1, 0, 1, 0, 0, '450.0000', 6, 1, 0, 0, 0, 0, 0, ''),
(161, 1, 998, '', 'FasolaMozenda.jpg', '0.0000', 0, '2019-01-04 20:53:41', '2019-11-30 12:43:49', NULL, 1, 1, 0, 2, 2, 1, 1, 1, 0, 0, 1, 0, 1, 0, 51, 0, 0, '66.0000', 6, 1, 0, 0, 0, 0, 0, ''),
(162, 1, 1000, '', 'FasolaSprinter.jpg', '0.0000', 0, '2018-01-04 20:56:21', '2019-02-20 21:39:53', NULL, 10, 1, 0, 2, 0, 1, 1, 1, 0, 0, 1, 0, 1, 0, 0, 0, 0, '450.0000', 7, 1, 0, 0, 0, 0, 0, ''),
(163, 1, 998, '', 'seychelles1.jpg', '0.0000', 0, '2019-01-04 21:12:39', '2019-02-20 12:57:04', NULL, 1000, 1, 0, 2, 2, 1, 1, 1, 0, 0, 1, 0, 1, 0, 0, 0, 0, '88.0000', 8, 1, 0, 0, 0, 0, 0, ''),
(164, 1, 987, '', 'Sunshade.jpg', '0.0000', 0, '2019-01-04 21:20:22', '2019-02-20 12:58:00', NULL, 1000, 1, 0, 2, 13, 1, 1, 1, 0, 0, 1, 0, 1, 0, 0, 0, 0, '88.0000', 8, 1, 0, 0, 0, 0, 0, ''),
(165, 1, 997, '', 'Baikal.jpg', '0.0000', 0, '2019-01-04 22:10:29', '2019-03-04 19:55:32', NULL, 0.05, 1, 0, 1, 3, 1, 1, 1, 0, 0, 1, 0, 1, 0, 0, 0, 0, '58.0000', 15, 1, 0, 0, 0, 0, 0, ''),
(166, 1, 1000, '', 'PomidorMAL200.jpg', '0.0000', 0, '2019-01-04 22:26:51', '2019-11-30 14:15:12', NULL, 500, 1, 0, 3, 0, 1, 1, 1, 0, 0, 1, 0, 1, 0, 5, 0, 0, '140.0000', 27, 1, 0, 0, 0, 0, 0, ''),
(167, 1, 1000, '', 'Resistoflay.jpg', '0.0000', 0, '2019-01-04 22:40:20', '2019-03-04 14:26:36', NULL, 1, 1, 0, 1, 0, 1, 1, 1, 0, 0, 1, 0, 1, 0, 0, 0, 0, '68.0000', 19, 1, 0, 0, 0, 0, 0, ''),
(168, 1, 1000, '', 'pomidorbayonne.png', '0.0000', 0, '2019-02-20 22:04:33', '2019-02-20 22:10:16', NULL, 250, 1, 0, 3, 0, 1, 1, 1, 0, 0, 1, 0, 1, 0, 30, 0, 0, '98.0000', 14, 1, 0, 0, 0, 0, 0, ''),
(169, 1, 1000, '', 'bobaquadulce.jpg', '0.0000', 0, '2019-11-29 22:18:22', '2019-11-29 22:21:13', NULL, 5, 1, 0, 0, 0, 1, 1, 1, 0, 0, 1, 0, 1, 0, 0, 0, 0, '118.0000', 2, 1, 0, 0, 0, 0, 0, ''),
(170, 1, 1000, '', '', '0.0000', 0, '2019-11-30 19:39:28', NULL, NULL, 0.5, 1, 0, 0, 0, 1, 1, 1, 0, 0, 1, 0, 1, 0, 0, 0, 0, '36.0000', 29, 1, 0, 0, 0, 0, 0, ''),
(171, 1, 1000, '', '', '0.0000', 0, '2019-11-30 19:47:14', NULL, NULL, 250, 1, 0, 0, 0, 1, 1, 1, 0, 0, 1, 0, 1, 0, 0, 0, 0, '49.0000', 30, 1, 0, 0, 0, 0, 0, ''),
(172, 1, 1000, '', '', '0.0000', 0, '2019-11-30 19:55:12', NULL, NULL, 0.05, 1, 0, 0, 0, 1, 1, 1, 0, 0, 1, 0, 1, 0, 0, 0, 0, '28.0000', 30, 1, 0, 0, 0, 0, 0, ''),
(173, 1, 999, '', '', '0.0000', 0, '2019-11-30 20:01:47', '2019-11-30 20:02:28', NULL, 0.25, 1, 0, 0, 1, 1, 1, 1, 0, 0, 1, 0, 1, 0, 0, 0, 0, '98.0000', 30, 1, 0, 0, 0, 0, 0, '');

-- --------------------------------------------------------

--
-- Struktura tabeli dla tabeli `products_attributes`
--

CREATE TABLE `products_attributes` (
  `products_attributes_id` int(11) NOT NULL,
  `products_id` int(11) NOT NULL DEFAULT '0',
  `options_id` int(11) NOT NULL DEFAULT '0',
  `options_values_id` int(11) NOT NULL DEFAULT '0',
  `options_values_price` decimal(15,4) NOT NULL DEFAULT '0.0000',
  `price_prefix` char(1) NOT NULL DEFAULT '',
  `products_options_sort_order` int(11) NOT NULL DEFAULT '0',
  `product_attribute_is_free` tinyint(1) NOT NULL DEFAULT '0',
  `products_attributes_weight` float NOT NULL DEFAULT '0',
  `products_attributes_weight_prefix` char(1) NOT NULL DEFAULT '',
  `attributes_display_only` tinyint(1) NOT NULL DEFAULT '0',
  `attributes_default` tinyint(1) NOT NULL DEFAULT '0',
  `attributes_discounted` tinyint(1) NOT NULL DEFAULT '1',
  `attributes_image` varchar(64) DEFAULT NULL,
  `attributes_price_base_included` tinyint(1) NOT NULL DEFAULT '1',
  `attributes_price_onetime` decimal(15,4) NOT NULL DEFAULT '0.0000',
  `attributes_price_factor` decimal(15,4) NOT NULL DEFAULT '0.0000',
  `attributes_price_factor_offset` decimal(15,4) NOT NULL DEFAULT '0.0000',
  `attributes_price_factor_onetime` decimal(15,4) NOT NULL DEFAULT '0.0000',
  `attributes_price_factor_onetime_offset` decimal(15,4) NOT NULL DEFAULT '0.0000',
  `attributes_qty_prices` text,
  `attributes_qty_prices_onetime` text,
  `attributes_price_words` decimal(15,4) NOT NULL DEFAULT '0.0000',
  `attributes_price_words_free` int(4) NOT NULL DEFAULT '0',
  `attributes_price_letters` decimal(15,4) NOT NULL DEFAULT '0.0000',
  `attributes_price_letters_free` int(4) NOT NULL DEFAULT '0',
  `attributes_required` tinyint(1) NOT NULL DEFAULT '0'
) ENGINE=MyISAM DEFAULT CHARSET=utf8;

--
-- Zrzut danych tabeli `products_attributes`
--

INSERT INTO `products_attributes` (`products_attributes_id`, `products_id`, `options_id`, `options_values_id`, `options_values_price`, `price_prefix`, `products_options_sort_order`, `product_attribute_is_free`, `products_attributes_weight`, `products_attributes_weight_prefix`, `attributes_display_only`, `attributes_default`, `attributes_discounted`, `attributes_image`, `attributes_price_base_included`, `attributes_price_onetime`, `attributes_price_factor`, `attributes_price_factor_offset`, `attributes_price_factor_onetime`, `attributes_price_factor_onetime_offset`, `attributes_qty_prices`, `attributes_qty_prices_onetime`, `attributes_price_words`, `attributes_price_words_free`, `attributes_price_letters`, `attributes_price_letters_free`, `attributes_required`) VALUES
(1, 5, 1, 2, '56.0000', '', 9, 1, 0, '', 0, 0, 1, '', 1, '0.0000', '0.0000', '0.0000', '0.0000', '0.0000', '', '', '0.0000', 0, '0.0000', 0, 0),
(182, 160, 1, 35, '640.0000', '', 0, 1, 0, '', 0, 1, 1, '', 1, '0.0000', '0.0000', '0.0000', '0.0000', '0.0000', '', '', '0.0000', 0, '0.0000', 0, 0),
(129, 3, 1, 1, '138.0000', '', 10, 1, 1, '', 0, 1, 1, '', 1, '0.0000', '0.0000', '0.0000', '0.0000', '0.0000', '', '', '0.0000', 0, '0.0000', 0, 0),
(5, 1, 1, 3, '118.0000', '', 1, 1, 0, '', 0, 1, 1, '', 1, '0.0000', '0.0000', '0.0000', '0.0000', '0.0000', '', '', '0.0000', 0, '0.0000', 0, 0),
(6, 2, 1, 3, '134.0000', '', 1, 1, 0, '', 0, 1, 1, '', 1, '0.0000', '0.0000', '0.0000', '0.0000', '0.0000', '', '', '0.0000', 0, '0.0000', 0, 0),
(7, 71, 1, 3, '134.0000', '', 1, 1, 0, '', 0, 1, 1, '', 1, '0.0000', '0.0000', '0.0000', '0.0000', '0.0000', '', '', '0.0000', 0, '0.0000', 0, 0),
(8, 9, 1, 4, '44.0000', '', 7, 1, 0, '', 0, 1, 1, '', 1, '0.0000', '0.0000', '0.0000', '0.0000', '0.0000', '', '', '0.0000', 0, '0.0000', 0, 0),
(9, 6, 1, 41, '300.0000', '', 6, 1, 0, '', 0, 1, 1, '', 1, '0.0000', '0.0000', '0.0000', '0.0000', '0.0000', '', '', '0.0000', 0, '0.0000', 0, 0),
(10, 8, 1, 4, '58.0000', '', 1, 1, 0, '', 0, 0, 1, '', 1, '0.0000', '0.0000', '0.0000', '0.0000', '0.0000', '', '', '0.0000', 0, '0.0000', 0, 0),
(89, 8, 1, 6, '238.0000', '', 6, 1, 0, '', 0, 1, 1, '', 1, '0.0000', '0.0000', '0.0000', '0.0000', '0.0000', '', '', '0.0000', 0, '0.0000', 0, 0),
(12, 10, 1, 4, '50.0000', '', 1, 1, 0, '', 0, 0, 1, '', 1, '0.0000', '0.0000', '0.0000', '0.0000', '0.0000', '', '', '0.0000', 0, '0.0000', 0, 0),
(13, 10, 1, 6, '225.0000', '', 2, 1, 0, '', 0, 1, 1, '', 1, '0.0000', '0.0000', '0.0000', '0.0000', '0.0000', '', '', '0.0000', 0, '0.0000', 0, 0),
(90, 95, 1, 5, '182.0000', '', 6, 1, 0, '', 0, 1, 1, '', 1, '0.0000', '0.0000', '0.0000', '0.0000', '0.0000', '', '', '0.0000', 0, '0.0000', 0, 0),
(16, 11, 1, 8, '64.0000', '', 1, 1, 0, '', 0, 1, 1, '', 1, '0.0000', '0.0000', '0.0000', '0.0000', '0.0000', '', '', '0.0000', 0, '0.0000', 0, 0),
(17, 12, 1, 8, '86.0000', '', 1, 1, 0, '', 0, 1, 1, '', 1, '0.0000', '0.0000', '0.0000', '0.0000', '0.0000', '', '', '0.0000', 0, '0.0000', 0, 0),
(18, 19, 1, 9, '54.0000', '', 0, 1, 0, '', 0, 1, 1, '', 1, '0.0000', '0.0000', '0.0000', '0.0000', '0.0000', '', '', '0.0000', 0, '0.0000', 0, 0),
(19, 20, 1, 9, '46.0000', '', 0, 1, 0, '', 0, 1, 1, '', 1, '0.0000', '0.0000', '0.0000', '0.0000', '0.0000', '', '', '0.0000', 0, '0.0000', 0, 0),
(20, 21, 1, 9, '49.0000', '', 0, 1, 0, '', 0, 1, 1, '', 1, '0.0000', '0.0000', '0.0000', '0.0000', '0.0000', '', '', '0.0000', 0, '0.0000', 0, 0),
(21, 18, 1, 9, '44.0000', '', 0, 1, 0, '', 0, 1, 1, '', 1, '0.0000', '0.0000', '0.0000', '0.0000', '0.0000', '', '', '0.0000', 0, '0.0000', 0, 0),
(22, 22, 1, 10, '44.0000', '', 0, 1, 0, '', 0, 1, 1, '', 1, '0.0000', '0.0000', '0.0000', '0.0000', '0.0000', '', '', '0.0000', 0, '0.0000', 0, 0),
(23, 23, 1, 46, '82.0000', '', 0, 1, 0, '', 0, 1, 1, '', 1, '0.0000', '0.0000', '0.0000', '0.0000', '0.0000', '', '', '0.0000', 0, '0.0000', 0, 0),
(24, 26, 1, 11, '98.0000', '', 0, 1, 0, '', 0, 1, 1, '', 1, '0.0000', '0.0000', '0.0000', '0.0000', '0.0000', '', '', '0.0000', 0, '0.0000', 0, 0),
(25, 27, 1, 32, '69.0000', '', 0, 1, 0, '', 0, 1, 1, '', 1, '0.0000', '0.0000', '0.0000', '0.0000', '0.0000', '', '', '0.0000', 0, '0.0000', 0, 0),
(26, 24, 1, 45, '88.0000', '', 0, 1, 0, '', 0, 1, 1, '', 1, '0.0000', '0.0000', '0.0000', '0.0000', '0.0000', '', '', '0.0000', 0, '0.0000', 0, 0),
(27, 25, 1, 46, '82.0000', '', 0, 1, 0, '', 0, 1, 1, '', 1, '0.0000', '0.0000', '0.0000', '0.0000', '0.0000', '', '', '0.0000', 0, '0.0000', 0, 0),
(28, 17, 1, 9, '44.0000', '', 0, 1, 0, '', 0, 1, 1, '', 1, '0.0000', '0.0000', '0.0000', '0.0000', '0.0000', '', '', '0.0000', 0, '0.0000', 0, 0),
(29, 16, 1, 10, '54.0000', '', 0, 1, 0, '', 0, 1, 1, '', 1, '0.0000', '0.0000', '0.0000', '0.0000', '0.0000', '', '', '0.0000', 0, '0.0000', 0, 0),
(30, 73, 1, 9, '54.0000', '', 0, 1, 0, '', 0, 1, 1, '', 1, '0.0000', '0.0000', '0.0000', '0.0000', '0.0000', '', '', '0.0000', 0, '0.0000', 0, 0),
(31, 74, 1, 9, '68.0000', '', 0, 1, 0, '', 0, 1, 1, '', 1, '0.0000', '0.0000', '0.0000', '0.0000', '0.0000', '', '', '0.0000', 0, '0.0000', 0, 0),
(32, 75, 1, 9, '68.0000', '', 0, 1, 0, '', 0, 1, 1, '', 1, '0.0000', '0.0000', '0.0000', '0.0000', '0.0000', '', '', '0.0000', 0, '0.0000', 0, 0),
(33, 76, 1, 30, '59.0000', '', 0, 1, 0, '', 0, 1, 1, '', 1, '0.0000', '0.0000', '0.0000', '0.0000', '0.0000', '', '', '0.0000', 0, '0.0000', 0, 0),
(34, 77, 1, 30, '66.0000', '', 0, 1, 0, '', 0, 1, 1, '', 1, '0.0000', '0.0000', '0.0000', '0.0000', '0.0000', '', '', '0.0000', 0, '0.0000', 0, 0),
(35, 30, 1, 12, '54.0000', '', 0, 1, 0, '', 0, 1, 1, '', 1, '0.0000', '0.0000', '0.0000', '0.0000', '0.0000', '', '', '0.0000', 0, '0.0000', 0, 0),
(36, 31, 1, 12, '56.0000', '', 0, 1, 0, '', 0, 1, 1, '', 1, '0.0000', '0.0000', '0.0000', '0.0000', '0.0000', '', '', '0.0000', 0, '0.0000', 0, 0),
(37, 32, 1, 12, '56.0000', '', 0, 1, 0, '', 0, 1, 1, '', 1, '0.0000', '0.0000', '0.0000', '0.0000', '0.0000', '', '', '0.0000', 0, '0.0000', 0, 0),
(38, 35, 1, 13, '22.0000', '', 0, 1, 0, '', 0, 0, 1, '', 1, '0.0000', '0.0000', '0.0000', '0.0000', '0.0000', '', '', '0.0000', 0, '0.0000', 0, 0),
(39, 35, 1, 14, '172.0000', '', 0, 1, 0, '', 0, 1, 1, '', 1, '0.0000', '0.0000', '0.0000', '0.0000', '0.0000', '', '', '0.0000', 0, '0.0000', 0, 0),
(40, 36, 1, 13, '24.0000', '', 0, 1, 0, '', 0, 0, 1, '', 1, '0.0000', '0.0000', '0.0000', '0.0000', '0.0000', '', '', '0.0000', 0, '0.0000', 0, 0),
(41, 36, 1, 14, '184.0000', '', 0, 1, 0, '', 0, 1, 1, '', 1, '0.0000', '0.0000', '0.0000', '0.0000', '0.0000', '', '', '0.0000', 0, '0.0000', 0, 0),
(42, 38, 1, 13, '23.0000', '', 0, 1, 0, '', 0, 0, 1, '', 1, '0.0000', '0.0000', '0.0000', '0.0000', '0.0000', '', '', '0.0000', 0, '0.0000', 0, 0),
(43, 38, 1, 14, '184.0000', '', 0, 1, 0, '', 0, 1, 1, '', 1, '0.0000', '0.0000', '0.0000', '0.0000', '0.0000', '', '', '0.0000', 0, '0.0000', 0, 0),
(44, 40, 1, 13, '22.0000', '', 0, 1, 0, '', 0, 0, 1, '', 1, '0.0000', '0.0000', '0.0000', '0.0000', '0.0000', '', '', '0.0000', 0, '0.0000', 0, 0),
(45, 40, 1, 14, '176.0000', '', 0, 1, 0, '', 0, 1, 1, '', 1, '0.0000', '0.0000', '0.0000', '0.0000', '0.0000', '', '', '0.0000', 0, '0.0000', 0, 0),
(46, 83, 1, 13, '21.0000', '', 0, 1, 0, '', 0, 0, 1, '', 1, '0.0000', '0.0000', '0.0000', '0.0000', '0.0000', '', '', '0.0000', 0, '0.0000', 0, 0),
(47, 83, 1, 14, '162.0000', '', 0, 1, 0, '', 0, 1, 1, '', 1, '0.0000', '0.0000', '0.0000', '0.0000', '0.0000', '', '', '0.0000', 0, '0.0000', 0, 0),
(48, 84, 1, 15, '66.0000', '', 1, 1, 0, '', 0, 0, 1, '', 1, '0.0000', '0.0000', '0.0000', '0.0000', '0.0000', '', '', '0.0000', 0, '0.0000', 0, 0),
(49, 84, 1, 16, '228.0000', '', 2, 1, 0, '', 0, 1, 1, '', 1, '0.0000', '0.0000', '0.0000', '0.0000', '0.0000', '', '', '0.0000', 0, '0.0000', 0, 0),
(50, 85, 1, 15, '66.0000', '', 1, 1, 0, '', 0, 0, 1, '', 1, '0.0000', '0.0000', '0.0000', '0.0000', '0.0000', '', '', '0.0000', 0, '0.0000', 0, 0),
(51, 85, 1, 16, '228.0000', '', 2, 1, 0, '', 0, 1, 1, '', 1, '0.0000', '0.0000', '0.0000', '0.0000', '0.0000', '', '', '0.0000', 0, '0.0000', 0, 0),
(52, 43, 1, 17, '24.0000', '', 1, 1, 0, '', 0, 0, 1, '', 1, '0.0000', '0.0000', '0.0000', '0.0000', '0.0000', '', '', '0.0000', 0, '0.0000', 0, 0),
(53, 43, 1, 18, '142.0000', '', 2, 1, 0, '', 0, 1, 1, '', 1, '0.0000', '0.0000', '0.0000', '0.0000', '0.0000', '', '', '0.0000', 0, '0.0000', 0, 0),
(54, 45, 1, 19, '23.0000', '', 1, 1, 0, '', 0, 0, 1, '', 1, '0.0000', '0.0000', '0.0000', '0.0000', '0.0000', '', '', '0.0000', 0, '0.0000', 0, 0),
(56, 46, 1, 6, '89.0000', '', 8, 1, 0, '', 0, 1, 1, '', 1, '0.0000', '0.0000', '0.0000', '0.0000', '0.0000', '', '', '0.0000', 0, '0.0000', 0, 0),
(57, 47, 1, 20, '165.0000', '', 0, 1, 0, '', 0, 1, 1, '', 1, '0.0000', '0.0000', '0.0000', '0.0000', '0.0000', '', '', '0.0000', 0, '0.0000', 0, 0),
(58, 52, 1, 20, '280.0000', '', 0, 1, 0, '', 0, 1, 1, '', 1, '0.0000', '0.0000', '0.0000', '0.0000', '0.0000', '', '', '0.0000', 0, '0.0000', 0, 0),
(59, 50, 1, 20, '240.0000', '', 0, 1, 0, '', 0, 1, 1, '', 1, '0.0000', '0.0000', '0.0000', '0.0000', '0.0000', '', '', '0.0000', 0, '0.0000', 0, 0),
(60, 51, 1, 20, '240.0000', '', 0, 1, 0, '', 0, 1, 1, '', 1, '0.0000', '0.0000', '0.0000', '0.0000', '0.0000', '', '', '0.0000', 0, '0.0000', 0, 0),
(61, 48, 1, 20, '190.0000', '', 0, 1, 0, '', 0, 1, 1, '', 1, '0.0000', '0.0000', '0.0000', '0.0000', '0.0000', '', '', '0.0000', 0, '0.0000', 0, 0),
(62, 49, 1, 20, '220.0000', '', 0, 1, 0, '', 0, 1, 1, '', 1, '0.0000', '0.0000', '0.0000', '0.0000', '0.0000', '', '', '0.0000', 0, '0.0000', 0, 0),
(63, 58, 1, 21, '52.0000', '', 1, 1, 0, '', 0, 0, 1, '', 1, '0.0000', '0.0000', '0.0000', '0.0000', '0.0000', '', '', '0.0000', 0, '0.0000', 0, 0),
(64, 58, 1, 22, '420.0000', '', 2, 1, 0, '', 0, 1, 1, '', 1, '0.0000', '0.0000', '0.0000', '0.0000', '0.0000', '', '', '0.0000', 0, '0.0000', 0, 0),
(65, 56, 1, 21, '55.0000', '', 1, 1, 0, '', 0, 0, 1, '', 1, '0.0000', '0.0000', '0.0000', '0.0000', '0.0000', '', '', '0.0000', 0, '0.0000', 0, 0),
(66, 56, 1, 22, '440.0000', '', 2, 1, 0, '', 0, 1, 1, '', 1, '0.0000', '0.0000', '0.0000', '0.0000', '0.0000', '', '', '0.0000', 0, '0.0000', 0, 0),
(68, 54, 1, 22, '420.0000', '', 2, 1, 0, '', 0, 1, 1, '', 1, '0.0000', '0.0000', '0.0000', '0.0000', '0.0000', '', '', '0.0000', 0, '0.0000', 0, 0),
(69, 60, 1, 23, '21.0000', '', 1, 1, 0, '', 0, 0, 1, '', 1, '0.0000', '0.0000', '0.0000', '0.0000', '0.0000', '', '', '0.0000', 0, '0.0000', 0, 0),
(70, 60, 1, 24, '45.0000', '', 2, 1, 0, '', 0, 1, 1, '', 1, '0.0000', '0.0000', '0.0000', '0.0000', '0.0000', '', '', '0.0000', 0, '0.0000', 0, 0),
(71, 63, 1, 24, '38.0000', '', 0, 1, 0, '', 0, 1, 1, '', 1, '0.0000', '0.0000', '0.0000', '0.0000', '0.0000', '', '', '0.0000', 0, '0.0000', 0, 0),
(72, 65, 1, 25, '59.0000', '', 0, 1, 0, '', 0, 1, 1, '', 1, '0.0000', '0.0000', '0.0000', '0.0000', '0.0000', '', '', '0.0000', 0, '0.0000', 0, 0),
(73, 66, 1, 25, '59.0000', '', 0, 1, 0, '', 0, 1, 1, '', 1, '0.0000', '0.0000', '0.0000', '0.0000', '0.0000', '', '', '0.0000', 0, '0.0000', 0, 0),
(74, 87, 1, 25, '59.0000', '', 0, 1, 0, '', 0, 1, 1, '', 1, '0.0000', '0.0000', '0.0000', '0.0000', '0.0000', '', '', '0.0000', 0, '0.0000', 0, 0),
(75, 88, 1, 25, '54.0000', '', 0, 1, 0, '', 0, 1, 1, '', 1, '0.0000', '0.0000', '0.0000', '0.0000', '0.0000', '', '', '0.0000', 0, '0.0000', 0, 0),
(76, 89, 1, 25, '54.0000', '', 0, 1, 0, '', 0, 1, 1, '', 1, '0.0000', '0.0000', '0.0000', '0.0000', '0.0000', '', '', '0.0000', 0, '0.0000', 0, 0),
(77, 67, 1, 26, '98.0000', '', 0, 1, 0, '', 0, 1, 1, '', 1, '0.0000', '0.0000', '0.0000', '0.0000', '0.0000', '', '', '0.0000', 0, '0.0000', 0, 0),
(78, 69, 1, 19, '65.0000', '', 0, 1, 0, '', 0, 1, 1, '', 1, '0.0000', '0.0000', '0.0000', '0.0000', '0.0000', '', '', '0.0000', 0, '0.0000', 0, 0),
(79, 70, 1, 28, '68.0000', '', 0, 1, 0, '', 0, 1, 1, '', 1, '0.0000', '0.0000', '0.0000', '0.0000', '0.0000', '', '', '0.0000', 0, '0.0000', 0, 0),
(135, 128, 1, 30, '160.0000', '', 0, 1, 0, '', 0, 1, 1, '', 1, '0.0000', '0.0000', '0.0000', '0.0000', '0.0000', '', '', '0.0000', 0, '0.0000', 0, 0),
(96, 98, 1, 35, '440.0000', '', 0, 1, 0, '', 0, 1, 1, '', 1, '0.0000', '0.0000', '0.0000', '0.0000', '0.0000', '', '', '0.0000', 0, '0.0000', 0, 0),
(95, 72, 1, 41, '400.0000', '', 6, 1, 1, '', 0, 1, 1, '', 1, '0.0000', '0.0000', '0.0000', '0.0000', '0.0000', '', '', '0.0000', 0, '0.0000', 0, 0),
(83, 86, 1, 20, '99.0000', '', 0, 1, 0, '', 0, 0, 1, '', 1, '0.0000', '0.0000', '0.0000', '0.0000', '0.0000', '', '', '0.0000', 0, '0.0000', 0, 0),
(84, 92, 1, 33, '125.0000', '', 0, 1, 0, '', 0, 0, 1, '', 1, '0.0000', '0.0000', '0.0000', '0.0000', '0.0000', '', '', '0.0000', 0, '0.0000', 0, 0),
(85, 92, 1, 20, '240.0000', '', 0, 1, 0, '', 0, 1, 1, '', 1, '0.0000', '0.0000', '0.0000', '0.0000', '0.0000', '', '', '0.0000', 0, '0.0000', 0, 0),
(86, 93, 1, 33, '125.0000', '', 0, 1, 0, '', 0, 0, 1, '', 1, '0.0000', '0.0000', '0.0000', '0.0000', '0.0000', '', '', '0.0000', 0, '0.0000', 0, 0),
(87, 93, 1, 20, '240.0000', '', 0, 1, 0, '', 0, 1, 1, '', 1, '0.0000', '0.0000', '0.0000', '0.0000', '0.0000', '', '', '0.0000', 0, '0.0000', 0, 0),
(88, 94, 1, 34, '50.0000', '', 0, 1, 0, '', 0, 0, 1, '', 1, '0.0000', '0.0000', '0.0000', '0.0000', '0.0000', '', '', '0.0000', 0, '0.0000', 0, 0),
(92, 96, 1, 6, '158.0000', '', 2, 1, 0, '', 0, 1, 1, '', 1, '0.0000', '0.0000', '0.0000', '0.0000', '0.0000', '', '', '0.0000', 0, '0.0000', 0, 0),
(93, 97, 1, 19, '19.0000', '', 1, 1, 0, '', 0, 0, 1, '', 1, '0.0000', '0.0000', '0.0000', '0.0000', '0.0000', '', '', '0.0000', 0, '0.0000', 0, 0),
(97, 99, 1, 15, '66.0000', '', 1, 1, 0, '', 0, 0, 1, '', 1, '0.0000', '0.0000', '0.0000', '0.0000', '0.0000', '', '', '0.0000', 0, '0.0000', 0, 0),
(98, 99, 1, 16, '228.0000', '', 2, 1, 0, '', 0, 1, 1, '', 1, '0.0000', '0.0000', '0.0000', '0.0000', '0.0000', '', '', '0.0000', 0, '0.0000', 0, 0),
(99, 100, 1, 12, '66.0000', '', 0, 1, 0, '', 0, 1, 1, '', 1, '0.0000', '0.0000', '0.0000', '0.0000', '0.0000', '', '', '0.0000', 0, '0.0000', 0, 0),
(100, 101, 1, 12, '66.0000', '', 0, 1, 0, '', 0, 1, 1, '', 1, '0.0000', '0.0000', '0.0000', '0.0000', '0.0000', '', '', '0.0000', 0, '0.0000', 0, 0),
(101, 102, 1, 30, '66.0000', '', 0, 1, 0, '', 0, 1, 1, '', 1, '0.0000', '0.0000', '0.0000', '0.0000', '0.0000', '', '', '0.0000', 0, '0.0000', 0, 0),
(102, 103, 1, 35, '440.0000', '', 0, 1, 0, '', 0, 1, 1, '', 1, '0.0000', '0.0000', '0.0000', '0.0000', '0.0000', '', '', '0.0000', 0, '0.0000', 0, 0),
(103, 104, 1, 30, '66.0000', '', 0, 1, 0, '', 0, 1, 1, '', 1, '0.0000', '0.0000', '0.0000', '0.0000', '0.0000', '', '', '0.0000', 0, '0.0000', 0, 0),
(104, 105, 1, 35, '600.0000', '', 0, 1, 0, '', 0, 1, 1, '', 1, '0.0000', '0.0000', '0.0000', '0.0000', '0.0000', '', '', '0.0000', 0, '0.0000', 0, 0),
(105, 106, 1, 30, '64.0000', '', 0, 1, 0, '', 0, 1, 1, '', 1, '0.0000', '0.0000', '0.0000', '0.0000', '0.0000', '', '', '0.0000', 0, '0.0000', 0, 0),
(106, 107, 1, 35, '600.0000', '', 0, 1, 0, '', 0, 1, 1, '', 1, '0.0000', '0.0000', '0.0000', '0.0000', '0.0000', '', '', '0.0000', 0, '0.0000', 0, 0),
(107, 108, 1, 30, '160.0000', '', 0, 1, 0, '', 0, 1, 1, '', 1, '0.0000', '0.0000', '0.0000', '0.0000', '0.0000', '', '', '0.0000', 0, '0.0000', 0, 0),
(108, 109, 1, 30, '160.0000', '', 0, 1, 0, '', 0, 1, 1, '', 1, '0.0000', '0.0000', '0.0000', '0.0000', '0.0000', '', '', '0.0000', 0, '0.0000', 0, 0),
(109, 110, 1, 36, '54.0000', '', 1, 1, 1, '', 0, 0, 1, '', 1, '0.0000', '0.0000', '0.0000', '0.0000', '0.0000', '', '', '0.0000', 0, '0.0000', 0, 0),
(110, 110, 1, 37, '236.0000', '', 2, 1, 5, '', 0, 1, 1, '', 1, '0.0000', '0.0000', '0.0000', '0.0000', '0.0000', '', '', '0.0000', 0, '0.0000', 0, 0),
(111, 112, 1, 36, '56.0000', '', 1, 1, 1, '', 0, 0, 1, '', 1, '0.0000', '0.0000', '0.0000', '0.0000', '0.0000', '', '', '0.0000', 0, '0.0000', 0, 0),
(112, 112, 1, 37, '246.0000', '', 2, 1, 5, '', 0, 1, 1, '', 1, '0.0000', '0.0000', '0.0000', '0.0000', '0.0000', '', '', '0.0000', 0, '0.0000', 0, 0),
(113, 112, 2, 38, '0.0000', '', 3, 1, 0, '', 0, 0, 1, '', 1, '0.0000', '0.0000', '0.0000', '0.0000', '0.0000', '', '', '0.0000', 0, '0.0000', 0, 0),
(114, 110, 2, 38, '0.0000', '', 3, 1, 0, '', 0, 0, 1, '', 1, '0.0000', '0.0000', '0.0000', '0.0000', '0.0000', '', '', '0.0000', 0, '0.0000', 0, 0),
(115, 108, 2, 39, '0.0000', '', 10, 1, 0, '', 0, 0, 1, '', 1, '0.0000', '0.0000', '0.0000', '0.0000', '0.0000', '', '', '0.0000', 0, '0.0000', 0, 0),
(116, 109, 2, 39, '0.0000', '', 10, 1, 0, '', 0, 0, 1, '', 1, '0.0000', '0.0000', '0.0000', '0.0000', '0.0000', '', '', '0.0000', 0, '0.0000', 0, 0),
(124, 120, 1, 14, '224.0000', '', 0, 1, 0, '', 0, 1, 1, '', 1, '0.0000', '0.0000', '0.0000', '0.0000', '0.0000', '', '', '0.0000', 0, '0.0000', 0, 0),
(118, 116, 1, 1, '128.0000', '', 10, 1, 0, '', 0, 1, 1, '', 1, '0.0000', '0.0000', '0.0000', '0.0000', '0.0000', '', '', '0.0000', 0, '0.0000', 0, 0),
(121, 118, 1, 35, '600.0000', '', 0, 1, 0, '', 0, 1, 1, '', 1, '0.0000', '0.0000', '0.0000', '0.0000', '0.0000', '', '', '0.0000', 0, '0.0000', 0, 0),
(120, 117, 1, 1, '138.0000', '', 10, 1, 0, '', 0, 1, 1, '', 1, '0.0000', '0.0000', '0.0000', '0.0000', '0.0000', '', '', '0.0000', 0, '0.0000', 0, 0),
(123, 119, 1, 14, '234.0000', '', 0, 1, 0, '', 0, 1, 1, '', 1, '0.0000', '0.0000', '0.0000', '0.0000', '0.0000', '', '', '0.0000', 0, '0.0000', 0, 0),
(127, 122, 1, 14, '224.0000', '', 0, 1, 0, '', 0, 1, 1, '', 1, '0.0000', '0.0000', '0.0000', '0.0000', '0.0000', '', '', '0.0000', 0, '0.0000', 0, 0),
(126, 121, 1, 14, '224.0000', '', 0, 1, 0, '', 0, 1, 1, '', 1, '0.0000', '0.0000', '0.0000', '0.0000', '0.0000', '', '', '0.0000', 0, '0.0000', 0, 0),
(131, 126, 1, 22, '490.0000', '', 2, 1, 0, '', 0, 1, 1, '', 1, '0.0000', '0.0000', '0.0000', '0.0000', '0.0000', '', '', '0.0000', 0, '0.0000', 0, 0),
(132, 126, 1, 21, '58.0000', '', 1, 1, 0, '', 0, 0, 1, '', 1, '0.0000', '0.0000', '0.0000', '0.0000', '0.0000', '', '', '0.0000', 0, '0.0000', 0, 0),
(133, 127, 1, 22, '480.0000', '', 2, 1, 0, '', 0, 1, 1, '', 1, '0.0000', '0.0000', '0.0000', '0.0000', '0.0000', '', '', '0.0000', 0, '0.0000', 0, 0),
(134, 127, 1, 21, '58.0000', '', 1, 1, 0, '', 0, 0, 1, '', 1, '0.0000', '0.0000', '0.0000', '0.0000', '0.0000', '', '', '0.0000', 0, '0.0000', 0, 0),
(136, 128, 2, 39, '0.0000', '', 10, 1, 0, '', 0, 0, 1, '', 1, '0.0000', '0.0000', '0.0000', '0.0000', '0.0000', '', '', '0.0000', 0, '0.0000', 0, 0),
(137, 130, 1, 20, '280.0000', '', 0, 1, 0, '', 0, 1, 1, '', 1, '0.0000', '0.0000', '0.0000', '0.0000', '0.0000', '', '', '0.0000', 0, '0.0000', 0, 0),
(138, 131, 1, 20, '280.0000', '', 0, 1, 0, '', 0, 1, 1, '', 1, '0.0000', '0.0000', '0.0000', '0.0000', '0.0000', '', '', '0.0000', 0, '0.0000', 0, 0),
(139, 132, 1, 33, '150.0000', '', 1, 1, 0, '', 0, 0, 1, '', 1, '0.0000', '0.0000', '0.0000', '0.0000', '0.0000', '', '', '0.0000', 0, '0.0000', 0, 0),
(140, 132, 1, 20, '280.0000', '', 2, 1, 0, '', 0, 1, 1, '', 1, '0.0000', '0.0000', '0.0000', '0.0000', '0.0000', '', '', '0.0000', 0, '0.0000', 0, 0),
(141, 133, 1, 33, '170.0000', '', 1, 1, 0, '', 0, 0, 1, '', 1, '0.0000', '0.0000', '0.0000', '0.0000', '0.0000', '', '', '0.0000', 0, '0.0000', 0, 0),
(189, 166, 1, 20, '280.0000', '', 0, 1, 0, '', 0, 1, 1, '', 1, '0.0000', '0.0000', '0.0000', '0.0000', '0.0000', '', '', '0.0000', 0, '0.0000', 0, 0),
(143, 134, 1, 20, '250.0000', '', 0, 1, 0, '', 0, 1, 1, '', 1, '0.0000', '0.0000', '0.0000', '0.0000', '0.0000', '', '', '0.0000', 0, '0.0000', 0, 0),
(144, 135, 1, 42, '49.0000', '', 1, 1, 0, '', 0, 0, 1, '', 1, '0.0000', '0.0000', '0.0000', '0.0000', '0.0000', '', '', '0.0000', 0, '0.0000', 0, 0),
(145, 135, 1, 20, '190.0000', '', 2, 1, 0, '', 0, 1, 1, '', 1, '0.0000', '0.0000', '0.0000', '0.0000', '0.0000', '', '', '0.0000', 0, '0.0000', 0, 0),
(146, 136, 1, 20, '240.0000', '', 0, 1, 0, '', 0, 1, 1, '', 1, '0.0000', '0.0000', '0.0000', '0.0000', '0.0000', '', '', '0.0000', 0, '0.0000', 0, 0),
(147, 137, 1, 33, '180.0000', '', 0, 1, 0, '', 0, 1, 1, '', 1, '0.0000', '0.0000', '0.0000', '0.0000', '0.0000', '', '', '0.0000', 0, '0.0000', 0, 0),
(148, 138, 1, 20, '250.0000', '', 0, 1, 0, '', 0, 1, 1, '', 1, '0.0000', '0.0000', '0.0000', '0.0000', '0.0000', '', '', '0.0000', 0, '0.0000', 0, 0),
(149, 139, 1, 20, '250.0000', '', 0, 1, 0, '', 0, 1, 1, '', 1, '0.0000', '0.0000', '0.0000', '0.0000', '0.0000', '', '', '0.0000', 0, '0.0000', 0, 0),
(150, 140, 1, 20, '238.0000', '', 0, 1, 0, '', 0, 1, 1, '', 1, '0.0000', '0.0000', '0.0000', '0.0000', '0.0000', '', '', '0.0000', 0, '0.0000', 0, 0),
(151, 141, 1, 34, '68.0000', '', 0, 1, 0, '', 0, 1, 1, '', 1, '0.0000', '0.0000', '0.0000', '0.0000', '0.0000', '', '', '0.0000', 0, '0.0000', 0, 0),
(152, 142, 1, 48, '82.0000', '', 0, 1, 0, '', 0, 0, 1, '', 1, '0.0000', '0.0000', '0.0000', '0.0000', '0.0000', '', '', '0.0000', 0, '0.0000', 0, 0),
(153, 143, 1, 30, '66.0000', '', 0, 1, 0, '', 0, 1, 1, '', 1, '0.0000', '0.0000', '0.0000', '0.0000', '0.0000', '', '', '0.0000', 0, '0.0000', 0, 0),
(154, 144, 1, 30, '66.0000', '', 0, 1, 0, '', 0, 1, 1, '', 1, '0.0000', '0.0000', '0.0000', '0.0000', '0.0000', '', '', '0.0000', 0, '0.0000', 0, 0),
(155, 145, 1, 6, '70.0000', '', 8, 1, 0, '', 0, 1, 1, '', 1, '0.0000', '0.0000', '0.0000', '0.0000', '0.0000', '', '', '0.0000', 0, '0.0000', 0, 0),
(156, 146, 1, 6, '66.0000', '', 8, 1, 0, '', 0, 1, 1, '', 1, '0.0000', '0.0000', '0.0000', '0.0000', '0.0000', '', '', '0.0000', 0, '0.0000', 0, 0),
(157, 147, 1, 24, '46.0000', '', 0, 1, 0, '', 0, 1, 1, '', 1, '0.0000', '0.0000', '0.0000', '0.0000', '0.0000', '', '', '0.0000', 0, '0.0000', 0, 0),
(158, 148, 1, 24, '44.0000', '', 0, 1, 0, '', 0, 1, 1, '', 1, '0.0000', '0.0000', '0.0000', '0.0000', '0.0000', '', '', '0.0000', 0, '0.0000', 0, 0),
(160, 149, 1, 14, '224.0000', '', 0, 1, 0, '', 0, 1, 1, '', 1, '0.0000', '0.0000', '0.0000', '0.0000', '0.0000', '', '', '0.0000', 0, '0.0000', 0, 0),
(163, 151, 1, 6, '125.0000', '', 8, 1, 0, '', 0, 1, 1, '', 1, '0.0000', '0.0000', '0.0000', '0.0000', '0.0000', '', '', '0.0000', 0, '0.0000', 0, 0),
(162, 150, 1, 14, '224.0000', '', 0, 1, 0, '', 0, 1, 1, '', 1, '0.0000', '0.0000', '0.0000', '0.0000', '0.0000', '', '', '0.0000', 0, '0.0000', 0, 0),
(164, 152, 1, 31, '500.0000', '', 1, 1, 0, '', 0, 1, 1, '', 1, '0.0000', '0.0000', '0.0000', '0.0000', '0.0000', '', '', '0.0000', 0, '0.0000', 0, 0),
(166, 125, 1, 5, '170.0000', '', 6, 1, 0, '', 0, 1, 1, '', 1, '0.0000', '0.0000', '0.0000', '0.0000', '0.0000', '', '', '0.0000', 0, '0.0000', 0, 0),
(168, 154, 1, 30, '160.0000', '', 0, 1, 0, '', 0, 1, 1, '', 1, '0.0000', '0.0000', '0.0000', '0.0000', '0.0000', '', '', '0.0000', 0, '0.0000', 0, 0),
(169, 154, 2, 39, '0.0000', '', 10, 1, 0, '', 0, 0, 1, '', 1, '0.0000', '0.0000', '0.0000', '0.0000', '0.0000', '', '', '0.0000', 0, '0.0000', 0, 0),
(170, 155, 1, 30, '170.0000', '', 0, 1, 0, '', 0, 1, 1, '', 1, '0.0000', '0.0000', '0.0000', '0.0000', '0.0000', '', '', '0.0000', 0, '0.0000', 0, 0),
(171, 155, 2, 39, '0.0000', '', 10, 1, 0, '', 0, 0, 1, '', 1, '0.0000', '0.0000', '0.0000', '0.0000', '0.0000', '', '', '0.0000', 0, '0.0000', 0, 0),
(172, 156, 1, 30, '160.0000', '', 0, 1, 0, '', 0, 1, 1, '', 1, '0.0000', '0.0000', '0.0000', '0.0000', '0.0000', '', '', '0.0000', 0, '0.0000', 0, 0),
(173, 156, 2, 39, '0.0000', '', 10, 1, 0, '', 0, 0, 1, '', 1, '0.0000', '0.0000', '0.0000', '0.0000', '0.0000', '', '', '0.0000', 0, '0.0000', 0, 0),
(174, 157, 1, 30, '160.0000', '', 0, 1, 0, '', 0, 1, 1, '', 1, '0.0000', '0.0000', '0.0000', '0.0000', '0.0000', '', '', '0.0000', 0, '0.0000', 0, 0),
(175, 157, 2, 39, '0.0000', '', 10, 1, 0, '', 0, 0, 1, '', 1, '0.0000', '0.0000', '0.0000', '0.0000', '0.0000', '', '', '0.0000', 0, '0.0000', 0, 0),
(181, 159, 1, 35, '640.0000', '', 0, 1, 0, '', 0, 0, 1, '', 1, '0.0000', '0.0000', '0.0000', '0.0000', '0.0000', '', '', '0.0000', 0, '0.0000', 0, 0),
(177, 158, 1, 1, '112.0000', '', 10, 1, 0, '', 0, 1, 1, '', 1, '0.0000', '0.0000', '0.0000', '0.0000', '0.0000', '', '', '0.0000', 0, '0.0000', 0, 0),
(183, 161, 1, 12, '66.0000', '', 0, 1, 0, '', 0, 1, 1, '', 1, '0.0000', '0.0000', '0.0000', '0.0000', '0.0000', '', '', '0.0000', 0, '0.0000', 0, 0),
(184, 162, 1, 35, '640.0000', '', 0, 1, 0, '', 0, 1, 1, '', 1, '0.0000', '0.0000', '0.0000', '0.0000', '0.0000', '', '', '0.0000', 0, '0.0000', 0, 0),
(185, 163, 1, 44, '88.0000', '', 0, 1, 0, '', 0, 0, 1, '', 1, '0.0000', '0.0000', '0.0000', '0.0000', '0.0000', '', '', '0.0000', 0, '0.0000', 0, 0),
(186, 164, 1, 47, '88.0000', '', 0, 1, 0, '', 0, 0, 1, '', 1, '0.0000', '0.0000', '0.0000', '0.0000', '0.0000', '', '', '0.0000', 0, '0.0000', 0, 0),
(187, 165, 1, 22, '490.0000', '', 2, 1, 0, '', 0, 1, 1, '', 1, '0.0000', '0.0000', '0.0000', '0.0000', '0.0000', '', '', '0.0000', 0, '0.0000', 0, 0),
(188, 165, 1, 21, '58.0000', '', 1, 1, 0, '', 0, 0, 1, '', 1, '0.0000', '0.0000', '0.0000', '0.0000', '0.0000', '', '', '0.0000', 0, '0.0000', 0, 0),
(190, 166, 1, 33, '140.0000', '', 0, 1, 0, '', 0, 0, 1, '', 1, '0.0000', '0.0000', '0.0000', '0.0000', '0.0000', '', '', '0.0000', 0, '0.0000', 0, 0),
(191, 167, 1, 28, '68.0000', '', 0, 1, 0, '', 0, 1, 1, '', 1, '0.0000', '0.0000', '0.0000', '0.0000', '0.0000', '', '', '0.0000', 0, '0.0000', 0, 0),
(192, 168, 1, 33, '98.0000', '', 0, 1, 0, '', 0, 1, 1, '', 1, '0.0000', '0.0000', '0.0000', '0.0000', '0.0000', '', '', '0.0000', 0, '0.0000', 0, 0),
(193, 169, 1, 3, '118.0000', '', 1, 1, 0, '', 0, 1, 1, '', 1, '0.0000', '0.0000', '0.0000', '0.0000', '0.0000', '', '', '0.0000', 0, '0.0000', 0, 0),
(194, 45, 1, 6, '158.0000', '', 8, 1, 0, '', 0, 0, 1, '', 1, '0.0000', '0.0000', '0.0000', '0.0000', '0.0000', '', '', '0.0000', 0, '0.0000', 0, 0),
(195, 170, 1, 6, '36.0000', '', 8, 1, 0, '', 0, 0, 1, '', 1, '0.0000', '0.0000', '0.0000', '0.0000', '0.0000', '', '', '0.0000', 0, '0.0000', 0, 0),
(196, 170, 1, 49, '66.0000', '', 0, 1, 0, '', 0, 1, 1, '', 1, '0.0000', '0.0000', '0.0000', '0.0000', '0.0000', '', '', '0.0000', 0, '0.0000', 0, 0),
(197, 171, 1, 33, '55.0000', '', 0, 1, 0, '', 0, 1, 1, '', 1, '0.0000', '0.0000', '0.0000', '0.0000', '0.0000', '', '', '0.0000', 0, '0.0000', 0, 0),
(198, 172, 1, 50, '32.0000', '', 0, 1, 0, '', 0, 1, 1, '', 1, '0.0000', '0.0000', '0.0000', '0.0000', '0.0000', '', '', '0.0000', 0, '0.0000', 0, 0),
(199, 173, 1, 51, '132.0000', '', 0, 1, 0, '', 0, 1, 1, '', 1, '0.0000', '0.0000', '0.0000', '0.0000', '0.0000', '', '', '0.0000', 0, '0.0000', 0, 0);

-- --------------------------------------------------------

--
-- Struktura tabeli dla tabeli `products_attributes_download`
--

CREATE TABLE `products_attributes_download` (
  `products_attributes_id` int(11) NOT NULL DEFAULT '0',
  `products_attributes_filename` varchar(255) NOT NULL DEFAULT '',
  `products_attributes_maxdays` int(2) DEFAULT '0',
  `products_attributes_maxcount` int(2) DEFAULT '0'
) ENGINE=MyISAM DEFAULT CHARSET=utf8;

-- --------------------------------------------------------

--
-- Struktura tabeli dla tabeli `products_description`
--

CREATE TABLE `products_description` (
  `products_id` int(11) NOT NULL,
  `language_id` int(11) NOT NULL DEFAULT '1',
  `products_name` varchar(128) NOT NULL DEFAULT '',
  `products_description` text,
  `products_url` varchar(255) DEFAULT NULL,
  `products_viewed` int(5) DEFAULT '0'
) ENGINE=MyISAM DEFAULT CHARSET=utf8;

--
-- Zrzut danych tabeli `products_description`
--

INSERT INTO `products_description` (`products_id`, `language_id`, `products_name`, `products_description`, `products_url`, `products_viewed`) VALUES
(1, 1, 'Bób AQUADULCE', '<p>\r\n	<strong>B&oacute;b Aquadulce</strong> to bardzo wczesna odmiana (wegetacja ok. 75 dni) przeznaczona do najwcześniejszych upraw. Wysiew w lutym i początku marca w mnożarkach lub w okresie p&oacute;źniejszym bezpośrednio do gruntu.<br />\r\n	Wzrost roślin ok. 90 cm. Strąki długości 20-25 cm zawierające po 5-7 nasion dużej wielkości (3,0-3,5 cm) w kolorze jasno seledynowym.<br />\r\n	Odmiana bardzo plenna. <strong>B&oacute;b Aquadulce</strong> bardzo dobrze sprawdza się r&oacute;wnież uprawach jesiennych.</p>', '', 2508),
(158, 1, 'Burak ćwikłowy DETROIT 2 <font color=\"red\">PROMOCJA</font>', '<p>\r\n	<strong>Burak ćwikłowy DETROIT 2</strong> jest odmianą&nbsp; o kr&oacute;tkim okresie wegetacji (58 dni). Ze względu na wczesność - doskonała do upraw pod osłonami na botwinkę oraz jako buraczki w pęczkach. Korzeń kulisty, o doskonałej strukturze i intensywnym, krwistoczerwonym zabarwieniu.<br />\r\n	Odmiana znana z wczesności, oraz bardzo wysokiego plonu. Radzi sobie dobrze w każdym rodzaju gleby. Odporna na mączniaka rzekomego. Tolerancyjna na jarowizację.<br />\r\n	<strong>Burak ćwikłowy DETROIT 2</strong>&nbsp; pozostawiony dłużej w polu dorasta do dużych rozmiar&oacute;w, nie łykowaciejąc i nie tworząc pierścieni. Bardzo dobrze się przechowuje.</p>', '', 491),
(2, 1, 'Bób WITKIEM-MANITA', '<p>\r\n	Bardzo wczesna odmiana bobu (wegetacja ok. 75 dni) do najwcześniejszych upraw przyśpieszonych i w gruncie. Wysiew w lutym i początku marca w mnożarkach lub w okresie p&oacute;żniejszym bezpośrednio do gruntu Odmiana bardzo tolerancyjna na zimno. Rośliny osiągają wysokośc ok. 130 cm. Długie strąki (ok.20 cm) zawieraja przeciętnie 6 dużych, jasnych nasion. Odmiana wyjątkowo plenna, zapewnia niezawodny najwcześniejszy zbi&oacute;r. W wielu krajach europejskich Witkiem-Manita jest bardzo cenioną odmianą bobu, polecaną do najwcześniejszych nasadzeń wiosennych. Nasiona już dostępne.</p>', '', 3002),
(169, 1, 'Bób AQUADULCE SUPERSIMONIA', '<p>\r\n	<strong>B&oacute;b Aquadulce SUPERSIMONIA</strong> to bardzo wczesna odmiana (wegetacja ok. 75 dni) przeznaczona do najwcześniejszych upraw. Wysiew w lutym i początku marca w mnożarkach lub w okresie p&oacute;źniejszym bezpośrednio do gruntu.<br />\r\n	Wzrost roślin ok. 90 cm. Strąki długości 20-25 cm zawierające po 5-7 nasion dużej wielkości (3,0-3,5 cm) w kolorze jasno seledynowym bez plamki.<br />\r\n	Odmiana bardzo plenna. <strong>B&oacute;b Aquadulce</strong> bardzo dobrze sprawdza się r&oacute;wnież uprawach jesiennych.</p>', '', 50),
(3, 1, 'Burak ćwikłowy cylindryczny CYLINDRA', '<p>\r\n	Wczesna cylindryczna odmiana o długim (15-18 cm) gładkim i bardzo dobrze wybarwionym korzeniu. Ulistnienie o wysokości ok 35-40 cm. Przeznaczenie na świeży rynek oraz do przetw&oacute;rstwa.</p>', '', 1829),
(71, 1, 'Bób MONICA', '<p>\r\n	Nowa, prawdopodobnie najwcześniejsza odmiana bobu w Unii Europejskiej. Przeznaczona do upraw przyspieszonych i w polu. Wysiew w lutym i na początku marca w mnożarkach lub w okresie p&oacute;źniejszym bezpośrednio do gruntu. Polecany rozstaw roślin 75x10 cm (1200 roślin na 100 m2) Odmiana bardzo tolerancyjna na niską temperaturę i choroby wirusowe. Rośliny osiągają wysokość 100-120 cm, nie wylegają nawet w trudnych warunkach. Strąki (ok. 18 cm) zawierają 4-6 dużych, nasion bez czarnego znamiona. Łatwe do łupania. Nasiona mają doskonały smak, nie ciemnieją i bardzo długo zachowują świeży wygląd. Wyjątkowa odmiana dająca najwcześniejszy i bardzo wysoki plon.</p>', '', 5238),
(5, 1, 'Burak ćwikłowy DETROIT 2', '<p>\r\n	<strong>Burak ćwikłowy DETROIT 2</strong> jest odmianą&nbsp; o kr&oacute;tkim okresie wegetacji (58 dni). Ze względu na wczesność - doskonała do upraw pod osłonami na botwinkę oraz jako buraczki w pęczkach. Korzeń kulisty, o doskonałej strukturze i intensywnym, krwistoczerwonym zabarwieniu.<br />\r\n	Odmiana znana z wczesności, oraz bardzo wysokiego plonu. Radzi sobie dobrze w każdym rodzaju gleby. Odporna na mączniaka rzekomego. Tolerancyjna na jarowizację.<br />\r\n	<strong>Burak ćwikłowy DETROIT 2</strong>&nbsp; pozostawiony dłużej w polu dorasta do dużych rozmiar&oacute;w, nie łykowaciejąc i nie tworząc pierścieni. Bardzo dobrze się przechowuje.</p>', '', 4563),
(6, 1, 'Cebula słomkowożółta RIJNSBURGER 5 <font color=\"red\"> PROMOCJA</font>', '<p>\r\n	Średniowczesna cebula do bardzo długiego przechowywania (nawet do czerwca). Tworzy duże, kuliste cebule z cienką szyjką i łuską koloru słomkowobrązowego. Daje pewny i wysoki plon dużych, twardych, wyr&oacute;wnanych cebul z bardzo mocną łuską. Dzięki temu cebule świetnie znoszą zbi&oacute;r mechaniczny, sortowanie i bardzo długie przechowywanie.</p>\r\n<p>\r\n	<strong>Bardzo koszystne ceny przy zam&oacute;wieniach cebuli w workach 20 kg!</strong> Skontaktuj się z nami aby uzyskać dokładniejsze informacje.</p>', '', 4259),
(8, 1, 'Cebula biała szczypiorowa WHITE LISBON', '<p>\r\n	<strong>Cebula szczypiorowa White Lisbon</strong> po około 60 dniach od siewu tworzy zielony, bardzo atrakcyjny szczypior bez zgrubienia cebulowego. P&oacute;źniej powstaje podłużna, a następnie kulista, biała cebula z grubą szyjką o łagodnym smaku. <strong>Cebula szczypiorowa White Lisbon</strong> może być uprawiana w r&oacute;żnych terminach pod osłonami i w gruncie.</p>', '', 4958),
(72, 1, 'Cebula YELLOW SWEET SPANISH <font color=\"red\"> PROMOCJA</font>', '<p>\r\n	Cebula tworzy bardzo atrakcyjne, kuliste, duże wyr&oacute;wnane cebule (ok. 8 cm) o białym miąższu, pokryte twardą, ż&oacute;łtobrązową łuską. Odmiana o silnym wigorze daje bardzo wysoki plon po około 120 dniach od siewu. Wyjątkowo silny system korzeniowy pozwala bardzo dobrze plonować nawet w suche lata i osiągać nierzadko plony nawet 100% wyższe od innych odmian heterozyjnych w typie Rijnsburger. Bardzo wysoką plenność odmiany potwierdziły badania COBORU w 2013 roku. Nadaje się do przechowywania przez ok. 6-7 miesięcy. Cebula YELLOW SWEET SPANISH polecana jest na świeży rynek i do przetw&oacute;rstwa (dobrze się obiera).</p>\r\n<p>\r\n	<strong>Bardzo korzystne ceny przy zam&oacute;wieniach cebuli w workach 20 kg!</strong> Skontaktuj się z nami aby uzyskać dokładniejsze informacje.</p>', '', 6824),
(9, 1, 'Cebula czerwona De BRUNSWICK', '<p>\r\n	Bardzo plenna p&oacute;źna cebula długiego dnia. Tworzy średnio duże, kuliste, lekko spłaszczone cebule, o intensywnie ciemnoczerwonym zabarwieniu łusek. Doskonała do sałatek. Nadaje się do długiego przechowywania. Możliwość zam&oacute;wienia w workach 5 i 10 kg.</p>', '', 686),
(10, 1, 'Cebula siedmiolatka ISHIKURA LONG WHITE (Allium fistulosum)', '<p>\r\n	Odmiana wytwarza długi (ok. 50 cm), nierozkładający się szczypior u g&oacute;ry ciemnozielony, u dołu z długą, idealnie białą częścią bez zgrubień cebulowych. Ma doskonały smak i aromat. Niepodatna na mączniaka rzekomego Daje wysoki plon wyr&oacute;wnanych roślin przeznaczanych do sprzedaży w pęczkach.</p>', '', 1311),
(11, 1, 'Cukinia BLACK BEAUTY', '<p>\r\n	<strong>Cukinia BLACK BEAUTY</strong> jest wczesną odmianą do uprawy pod osłonami i w polu. Owoce cylindryczne o długości 18-23 cm, kształtne, wyr&oacute;wnane, w kolorze głębokiej, ciemnej zieleni bez cętkowania. <strong>Cukinia BLACK BEAUTY</strong> daje wysoki plon owoc&oacute;w o poszukiwanych na rynku cechach.</p>', '', 3893),
(12, 1, 'Cukinia STORRS GREEN F1', '<p>\r\n	<strong>Cukinia STORRS GREEN F1</strong> to bardzo wczesna i plenna odmiana heterozyjna, do uprawy w szklarniach tunelach i w polu. Daje bardzo wysoki plon doskonałej jakości owoc&oacute;w o ciemnozielonej, delikatnie cętkowanej, błyszczącej sk&oacute;rce. Cukinie cylindryczne 18-23 cm, kształtne, wyr&oacute;wnane i atrakcyjne.</p>', '', 3284),
(13, 1, 'Zucchinii Dark Green', '<p>\r\n	Odmiana standardowa w typie Storrs Green tj.ciemnozielona błszcząca o błyszczącej sk&oacute;rce. Atrakcyjna cukinia w dobrej cenie, do uprawy w polu i pod wł&oacute;kniną.</p>', '', 1),
(14, 1, 'Fasola szparagowa zielona STANLEY', '<p style=\"text-align: center\">\r\n	<img alt=\"\" src=\"/images/fasole-schemat-650.jpg\" style=\"border-bottom: 0px solid; border-left: 0px solid; width: 650px; height: 421px; border-top: 0px solid; border-right: 0px solid\" /></p>\r\n<p>\r\n	Dominująca odmiana w Europie wśr&oacute;d odmian o średnicy strąka 8-10 mm, ze względu na bardzo wysokie plony (we Francji uzyskuje się plony odmiany Stanley 20-25 ton/ha).</p>\r\n<p>\r\n	Zielone strąki długości 12-14 cm, średnicy 8-10 mm. Okres wegetacji ok. 75 dni. Odporność: wirus zwykłej mozaiki fasoli, antraknoza, bakterioza obw&oacute;dkowa. Bardzo odporna na stresowe warunki &ndash; nie zrzuca kwiat&oacute;w i zawiązk&oacute;w strąk&oacute;w &ndash; plonuje<br />\r\n	niezawodnie. Strąki są wysoko osadzone &ndash; nie dotykają podłoża &ndash; nie są narażone na choroby grzybowe i zanieczyszczenia. Powolne wykształcanie nasion pozwala na dorośnięcie wszystkich strąk&oacute;w na roślinie oraz przedłużenie okresu zbioru.</p>\r\n<p>\r\n	W Polsce uzyskano bardzo wysokie plony niezależnie od warunk&oacute;w pogodowych i rodzaju gleby.</p>\r\n<p>\r\n	<em>W miejscowości Kamion k. Skierniewic odmiana Stanley wykazała najwyższą plenność w testach por&oacute;wnawczych ok. 30 odmian w ciągu dwu kolejnych lat. Odmiana doskonale plonuje niezależnie od klasy gleby i warunk&oacute;w uprawowych, przy zachowaniu wysokiej zdrowotności. &bdquo;Wierność&rdquo; plonowania odmiany Stanley potwierdzona kilkuletnim doświadczeniem daje pewność uzyskania plonu na najwyższym poziomie zar&oacute;wno w mokrych jak i suchych latach.</em></p>', '', 3157),
(15, 1, 'Fasola szparagowa zielona PARKER', '<p>\r\n	Mocne rośliny o wzniesionym pokroju tworzą wyr&oacute;żniającej jakości ciemnozielone strąki długości 14-15 cm i średnicy 8-9 mm. Okres wegetacji 75 dni. Parker jest odmianą o nieco dłuższym okresie kwitnienia i bardziej tradycyjnym pokroju roślin. Jest odmianą bardzo plenną, dobrze znoszącą stres i trudne warunki uprawowe. Odporna na mozaikę fasoli, antraknozę i bakteriozę obw&oacute;dkową.</p>', '', 1201),
(78, 1, 'Fasola szparagowa zielona LAWRENCE', '<p>\r\n	Mocne rośliny o wzniesionym pokroju tworzą wysoko osadzone strąki długości ok. 14 cm i średnicy 9-10 mm. Strąki tej odmiany mają niezwykle ciemnozielony kolor oraz wyjątkowy połysk dzięki gładkiej sk&oacute;rce i woskowej powłoce. Ta cecha sprawia, że strąki są w naturalny spos&oacute;b zabezpieczone przed chorobami oraz przed wysychaniem dzięki czemu bardzo długo zachowują świeżość podczas przechowywania i sprzedaży. Odmiana polecana gł&oacute;wnie na świeży rynek ze względu na bardzo atrakcyjny wygląd i przedłużoną trwałość strąk&oacute;w. Odmiana o bardzo wysokim plonowaniu, odporna na mozaikę fasoli antraknozę i bakteriozę obw&oacute;dkową.</p>', '', 1457),
(16, 1, 'Fasola szparagowa zielona FERRARI', '<p>\r\n	<strong>Fasola szparagowa Ferrari</strong> jest wczesną odmianą (60-63 dni) o ciemnozielonym kolorze i błyszczącej sk&oacute;rce. Strąk ok.13 cm, bardzo smukły (6,5-8 mm &ndash; 80%, 8-9 mm &ndash; 20%), doskonały w smaku, bez łyka, bardzo atrakcyjny na świeży rynek.<br />\r\n	Odporność: wirus zwykłej mozaiki fasoli, antraknoza, bakterioza obw&oacute;dkowa fasoli (Pseudomonas savastanoi pv. phaseolica).<br />\r\n	<strong>Fasola szparagowa Ferrari</strong>&nbsp; ma niskie minimalne temperatury wschod&oacute;w.</p>', '', 4502),
(73, 1, 'Fasola szparagowa zielona TEMPO', '<p>\r\n	<strong>Fasola szparagowa TEMPO</strong> ma najkr&oacute;tszy okres wegetacji ok. 60 dni w uprawach polowych oraz 55-57 dni pod osłonami. Roślina z dużym wigorem i mocnym systemem korzeniowym. Zielone, proste strąki są wysoko osadzone, dobrze wypełnione miąższem, długości ok. 13-14 cm. śr. 8-9 mm 40%, 9-10,5 mm 60%.<br />\r\n	Odporność: wirus zwykłej mozaiki fasoli, bakterioza obw&oacute;dkowa fasoli (Pseudomonas savastanoi pv Phasolica).<br />\r\n	<strong>Fasola szparagowa TEMPO</strong> bardzo dobrze plonuje we wszystkich terminach uprawy, jednak jest najbardziej ceniona w bardzo wczesnych uprawach oraz p&oacute;źnych jako poplon.</p>', '', 5285),
(17, 1, 'Fasola szparagowa zielona EDEN', '<p>\r\n	Odmiana wytwarza ciemnozielone, błyszczące strąki długości 14 cm, okrągłe, o średnicy 8-9 mm &ndash; 20%, 9-10 mm &ndash; 80%, bez łyka. Odmiana doskonała do produkcji przemysłowej i na rynek warzyw świeżych. Przystosowana do zbioru mechanicznego. Odporność: wirus zwykłej mozaiki fasoli, antraknoza, bakterioza obw&oacute;dkowa fasoli (Pseudomonas savastanoi pv. phaseolica). Niska minimalna temperatura wschod&oacute;w.Okres wegetacji od siewu do zbioru wynosi 60-63 dni.</p>', '', 117),
(18, 1, 'Fasola szparagowa żółta URANUS', '<p>\r\n	Doskonała odmiana do produkcji od wiosny do jesieni na rynek warzyw świeżych. Wytwarza strąki o ciemnoż&oacute;łtym, intensywnym kolorze, długości 12-14 cm, okrągłe, o średnicy 8-9 mm - 30%, 9-10,5 mm - 70%, bez łyka. Daje bardzo wysoki plon. Przystosowana do zbioru mechanicznego. Odporność: wirus zwykłej mozaiki fasoli, antraknoza, bakterioza obw&oacute;dkowa fasoli (Pseudomonas savastanoi pv. phaseolica). Niskie minimalne temperatury wschod&oacute;w. Okres wegetacji od siewu do zbioru wynosi ok. 65 dni.</p>', '', 705),
(19, 1, 'Fasola szparagowa żółta BERGGOLD', '<p>\r\n	<strong>Fasola szparagowa ż&oacute;łta Berggold</strong> to wczesna odmiana do upraw pod osłonami i w polu. Strąki są intensywnie ż&oacute;łte, długości 13-14 cm, średnicy 9 mm, bez łyka.<br />\r\n	Odporność: wirus zwykłej mozaiki fasoli, antraknoza. Niskie minimalne temperatury wschod&oacute;w. Okres wegetacji od siewu do zbioru ok.58-61 dni. W wiosennych uprawach przykrycie folią przyśpiesza zbi&oacute;r.</p>', '', 4258),
(20, 1, 'Fasola szparagowa żółta GOLDEN TEEPEE', '<p>\r\n	<strong><span style=\"font-size: 11.0pt;font-family: &quot;Calibri&quot;,&quot;sans-serif&quot;;color: #1F497D;\"><span style=\"background-color:#ff0000;\">Przepraszamy brak towaru. Nasiona będą dostępne od 12.2016r.</span></span></strong></p>\r\n<p>\r\n	Bardzo wczesna odmiana z przeznaczeniem na bezpośrednie spożycie oraz dla przemysłu.Strąki o kolorze ż&oacute;łtozłotym długości 16 cm i średnicy 10 mm, bez łyka.Bardzo dobrze plonuje w trudnych warunkach uprawy pod osłonami i w gruncie. Odmiana nieustannie kwitnie i zawiązuje strąki co przy zastosowaniu zbioru ręcznego umożliwia przedłużenie plonowania.Odporna na wirusa zwykłej mozaiki fasoli. Okres wegetacji ok. 55-58 dni.</p>', '', 3222),
(21, 1, 'Fasola szparagowa intensywnie żółta ROCQUENCOURT', '<p>\r\n	Bardzo wczesna i plenna odmiana szczeg&oacute;lnie polecana do uprawy pod osłonami. Strąki mają intensywny ż&oacute;łto-złoty kolor , są długości 17 cm. średnicy 10 mm. Bez łyka. Suche nasiona do wysiewu są koloru czarnego. W fazie dojrzałości zbiorczej nasiona w strąkach są tylko nieco ciemniejsze od standardowych odmian. Okres wegetacji 57-59 dni. Bardzo atrakcyjna odmiana ze względu na długie strąki o intensywnym kolorze.</p>', '', 4188),
(22, 1, 'Fasola szparagowa żółta SCALA', '<p>\r\n	Bardzo wczesna odmiana o ż&oacute;łtych smukłych strąkach. Strąki o średnicy 6-7 mm.i długośći 11- 12cm. Bez łyka, doskonałe w smaku. Doskonała odmiana do najwcześniejszych upraw pod osłonami i w polu. Okres wegetacji od siewu do zbioru ok 58-60 dni. Odporność: wirus zwykłej mozaiki fasoli, antraknoza, bakterioza obw&oacute;dkowa fasoli (Pseudomonas savastanoi pv phaseolica).</p>', '', 319),
(23, 1, 'Fasola tyczna zielona płaska ALGARVE', '<p>\r\n	<b>Fasola tyczna ALGARVE</b> wytwarza zielone płaskie strąki&nbsp; o długości 26-28 cm i szerokości 25 mm. Najwcześniejsza odmiana z przeznaczeniem do upraw w szklarniach i tunelach ew. w polu. Fasola pnąca do 2-3 metr&oacute;w. /intensywny zbi&oacute;r trwa ok.3-4 tyg. / Otwarty pokr&oacute;j rośliny umożliwia większe zagęszczenie.<br />\r\n	<b>Fasola tyczna ALGARVE </b>jest odmianą bardzo plenną i super wczesną. Bezłykowa, bardzo smaczna, jest wysoko oceniana przez konsument&oacute;w. Odporna na BCMV - zwykła mozaika fasoli W 1 kg jest ok. 2600 szt nasion. W uprawach szklarnia /tunel zaleca się 350 roślin/100 m.kw. Stosować jedną roślinę do sznurka. W uprawach polowych można zagęścić do 600 roślin/100 m.kw.</p>\r\n<h4 style=\"text-align: center;\">\r\n	Fasola Tyczna Algarve - uprawa w Holandii</h4>\r\n<p style=\"text-align: center;\">\r\n	<img alt=\"\" src=\"/images/fasola_alagrve_600.jpg\" style=\"width: 600px; height: 450px;\" /></p>', '', 4735),
(24, 1, 'Fasola tyczna żółta płaska GOLDEN GATE', '<p>\r\n	Ż&oacute;łte płaskie strąki dł.26-28 cm. szer. 25 mm. Najwcześniejsza odmiana z przeznaczeniem do upraw w szklarniach i tunelach ewentualnie w polu. Fasola pnąca do 2-3 metr&oacute;w /intensywny zbi&oacute;r trwa ok.3-4 tyg. /&nbsp; Otwarty pokr&oacute;j rośliny umożliwia wieksze zagęszczenie. Bardzo plenna i bardzo wczesna. Bezłykowa, bardzo smaczna. Odporna na BCMV - zwykła mozaika fasoli W 1 kg jest ok. 2600 szt nasion. W uprawach szklarnia /tunel zaleca się 350 roślin/100 m.kw. Stosować jedną roślinę do sznurka. W uprawach polowych można zagęścić do 600 roślin/100 m.kw.</p>', '', 8422),
(115, 1, 'Kukurydza supersłodka SWEET SPIRIT F1 (7473RY) 100 000 nasion <font color=\"red\">ATRAKCYJNA CENA</font>', '<ul>\r\n	<li>\r\n		Bardzo wczesna (75 dni)</li>\r\n	<li>\r\n		kolba ok. 22 cm</li>\r\n	<li>\r\n		ż&oacute;łte, błyszczące i gładkie&nbsp;ziarna w 16-18 rzędach&nbsp;wypełniają kolbę aż do&nbsp;wierzchołk&oacute;w</li>\r\n	<li>\r\n		najwyższa słodkość spośr&oacute;d wszystkich dostępnych obecnie odmian Sh2</li>\r\n	<li>\r\n		w uprawach wdrożeniowych poziom cukru określono na 16,3% (dotychczas uprawiane odmiany ok. 8-10%)</li>\r\n	<li>\r\n		bardzo plenna, wczesna odmiana do produkcji na świeży rynek.</li>\r\n</ul>\r\n<p style=\"text-align: center;\">\r\n	<em>Firma <strong>Alseed Agro</strong> jest wyłącznym dystrybutorem w Polsce legendarnej amerykańskiej firmy nasiennej <strong>Abbot &amp; Cobb Inc.</strong> oferującej najwyższej jakości odmiany kukurydzy cukrowej super słodkiej Sh2.</em></p>', '', 3),
(25, 1, 'Fasola tyczna żółta płaska GOLDFIELD', '<p>\r\n	Ż&oacute;łte, bardzo dobrze wybarwione, płaskie strąki dł.26-28 cm. szer. 25 mm. Odmiana z przeznaczeniem do profesjonalnych upraw w polu ale r&oacute;wnież pod osłonami. Fasola pnąca do 2-3 metr&oacute;w /intensywny zbi&oacute;r trwa ok.3-4 tyg. Bardzo plenna i wczesna. Bezłykowa, bardzo smaczna. Odporna na BCMV - zwykła mozaika fasoli W 1 kg jest ok. 2600 szt nasion. W uprawach szklarnia /tunel zaleca się ok. 350 roślin/100 mkw. Stosować jedną roślinę do sznurka. W uprawach polowych można zagęścić do 600 roślin/100 m.kw.</p>\r\n<p>\r\n	&nbsp;</p>', '', 4674),
(26, 1, 'Fasola tyczna zielona płaska VITALIS', '<p>\r\n	Zielone płaskie strąki dł. 20 cm. szer. 20 mm. Wczesna odmiana z przeznaczeniem do profesjonalnych upraw w polu i pod osłonami. Fasola pnąca do 2-3 metr&oacute;w /intensywny zbi&oacute;r trwa ok.3-4 tyg. / Bardzo plenna i wczesna. Bezłykowa, bardzo smaczna. Odporna na BCMV - zwykła mozaika fasoli W 1 kg jest ok 2600 szt nasion. W uprawach szklarnia /tunel zaleca się 350 roślin/100 mkw. Stosować jedną roślinę do sznurka. W uprawach polowych można zagęścić do 600 roślin/100 mkw.</p>\r\n<p>\r\n	&nbsp;</p>\r\n<p>\r\n	&nbsp;</p>', '', 607),
(27, 1, 'Fasola tyczna zielona okrągłe strąki SULTANA', '<p>\r\n	Ciemnozielone strąki o przekroju okrągłym dł.18 cm. średnicy 8-10 mm. Wczesna odmiana z przeznaczeniem do profesjonalnych upraw w polu i pod osłonami.Fasola pnąca do 2-3 metr&oacute;w /intensywny zbi&oacute;r trwa ok.3-4 tyg. / Bardzo plenna i wczesna. Bezłykowa, bardzo smaczna. Odporna na BCMV - zwykła mozaika fasoli W 1 kg jest ok 4000 szt nasion. W uprawach szklarnia /tunel zaleca się 350 roślin/100 mkw. Stosować jedną roślinę do sznurka. W uprawach polowych można zagęścić do 600 roślin/100 mkw.</p>\r\n<p>\r\n	&nbsp;</p>\r\n<p>\r\n	&nbsp;</p>', '', 2750),
(28, 1, 'Kapusta BERYL F1 (op. 2500 nasion)', '<p>\r\n	Bardzo wczesna (50-55 dni od wysadzenia)odmiana kapusty białej, polecana do uprawy prześpieszonej w tunelach foliowych, pod płaskimi przykryciami i w polu. Kształtne, kuliste i wyr&oacute;wnane gł&oacute;wki o wadze 1,0- 1,4 kg Jedna z naiwcześniejszych odmian na rynku.</p>', '', 0),
(29, 1, 'Kapusta BARABAS F1 (op. 2500 nasion)', '<p>\r\n	Wczesna odmiana (60 -65 dni od wysadzenia ) do produkcji pod osłonami i w polu.Kuliste, bardzo wyr&oacute;wnane gł&oacute;wki wielkości 1,2-1,5 kg o doskonałej strukturze - głąb wewnętrzny bardzo kr&oacute;tki.Ta odmiana jest bardzo odporna na pękanie i dobrze znosi niekorzystne warunki klimatyczne jak susza ,gorąco i ciągłe opady.Barabas F1 może być uprawiany we wszystkich terminach i daje zawsze wysoki plon.</p>', '', 1),
(30, 1, 'Kapusta bardzo wczesna EXPRESS', '<p>\r\n	Superwczesna kapusta(45-50 dni od posadzenia rozsady) do najwcześniejszych upraw pod oslonami i w polu. Gł&oacute;wka o nieco wydłużonym kształcie w typie stożkowym&nbsp;o masie&nbsp;0,8-1,2 kg.</p>', '', 3332),
(31, 1, 'Kapusta bardzo wczesna GOLDEN ACRE', '<p>\r\n	Bardzo wczesna kapusta&nbsp;(50-55 dni od wysadzenia). Odmiana przeznaczona do wiosenych nasadzeń pod osłonami i w polu. Gł&oacute;wki zielone,&nbsp;kuliste o masie&nbsp;1,0 - 1,4 kg. Jedna z wcześniejszych odmian na rynku.</p>', '', 3909),
(32, 1, 'Kapusta późna Langedijker Bewaar STORADO', '<p>\r\n	Kapusta typu Langedijker. Odmiana p&oacute;źna (120-130 dni od posadzenia rozsady). Gł&oacute;wki kuliste o masie 2,5-3,5 kg, o ciemnozielonych zewnętrznych liściach. Kapusta Langedijker Bewaar Storado może być długo przechowywana bez strat. Odmiana o wysokiej plenności.</p>', '', 3893),
(83, 1, 'Marchew AMSTERDAM 2 AMELIE', '<p>\r\n	Nowa bardzo wczesna odmiana przeznaczona do wczesnych upraw pod folią i w gruncie. Korzeń cylindryczny, tępo zakończony, długości 18-20 cm, gładki. Korzeń o bardzo wysokiej jakości, intensywnym pomarańczowoczerwonym kolorze i gładkiej sk&oacute;rce łatwej do mycia. Odmiana szybko osiąga dojrzałość zbiorczą. Bardzo wczesny i wysoki plon marchwi przeznaczonej na pęczki, obcinanej oraz do przetw&oacute;rstwa na plastry.</p>', '', 1908),
(84, 1, 'Marchew BALANCIO F1', '<p>\r\n	Wczesny mieszaniec w typie Nantes, kt&oacute;ry tworzy długie (18-20 cm), gładkie, smukłe i cylindryczne korzenie o głębokim pomarańczowo-czerwonym kolorze i gładkiej sk&oacute;rce. Odmiana odporna na pękanie i dobra do przechowywania. Intensywny, wyr&oacute;wnany kolor i wysoka wydajność sprawiają, że jest bardzo dobrą odmianą na zaopatrzenie świeżego rynku oraz do przetw&oacute;rstwa. Odmiana o bardzo wysokiej plenności.</p>', '', 451),
(35, 1, 'Marchew NANTES 2 CASTLE', '<p>\r\n	Bardzo wczesna nantejska odmiana o gładkim walcowatym korzeniu, tępo zakończonym intensywnie wybarwionym o długości ok. 20 cm. Odmiana w typie odmiany Nantes 5 Naba jednak ok. 7 dni wcześniejsza i nieco większa. Doskonale nadaje się na rynek warzyw świeżych, jako marchew w pęczkach, bez naci (po umyciu sk&oacute;rka nie bieleje), do przechowywania oraz dla przemysłu na plastry. Korzenie nie zielenieją. Odmiana niepodatna na alternariozę. Daje bardzo wysokie plony.</p>', '', 2655),
(36, 1, 'Marchew NANTES 5 NABA', '<p>\r\n	Wczesna odmiana (gotowa do zbioru po upływie około 100 dni od siewu) o gładkim, walcowatym korzeniu tępo zakończonym, długości 16-20 cm. Nantes 5 Naba ma doskonały zewnętrzny i wewnętrzny pomarańczowoczerwony kolor. Korzenienie nie mają zielonej gł&oacute;wki. Odmiana niepodatna na alternariozę. Doskonale nadaje się na rynek warzyw świeżych, jako marchew w pęczkach, bez naci (po umyciu sk&oacute;rka nie bieleje)&nbsp;do przechowywania oraz do przemysłu na plastry. Odmiana&nbsp;słodka bardzo dobra na sur&oacute;wki i soki. Daje bardzo wysokie plony.&nbsp; W&nbsp;badaniach prowadzonych w Rolniczym Zakładzie Doświadczalnym&nbsp;SGGW w Żelaznej w 2008 roku uzyskano plon odmiany Nantes Naba w wysokości 107 ton z hektara. Bardzo atrakcyjna cena nasion.</p>', '', 6088),
(38, 1, 'Marchew BERLIKUMER 2', '<p>\r\n	Przeznaczona na świeży rynek, do przemysłu i do długiego przechowywania. Okres wegetacji ok. 135 dni. Korzeń cylindryczny 23-25 cm długości, tępo zakończony o gładkiej sk&oacute;rce. Dobrze wybarwiona kora i rdzeń. Nać mocna umożliwia mechaniczny zbi&oacute;r. Odporna na pękanie, niepodatna na alternariozę.Odmiana wyr&oacute;żnia się bardzo dobrym smakiem. Przeznaczenie: na świeży rynek , do przechowywania i do przemysłu (800tys/ha- na kostkę,1,2-1,5ml/ha -na plastry). Daje bardzo wysoki wyr&oacute;wnany plon nawet w trudnych warunkach uprawowych i okresach suszy. Bardzo dobry stosunek ceny nasion do jakości odmiany.W 2008 roku w Rolniczym Zakładzie Doświadczalnym SGGW w Żelaznej uzyskano plon odmiany Berlikumer Berba w wysokości 92,2 ton/ha.</p>', '', 4566),
(149, 1, 'Marchew BERLIKUMER 2 BERBA kalibrowane 1,6-1,8', '<p>\r\n	<span style=\"color:#ffffff;\"><strong><span style=\"background-color: rgb(255, 0, 0);\">WKR&Oacute;TCE W SPRZEDAŻY - zapytaj o termin tel. 81 5031286</span></strong></span></p>\r\n<p>\r\n	Przeznaczona na świeży rynek, do przemysłu i do długiego przechowywania. Okres wegetacji ok. 135 dni. Korzeń cylindryczny 23-25 cm długości, tępo zakończony o gładkiej sk&oacute;rce. Dobrze wybarwiona kora i rdzeń. Nać mocna umożliwia mechaniczny zbi&oacute;r. Odporna na pękanie, niepodatna na alternariozę.Odmiana wyr&oacute;żnia się bardzo dobrym smakiem. Przeznaczenie: na świeży rynek , do przechowywania i do przemysłu (800tys/ha- na kostkę,1,2-1,5ml/ha -na plastry). Daje bardzo wysoki wyr&oacute;wnany plon nawet w trudnych warunkach uprawowych i okresach suszy. Bardzo dobry stosunek ceny nasion do jakości odmiany.W 2008 roku w Rolniczym Zakładzie Doświadczalnym SGGW w Żelaznej uzyskano plon odmiany Berlikumer Berba w wysokości 92,2 ton/ha.</p>', '', 467),
(40, 1, 'Marchew FLAKKESE FIVAK', '<p>\r\n	Średnio p&oacute;źna odmiana z doskonałym, pomarańczowoczerwonym wybarwieniem kory i rdzenia. Korzenie nie mają zielonej głowy. Niepodatna na alternariozę. Niezwykle gładki, błyszczący korzeń długości 20-24 cm jest lekko stożkowaty, niemal cylindryczny, tępo zakończony. Odmiana doskonała na bezpośrednie zaopatrzenie rynku, do przechowywania i dla przetw&oacute;rstwa. Przy siewie 800 tys. nasion/ha dorasta do dużych rozmiar&oacute;w, stanowiąc atrakcyjny surowiec na kostkę. Odmiana bardzo plenna o silnej, zdrowej naci. W badaniach prowadzonych w Rolniczym Zakładzie Doświadczalnym SGGW w Żelaznej w 2008 r. uzyskano plon odmiany Flakkese Fivak w wysokości 107 ton z hektara. Bardzo atrakcyjna cena nasion.</p>', '', 4283),
(85, 1, 'Marchew BALADIS F1', '<p>\r\n	Średnio wczesny mieszaniec w typie Nantes. Długie korzenie (ok. 19 cm) są gładkie i cylindryczne o jednolitej strukturze wewnętrznej i bardzo ładnym kolorze. Odmiana daje bardzo wysoki plon wyr&oacute;wnanych korzeni z gładką, błyszczącą sk&oacute;rką, odpornych na pękanie w trakcie zbioru, mycia i sortowania. Korzenie nadają się do długiego przechowywania. Przeznaczenie na świeży rynek i do przetw&oacute;rstwa. Odmiana o bardzo wysokiej plenności.</p>', '', 771),
(42, 1, 'Ogórek szklarniowy PARTHOS F1 (op. 100 nasion)', '<p>\r\n	Odmiana bardzo plenna wczesna wytwarzająca tylko kwiaty żeńskie partenokarpiczna. Owoce ciemnozielone błyszczące, długości 16-18 cm bardzo wyr&oacute;wnane i trwałe. Odporna na wirusy CMV, MMV, oraz SCAB (Cladosporium), TLS (Target Leaf Spot).</p>', '', 0),
(43, 1, 'Pietruszka korzeniowa HALBLANGE BERLINER', '<p>\r\n	Pietruszka korzeniowa &quot;berlińska&quot; osiąga dojrzałość po 110 dniach wegetacji. Tworzy korzenie długie, stożkowate, gładkie bez zniekształceń. Miąższ biały jędrny i smaczny. Odmiana przeznaczona na bezpośrednie zaopatrzenie rynku, do przechowywania i przetw&oacute;rstwa.</p>', '', 5270),
(45, 1, 'Pietruszka naciowa COMMUN 2', '<p>\r\n	Odmiana naciowa o liściach gładkich podobnych kształtem do berlińskiej jednak nie tworząca zgrubień korzeniowych. Bardzo intensywnie rośnie a po ścięciu szybko odrasta zapewniając wielokrotnie większą wydajność naci&nbsp;niż uprawa odmian korzeniowych. Commun 2 ma drobniejsze liście w por&oacute;wnaniu do innych odmian naciowych. Odmiana polecana do wszystkich termin&oacute;w i typ&oacute;w uprawy. Ciemnozielone odporne na ż&oacute;łknięcie liscie są doskonałym surowcem jako świeża przyprawa oraz do produkcji suszu.</p>', '', 3837),
(46, 1, 'Pietruszka naciowa kędzierzawa MOSS CURLED 2', '<p>\r\n	Odmiana naciowa, dająca średniej wysokości łodygi. Liście są jasnozielone, bardzo gęste i drobno poskręcane (kędzierzawe). Liście zachowują sw&oacute;j świeży, zielony kolor nawet na starszych łodygach. Doskonała do sprzedaży w pęczkach.</p>', '', 3059),
(47, 1, 'Pomidor do tuneli i pole/palik BALTYCO F1 LSL', '<p>\r\n	Wczesna samokończąca odmiana do uprawy na 8 gron wiosną i jesienią pod osłonami oraz latem w polu przy palikach. Silny system korzeniowy. Dobre wiązanie owoc&oacute;w o masie 180-190 g. Pomidory są dobrze wybarwione bez zielonej piętki. Bardzo wysoka jakość owoc&oacute;w o przedłużonej trwałości. Plenna odmiana do produkcji na rynek warzyw świeżych.</p>', '', 773),
(48, 1, 'Pomidor do tuneli i pole/palik BARLO F1 LSL', '<p>\r\n	<strong><span style=\"font-size: 11.0pt;font-family: &quot;Calibri&quot;,&quot;sans-serif&quot;;color: #1F497D;\"><span style=\"background-color:#ff0000;\">Przepraszamy brak towaru. Nasiona będą dostępne od 01.2017r.</span></span></strong></p>\r\n<p>\r\n	BARLO F1 Tm.V.F2 N LSL to wczesna odmiana tworząca owoce 250-350g. Samokończąca odmiana do uprawy na 7-8 gron wiosną i jesienią pod osłonami oraz latem w polu przy palikach. Silny system korzeniowy odporny na nicienie. Odmiana wyjątkowo plenna nawet w zmęczonym podłożu i trudnych warunkach uprawy. Owoce&nbsp;najwyższej jakości, pięknie wybarwione&nbsp;o niezwykłych walorach smakowych i przedłużonej trwałości pozbiorczej. Bez zielonej piętki. Odmiana dobrze reaguje na zwiększone nawożenie potasem.</p>', '', 4010),
(49, 1, 'Pomidor szklarniowy BAKONY F1 LSL malinowy', '<p>\r\n	<strong><span style=\"font-size: 11.0pt;font-family: &quot;Calibri&quot;,&quot;sans-serif&quot;;color: #1F497D;\"><span style=\"background-color:#ff0000;\">Przepraszamy brak towaru. Nasiona będą dostępne od 01.2017r.</span></span></strong></p>\r\n<p>\r\n	Bakony F1 Tm.V.F2 N LSL Wczesna odmiana o owocach wielkości 200-230 g. Ciągły wzrost i bardzo&nbsp;wysokie plonowanie bez efektu drobnienia owoc&oacute;w na g&oacute;rnych gronach pozwala prowadzić tą odmianę w uprawie przedłużonej. Owoce mają bardzo atrakcyjny malinowy kolor, a także doskonały słodki smak. Owoce bez zielonej piętki, nie miękną i mają przedłużoną trwałość (medium LSL). Plenna odmiana do uprawy w szklarniach i tunelach</p>', '', 4475),
(86, 1, 'Pomidor do tuneli żółty DULCIA F1', '<p>\r\n	Owoce kuliste ok. 130 g o intensywnym ż&oacute;łtym kolorze i słodkim smaku. Odmiana samokończąca dorasta do 120-140 cm tworząc ok. 6 gron. Odmiana do uprawy w tunelach oraz w polu.</p>', '', 2052),
(50, 1, 'Pomidor szklarniowy MALIBU F1 LSL', '<p>\r\n	Malibu F1 Tm.F.V. N. L.S.L.Odmiana bardzo wczesna. Owoc 180-220 g. Roślina o ciągłym wzroście i wysokiej odporności. Owoce twarde do długiego przechowywania kształtne, kuliste, wyr&oacute;wnane, ładnie wybarwione, bez piętki. Odmiana bardzo odporna na pękanie. Brak problem&oacute;w z szarą pleśnią. Malibu F1 dobrze plonuje w zmęczonym podłożu i trudnych warunkach uprawowych. Odmiana o bardzo wysokim plonie handlowym wyjątkowo atrakcyjnych i smacznych owoc&oacute;w. Do uprawy we wszystkich rodzajach podłoży w szklarniach i tunelach foliowych oraz do uprawy całorocznej w wełnie mineralnej.</p>', '', 5380),
(51, 1, 'Pomidor szklarniowy PARICA F1 LSL', '<p>\r\n	PARICA F1 Tm.V.F2.N. LSL Odmiana bardzo wczesna. Owoc 170-200 g. Odmiana o silnym systemie korzeniowym, ciągłym lecz nieco wolniejszym wzroście, dlatego bardzo dobrze plonuje w niskich obiektach. Grona bardzo gęsto osadzone. Owoce wyjątkowo atrakcyjne, kształtne, kuliste, bardzo twarde i odporne na pękanie. Ładnie i r&oacute;wnomiernie wybarwione, bez piętki. Odmiana bardzo dobrze plonuje r&oacute;wnież w trudnych warunkach glebowych i klimatycznych. Do uprawy we wszystkich rodzajach podłoży w szklarniach i tunelach foliowych.</p>', '', 3060),
(52, 1, 'Pomidor szklarniowy LIANNE F1 LSL', '<p>\r\n	Lianne F1 Tm.V.F2.N.Fr. L.S.L.&nbsp;to udoskonalona wersja znanej i cenionej odmiany Prudo F1. Odmiana wczesna. Owoce duże 220-260 g kuliste, lekko spłaszczone i dobrze wypełnione. Bez skłonności do pękania. Grona gęsto osadzone. Owoce bardzo dobrej jakości o intensywnej czerwonej barwie, bez piętki, twarde i smaczne. Odmiana bardzo plenna. Przeznaczona do uprawy całorocznej w wełnie mineralnej oraz do upraw tradycyjnych w cyklu wiosennym i jesiennym w szklarniach i tunelach foliowych.</p>', '', 5174),
(54, 1, 'Por mrozoodporny Bluegreen Winter BAIKAL', '<p>\r\n	Specjalnie wyselekcjonowana odmiana o wysokiej odporności na mrozy. Może być wysiewana bezpośrednio do gruntu. Dłuższą część wybieloną uzyskuje się sadząc rozsadę sadzarką lub dołownicą na głębokość ok. 20 cm. P&oacute;żniejsze podredlenie daje dodatkowy efekt. Odmiana Baikal charakteryzuje się bardzo intensywnym wzrostem roślin. Łodyga rzekoma biała długości ok. 25-30 cm, liście niebieskozielone. Por ten jest mało podatny na wirusa ż&oacute;łtej pasiastości pora (Leek Yellow Strip Virus) i choroby wywołujące plamistość liści, dlatego Baikal wyr&oacute;żnia się wyjątkową zdrowotnością i ładnym kolorem liści bez przebarwień. Dzięki wysokiej mrozoodporności zbiory można przeprowadzić jesienią, zimą lub wiosną w zależności od sytuacji rynkowej. Por odmiany Baikal daje bardzo wysokie plony.</p>', '', 2427),
(56, 1, 'Por jesienny Autumn Giant SNOWFLAKE 2', '<p>\r\n	(tłum.: Jesienny Olbrzymi &bdquo;Płatek śniegu&rdquo;) Średnio wczesna odmiana pora o&nbsp;długiej, białej łodydze rzekomej i ciemnozielonych liściach. Przeznaczona do zbioru letniego i&nbsp;jesiennego. Średnio odporna na mr&oacute;z. Bardzo wysoka wydajność z hektara. Odmiana doskonała do handlu detalicznego i do przetw&oacute;rstwa.</p>', '', 2887),
(58, 1, 'Por wczesny SWITSERSE REUZEN', '<p>\r\n	Wczesna odmiana szybkorosnąca przeznaczona do zbioru w lecie oraz jesienią. Długa łodyga rzekoma. Liście intensywnie zielone. Plon wczesny wysoki (bardzo dobra odmiana do produkcji wiosennych nowalijek). Przy uprawie jesiennej odmiana dorasta do dużych rozmiar&oacute;w. Przeznaczenie: produkcja nowalijek, rynek warzyw świeżych, przetw&oacute;rstwo.</p>', '', 1867),
(60, 1, 'Rzodkiewka czerwona Ronde Rode Brorei 4 NOBA', '<p>\r\n	Bardzo wczesna odmiana (zbi&oacute;r po 20 dniach od siewu). Do uprawy w polu przez cały rok jak r&oacute;wnież do upraw przyśpieszonych pod osłonami lub pod wł&oacute;kniną. Doskonała, dająca wyr&oacute;wnany plon kulistych, kształtnych, intensywnie czerwonych rzodkiewek z połyskiem. Odporna na parcenie miąższu i pękanie. Liście kr&oacute;tkie i mocne ułatwiają zbi&oacute;r i wiązanie w pęczki.</p>', '', 2360),
(88, 1, 'Sałata czerwona Lollo Rossa ASSOR', '<p>\r\n	Sałata Lollo Rossa ASSOR ma bardzo atrakcyjny rubinowo-czerwony kolor. Liście są słodkie, delikatne, o mocno poskręcanych brzegach. Roślina tworzy luźne, wysoko osadzone gł&oacute;wki. Gotowa do zbioru po ok. 50 dniach. Odmiana odporna na zamieranie brzeg&oacute;w liści (tipburn).</p>', '', 935),
(63, 1, 'Rzodkiewka czerwona SAXA 3', '<p>\r\n	Trzecia generacja odmiany Saxa, spełniająca wsp&oacute;łczesne wymagania uprawy. Polecana do uprawy pod osłonami i w polu. Zgrubienia są twarde, kuliste, wyr&oacute;wnane, z ciemnoczerwoną sk&oacute;rką. Śnieżnobiały miąższ jest doskonałej jakości, nie ma tendencji do pękania i parcenia. Odmiana ma kr&oacute;tkie mocne ulistnienie.</p>', '', 1892),
(89, 1, 'Sałata czerwona DELICATO', '<p>\r\n	Delicato jest odmianą sałaty o wyjątkowo intensywnym ciemnoczerwonym kolorze, kt&oacute;ry występuje już w najmłodszych liściach. Okres wegetacji ok. 60 dni. Wyśmienity smak, ciemny, bardzo głęboki&nbsp;czerwony kolor z połyskiem uatrakcyjni każdy zestaw sałatek. Delicato jest niepodatny na mączniaka rzekomego. Bardzo dobrze plonuje we wszystkich terminach uprawy pod osłonami i w polu. Długo zachowuje świeży wygląd.</p>', '', 1310),
(65, 1, 'Sałata masłowa GROSSE BLONDE', '<p>\r\n	Odmiana masłowa do uprawy pod osłonami i w polu. Tworzy duże, dobrze wypełnione gł&oacute;wki o jasnozielonych liściach. Gł&oacute;wka umieszczona jest na wysokim i mocnym trzonie, dobrze oddzielając liście od gleby. Grosse Blonde bardzo dobrze plonuje we wszystkich terminach uprawy pod osłonami i w gruncie.&nbsp;Odporność na wysoką temperaturę czyni tą odmianę szczeg&oacute;lnie atrakcyjną w letnich uprawach polowych. Gotowa do zbioru po ok. 78 dniach od wysiewu. Odmiana jest niepodatna na mączniaka rzekomego.</p>', '', 2873),
(66, 1, 'Sałata krucha lodowa GREAT LAKES 118', '<p>\r\n	Odmiana w typie iceberg osiągająca dojrzałość po 80 dniach od wysiewu. Duża, kulista głowa o atrakcyjnym wyglądzie. Odmiana dobrze plonująca w zr&oacute;żnicowanych warunkach uprawy.</p>', '', 3192),
(87, 1, 'Sałata masłowa MAY QUEEN', '<p>\r\n	Odmiana masłowa do wczesnych upraw pod osłonami a p&oacute;źniej r&oacute;wnież w polu. Gotowa do zbioru po ok. 65 dniach od wysiewu. Tworzy gł&oacute;wki średniej wielkości o jasnozielonych liściach. Gł&oacute;wka umieszczona na wysokim trzonku.</p>', '', 2488),
(67, 1, 'Seler korzeniowy PRAGER REUZEN', '<p>\r\n	Odmiana bardzo wczesna dojrzewająca po ok. 120 dniach od wysadzenia. Dobrze i szybko wschodzi. Ze względu na wczesność stanowi atrakcyjną odmianę dla producent&oacute;w wczesnowiosennych nowalijek pod osłonami i w gruncie. Zalecana rozstawa 30-35 cm. Pozostawione dłużej w polu, zgrubienia korzeniowe są duże, o białej sk&oacute;rce&nbsp;i białym miąższu, bez przebarwień i pustych przestrzeni. Odmiana przeznaczona na rynek warzyw świeżych i do przetw&oacute;rstwa. Zgrubienia zakończone nielicznymi korzonkami łatwymi do usunięcia przy obr&oacute;bce. Odmiana bardzo plenna. Opakowanie 10 gram zawiera ok 18 tys. nasion.</p>', '', 2516),
(69, 1, 'Seler naciowy GIANT PASCAL', '<p>\r\n	Odmiana silnie rosnąca osiągająca wysokość do 60 cm. o długich mięsistych ogonkach liściowych długości ok. 22-24cm. Liście mają ciemnozielony kolor. Ładna rozeta liściowa stanowi atrakcyjny towar na świeży rynek. Okres wegetacji ok. 135 dni od siewu.</p>', '', 2062),
(70, 1, 'Szpinak RESISTOFLAY', '<p>\r\n	Szybkorosnąca, bardzo wczesna odmiana nadająca się do zbioru po 40- 45 dniach. Liście duże, wzniesione, intensywnie zielone, owalne. Daje wysoki plon na świeży rynek lub do przemysłu. Odmiana niepodatna na choroby, odporna na 2 rasy mączniaka. Bardzo duża odporność na jarowizację.&nbsp;Do upraw wiosennych, jesiennych oraz zasiew&oacute;w na zimę.</p>', '', 2642),
(90, 1, 'Roszponka BAVAL', '<p>\r\n	Wczesna odmiana zalecana dla profesjonalnych upraw pod osłonami i w polu. Baval ma wysoką tolerancję na zimno, szybko rośnie i daje wysoki plon. Liście o intensywnym zielonym kolorze są wyprostowane i długie tworząc ładną rozetę. Z&nbsp;uwagi na delikatny smak i soczysty zielony kolor roszponka BAVAL to idealny składnik sałatek bogaty w witaminy i minerały. Roszponkę najlepiej spożywać na surowo aby zachować cenne składniki, można ją jednak r&oacute;wnież dusić podobnie jak liście szpinaku.</p>', '', 1327),
(74, 1, 'Fasola szparagowa karłowa zielona płaska BAROMA VR', '<p>\r\n	Odmiana w typie Romano do zbioru ręcznego i mechanicznego. Rośliny o wysokości ok. 45 cm tworzą wysoko osadzone, zielone, płaskie strąki, bez łyka, o długości 16 cm i szerokości ok. 2 cm. Bardzo atrakcyjna i plenna odmiana do bezpośredniego spożycia i dla przemysłu przetw&oacute;rczego. Odporność: wirusy BCMV, CTV.</p>', '', 3224),
(75, 1, 'Fasola szparagowa karłowa intensywnie żółta płaska ODIR', '<p>\r\n	Nowa płaskostrąkowa odmiana w typie Romano o niezwykle intensywnym ż&oacute;łtym zabarwieniu strąk&oacute;w. Rośliny o wysokości ok. 45 cm tworzą wysoko osadzone, ciemnoż&oacute;łte, płaskie strąki długości 14 cm i szerokości ok. 2 cm, bez łyka. Bardzo atrakcyjna i plenna odmiana przeznaczona do uprawy w tunelach i w polu do bezpośredniego spożycia oraz dla przemysłu przetw&oacute;rczego. Polecana do zbioru ręcznego i mechanicznego. Odporność: wirus zwykłej mozaiki fasoli, antraknoza, bakterioza obw&oacute;dkowa fasoli (Pseudomonas syringae pv. phaseolicola).</p>', '', 4409),
(76, 1, 'Fasola szparagowa zielona LAWRENCE', '<p>\r\n	Mocne rośliny o wzniesionym pokroju tworzą wysoko osadzone strąki długości ok. 14 cm i średnicy 9-10 mm. Strąki tej odmiany mają niezwykle ciemnozielony kolor oraz wyjątkowy połysk dzięki gładkiej sk&oacute;rce i woskowej powłoce. Ta cecha sprawia, że strąki są w naturalny spos&oacute;b zabezpieczone przed chorobami oraz przed wysychaniem dzięki czemu bardzo długo zachowują świeżość podczas przechowywania i sprzedaży. Odmiana polecana gł&oacute;wnie na świeży rynek ze względu na bardzo atrakcyjny wygląd i przedłużoną trwałość strąk&oacute;w. Odmiana o bardzo wysokim plonowaniu, odporna na mozaikę fasoli antraknozę i bakteriozę obw&oacute;dkową.</p>', '', 2415),
(77, 1, 'Fasola szparagowa zielona STANLEY', '<p style=\"text-align: center;\">\r\n	<img alt=\"\" src=\"/images/fasole-schemat-650.jpg\" style=\"border: 0px solid currentColor; border-image: none; width: 650px; height: 421px;\" /></p>\r\n<p>\r\n	Strąki zielone (długości 12-14 cm i średnicy 8-10 mm) są wysoko osadzone (nie są narażone na choroby grzybowe i zanieczyszczenia). Smukłe rośliny sprzyjają dobremu wietrzeniu uprawy. Niepodatność odmiany na szarą pleśń i zgniliznę twardzikową. Stanley ma intensywne lecz kr&oacute;tkie kwitnienie - zawiązuje strąki wyr&oacute;wnane pod względem wielkości. Odmiana nie zrzuca kwiat&oacute;w i zawiązk&oacute;w strąk&oacute;w w okresie upał&oacute;w. Powolne wykształcanie nasion pozwala na przedłużenie okresu zbioru ręcznego. Okres wegetacji ok. 75 dni. Stanley jest odporny na mozaikę fasoli, antraknozę i bakteriozę obw&oacute;dkową.</p>\r\n<p>\r\n	W Polsce Stanley wykazał najwyższą plenność oraz zdrowotność w testach por&oacute;wnawczych&nbsp;ok. 30 odmian. Odmiana doskonale plonuje niezależnie od klasy gleby i warunk&oacute;w uprawowych.</p>', '', 3260),
(98, 1, 'Fasola szparagowa zielona LAWRENCE w workach <font color=\"red\"> PROMOCJA</font>', '<p>\r\n	Mocne rośliny o wzniesionym pokroju tworzą wysoko osadzone strąki długości ok. 14 cm i średnicy 9-10 mm. Strąki tej odmiany mają niezwykle ciemnozielony kolor oraz wyjątkowy połysk dzięki gładkiej sk&oacute;rce i woskowej powłoce. Ta cecha sprawia, że strąki są w naturalny spos&oacute;b zabezpieczone przed chorobami oraz przed wysychaniem dzięki czemu bardzo długo zachowują świeżość podczas przechowywania i sprzedaży. Odmiana polecana gł&oacute;wnie na świeży rynek ze względu na bardzo atrakcyjny wygląd i przedłużoną trwałość strąk&oacute;w. Odmiana o bardzo wysokim plonowaniu, odporna na mozaikę fasoli antraknozę i bakteriozę obw&oacute;dkową.</p>', '', 976),
(79, 1, 'Fasola szparagowa zielona DOMINO', '<p style=\"text-align: center;\">\r\n	<img alt=\"\" src=\"/images/fasole-schemat-650.jpg\" style=\"border: 0px solid currentColor; border-image: none; width: 650px; height: 421px;\" /></p>\r\n<p>\r\n	Odmiana fasoli o wzniesionym i smukłym pokroju roślin i bardzo wysokim plonie. Strąki zielone (długości 12-13 cm i średnicy 8-9 mm 80%, 9-10 mm 20%). Ważną cechą jest fakt, że wszystkie strąki osiągają średnicę powyżej 8 mm. Strąki poniżej średnicy 8 mm przez wiele zakład&oacute;w przetw&oacute;rczych traktowane jest jako odpad. Odmiana odporna na mozaikę fasoli, antraknozę i bakteriozę obw&oacute;dkową.</p>\r\n<p>\r\n	Doskonały wyb&oacute;r dla przetw&oacute;rni poszukujących plennej odmiany o średnicy strąka 8-9 mm.&nbsp;</p>', '', 1203),
(80, 1, 'Fasola szparagowa zielona COLUMBO', '<p style=\"text-align: center;\">\r\n	<img alt=\"\" src=\"/images/fasole-schemat-650.jpg\" style=\"border: 0px solid currentColor; border-image: none; width: 650px; height: 421px;\" /></p>\r\n<p>\r\n	Nowa odmiana w typie fasoli Stanley. Posiada wszystkie zalety odmiany Stanley, jednak strąk jest nieco smuklejszy i ciemniejszy. Bardzo wysoki plon oraz zdrowotność odmiany potwierdzona w testach por&oacute;wnawczych i wynikach upraw polowych. Odmiana odporna na mozaikę fasoli, antraknozę i bakteriozę obw&oacute;dkową.</p>', '', 1195),
(81, 1, 'Fasola zielona płaskostrąkowa KANSAS', '<p>\r\n	Wczesna zielona fasola płaskostrąkowa typu Romano. Bardzo długie strąki ok. 16 cm, szerokości ok. 2 cm. Rośliny o wysokości 45 cm o wzniesionym smukłym pokroju, do zbioru ręcznego i mechanicznego z przeznaczeniem na świeży rynek oraz do przetw&oacute;rstwa. Odmiana powoli wykształca nasiona co pozwala na przedłużenie okresu zbioru. Kansas daje bardzo wysoki plon mięsistych, smacznych, długich strąk&oacute;w najwyższej jakości. Odmiana odporna na wirusa zwykłej mozaiki fasoli, antraknozę i bakteriozę obw&oacute;dkową fasoli.</p>', '', 1561),
(82, 1, 'Fasola flageolet FLAGRANO', '<p>\r\n	Odmiana Flagrano stanowi we Francji ponad 60% upraw fasoli typu flageolet. Roślina osiąga wysokość 45 cm. Strąki mają długość 12-13 cm. Odmiana o standardowej wczesności i łatwym zbiorze, kt&oacute;ry przeprowadza się, gdy zielone niedojrzałe nasiona zawierają około 42-44% suchej masy. Odmian odporna na mozaikę fasoli, antraknozę i bakteriozę obw&oacute;dkową.</p>', '', 1785),
(91, 1, 'Fasola szparagowa zielona TEMPO', '<p>\r\n	<strong>Fasola szparagowa TEMPO</strong> ma najkr&oacute;tszy okres wegetacji ok. 60 dni w uprawach polowych oraz 55-57 dni pod osłonami. Roślina z dużym wigorem i mocnym systemem korzeniowym. Zielone, proste strąki są wysoko osadzone, dobrze wypełnione miąższem, długości ok. 13-14 cm. śr. 8-9 mm 40%, 9-10,5 mm 60%.<br />\r\n	Odporność: wirus zwykłej mozaiki fasoli, bakterioza obw&oacute;dkowa fasoli (Pseudomonas savastanoi pv Phasolica).<br />\r\n	<strong>Fasola szparagowa TEMPO</strong> bardzo dobrze plonuje we wszystkich terminach uprawy, jednak jest najbardziej ceniona w bardzo wczesnych uprawach oraz p&oacute;źnych jako poplon.</p>', '', 2177),
(92, 1, 'Papryka Batna F1 <font color=\"red\"> PROMOCJA</font>', '<p>\r\n	Wczesna papryka typu &bdquo;duży blok&rdquo;.<br />\r\n	Batna ma bardzo wysoki plon wczesny i całkowity. Owoce o wyr&oacute;wnanym kształcie, ciężkie o grubej ściance bardzo dobrze przebarwiające sie na czerwono z połyskiem i tolerancją na suche spękania sk&oacute;rki. Miąższ gruby, soczysty, czerwony. Płytkie zagłębienie kielichowe zmniejsza podatność na choroby.<br />\r\n	Odmiana daje bardzo wysoki, niezawodny plon w tunelach wysokich oraz niskich typu igołomskiego.<br />\r\n	Odporność: TSWV TMV: 0,1</p>', '', 2599),
(93, 1, 'Papryka Batista F1 <font color=\"red\"> PROMOCJA</font>', '<p>\r\n	Wczesna papryka typu &bdquo;blok&rdquo; o nieco mniejszych owocach od odmiany Batna.<br />\r\n	<strong>Batista F1</strong> daje bardzo wysoki plon owoc&oacute;w doskonałych na swieży rynek i do eksportu. Owoce wyr&oacute;wnane, ciężkie o grubej ściance bardzo dobrze przebarwiające się na czerwono, odporne na suche spękania sk&oacute;rki. Płytkie zagłębienie kielichowe zmniejsza podatność na choroby.<br />\r\n	Odmiana daje bardzo wysoki plon, zar&oacute;wno w niskich, jak i wysokich tunelach.<br />\r\n	Odpornosc: TMV: 0,1,2,3, PVY1,1-2</p>', '', 1430),
(94, 1, 'Papryka BAMBA California Wonder', '<p>\r\n	Papryka do uprawy polowej. Owoce 10 x 9 cm. o grubych ściankach, zielone, łatwo przebarwiające się na czerwono.<br />\r\n	Atrakcyjna cena nasion. Do przetw&oacute;rstwa i na świeży rynek.<br />\r\n	Odporność: TMV: 0, PVY</p>\r\n<p>\r\n	<strong>W sprzedaży posiadamy r&oacute;wnież opakowania 100 g w atrakcyjnej cenie - zapytaj o szczeg&oacute;ły oferty telefonicznie: (81) 503-12-86</strong></p>', '', 2505),
(95, 1, 'Cebula YELLOW SWEET SPANISH 500g <font color=\"red\"> PROMOCJA</font>', '<p>\r\n	Cebula tworzy bardzo atrakcyjne, kuliste, duże wyr&oacute;wnane cebule (ok. 8 cm) o białym miąższu, pokryte twardą, ż&oacute;łtobrązową łuską. Odmiana o silnym wigorze daje bardzo wysoki plon po około 120 dniach od siewu. Wyjątkowo silny system korzeniowy pozwala bardzo dobrze plonować nawet w suche lata i osiągać nierzadko plony nawet 100% wyższe od innych odmian heterozyjnych w typie Rijnsburger. Bardzo wysoką plenność odmiany potwierdziły badania COBORU w 2013 roku. Nadaje się do przechowywania przez ok. 6-7 miesięcy. Cebula YELLOW SWEET SPANISH polecana jest na świeży rynek i do przetw&oacute;rstwa (dobrze się obiera).</p>', '', 298),
(96, 1, 'Pietruszka naciowa COMMUN 2', '<p>\r\n	Odmiana naciowa o liściach gładkich podobnych kształtem do berlińskiej jednak nie tworząca zgrubień korzeniowych. Bardzo intensywnie rośnie a po ścięciu szybko odrasta zapewniając wielokrotnie większą wydajność naci&nbsp;niż uprawa odmian korzeniowych. Commun 2 ma drobniejsze liście w por&oacute;wnaniu do innych odmian naciowych. Odmiana polecana do wszystkich termin&oacute;w i typ&oacute;w uprawy. Ciemnozielone odporne na ż&oacute;łknięcie liscie są doskonałym surowcem jako świeża przyprawa oraz do produkcji suszu.</p>', '', 1128),
(97, 1, 'Pietruszka naciowa COMMUN 2  50g <font color=\"red\">PROMOCJA</font>', '<p>\r\n	Odmiana naciowa o liściach gładkich podobnych kształtem do berlińskiej jednak nie tworząca zgrubień korzeniowych. Bardzo intensywnie rośnie a po ścięciu szybko odrasta zapewniając wielokrotnie większą wydajność naci&nbsp;niż uprawa odmian korzeniowych. Commun 2 ma drobniejsze liście w por&oacute;wnaniu do innych odmian naciowych. Odmiana polecana do wszystkich termin&oacute;w i typ&oacute;w uprawy. Ciemnozielone odporne na ż&oacute;łknięcie liscie są doskonałym surowcem jako świeża przyprawa oraz do produkcji suszu.</p>', '', 331);
INSERT INTO `products_description` (`products_id`, `language_id`, `products_name`, `products_description`, `products_url`, `products_viewed`) VALUES
(99, 1, 'Marchew BARRACUDA F1', '<p>\r\n	Wczesna heterozyjna odmiana marchwi w typie nantejskim. Korzeń długości 22-25 cm, średnicy 3-3,5 cm cylindryczny, gładki i odporny na pękanie. Końc&oacute;wki zaokrągla ok. 120 dni po siewie. Posiada intensywny pomarańczowy wyr&oacute;wnany kolor.</p>\r\n<p>\r\n	Barracuda F1 jest bardzo plenną odmianą przeznaczoną na rynek warzyw świeżych, na zaopatrzenie supermarket&oacute;w oraz dla przemysłu na plastry. Bardzo dobrze znosi przechowywanie oraz mycie i sortowanie</p>', '', 1057),
(100, 1, 'Fasola szparagowa karłowa CAPITANO', '<p>\r\n	<strong>Fasola szparagowa karłowa CAPITANO</strong> to ż&oacute;łta płaskostrąkowa fasola typu Romano. Strąki dł. 16 cm szer. 20 mm.<br />\r\n	<strong>Fasola szparagowa CAPITANO</strong> daje wysoki plon bardzo dobrze wybarwionych, mięsistych i smacznych strąk&oacute;w bez łyka. Odmiana nie ma tendencji do wylegania. Odmiana do przemysłu przetw&oacute;rczego i zaopatrzenia rynku warzyw świeżych. Odporność: wirus zwykłej mozaiki fasoli, antraknoza, bakterioza obw&oacute;dkowa.</p>\r\n<p>\r\n	<span style=\"color:#ff0000;\">Kupujący fasolę szparagowę karłową CAPITANO byli zainteresowani r&oacute;wnież fasolą:&nbsp; Mozenda , Golden Gate, Algarve.</span></p>', '', 3813),
(101, 1, 'Fasola szparagowa karłowa KANSAS', '<p>\r\n	Wczesna zielona fasola płaskostrąkowa typu Romano.</p>\r\n<p>\r\n	Strąki długości ok. 16 cm i szerokości ok. 20 mm. Rośliny o wysokości 45 cm o wzniesionym smukłym pokroju, do zbioru ręcznego i mechanicznego z przeznaczeniem na świeży rynek oraz do przetw&oacute;rstwa.</p>\r\n<p>\r\n	Odmiana powoli wykształca nasiona co pozwala na przedłużenie okresu zbioru. Kansas daje bardzo wysoki plon mięsistych, smacznych strąk&oacute;w najwyższej jakości.</p>\r\n<p>\r\n	Odmiana Kansas nie ma tendencji do wylegania.</p>\r\n<p>\r\n	Odporność: wirus zwykłej mozaiki fasoli, antraknoza, bakterioza obw&oacute;dkowa.</p>', '', 2459),
(102, 1, 'Fasola szparagowa SPRINTER', '<p>\r\n	<strong>Fasola szparagowa SPRINTER</strong> to prawdopodobnie najwcześniejsza ż&oacute;łta odmiana na rynku (ok. 60 dni w polu i ok. 50 dni&nbsp; uprawach tunelowych)&nbsp; Strąki śr. 10 mm dł. 14&ndash;15 cm.&nbsp;<br />\r\n	<strong>Fasola szparagowa SPRINTER</strong> doskonale nadaje się do upraw przyspieszonych w tunelach i w polu. Bardzo wczesny, wysoki plon.&nbsp; Do kilkakrotnego zbioru.&nbsp; Strąki intensywnie ż&oacute;łte, proste, bezwł&oacute;kniste i bardzo smaczne. Rośliny o mocnym systemie korzeniowym i silnych łodygach, bez tendencji do wylegania.<br />\r\n	Odporność: wirus zwykłej mozaiki fasoli, antraknoza, bakterioza obw&oacute;dkowa.</p>', '', 8872),
(168, 1, 'Pomidor ALCESTE F1', '<p>\r\n	<strong>Pomidor ALCESTE F1</strong> TSWV(IR),N(IR), V, F1,F2,C5 to wczesna, plenna samokończąca odmiana z mięsistymi owocami ok. 280 g. Do uprawy w tunelach wiosną i jesienią Silny system korzeniowy ułatwia uprawę w zmęczonych podłożach. Pomidory bez zielonej piętki bardzo dobrze wybarwione o doskonałym smaku.<br />\r\n	<strong>Pomidor Alceste F1</strong> to najlepsza oferta dla poszukujących odmiany o dużych smacznych owocach i atrakcyjnej cenie nasion.</p>', '', 413),
(143, 1, 'Fasola szparagowa ciemnozielona PARKER', '<p>\r\n	Mocne rośliny o wzniesionym pokroju tworzą wyr&oacute;żniającej jakości, ciemnozielone strąki z lekkim połyskiem, długości 14&ndash;15 cm i średnicy 8&ndash;9 mm. Okres wegetacji 75 dni. Parker jest odmianą o nieco dłuższym okresie kwitnienia i bardziej tradycyjnym pokroju roślin. Jest odmianą bardzo plenną, dobrze znoszącą stres i trudne warunki uprawowe. Odporna na mozaikę fasoli, antraknozę i bakteriozę obw&oacute;dkową.<br />\r\n	&nbsp;</p>', '', 1306),
(103, 1, 'Fasola szparagowa SPRINTER w workach', '<p>\r\n	<strong><span style=\"font-size: 11.0pt;font-family: &quot;Calibri&quot;,&quot;sans-serif&quot;;color: #1F497D;\"><span style=\"background-color:#ff0000;\">Przepraszamy brak towaru. Nasiona będą dostępne od 01.2017r. Polecamy odmianę Voltage, Dior i inne.</span></span></strong></p>\r\n<p>\r\n	&raquo; Strąki śr. 10 mm dł. 14&ndash;15 cm.</p>\r\n<p>\r\n	&raquo; Okres wegetacji w polu 60 dni (ok. 45&ndash;50 dni w uprawie lato 2014 i uprawach tunelowych).</p>\r\n<p>\r\n	&raquo; Najwcześniejsza ż&oacute;łta odmiana.</p>\r\n<p>\r\n	&raquo; Do upraw przyspieszonych w tunelach i w polu.</p>\r\n<p>\r\n	&raquo; Bardzo wysoki wczesny plon.</p>\r\n<p>\r\n	&raquo; Do kilkakrotnego zbioru.</p>\r\n<p>\r\n	&raquo; Strąki intensywnie ż&oacute;łte, proste, wyr&oacute;wnane.</p>\r\n<p>\r\n	&raquo; Bezwł&oacute;kniste i bardzo smaczne.</p>\r\n<p>\r\n	&raquo; Rośliny o mocnym systemie korzeniowym i silnych łodygach, bez tendencji do wylegania.</p>\r\n<p>\r\n	&raquo; Odporność: wirus zwykłej mozaiki fasoli, antraknoza, bakterioza obw&oacute;dkowa.</p>', '', 1079),
(104, 1, 'Fasola szparagowa żółta VOLTAGE', '<p>\r\n	<strong>Fasola szparagowa VOLTAGE</strong>&nbsp; to bardzo plenna wczesna odmiana. Strąki śr. 10 mm dł. ok.15 cm.&nbsp; Okres wegetacji ok.73 dni w polu i ok. 55 dni w uprawach tunelowych. Do wielokrotnego zbioru. Strąki intensywnie ż&oacute;łte, proste, wyr&oacute;wnane. Bezwł&oacute;kniste i bardzo smaczne.&nbsp; Rośliny o mocnym systemie korzeniowym i silnych łodygach, bez tendencji do wylegania.<br />\r\n	Odporność: wirus zwykłej mozaiki fasoli, antraknoza, bakterioza obw&oacute;dkowa.<br />\r\n	<strong>Fasola szparagowa VOLTAGE</strong> daje bardzo wysoki plon w przyśpieszonych w uprawach tunelowych i w polu.</p>', '', 5130),
(105, 1, 'Fasola szparagowa żółta VOLTAGE w workach <font color=\"red\"> PROMOCJA</font>', '<p>\r\n	<strong>Fasola szparagowa VOLTAGE</strong>&nbsp; to bardzo plenna wczesna odmiana. Strąki śr. 10 mm dł. ok.15 cm.&nbsp; Okres wegetacji ok.73 dni w polu i ok. 55 dni w uprawach tunelowych. Do wielokrotnego zbioru. Strąki intensywnie ż&oacute;łte, proste, wyr&oacute;wnane. Bezwł&oacute;kniste i bardzo smaczne.&nbsp; Rośliny o mocnym systemie korzeniowym i silnych łodygach, bez tendencji do wylegania.<br />\r\n	Odporność: wirus zwykłej mozaiki fasoli, antraknoza, bakterioza obw&oacute;dkowa.<br />\r\n	<strong>Fasola szparagowa VOLTAGE</strong> daje bardzo wysoki plon w przyśpieszonych w uprawach tunelowych i w polu.</p>', '', 2464),
(123, 1, 'Cebula w workach 20 kg - wszystkie odmiany', '<p>\r\n	<strong>Bardzo korzystne ceny przy zam&oacute;wieniach cebuli w workach 20 kg!</strong> Skontaktuj się z nami aby uzyskać dokładniejsze informacje.</p>', '', 1473),
(106, 1, 'Fasola szparagowa DIOR', '<p>\r\n	<strong>Fasola szparagowa ż&oacute;łta DIOR</strong> ma strąki śr. 8&ndash;9 mm dł. 13&ndash;14 cm. Okres wegetacji w polu 73 dni (ok. 55 dni uprawach tunelowych). Do upraw pod osłonami i w polu. Delikatesowa jakość. Strąki intensywnie ż&oacute;łte, proste, wyr&oacute;wnane. Bezwł&oacute;kniste i wyjątkowo smaczne.<br />\r\n	<strong>Fasola szparagowa ż&oacute;łta DIOR</strong> daje bardzo wysoki plon (ok. 50 strąk&oacute;w na roślinę). Do kilkakrotnego zbioru. Rośliny o mocnym systemie korzeniowym i silnych łodygach, bez tendencji do wylegania.<br />\r\n	Odporność: wirus zwykłej mozaiki fasoli, antraknoza, bakterioza obw&oacute;dkowa.</p>', '', 4178),
(107, 1, 'Fasola szparagowa DIOR w workach <font color=\"red\"> PROMOCJA</font>', '<p>\r\n	<strong>Fasola szparagowa ż&oacute;łta DIOR</strong> ma strąki śr. 8&ndash;9 mm dł. 13&ndash;14 cm. Okres wegetacji w polu 73 dni (ok. 55 dni uprawach tunelowych). Do upraw pod osłonami i w polu. Delikatesowa jakość. Strąki intensywnie ż&oacute;łte, proste, wyr&oacute;wnane. Bezwł&oacute;kniste i wyjątkowo smaczne.<br />\r\n	<strong>Fasola szparagowa ż&oacute;łta DIOR</strong> daje bardzo wysoki plon (ok. 50 strąk&oacute;w na roślinę). Do kilkakrotnego zbioru. Rośliny o mocnym systemie korzeniowym i silnych łodygach, bez tendencji do wylegania.<br />\r\n	Odporność: wirus zwykłej mozaiki fasoli, antraknoza, bakterioza obw&oacute;dkowa.</p>', '', 2650),
(108, 1, 'Kukurydza supersłodka Early Riser F1', '<p>\r\n	<strong><span style=\"background-color: rgb(255, 215, 0);\">ATRAKCYJNE CENY OPAKOWAŃ&nbsp; 100 000 nasion!</span></strong></p>\r\n<p>\r\n	Super wczesna wg danych producenta z USA 69 dni. Prawdopodobnie najwcześniejsza odmiana na rynku. Kolba ok 22 cm dobrze okryta z ok. 16 rzędami ziaren wypełniających kolbę aż do wierzchołka. Ta kukurydza z pewnością wyr&oacute;żnia się spośr&oacute;d wszystkich innych. Ładna kolba z ciemnozieloną okrywą (SRG&reg;) i ziarnami o intensywnym kolorze i wspaniałym smaku. Early Riser F1 jest idealnym rozwiązaniem kukurydzy do wczesnych upraw na świeży rynek.</p>\r\n<p style=\"text-align: center;\">\r\n	<em>Firma <strong>Alseed Agro</strong> jest wyłącznym dystrybutorem w Polsce legendarnej amerykańskiej firmy nasiennej <strong>Abbot &amp; Cobb Inc.</strong> oferującej najwyższej jakości odmiany kukurydzy cukrowej super słodkiej Sh2.</em></p>', '', 1430),
(128, 1, 'Kukurydza supersłodka Early Riser F1', '<p>\r\n	<strong><span style=\"background-color: rgb(255, 215, 0);\">ATRAKCYJNE CENY OPAKOWAŃ&nbsp; 100 000 nasion!</span></strong></p>\r\n<p>\r\n	Super wczesna wg danych producenta z USA 69 dni. Prawdopodobnie najwcześniejsza odmiana na rynku. Kolba ok 22 cm dobrze okryta z ok. 16 rzędami ziaren wypełniających kolbę aż do wierzchołka. Ta kukurydza z pewnością wyr&oacute;żnia się spośr&oacute;d wszystkich innych. Ładna kolba z ciemnozieloną okrywą (SRG&reg;) i ziarnami o intensywnym kolorze i wspaniałym smaku. Early Riser F1 jest idealnym rozwiązaniem kukurydzy do wczesnych upraw na świeży rynek.</p>\r\n<p style=\"text-align: center;\">\r\n	<em>Firma <strong>Alseed Agro</strong> jest wyłącznym dystrybutorem w Polsce legendarnej amerykańskiej firmy nasiennej <strong>Abbot &amp; Cobb Inc.</strong> oferującej najwyższej jakości odmiany kukurydzy cukrowej super słodkiej Sh2.</em></p>', '', 1004),
(109, 1, 'Kukurydza supersłodka SWEET SPIRIT F1 (7473RY)', '<p>\r\n	<span style=\"color:#ffffff;\"><strong><span style=\"background-color:#ff0000;\">DOSTĘPNA PO 15.04.2018r</span></strong></span></p>\r\n<p>\r\n	<strong><span style=\"background-color: rgb(255, 215, 0);\">ATRAKCYJNE CENY OPAKOWAŃ&nbsp; 100 000 nasion!</span></strong></p>\r\n<ul>\r\n	<li>\r\n		Bardzo wczesna (75 dni wg. danych producenta w USA - realnie jedna z najwcześniejszych na rynku odmian w Polsce)</li>\r\n	<li>\r\n		tworzy zwykle dwie, wysoko osadzone, dobrze wykształcone&nbsp;kolby, odpowiednie r&oacute;wnież do zbioru mechanicznego</li>\r\n	<li>\r\n		kolba 21 - 23 cm, dobrze okryta, do długiego przechowywania</li>\r\n	<li>\r\n		ż&oacute;łte, błyszczące i gładkie&nbsp;ziarna w 16-18 rzędach&nbsp;wypełniają kolbę aż do&nbsp;wierzchołk&oacute;w</li>\r\n	<li>\r\n		najwyższa słodkość spośr&oacute;d wszystkich dostępnych obecnie odmian Sh2</li>\r\n	<li>\r\n		w&nbsp;Polsce poziom cukru określono na 16,3% (inne odmiany Sh2&nbsp;ok. 8-10%)</li>\r\n	<li>\r\n		roślina o silnym wigorze, odporna na choroby</li>\r\n	<li>\r\n		bardzo plenna, wczesna odmiana o wyjątkowym smaku&nbsp;do produkcji na świeży rynek.</li>\r\n</ul>\r\n<p style=\"text-align: center;\">\r\n	<em>Firma <strong>Alseed Agro</strong> jest wyłącznym dystrybutorem w Polsce legendarnej amerykańskiej firmy nasiennej <strong>Abbot &amp; Cobb Inc.</strong> oferującej najwyższej jakości odmiany kukurydzy cukrowej super słodkiej Sh2.</em></p>', '', 2809),
(114, 1, 'Kukurydza supersłodka 007R F1 100 000 nasion <font color=\"red\">ATRAKCYJNA CENA</font>', '<ul>\r\n	<li>\r\n		Bardzo wczesna (74 dni)</li>\r\n	<li>\r\n		Kolba 22 cm dobrze okryta z 16-18 rzędami ziaren, do końca wypełniona</li>\r\n	<li>\r\n		Ż&oacute;lte, gładkie i błyszczące ziarna wypełniają kolbę aż do wierzchołk&oacute;w</li>\r\n	<li>\r\n		ziarna o wyjątkowym, naturalnym słodkim smaku</li>\r\n	<li>\r\n		silna, żywotna roślina</li>\r\n	<li>\r\n		bardzo plenna, wczesna odmiana na świeży rynek i do przetw&oacute;rstwa</li>\r\n</ul>\r\n<p style=\"text-align: center;\">\r\n	<em>Firma <strong>Alseed Agro</strong> jest wyłącznym dystrybutorem w Polsce legendarnej amerykańskiej firmy nasiennej <strong>Abbot &amp; Cobb Inc.</strong> oferującej najwyższej jakości odmiany kukurydzy cukrowej super słodkiej Sh2.</em></p>', '', 3),
(110, 1, 'Nawóz organiczny FULVICO', '<p>\r\n	<strong><span style=\"background-color:#ffd700;\">ATRAKCYJNE CENY OPAKOWAŃ o poj. 20 litr&oacute;w oraz ilości paletowych!</span></strong></p>\r\n<p>\r\n	<strong>Stymuluje system korzeniowy!&nbsp; Zwiększa plony!</strong></p>\r\n<p>\r\n	<strong>Fulvico</strong> jest nawozem organicznym pochodzenia roślinnego, co zapewnia bardzo wysoką aktywność biologiczną. <strong>Fulvico</strong> zawiera 24% kwas&oacute;w fulwowych i innych kwas&oacute;w humusowych, wzbogaconych o witaminy, aminokwasy i enzymy roślinne. <strong>Fulvico</strong> przyspiesza podział kom&oacute;rek stymulując wytwarzanie i rozw&oacute;j systemu korzeniowego, oraz wzrost roślin. Pobudza produkcję chlorofilu, zwiększając tempo fotosyntezy. <strong>Fulvico</strong> odgrywa ważną rolę w poprawieniu absorpcji makro i mikro element&oacute;w w glebie i przekazywaniu tych składnik&oacute;w do rośliny. Produkt ten wzbogaca substancję organiczną w glebie i w rezultacie reguluje jej strukturę oraz zwiększa aktywność mikroorganizm&oacute;w glebowych. Ponadto dzięki temu produktowi zwiększa się odporność roślin na niekorzystne warunki uprawy oraz poprawia jakość i wysokość plonu. Wysoka koncentracja łatwo przyswajalnych kwas&oacute;w fulwowych, humusowych i innych aktywnych biologicznie składnik&oacute;w powoduje szybki efekt odżywienia.</p>\r\n<p>\r\n	<strong>Rozpuszczalność:</strong> Zalecane stężenia są rozpuszczane w wodzie; Produkt nie zostawia żadnego osadu w systemach nawadniania.</p>\r\n<p>\r\n	<strong>Skład:</strong></p>\r\n<ul>\r\n	<li>\r\n		Substancja organiczna 40%</li>\r\n	<li>\r\n		Azot całkowity (N) 2%</li>\r\n	<li>\r\n		Azot organiczny (N) 1%</li>\r\n	<li>\r\n		Tlenek potasu rozpuszczalny w wodzie (K2O) 4%</li>\r\n	<li>\r\n		Kwasy fulwowe i humusowe 24% PH 4.1-6.1</li>\r\n</ul>\r\n<h3>\r\n	<u><a href=\"pdf/nawozy.pdf\" target=\"_blank\">Dozowanie i szczeg&oacute;łowe informacje o zastosowaniu -&gt;&gt;&gt;</a></u></h3>', '', 258),
(111, 1, 'Nawóz organiczny FULVICO 20 litrów', '<p>\r\n	ATRAKCYJNE CENY OPAKOWAŃ 20 litrowych i zakup&oacute;w paletowych!</p>\r\n<p>\r\n	<strong>Stymuluje system korzeniowy!&nbsp; Zwiększa plony!</strong></p>\r\n<p>\r\n	<strong>Fulvico</strong> jest nawozem organicznym pochodzenia roślinnego, co zapewnia bardzo wysoką aktywność biologiczną. <strong>Fulvico</strong> zawiera 24% kwas&oacute;w fulwowych i innych kwas&oacute;w humusowych, wzbogaconych o witaminy, aminokwasy i enzymy roślinne. <strong>Fulvico</strong> przyspiesza podział kom&oacute;rek stymulując wytwarzanie i rozw&oacute;j systemu korzeniowego, oraz wzrost roślin. Pobudza produkcję chlorofilu, zwiększając tempo fotosyntezy. <strong>Fulvico</strong> odgrywa ważną rolę w poprawieniu absorpcji makro i mikro element&oacute;w w glebie i przekazywaniu tych składnik&oacute;w do rośliny. Produkt ten wzbogaca substancję organiczną w glebie i w rezultacie reguluje jej strukturę oraz zwiększa aktywność mikroorganizm&oacute;w glebowych. Ponadto dzięki temu produktowi zwiększa się odporność roślin na niekorzystne warunki uprawy oraz poprawia jakość i wysokość plonu. Wysoka koncentracja łatwo przyswajalnych kwas&oacute;w fulwowych, humusowych i innych aktywnych biologicznie składnik&oacute;w powoduje szybki efekt odżywienia.</p>\r\n<p>\r\n	<strong>Rozpuszczalność:</strong> Zalecane stężenia są rozpuszczane w wodzie; Produkt nie zostawia żadnego osadu w systemach nawadniania.</p>\r\n<p>\r\n	<strong>Skład:</strong></p>\r\n<ul>\r\n	<li>\r\n		Substancja organiczna 40%</li>\r\n	<li>\r\n		Azot całkowity (N) 2%</li>\r\n	<li>\r\n		Azot organiczny (N) 1%</li>\r\n	<li>\r\n		Tlenek potasu rozpuszczalny w wodzie (K2O) 4%</li>\r\n	<li>\r\n		Kwasy fulwowe i humusowe 24% PH 4.1-6.1</li>\r\n</ul>', '', 4),
(112, 1, 'Nawóz organiczny antystresowy WONDERFUL', '<p>\r\n	<strong><span style=\"background-color:#ffd700;\">ATRAKCYJNE CENY OPAKOWAŃ o poj. 20 litr&oacute;w oraz ilości paletowych!</span></strong></p>\r\n<p>\r\n	<strong>Antystresowy!&nbsp; Stymuluje wzrost!&nbsp; Zwiększa plony!</strong></p>\r\n<p>\r\n	Naw&oacute;z organiczny antystresowy <strong>Wonderful</strong>, uzyskiwany jest metodą hydrolizy enzymatycznej produkt&oacute;w roślinnych, co zapewnia bardzo wysoką aktywność biologiczną zawartych w nim 19 podstawowych L aminokwas&oacute;w. <strong>Wonderful</strong> jest dodatkowo wzbogacony o naturalne substancje mineralne, enzymy, witaminy i hormony roślinne. Produkt ten działa antystresowo po przymrozkach, niskich temperaturach, upałach, suszy i innych niekorzystnych warunkach uprawy. Dzięki swojemu bogatemu składowi, <strong>Wonderful</strong> stymuluje metabolizm roślin, zwiększa poziom fotosyntezy, wspomaga rozw&oacute;j wegetatywny, tworzenie korzeni i kwiat&oacute;w, przyśpiesza zapylanie. Zwiększa pobieranie składnik&oacute;w pokarmowych i nawoz&oacute;w przez rośliny. Produkt ten może być używany we wszystkich fazach uprawy, dolistnie i w systemach kroplujących osobno lub z innymi nawozami &ndash; działa wtedy jako czynnik chelatujący (aktywuje przyswajalność). Efekt odżywienia jest prawie natychmiastowy. <strong>Wonderful</strong> zwiększa jakość i wysokości plon&oacute;w.</p>\r\n<p>\r\n	<strong>Rozpuszczalność:</strong> Zalecane stężenia są rozpuszczane w wodzie; Produkt nie zostawia żadnego osadu w systemach nawadniania.</p>\r\n<p>\r\n	<strong>Skład:</strong></p>\r\n<ul>\r\n	<li>\r\n		Substancja organiczna 25%</li>\r\n	<li>\r\n		Azot całkowity 4,5%</li>\r\n	<li>\r\n		Azot organiczny 4%</li>\r\n	<li>\r\n		Potas całkowity 1%</li>\r\n	<li>\r\n		Łącznie wolne aminokwasy 11% PH 4-6</li>\r\n</ul>\r\n<h3>\r\n	<u><a href=\"pdf/nawozy.pdf\" target=\"_blank\">Dozowanie i szczeg&oacute;łowe informacje o zastosowaniu -&gt;&gt;&gt;</a></u></h3>', '', 333),
(113, 1, 'Nawóz organiczny antystresowy WONDERFUL 20 litrów', '<p>\r\n	ATRAKCYJNE CENY OPAKOWAŃ 20 litrowych i zakup&oacute;w paletowych!</p>\r\n<p>\r\n	<strong>Antystresowy!&nbsp; Stymuluje wzrost!&nbsp; Zwiększa plony!</strong></p>\r\n<p>\r\n	Naw&oacute;z organiczny antystresowy <strong>Wonderful</strong>, uzyskiwany jest metodą hydrolizy enzymatycznej produkt&oacute;w roślinnych, co zapewnia bardzo wysoką aktywność biologiczną zawartych w nim 19 podstawowych L aminokwas&oacute;w. <strong>Wonderful</strong> jest dodatkowo wzbogacony o naturalne substancje mineralne, enzymy, witaminy i hormony roślinne. Produkt ten działa antystresowo po przymrozkach, niskich temperaturach, upałach, suszy i innych niekorzystnych warunkach uprawy. Dzięki swojemu bogatemu składowi, <strong>Wonderful</strong> stymuluje metabolizm roślin, zwiększa poziom fotosyntezy, wspomaga rozw&oacute;j wegetatywny, tworzenie korzeni i kwiat&oacute;w, przyśpiesza zapylanie. Zwiększa pobieranie składnik&oacute;w pokarmowych i nawoz&oacute;w przez rośliny. Produkt ten może być używany we wszystkich fazach uprawy, dolistnie i w systemach kroplujących osobno lub z innymi nawozami &ndash; działa wtedy jako czynnik chelatujący (aktywuje przyswajalność). Efekt odżywienia jest prawie natychmiastowy. <strong>Wonderful</strong> zwiększa jakość i wysokości plon&oacute;w.</p>\r\n<p>\r\n	<strong>Rozpuszczalność:</strong> Zalecane stężenia są rozpuszczane w wodzie; Produkt nie zostawia żadnego osadu w systemach nawadniania.</p>\r\n<p>\r\n	<strong>Skład:</strong></p>\r\n<ul>\r\n	<li>\r\n		Substancja organiczna 25%</li>\r\n	<li>\r\n		Azot całkowity 4,5%</li>\r\n	<li>\r\n		Azot organiczny 4%</li>\r\n	<li>\r\n		Potas całkowity 1%</li>\r\n	<li>\r\n		Łącznie wolne aminokwasy 11% PH 4-6</li>\r\n</ul>', '', 3),
(116, 1, 'Burak ćwikłowy DETROIT DARK RED 2 CHRISTEL kalibrowany 3,0-3,5', '<p>\r\n	Odmiana o kr&oacute;tkim okresie wegetacji (58 dni). Ze względu na wczesność - doskonała do upraw pod osłonami na botwinkę oraz jako buraczki w pęczkach. Korzeń kulisty, o doskonałej strukturze i intensywnym, krwistoczerwonym zabarwieniu. Odmiana znana z wczesności,oraz bardzo wysokiego plonu. Radzi sobie dobrze w każdym rodzaju gleby. Odporna na mączniaka rzekomego.Tolerancyjna na jarowizację. Pozostawiona dłużej w polu dorasta do dużych rozmiar&oacute;w, nie łykowaciejąc i nie tworząc pierścieni.Bardzo dobrze się przechowuje.</p>', '', 1282),
(117, 1, 'Burak ćwikłowy DETROIT DARK RED 2 CHRISTEL kalibrowany 3,5-4,0', '<p>\r\n	Odmiana o kr&oacute;tkim okresie wegetacji (58 dni). Ze względu na wczesność - doskonała do upraw pod osłonami na botwinkę oraz jako buraczki w pęczkach. Korzeń kulisty, o doskonałej strukturze i intensywnym, krwistoczerwonym zabarwieniu. Odmiana znana z wczesności,oraz bardzo wysokiego plonu. Radzi sobie dobrze w każdym rodzaju gleby. Odporna na mączniaka rzekomego.Tolerancyjna na jarowizację. Pozostawiona dłużej w polu dorasta do dużych rozmiar&oacute;w, nie łykowaciejąc i nie tworząc pierścieni.Bardzo dobrze się przechowuje.</p>', '', 1577),
(118, 1, 'Fasola szparagowa zielona STANLEY w workach <font color=\"red\"> PROMOCJA</font>', '<p style=\"text-align: center;\">\r\n	<img alt=\"\" src=\"/images/fasole-schemat-650.jpg\" style=\"border: 0px solid currentColor; border-image: none; width: 650px; height: 421px;\" /></p>\r\n<p>\r\n	Strąki zielone (długości 12-14 cm i średnicy 8-10 mm) są wysoko osadzone (nie są narażone na choroby grzybowe i zanieczyszczenia). Smukłe rośliny sprzyjają dobremu wietrzeniu uprawy. Niepodatność odmiany na szarą pleśń i zgniliznę twardzikową. Stanley ma intensywne lecz kr&oacute;tkie kwitnienie - zawiązuje strąki wyr&oacute;wnane pod względem wielkości. Odmiana nie zrzuca kwiat&oacute;w i zawiązk&oacute;w strąk&oacute;w w okresie upał&oacute;w. Powolne wykształcanie nasion pozwala na przedłużenie okresu zbioru ręcznego. Okres wegetacji ok. 75 dni. Stanley jest odporny na mozaikę fasoli, antraknozę i bakteriozę obw&oacute;dkową.</p>\r\n<p>\r\n	W Polsce Stanley wykazał najwyższą plenność oraz zdrowotność w testach por&oacute;wnawczych&nbsp;ok. 30 odmian. Odmiana doskonale plonuje niezależnie od klasy gleby i warunk&oacute;w uprawowych.</p>', '', 2180),
(119, 1, 'Marchew NANTES 5 NABA kalibrowane 1,6-1,8', '<p>\r\n	Wczesna odmiana (gotowa do zbioru po upływie około 100 dni od siewu) o gładkim, walcowatym korzeniu tępo zakończonym, długości 16-20 cm. Nantes 5 Naba ma doskonały zewnętrzny i wewnętrzny pomarańczowoczerwony kolor. Korzenienie nie mają zielonej gł&oacute;wki. Odmiana niepodatna na alternariozę. Doskonale nadaje się na rynek warzyw świeżych, jako marchew w pęczkach, bez naci (po umyciu sk&oacute;rka nie bieleje)&nbsp;do przechowywania oraz do przemysłu na plastry. Odmiana&nbsp;słodka bardzo dobra na sur&oacute;wki i soki. Daje bardzo wysokie plony.&nbsp; W&nbsp;badaniach prowadzonych w Rolniczym Zakładzie Doświadczalnym&nbsp;SGGW w Żelaznej w 2008 roku uzyskano plon odmiany Nantes Naba w wysokości 107 ton z hektara. Bardzo atrakcyjna cena nasion.</p>', '', 1703),
(120, 1, 'Marchew NANTES 5 NABA kalibrowane 1,8-2,0', '<p>\r\n	Wczesna odmiana (gotowa do zbioru po upływie około 100 dni od siewu) o gładkim, walcowatym korzeniu tępo zakończonym, długości 16-20 cm. Nantes 5 Naba ma doskonały zewnętrzny i wewnętrzny pomarańczowoczerwony kolor. Korzenienie nie mają zielonej gł&oacute;wki. Odmiana niepodatna na alternariozę. Doskonale nadaje się na rynek warzyw świeżych, jako marchew w pęczkach, bez naci (po umyciu sk&oacute;rka nie bieleje)&nbsp;do przechowywania oraz do przemysłu na plastry. Odmiana&nbsp;słodka bardzo dobra na sur&oacute;wki i soki. Daje bardzo wysokie plony.&nbsp; W&nbsp;badaniach prowadzonych w Rolniczym Zakładzie Doświadczalnym&nbsp;SGGW w Żelaznej w 2008 roku uzyskano plon odmiany Nantes Naba w wysokości 107 ton z hektara. Bardzo atrakcyjna cena nasion.</p>', '', 1246),
(121, 1, 'Marchew FLAKKESE FIVAK kalibrowane 1,6-1,8', '<p>\r\n	Średnio p&oacute;źna odmiana z doskonałym, pomarańczowoczerwonym wybarwieniem kory i rdzenia. Korzenie nie mają zielonej głowy. Niepodatna na alternariozę. Niezwykle gładki, błyszczący korzeń długości 20-24 cm jest lekko stożkowaty, niemal cylindryczny, tępo zakończony. Odmiana doskonała na bezpośrednie zaopatrzenie rynku, do przechowywania i dla przetw&oacute;rstwa. Przy siewie 800 tys. nasion/ha dorasta do dużych rozmiar&oacute;w, stanowiąc atrakcyjny surowiec na kostkę. Odmiana bardzo plenna o silnej, zdrowej naci. W badaniach prowadzonych w Rolniczym Zakładzie Doświadczalnym SGGW w Żelaznej w 2008 r. uzyskano plon odmiany Flakkese Fivak w wysokości 107 ton z hektara. Bardzo atrakcyjna cena nasion.</p>', '', 1925),
(122, 1, 'Marchew FLAKKESE FIVAK kalibrowane 1,8-2,0', '<p>\r\n	Średnio p&oacute;źna odmiana z doskonałym, pomarańczowoczerwonym wybarwieniem kory i rdzenia. Korzenie nie mają zielonej głowy. Niepodatna na alternariozę. Niezwykle gładki, błyszczący korzeń długości 20-24 cm jest lekko stożkowaty, niemal cylindryczny, tępo zakończony. Odmiana doskonała na bezpośrednie zaopatrzenie rynku, do przechowywania i dla przetw&oacute;rstwa. Przy siewie 800 tys. nasion/ha dorasta do dużych rozmiar&oacute;w, stanowiąc atrakcyjny surowiec na kostkę. Odmiana bardzo plenna o silnej, zdrowej naci. W badaniach prowadzonych w Rolniczym Zakładzie Doświadczalnym SGGW w Żelaznej w 2008 r. uzyskano plon odmiany Flakkese Fivak w wysokości 107 ton z hektara. Bardzo atrakcyjna cena nasion.</p>', '', 1156),
(125, 1, 'Cebula słomkowożółta RIJNSBURGER 4 <font color=\"red\"> PROMOCJA</font>', '<p>\r\n	&bull; odmiana o średniej wczesności<br />\r\n	&bull; silny system korzeniowy<br />\r\n	&bull; odmiana bardzo plenna<br />\r\n	&bull; cebule duże, o ż&oacute;łtobrązowych mocnych łuskach zewnętrznych, bardzo dobre do obierania<br />\r\n	&bull; do długiego przechowywania &ndash; do kwietnia i dłużej<br />\r\n	&bull; wysiew w połowie kwietnia, zbi&oacute;r w sierpniu<br />\r\n	&nbsp;</p>', '', 648),
(126, 1, 'Por Gigante De Bulgaria', '<p>\r\n	<b>Por Gigante De Bulgaria</b> jest wczesną odmianą o bardzo długiej łodydze rzekomej, białej u podstawy i zielonkawej w kierunku liści. Bardzo szybki wzrost i wysokie plonowanie sprawia, że odmiana jest bardzo dobra do produkcji przyśpieszonej oraz ceniona w przetw&oacute;rstwie do produkcji suszu i mrożonek.<br />\r\n	<b>Por Gigante De Bulgaria</b> może być produkowany z rozsady oraz siewu bezpośredniego.</p>\r\n<h4 style=\"text-align: center;\">\r\n	Uprawa pora Gigante de Bulgaria w Polsce w 2017r.</h4>\r\n<h4 style=\"text-align: center;\">\r\n	<img alt=\"\" src=\"/images/g_de_bulgaria_2017.jpg\" style=\"width: 600px; height: 400px;\" /><br />\r\n	&nbsp;</h4>\r\n<p style=\"text-align: center;\">\r\n	<img alt=\"\" src=\"/images/g_de_bulgaria_2017-1.jpg\" style=\"width: 600px; height: 400px;\" /></p>', '', 2238),
(127, 1, 'Por mrozoodporny Gigante De Inverno 2', '<p>\r\n	<strong>Odpowiednik pora Baikal.</strong></p>\r\n<p>\r\n	Specjalnie wyselekcjonowana odmiana o wysokiej odporności na mrozy w typie odmiany Baikal. Może być wysiewana bezpośrednio do gruntu. Dłuższą część wybieloną uzyskuje się sadząc rozsadę sadzarką lub dołownicą na głębokość ok. 20 cm. P&oacute;żniejsze podredlenie daje dodatkowy efekt.<br />\r\n	Odmiana Gigante de Inverno charakteryzuje się bardzo intensywnym wzrostem roślin. Łodyga rzekoma biała długości ok. 25&ndash;30 cm, Dzięki wysokiej mrozoodporności&nbsp; zbiory można przeprowadzić jesienią, zimą lub wiosną w zależności od sytuacji rynkowej.<br />\r\n	Por odmiany de Inverno 2 daje bardzo wysokie plony.<br />\r\n	&nbsp;</p>', '', 1294),
(129, 1, 'Różne odmiany kukurydzy', '', '', 1057),
(130, 1, 'Pomidor podkładka Mozart F1', '<p>\r\n	Innowacja w dziedzinie podkładek ponieważ posiada nie tylko odporność na korkowatość korzeni, nicienie i inne patogeny glebowe ale r&oacute;wnież wprowadza pośrednią odporność na TYLCV. Ta cecha zwiększa ochronę w trakcie hodowli, zapewniając większą skuteczność podkładki i bariery do pionowego przenoszenia wirusa w roślinie.<br />\r\n	Podkładka ma bardzo silny system korzeniowy i zr&oacute;wnoważony wigor aby stawić czoła niekorzystnym warunkom wzrostu (niskie temperatury, problemy zasolenia, suszy itd.) Rośliny szczepione mają zwiększone zdolności generatywne i bardzo dobrze wiążą w ciągu sezonu a owoce są bardziej wyr&oacute;wnane i mają lepsze zabarwienie.<br />\r\n	&nbsp;</p>', '', 497),
(131, 1, 'Pomidor szklarnia/tunel MALINOWY AMELIA F1', '<p>\r\n	Bardzo wczesny malinowy pomidor o owocach 200&ndash;250 g<br />\r\n	Do uprawy w cyklu wiosennym i jesiennym oraz upraw przedłużonych w szklarniach i tunelach foliowych.<br />\r\n	Odmiana Amelia daje bardzo wysoki plon słodkich smacznych pomidor&oacute;w o bardzo ładnym malinowym kolorze. Jest łatwa w uprawie i nie tworzy zielonej piętki.<br />\r\n	Amelia F1 jest odmianą o bardzo wysokim plonie atrakcyjnych malinowych pomidor&oacute;w.<br />\r\n	&nbsp;</p>', '', 1120),
(132, 1, 'Pomidor szklarnia/tunel MALINOWY ASTRA F1', '<p>\r\n	Wczesna, plenna odmiana pomidora malinowego o ciągłym wzroście. Do uprawy wiosną i jesienią w szklarniach i tunelach foliowych. Tworzy bardzo wyr&oacute;wnane owoce o wadze 190&ndash;210 g. smaczne, o bardzo atrakcyjnym malinowym kolorze. Owoce mają przedłużoną trwałość.<br />\r\n	&nbsp;</p>', '', 846),
(133, 1, 'Pomidor szklarnia/tunel MALINOWY MAL280 F1 (poprzednio GIANT PINK F1)', '<p>\r\n	Wczesna odmiana malinowa o ciągłym wzroście do uprawy w szklarniach i tunelach foliowych. Tworzy na gronach 4&ndash;6 lekko spłaszczonych owoc&oacute;w o masie 250&ndash;320 g. Roślina o silnym systemie korzeniowym, odporna na nicienie, o dużym wigorze i otwartym pokroju. Odmiana może być uprawiana zar&oacute;wno na wełnie mineralnej jak i w podłożach organicznych. Może być uprawiana w cyklu wiosennym, jesiennym i uprawie przedłużonej. Ze względu na bardzo wysokie plony odmiana wymaga intensywnego nawożenia wieloskładnikowego, przy umiarkowanym poziomie azotu a wysokim potasu. Owoce smaczne, atrakcyjne i trwałe. Odpowiednie do transportu i przechowywania. Giant Pink F1 daje niezwykle wysoki plon bardzo dużych pomidor&oacute;w malinowych.<br />\r\n	&nbsp;</p>', '', 2175),
(134, 1, 'Pomidor szklarnia/tunel SALINAS F1', '<p>\r\n	Odmiana wczesna o dużych kulistych, lekko spłaszczonych owocach (G-GG ok. 200&ndash;260 g) bardzo dobrze wybarwionych. Odmiana do upraw we wszystkich rodzajach podłoży w szklarniach i tunelach w cyklu wiosennym, jesiennym i uprawie całorocznej. Owoce odporne na spękania, smaczne o wyjątkowej jakości, długo zachowujące trwałość.<br />\r\n	&nbsp;</p>', '', 742),
(135, 1, 'Pomidor tunel samokończący BAYONNE F1', '<p>\r\n	Wczesna, plenna, samokończąca odmiana tworzy 6&ndash;8 gron z mięsistymi owocami 280&ndash;350 g. Do uprawy w tunelach wiosną i jesienią. Silny system korzeniowy ułatwia uprawę nawet w zmęczonych podłożach. Pomidory bez zielonej piętki, bardzo dobrze wybarwione o doskonałym smaku. Idealna odmiana dla poszukujących odmiany pomidora o dużych smacznych owocach i atrakcyjnej cenie nasion.<br />\r\n	&nbsp;</p>', '', 1118),
(136, 1, 'Pomidor szklarnia/tunel TURPINO F1', '<p>\r\n	<span style=\"color: rgb(255, 255, 255);\"><strong><span style=\"background-color: rgb(255, 0, 0);\">PRODUKT DOSTĘPNY OD 04.2017</span></strong></span></p>\r\n<p>\r\n	Odmiana o ciągłym wzroście do uprawy we wszystkich rodzajach podłoży i cyklach uprawy w szklarniach i tunelach. Owoce o wydłużonym kształcie dużej śliwki, tworzą na gronie 6&ndash;8 wyr&oacute;wnanych owoc&oacute;w 130&ndash;150 g. Owoce mają bardzo atrakcyjny, czerwony kolor z połyskiem i mogą być zbierane całymi gronami lub pojedynczo. Mają bardzo atrakcyjny wygląd i doskonały smak.<br />\r\n	&nbsp;</p>', '', 407),
(137, 1, 'Pomidor szklarnia/tunel żółty SANTORIA F1 (nazwa tymcz. SOLARIS F1)', '<p>\r\n	Odmiana wczesna, tworzy w gronie 4&ndash;7 ż&oacute;łtych owoc&oacute;w o lekko pomarańczowym odcieniu i wadze 150&ndash;200 g. Przeznaczona do upraw zar&oacute;wno na wełnie mineralnej jak i w podłożach organicznych w szklarniach i tunelach foliowych w cyklu wiosennym, jesiennym oraz uprawie przedłużonej. Odmiana o ciągłym wzroście, kr&oacute;tkich międzywęźlach i średnim wigorze. Bardzo wysoki plon owoc&oacute;w najwyższej jakości.<br />\r\n	&nbsp;</p>', '', 1664),
(138, 1, 'Papryka SIDHI F1 <font color=\"red\"> PROMOCJA</font>', '<p>\r\n	<span style=\"color:#ffffff;\"><strong><span style=\"background-color: rgb(255, 0, 0);\">PRODUKT DOSTĘPNY OD 11.2017</span></strong></span></p>\r\n<p>\r\n	Papryka czerwona typu Block, zielona przebarwiająca się na czerwono. Bardzo silna roślina dająca sobie radę r&oacute;wnież w stresowych warunkach. Wspaniałe rezultaty uprawy i doskonałe opinie producent&oacute;w na najbardziej wymagających terenach uprawy papryki w Almerii /Hiszpania/ i w innych krajach. Owoce czterokomorowe, duże, kaliber G-GG, smaczne o wyjątkowej jakość owoc&oacute;w. Bardzo wysokie plony owoc&oacute;w o grubych ściankach i intensywnym czerwonym kolorze. Wysoka tolerancja wobec mikro-spękania owoc&oacute;w. Odporność: HR: Tm0-2 (L3)IR: TSWV.<br />\r\n	&nbsp;</p>', '', 1676),
(139, 1, 'Papryka GANDHI F1 <font color=\"red\"> PROMOCJA</font>', '<p>\r\n	Papryka o doskonałym czerwonym kolorze. Owoce 10 x 10 cm czterokomorowe, o grubych ściankach, wyr&oacute;wnane, odporne na spękania. Owoce o przedłużonej trwałości pozbiorczej. Mocne rośliny z silnym systemem korzeniowym. Bardzo wysokie plony atrakcyjnych owoc&oacute;w. Odmiana ceniona przez hodowc&oacute;w w Hiszpanii. Odporność: HR Tm0-3 (L4) IR TSWV..<br />\r\n	&nbsp;</p>', '', 1202),
(140, 1, 'Papryka FREY F1', '<p>\r\n	Wczesna papryka przeznaczona do szklarni i tuneli. Owoce duże 10&ndash;12 x 9&ndash;10 cm o wyjątkowo grubych mięsistych ściankach. Szypułki płytko osadzone. Owoce dobrze i r&oacute;wnomiernie się dobarwiają oraz są bardzo odporne na spękania. W uprawach tunelowych odmiana ma standardową wysokość, natomiast w przedłużonych uprawach szklarniowych osiąga wysokość do 160 cm. dając bardzo wysokie plony w całym okresie przedłużonej uprawy. Odporność: PMMoV 1,2,3, PVY 0,1.<br />\r\n	&nbsp;</p>', '', 801),
(141, 1, 'Papryka California Wonder SUPREME', '<p>\r\n	Papryka do uprawy polowej i w tunelach. Owoce 10 x 10 cm. o grubych ściankach, zielone, łatwo przebarwiające się na czerwono. Teraz jeszcze lepsza selekcja odmiany. Atrakcyjna cena nasion. Do przetw&oacute;rstwa i na świeży rynek. Odporność: TMV: 0, PVY.<br />\r\n	&nbsp;</p>', '', 1079),
(142, 1, 'Fasola tyczna zielona okrągła COBRA', '<p>\r\n	&bull; do tuneli oraz w polu<br />\r\n	&bull;&nbsp; ciemnozielone strąki z połyskiem o przekroju okrągłym<br />\r\n	&bull;&nbsp; strąki długości 20 cm, średnicy 10 mm<br />\r\n	&bull;&nbsp; bardzo atrakcyjne, wyr&oacute;wnane i trwałe<br />\r\n	&bull; czarne nasiona do siewu, w strąkach handlowych nasiona białe<br />\r\n	&bull; COBRA ma dłuższy , ciemniejszy, bardziej błyszczący strąk od odmiany SULTANA<br />\r\n	&nbsp;</p>', '', 1861),
(144, 1, 'Fasola szparagowa ciemnozielona błyszcząca JACKSON', '<p>\r\n	<strong>Fasola szparagowa JACKSON</strong> to następca odmiany LAWRENCE. Mocne rośliny o wzniesionym pokroju tworzą wysoko osadzone strąki długości ok. 15&ndash;16 cm i średnicy 10 mm. Strąki tej odmiany mają niezwykle ciemnozielony kolor z połyskiem, dzięki gładkiej sk&oacute;rce i woskowej powłoce. Ta cecha sprawia, że strąki są w naturalny spos&oacute;b zabezpieczone przed chorobami oraz przed wysychaniem dzięki czemu bardzo długo zachowują świeżość.<br />\r\n	<strong>Fasola szparagowa JACKSON</strong> polecana gł&oacute;wnie na świeży rynek ze względu na bardzo atrakcyjny wygląd i przedłużoną trwałość strąk&oacute;w. Odmiana o bardzo wysokim plonowaniu, odporna na mozaikę fasoli, antraknozę i bakteriozę obw&oacute;dkową.</p>', '', 2286),
(145, 1, 'Groszek cukrowy NAIROBI', '<p>\r\n	Typ SNAP PEA.</p>\r\n<p>\r\n	Do spożycia jako młode strąki. Strąki są delikatne w smaku, bez łyka i nie mają wyści&oacute;łki pergaminowej. Rośliny 60&ndash;100 cm. Zbi&oacute;r po 55&ndash;65 dniach od siewu i trwa kilka tygodni. Wysiew ok. 0,5 kg/100 m2. Strąki dł. 9 cm szer. 15 mm. Do uprawy w tunelach i w polu. Kulinarny przeb&oacute;j ostatnich lat w Europie Zachodniej.</p>\r\n<p style=\"text-align: center;\">\r\n	<img alt=\"\" src=\"/images/groszek_nairobi_600.jpg\" /><br />\r\n	&nbsp;</p>', '', 1466),
(146, 1, 'Groszek cukrowy płaski SWEET HORIZON', '<p>\r\n	Typ SNOW PEA.</p>\r\n<p>\r\n	Strąki płaskie dł. 10 cm szer. 22 mm, do uprawy w polu.<br />\r\n	&nbsp;</p>', '', 1493),
(147, 1, 'Rzodkiewka czerwona ROSSO TONDO', '<p>\r\n	Bardzo wczesna odmiana (zbi&oacute;r po 18&ndash;20 dniach od siewu). Do upraw przyśpieszonych pod osłonami lub pod wł&oacute;kniną oraz&nbsp; w polu przez cały rok. Daje wyr&oacute;wnany plon kulistych, kształtnych, intensywnie czerwonych rzodkiewek z połyskiem. Odporna na parcenie miąższu i pękanie. Liście kr&oacute;tkie i mocne ułatwiają zbi&oacute;r i wiązanie w pęczki.<br />\r\n	&nbsp;</p>', '', 2116),
(148, 1, 'Rzodkiewka czerwono-biała TONDO d ALBENGA', '<p>\r\n	Odmiana czerwono-biała średnio wczesna do uprawy w polu przez cały rok jak r&oacute;wnież do upraw przyśpieszonych pod osłonami lub pod wł&oacute;kniną. Rzodkiewki kuliste, kształtne, czerwone z białym końcem.<br />\r\n	&nbsp;</p>', '', 1075),
(150, 1, 'Marchew BERLIKUMER 2 BERBA kalibrowane 1,8-2,0', '<p>\r\n	<span style=\"color:#ffffff;\"><strong><span style=\"background-color: rgb(255, 0, 0);\">WKR&Oacute;TCE W SPRZEDAŻY - zapytaj o termin tel. 81 5031286</span></strong></span></p>\r\n<p>\r\n	Przeznaczona na świeży rynek, do przemysłu i do długiego przechowywania. Okres wegetacji ok. 135 dni. Korzeń cylindryczny 23-25 cm długości, tępo zakończony o gładkiej sk&oacute;rce. Dobrze wybarwiona kora i rdzeń. Nać mocna umożliwia mechaniczny zbi&oacute;r. Odporna na pękanie, niepodatna na alternariozę.Odmiana wyr&oacute;żnia się bardzo dobrym smakiem. Przeznaczenie: na świeży rynek , do przechowywania i do przemysłu (800tys/ha- na kostkę,1,2-1,5ml/ha -na plastry). Daje bardzo wysoki wyr&oacute;wnany plon nawet w trudnych warunkach uprawowych i okresach suszy. Bardzo dobry stosunek ceny nasion do jakości odmiany.W 2008 roku w Rolniczym Zakładzie Doświadczalnym SGGW w Żelaznej uzyskano plon odmiany Berlikumer Berba w wysokości 92,2 ton/ha.</p>', '', 433),
(151, 1, 'Pasternak DUGI BELI', '<p>\r\n	Bardzo plenna odmiana o białym miąższu, bardzo dobra do suszu i mrożenia. Korzeń o białej sk&oacute;rce w kształcie stożka długości 20&ndash;25 cm średnicy 4&ndash;5 cm. Nać średniej wielkości. Odmiana przydatna do mechanicznego zbioru i czyszczenia. Odmiana o bardzo wysokiej plenności. Wysiew 1,5&ndash;2 kg/ha (przemysł), 4,5 kg/ha (świeży rynek).<br />\r\n	&nbsp;</p>', '', 716),
(152, 1, 'Bób WITKIEM-MANITA', '<p>\r\n	Bardzo wczesna odmiana bobu (wegetacja ok. 75 dni) do najwcześniejszych upraw przyśpieszonych i w gruncie. Wysiew w lutym i początku marca w mnożarkach lub w okresie p&oacute;żniejszym bezpośrednio do gruntu Odmiana bardzo tolerancyjna na zimno. Rośliny osiągają wysokośc ok. 130 cm. Długie strąki (ok.20 cm) zawieraja przeciętnie 6 dużych, jasnych nasion. Odmiana wyjątkowo plenna, zapewnia niezawodny najwcześniejszy zbi&oacute;r. W wielu krajach europejskich Witkiem-Manita jest bardzo cenioną odmianą bobu, polecaną do najwcześniejszych nasadzeń wiosennych. Nasiona już dostępne.</p>', '', 278),
(154, 1, 'Kukurydza supersłodka Early Riser', '<p>\r\n	<strong><span style=\"background-color: rgb(255, 215, 0);\">ATRAKCYJNE CENY OPAKOWAŃ&nbsp; 100 000 nasion!</span></strong></p>\r\n<p>\r\n	Early Riser (Ranny ptaszek, 3003R) 69 dni, kolba 21-22 cm, średnica do 4,8 cm (SRG&reg;).</p>\r\n<p>\r\n	Ta kukurydza z pewnością wyr&oacute;żnia się spośr&oacute;d wszystkich innych. Early Riser (Ranny ptaszek) jest najwcześniejszą odmianą z dużym wigorem. Ładna kolba z ciemnozieloną okrywą&nbsp;<span style=\"color: rgb(51, 51, 51); font-family: arial, helvetica, sans-serif; font-size: 11.52px;\">(SRG&reg;)</span>&nbsp;i ziarnami o intensywnym kolorze i wspaniałym smaku. Odmiana ta jest najlepszym rozwiązaniem do wczesnych upraw na świeży rynek.</p>\r\n<p style=\"text-align: center;\">\r\n	<img alt=\"\" src=\"/images/tabelka-kukurydze.jpg\" style=\"width: 650px; height: 301px; border-width: 0px; border-style: solid;\" /></p>\r\n<p style=\"text-align: center;\">\r\n	&nbsp;</p>\r\n<p style=\"text-align: center;\">\r\n	<a href=\"/pdf/Alseed_kukurydze2018.pdf\" target=\"_blank\"><img alt=\"\" src=\"/images/katalog-kukurydza-2018.jpg\" style=\"width: 200px; height: 282px; border-width: 0px; border-style: solid;\" /></a></p>', '', 210),
(155, 1, 'Kukurydza supersłodka SWEET SPIRIT (7473RY)', '<p>\r\n	<strong><span style=\"background-color: rgb(255, 215, 0);\">ATRAKCYJNE CENY OPAKOWAŃ&nbsp; 100 000 nasion!</span></strong></p>\r\n<p>\r\n	SWEET SPIRIT (nazwa w USA 7473RY) 75 dni, kolba 21-22 cm, średnica do 5,4 cm Summer Sweet&reg; MultiSweet&reg;.</p>\r\n<p>\r\n	Błyszczące ż&oacute;łte ziarna, odmiana o wyjątkowej słodyczy i smakowitości, duża odporność na choroby. Odmiana wytrzymała i dająca r&oacute;wnomierne rezultaty wysokiego plonu. Ceniona za wczesność oraz wyjątkową smakowitość. Poziom cukru mierzony w Polsce wynosił 16-18 procent.</p>\r\n<p style=\"text-align: center;\">\r\n	<img alt=\"\" src=\"/images/tabelka-kukurydze.jpg\" style=\"width: 650px; height: 301px; border-width: 0px; border-style: solid;\" /></p>\r\n<p style=\"text-align: center;\">\r\n	&nbsp;</p>\r\n<p style=\"text-align: center;\">\r\n	<a href=\"/pdf/Alseed_kukurydze2018.pdf\" target=\"_blank\"><img alt=\"\" src=\"/images/katalog-kukurydza-2018.jpg\" style=\"width: 200px; height: 282px; border-width: 0px; border-style: solid;\" /></a></p>', '', 630),
(156, 1, 'Kukurydza supersłodka 3580MR', '<p>\r\n	<strong><span style=\"background-color: rgb(255, 215, 0);\">ATRAKCYJNE CENY OPAKOWAŃ&nbsp; 100 000 nasion!</span></strong></p>\r\n<p>\r\n	3580MR 78 dni, kolba 23-24 cm, średnica do 5,8 cm Summer Sweet&reg; SRG&reg;.</p>\r\n<p>\r\n	Najnowsza wspaniała odmiana do przetw&oacute;rstwa i na świeży rynek. Wyjątkowo silne i zdrowe rośliny o ciemnozielonych liściach. Bardzo duże kolby do końca wypełnione ziarnami o intensywnym ż&oacute;łtym kolorze i dobrym połysku. Wszystkie kolby są bardzo dobrze okryte. Odmiana wyr&oacute;żnia się wyjątkowo atrakcyjnymi kolbami z intensywnie ż&oacute;łtymi, bardzo smacznymi ziarnami.</p>\r\n<p style=\"text-align: center;\">\r\n	<img alt=\"\" src=\"/images/tabelka-kukurydze.jpg\" style=\"width: 650px; height: 301px; border-width: 0px; border-style: solid;\" /></p>\r\n<p style=\"text-align: center;\">\r\n	&nbsp;</p>\r\n<p style=\"text-align: center;\">\r\n	<a href=\"/pdf/Alseed_kukurydze2018.pdf\" target=\"_blank\"><img alt=\"\" src=\"/images/katalog-kukurydza-2018.jpg\" style=\"width: 200px; height: 282px; border-width: 0px; border-style: solid;\" /></a></p>', '', 171),
(157, 1, 'Kukurydza supersłodka DESSERT 82', '<p>\r\n	<strong><span style=\"background-color: rgb(255, 215, 0);\">ATRAKCYJNE CENY OPAKOWAŃ&nbsp; 100 000 nasion!</span></strong></p>\r\n<p>\r\n	DESSERT 82 (nazwa w USA 610Y) 81 dni, kolba 22-23 cm, średnica do 5,5 cm Summer Sweet&reg;.</p>\r\n<p>\r\n	Kolba wypełniona ziarnami aż do wierzchołk&oacute;w, wyjątkowo wysokie plony, duże błyszczące ziarna o ciemnoż&oacute;łtym kolorze.</p>\r\n<p>\r\n	Odmiana ma cechy szczeg&oacute;lnie pożądane przez rynek przetw&oacute;rczy, bardzo duży uzysk ziaren.</p>\r\n<p>\r\n	Producenci na świeży rynek doceniają produkcyjność, bardzo duże atrakcyjne kolby oraz wyborny smak odmiany.</p>\r\n<p style=\"text-align: center;\">\r\n	<img alt=\"\" src=\"/images/tabelka-kukurydze.jpg\" style=\"width: 650px; height: 301px; border-width: 0px; border-style: solid;\" /></p>\r\n<p style=\"text-align: center;\">\r\n	&nbsp;</p>\r\n<p style=\"text-align: center;\">\r\n	<a href=\"/pdf/Alseed_kukurydze2018.pdf\" target=\"_blank\"><img alt=\"\" src=\"/images/katalog-kukurydza-2018.jpg\" style=\"width: 200px; height: 282px; border-width: 0px; border-style: solid;\" /></a></p>', '', 171),
(159, 1, 'Fasola szparagowa ciemnozielona PARKER w workach <font color=\"red\">PROMOCJA</font>', '<p>\r\n	Mocne rośliny o wzniesionym pokroju tworzą wyr&oacute;żniającej jakości, ciemnozielone strąki z lekkim połyskiem, długości 14&ndash;15 cm i średnicy 8&ndash;9 mm. Okres wegetacji 75 dni. Parker jest odmianą o nieco dłuższym okresie kwitnienia i bardziej tradycyjnym pokroju roślin. Jest odmianą bardzo plenną, dobrze znoszącą stres i trudne warunki uprawowe. Odporna na mozaikę fasoli, antraknozę i bakteriozę obw&oacute;dkową.<br />\r\n	&nbsp;</p>', '', 306),
(160, 1, 'Fasola szparagowa ciemnozielona błyszcząca JACKSON w workach <font color=\"red\">PROMOCJA</font>', '<p>\r\n	<strong>Fasola szparagowa JACKSON</strong> to następca odmiany LAWRENCE. Mocne rośliny o wzniesionym pokroju tworzą wysoko osadzone strąki długości ok. 15&ndash;16 cm i średnicy 10 mm. Strąki tej odmiany mają niezwykle ciemnozielony kolor z połyskiem, dzięki gładkiej sk&oacute;rce i woskowej powłoce. Ta cecha sprawia, że strąki są w naturalny spos&oacute;b zabezpieczone przed chorobami oraz przed wysychaniem dzięki czemu bardzo długo zachowują świeżość.<br />\r\n	<strong>Fasola szparagowa JACKSON</strong> polecana gł&oacute;wnie na świeży rynek ze względu na bardzo atrakcyjny wygląd i przedłużoną trwałość strąk&oacute;w. Odmiana o bardzo wysokim plonowaniu, odporna na mozaikę fasoli, antraknozę i bakteriozę obw&oacute;dkową.</p>', '', 435),
(161, 1, 'Fasola szparagowa karłowa MENDOSA', '<p>\r\n	<strong>Zielona fasola płaskostrąkowa MENDOSA</strong> typu Romano, następca odmiany KANSAS. Strąki długości ok. 16 cm i szerokości ok. 20 mm.<br />\r\n	Rośliny o wysokości 45 cm o wzniesionym smukłym pokroju, do zbioru ręcznego i mechanicznego z przeznaczeniem na świeży rynek oraz do przetw&oacute;rstwa. Odmiana powoli wykształca nasiona co pozwala na przedłużenie okresu zbioru.<br />\r\n	<strong>Fasola płaskostrąkowa MENDOSA</strong> daje bardzo wysoki plon mięsistych, smacznych strąk&oacute;w o ciemniejszej barwie od odmiany Kansas.<br />\r\n	<strong>Fasola Mendosa</strong> nie ma tendencji do wylegania. Odporność: wirus zwykłej mozaiki fasoli, antraknoza, bakterioza obw&oacute;dkowa.</p>\r\n<p>\r\n	<span style=\"color:#ff0000;\">Kupujący fasolę&nbsp; Mendosa byli zainteresowani r&oacute;wnież fasolą: Capitano, Golden Gate, Algarve</span></p>', '', 386),
(162, 1, 'Fasola szparagowa SPRINTER w workach <font color=\"red\">PROMOCJA</font>', '<p>\r\n	<strong>Fasola szparagowa SPRINTER</strong> to prawdopodobnie najwcześniejsza ż&oacute;łta odmiana na rynku (ok. 60 dni w polu i ok. 50 dni&nbsp; uprawach tunelowych)&nbsp; Strąki śr. 10 mm dł. 14&ndash;15 cm.&nbsp;<br />\r\n	<strong>Fasola szparagowa SPRINTER</strong> doskonale nadaje się do upraw przyspieszonych w tunelach i w polu. Bardzo wczesny, wysoki plon.&nbsp; Do kilkakrotnego zbioru.&nbsp; Strąki intensywnie ż&oacute;łte, proste, bezwł&oacute;kniste i bardzo smaczne. Rośliny o mocnym systemie korzeniowym i silnych łodygach, bez tendencji do wylegania.<br />\r\n	Odporność: wirus zwykłej mozaiki fasoli, antraknoza, bakterioza obw&oacute;dkowa.</p>', '', 431),
(163, 1, 'Fasola tyczna zielona okrągła SEYCHELLES <font color=\"red\">NOWOŚĆ</font>', '<p>\r\n	ciemnozielona błyszcząca,<br />\r\n	śr10 mm,<br />\r\n	dł 15 cm,<br />\r\n	ok. 350 szt./100 m kw szklarni, tunelu &nbsp;&nbsp;&nbsp;&nbsp;&nbsp;&nbsp;&nbsp;&nbsp;&nbsp;&nbsp;&nbsp;&nbsp;&nbsp;&nbsp;&nbsp;&nbsp;&nbsp;&nbsp;&nbsp;&nbsp;&nbsp;&nbsp;&nbsp;&nbsp;&nbsp;&nbsp;&nbsp;&nbsp;&nbsp;&nbsp;&nbsp;&nbsp;&nbsp;&nbsp;&nbsp;&nbsp;&nbsp;&nbsp;&nbsp;&nbsp;&nbsp;&nbsp;&nbsp;&nbsp;&nbsp;&nbsp;&nbsp;&nbsp;&nbsp;&nbsp;&nbsp;&nbsp;&nbsp;&nbsp;&nbsp;&nbsp;&nbsp;&nbsp;</p>', '', 464),
(164, 1, 'Fasola tyczna żółta okrągła SUNSHADE <font color=\"red\">NOWOŚĆ</font>', '<p>\r\n	śr. 9-10 mm,<br />\r\n	dł.17 cm,<br />\r\n	ok. 350 szt./100 m kw szklarni, tunelu &nbsp;&nbsp;&nbsp;&nbsp;&nbsp;&nbsp;&nbsp;&nbsp;&nbsp;&nbsp;&nbsp;&nbsp;&nbsp;&nbsp;&nbsp;&nbsp;&nbsp;&nbsp;&nbsp;&nbsp;&nbsp;&nbsp;&nbsp;&nbsp;&nbsp;&nbsp;&nbsp;&nbsp;&nbsp;&nbsp;&nbsp;&nbsp;&nbsp;&nbsp;&nbsp;&nbsp;&nbsp;&nbsp;&nbsp;&nbsp;&nbsp;&nbsp;&nbsp;&nbsp;&nbsp;&nbsp;&nbsp;&nbsp;&nbsp;&nbsp;&nbsp;&nbsp;&nbsp;&nbsp;&nbsp;&nbsp;&nbsp;&nbsp;</p>', '', 1249),
(165, 1, 'Por mrozoodporny BLAUGRUNER WINTER', '<p>\r\n	<b>Por BLAUGRUNER WINTER</b> jest specjalnie wyselekcjonowaną odmianą o bardzo wysokiej odporności na mrozy. Może być wysiewana bezpośrednio do gruntu. Dłuższą część wybieloną uzyskuje się sadząc rozsadę sadzarką lub dołownicą na głębokość ok. 20 cm. P&oacute;żniejsze podredlenie daje dodatkowy efekt. Odmiana pora <b>BLAUGRUNER WINTER</b> charakteryzuje się bardzo intensywnym wzrostem roślin. Łodyga rzekoma biała długości ok. 25-30 cm, liście niebieskozielone. Por ten jest mało podatny na wirusa ż&oacute;łtej pasiastości pora (Leek Yellow Strip Virus) i choroby wywołujące plamistość liści, dlatego <b>BLAUGRUNER WINTER</b> wyr&oacute;żnia się wyjątkową zdrowotnością i ładnym kolorem liści bez przebarwień. Dzięki wysokiej mrozoodporności zbiory można przeprowadzić jesienią, zimą lub wiosną w zależności od sytuacji rynkowej. <b>Por BLAUGRUNER WINTER</b> daje bardzo wysokie plony.</p>', '', 415),
(166, 1, 'Pomidor szklarnia/tunel MALINOWY MAL200 F1 (poprzednio ASTRA F1)', '<p>\r\n	Wczesna, plenna odmiana pomidora malinowego o ciągłym wzroście. Do uprawy wiosną i jesienią w szklarniach i tunelach foliowych. Tworzy bardzo wyr&oacute;wnane owoce o wadze 190&ndash;210 g. smaczne, o bardzo atrakcyjnym malinowym kolorze. Owoce mają przedłużoną trwałość.</p>', '', 432);
INSERT INTO `products_description` (`products_id`, `language_id`, `products_name`, `products_description`, `products_url`, `products_viewed`) VALUES
(167, 1, 'Szpinak GIGANTE DE INVIERNO', '<p>\r\n	<b>Szpinak GIGANTE DE INVIERNO</b> jest odmianą bardzo odporną na przemarzanie. Doskonale nadaje się do wysiewu jesiennego, bardzo dobrze znosi warunki zimowe. Wyr&oacute;żnia się dużymi, jasnozielonymi liściami z wysoką zawartością witaminy C.</p>\r\n<p>\r\n	<b>Szpinak GIGANTE DE INVIERNO</b> wymaga gleby zasobnej w składniki pokarmowe i wodę, nie zakwaszonej. Wysiew w połowie sierpnia na zb&oacute;r jesienny, lub na początku września na zbi&oacute;r wiosenny. Doskonale nadaje się do bezpośredniej konsumpcji jak też do przechowywania w stanie zamrożonym.</p>', '', 311),
(170, 1, 'Koper ogrodowy AROMA', '<p>\r\n	Koper ogrodowy AROMA ciemnozielony, bardzo aromatyczny</p>', '', 51),
(171, 1, 'Ogórek SELFIX F1 pod niskie i wysokie osłony <font color=\"red\">PROMOCJA</font>', '<p>\r\n	Opis wkr&oacute;tce</p>', '', 61),
(172, 1, 'Ogórek polowy PARISIAN PICKLING 50 g <font color=\"red\">PROMOCJA</font>', '<p>\r\n	Opis wkr&oacute;tce</p>', '', 46),
(173, 1, 'Ogórek polowy PARISIAN PICKLING 250 g <font color=\"red\">PROMOCJA</font>', '<p>\r\n	Opis wkr&oacute;tce</p>', '', 49);

-- --------------------------------------------------------

--
-- Struktura tabeli dla tabeli `products_discount_quantity`
--

CREATE TABLE `products_discount_quantity` (
  `discount_id` int(4) NOT NULL DEFAULT '0',
  `products_id` int(11) NOT NULL DEFAULT '0',
  `discount_qty` float NOT NULL DEFAULT '0',
  `discount_price` decimal(15,4) NOT NULL DEFAULT '0.0000'
) ENGINE=MyISAM DEFAULT CHARSET=utf8;

-- --------------------------------------------------------

--
-- Struktura tabeli dla tabeli `products_notifications`
--

CREATE TABLE `products_notifications` (
  `products_id` int(11) NOT NULL DEFAULT '0',
  `customers_id` int(11) NOT NULL DEFAULT '0',
  `date_added` datetime NOT NULL DEFAULT '0001-01-01 00:00:00'
) ENGINE=MyISAM DEFAULT CHARSET=utf8;

--
-- Zrzut danych tabeli `products_notifications`
--

INSERT INTO `products_notifications` (`products_id`, `customers_id`, `date_added`) VALUES
(48, 95, '2016-01-20 18:47:03'),
(92, 335, '2018-02-05 18:34:43');

-- --------------------------------------------------------

--
-- Struktura tabeli dla tabeli `products_options`
--

CREATE TABLE `products_options` (
  `products_options_id` int(11) NOT NULL DEFAULT '0',
  `language_id` int(11) NOT NULL DEFAULT '1',
  `products_options_name` varchar(32) NOT NULL DEFAULT '',
  `products_options_sort_order` int(11) NOT NULL DEFAULT '0',
  `products_options_type` int(5) NOT NULL DEFAULT '0',
  `products_options_length` smallint(2) NOT NULL DEFAULT '32',
  `products_options_comment` varchar(64) DEFAULT NULL,
  `products_options_size` smallint(2) NOT NULL DEFAULT '32',
  `products_options_images_per_row` int(2) DEFAULT '5',
  `products_options_images_style` int(1) DEFAULT '0',
  `products_options_rows` smallint(2) NOT NULL DEFAULT '1'
) ENGINE=MyISAM DEFAULT CHARSET=utf8;

--
-- Zrzut danych tabeli `products_options`
--

INSERT INTO `products_options` (`products_options_id`, `language_id`, `products_options_name`, `products_options_sort_order`, `products_options_type`, `products_options_length`, `products_options_comment`, `products_options_size`, `products_options_images_per_row`, `products_options_images_style`, `products_options_rows`) VALUES
(1, 1, 'Opakowanie', 1, 2, 32, NULL, 32, 0, 0, 0),
(2, 1, 'Opak.hurtowe', 2, 5, 32, '', 32, 0, 0, 0);

-- --------------------------------------------------------

--
-- Struktura tabeli dla tabeli `products_options_types`
--

CREATE TABLE `products_options_types` (
  `products_options_types_id` int(11) NOT NULL DEFAULT '0',
  `products_options_types_name` varchar(32) DEFAULT NULL
) ENGINE=MyISAM DEFAULT CHARSET=utf8 COMMENT='Track products_options_types';

--
-- Zrzut danych tabeli `products_options_types`
--

INSERT INTO `products_options_types` (`products_options_types_id`, `products_options_types_name`) VALUES
(0, 'Dropdown'),
(1, 'Text'),
(2, 'Radio'),
(3, 'Checkbox'),
(4, 'File'),
(5, 'Read Only');

-- --------------------------------------------------------

--
-- Struktura tabeli dla tabeli `products_options_values`
--

CREATE TABLE `products_options_values` (
  `products_options_values_id` int(11) NOT NULL DEFAULT '0',
  `language_id` int(11) NOT NULL DEFAULT '1',
  `products_options_values_name` varchar(64) NOT NULL DEFAULT '',
  `products_options_values_sort_order` int(11) NOT NULL DEFAULT '0'
) ENGINE=MyISAM DEFAULT CHARSET=utf8;

--
-- Zrzut danych tabeli `products_options_values`
--

INSERT INTO `products_options_values` (`products_options_values_id`, `language_id`, `products_options_values_name`, `products_options_values_sort_order`) VALUES
(0, 1, 'TEXT', 0),
(1, 1, '1 kg / ok. 65 tys. nasion', 10),
(2, 1, '500 g / ok. 32 tys. nasion', 9),
(3, 1, '5 kg', 8),
(4, 1, '100 g', 7),
(5, 1, '500 g / ok. 130 tys. nasion', 6),
(6, 1, '500 g', 8),
(7, 1, '100 g / ok. 26 tys. nasion', 1),
(8, 1, '100 g / ok. 600 nasion', 1),
(9, 1, '1 kg / ok. 5000 nasion', 0),
(10, 1, '1 kg / ok. 6000 nasion', 0),
(11, 1, '1 kg / ok. 2600 nasion', 0),
(12, 1, '2500 szt.', 0),
(13, 1, '50 g / ok. 50 tys. nasion', 0),
(14, 1, '500 g / ok. 500 tys. nasion', 0),
(15, 1, '25 tys. nasion', 1),
(16, 1, '100 tys. nasion', 2),
(17, 1, '50 g / ok. 60 tys. nasion', 0),
(18, 1, '500 g / ok. 600 tys. nasion', 0),
(19, 1, '50 g', 0),
(20, 1, '500 nasion', 0),
(21, 1, '50 g / ok. 18 tys. nasion', 0),
(22, 1, '500 g / ok. 180 tys. nasion', 0),
(23, 1, '100 g / ok. 10 tys. nasion', 0),
(24, 1, '250 g / ok. 25 tys. nasion', 0),
(25, 1, '10 g / ok. 9 tys. nasion', 0),
(26, 1, '10 g / ok. 18 tys. nasion', 0),
(27, 1, '25 g / ok. 65 tys. nasion', 0),
(28, 1, '1 kg / ok. 130 tys. nasion', 0),
(29, 1, '10 g / ok. 4 tys. nasion', 0),
(30, 1, '5000 nasion', 0),
(31, 1, '20 kg', 2),
(32, 1, '500 g / ok. 1300 nasion', 0),
(33, 1, '250 nasion', 0),
(34, 1, '10 g / ok. 1500 nasion', 0),
(35, 1, '50000 nasion', 0),
(36, 1, '1 litr', 1),
(37, 1, '5 litrów', 2),
(38, 1, '20 litrów - zapytaj telefonicznie: (81) 503-12-86', 3),
(39, 1, '100 000 nasion - zapytaj telefonicznie: (81) 503-12-86', 10),
(40, 1, '400 g / ok. 26 tys. nasion', 1),
(41, 1, '1 kg / ok. 250 tys. nasion', 0),
(42, 1, '100 nasion', 1),
(43, 1, '200 g / ok. 13 tys. nasion', 0),
(44, 1, 'ok. 1000 nasion', 0),
(45, 1, '500 g / ok. 1020 nasion', 0),
(46, 1, '500 g / ok. 920 nasion', 0),
(47, 1, '250 g / ok. 920 nasion', 0),
(48, 1, '500 g / ok. 1700 nasion', 0),
(49, 1, '1 kg', 0),
(50, 1, '50 g / ok. 2 tys. nasion', 0),
(51, 1, '250 g / ok. 10 tys. nasion', 0);

-- --------------------------------------------------------

--
-- Struktura tabeli dla tabeli `products_options_values_to_products_options`
--

CREATE TABLE `products_options_values_to_products_options` (
  `products_options_values_to_products_options_id` int(11) NOT NULL,
  `products_options_id` int(11) NOT NULL DEFAULT '0',
  `products_options_values_id` int(11) NOT NULL DEFAULT '0'
) ENGINE=MyISAM DEFAULT CHARSET=utf8;

--
-- Zrzut danych tabeli `products_options_values_to_products_options`
--

INSERT INTO `products_options_values_to_products_options` (`products_options_values_to_products_options_id`, `products_options_id`, `products_options_values_id`) VALUES
(1, 1, 1),
(2, 1, 2),
(3, 1, 3),
(4, 1, 4),
(5, 1, 5),
(6, 1, 6),
(7, 1, 7),
(8, 1, 8),
(9, 1, 9),
(10, 1, 10),
(11, 1, 11),
(12, 1, 12),
(13, 1, 13),
(14, 1, 14),
(15, 1, 15),
(16, 1, 16),
(17, 1, 17),
(18, 1, 18),
(19, 1, 19),
(20, 1, 20),
(21, 1, 21),
(22, 1, 22),
(23, 1, 23),
(24, 1, 24),
(25, 1, 25),
(26, 1, 26),
(27, 1, 27),
(28, 1, 28),
(29, 1, 29),
(30, 1, 30),
(31, 1, 31),
(32, 1, 32),
(33, 1, 33),
(34, 1, 34),
(35, 1, 35),
(36, 1, 36),
(37, 1, 37),
(38, 2, 38),
(39, 2, 39),
(40, 1, 40),
(41, 1, 41),
(42, 1, 42),
(43, 1, 43),
(44, 1, 44),
(45, 1, 45),
(46, 1, 46),
(47, 1, 47),
(48, 1, 48),
(49, 1, 49),
(50, 1, 50),
(51, 1, 51);

-- --------------------------------------------------------

--
-- Struktura tabeli dla tabeli `products_to_categories`
--

CREATE TABLE `products_to_categories` (
  `products_id` int(11) NOT NULL DEFAULT '0',
  `categories_id` int(11) NOT NULL DEFAULT '0'
) ENGINE=MyISAM DEFAULT CHARSET=utf8;

--
-- Zrzut danych tabeli `products_to_categories`
--

INSERT INTO `products_to_categories` (`products_id`, `categories_id`) VALUES
(1, 2),
(2, 2),
(3, 1),
(5, 1),
(6, 3),
(8, 3),
(9, 3),
(10, 3),
(11, 4),
(12, 4),
(13, 4),
(14, 5),
(15, 5),
(16, 6),
(17, 6),
(18, 7),
(19, 7),
(20, 7),
(21, 7),
(22, 7),
(23, 8),
(24, 8),
(25, 8),
(26, 8),
(27, 8),
(28, 10),
(29, 10),
(30, 10),
(31, 10),
(32, 10),
(35, 11),
(36, 11),
(38, 11),
(40, 11),
(42, 12),
(43, 13),
(45, 13),
(46, 13),
(47, 14),
(48, 14),
(49, 14),
(50, 14),
(51, 14),
(52, 14),
(54, 15),
(56, 15),
(58, 15),
(60, 16),
(63, 16),
(65, 17),
(66, 17),
(67, 18),
(69, 18),
(70, 19),
(71, 2),
(72, 3),
(73, 6),
(74, 6),
(75, 7),
(76, 6),
(77, 6),
(78, 5),
(79, 5),
(80, 5),
(81, 5),
(82, 5),
(83, 11),
(84, 11),
(85, 11),
(86, 14),
(87, 17),
(88, 17),
(89, 17),
(90, 20),
(91, 5),
(92, 22),
(93, 22),
(94, 22),
(95, 3),
(96, 13),
(97, 13),
(98, 6),
(99, 11),
(100, 7),
(101, 6),
(102, 7),
(103, 7),
(104, 7),
(105, 7),
(106, 7),
(107, 7),
(108, 23),
(109, 23),
(110, 24),
(111, 24),
(112, 24),
(113, 24),
(114, 23),
(115, 23),
(116, 1),
(117, 1),
(118, 6),
(119, 11),
(120, 11),
(121, 11),
(122, 11),
(123, 3),
(125, 3),
(126, 15),
(127, 15),
(128, 23),
(129, 23),
(130, 28),
(131, 27),
(132, 27),
(133, 27),
(134, 14),
(135, 14),
(136, 14),
(137, 14),
(138, 22),
(139, 22),
(140, 22),
(141, 22),
(142, 8),
(143, 6),
(144, 6),
(145, 25),
(146, 25),
(147, 16),
(148, 16),
(149, 11),
(150, 11),
(151, 26),
(152, 2),
(154, 23),
(155, 23),
(156, 23),
(157, 23),
(158, 1),
(159, 6),
(160, 6),
(161, 6),
(162, 7),
(163, 8),
(164, 8),
(165, 15),
(166, 27),
(167, 19),
(168, 14),
(169, 2),
(170, 29),
(171, 30),
(172, 30),
(173, 30);

-- --------------------------------------------------------

--
-- Struktura tabeli dla tabeli `product_extra_description_extra`
--

CREATE TABLE `product_extra_description_extra` (
  `products_id` int(11) NOT NULL DEFAULT '0',
  `products_code` varchar(10) DEFAULT NULL,
  `file_1` varchar(50) DEFAULT NULL,
  `file_2` varchar(50) DEFAULT NULL,
  `file_3` varchar(50) DEFAULT NULL,
  `file_4` varchar(50) DEFAULT NULL,
  `file_1_title` varchar(100) DEFAULT NULL,
  `file_2_title` varchar(100) DEFAULT NULL,
  `file_3_title` varchar(100) DEFAULT NULL,
  `file_4_title` varchar(100) DEFAULT NULL
) ENGINE=MyISAM DEFAULT CHARSET=utf8;

-- --------------------------------------------------------

--
-- Struktura tabeli dla tabeli `product_music_extra`
--

CREATE TABLE `product_music_extra` (
  `products_id` int(11) NOT NULL DEFAULT '0',
  `artists_id` int(11) NOT NULL DEFAULT '0',
  `record_company_id` int(11) NOT NULL DEFAULT '0',
  `music_genre_id` int(11) NOT NULL DEFAULT '0'
) ENGINE=MyISAM DEFAULT CHARSET=utf8;

-- --------------------------------------------------------

--
-- Struktura tabeli dla tabeli `product_types`
--

CREATE TABLE `product_types` (
  `type_id` int(11) NOT NULL,
  `type_name` varchar(255) NOT NULL DEFAULT '',
  `type_handler` varchar(255) NOT NULL DEFAULT '',
  `type_master_type` int(11) NOT NULL DEFAULT '1',
  `allow_add_to_cart` char(1) NOT NULL DEFAULT 'Y',
  `default_image` varchar(255) NOT NULL DEFAULT '',
  `date_added` datetime NOT NULL DEFAULT '0001-01-01 00:00:00',
  `last_modified` datetime NOT NULL DEFAULT '0001-01-01 00:00:00'
) ENGINE=MyISAM DEFAULT CHARSET=utf8;

--
-- Zrzut danych tabeli `product_types`
--

INSERT INTO `product_types` (`type_id`, `type_name`, `type_handler`, `type_master_type`, `allow_add_to_cart`, `default_image`, `date_added`, `last_modified`) VALUES
(1, 'Product - General', 'product', 1, 'Y', '', '2012-10-02 00:04:50', '2012-10-02 00:04:50'),
(2, 'Product - Music', 'product_music', 1, 'Y', '', '2012-10-02 00:04:50', '2012-10-02 00:04:50'),
(3, 'Document - General', 'document_general', 3, 'N', '', '2012-10-02 00:04:50', '2012-10-02 00:04:50'),
(4, 'Document - Product', 'document_product', 3, 'Y', '', '2012-10-02 00:04:50', '2012-10-02 00:04:50'),
(5, 'Product - Free Shipping', 'product_free_shipping', 1, 'Y', '', '2012-10-02 00:04:50', '2012-10-02 00:04:50'),
(6, 'Product - extra description', 'product_extra_description', 1, 'Y', '', '0001-01-01 00:00:00', '0001-01-01 00:00:00');

-- --------------------------------------------------------

--
-- Struktura tabeli dla tabeli `product_types_to_category`
--

CREATE TABLE `product_types_to_category` (
  `product_type_id` int(11) NOT NULL DEFAULT '0',
  `category_id` int(11) NOT NULL DEFAULT '0'
) ENGINE=MyISAM DEFAULT CHARSET=utf8;

-- --------------------------------------------------------

--
-- Struktura tabeli dla tabeli `product_type_layout`
--

CREATE TABLE `product_type_layout` (
  `configuration_id` int(11) NOT NULL,
  `configuration_title` text NOT NULL,
  `configuration_key` varchar(255) NOT NULL DEFAULT '',
  `configuration_value` text NOT NULL,
  `configuration_description` text NOT NULL,
  `product_type_id` int(11) NOT NULL DEFAULT '0',
  `sort_order` int(5) DEFAULT NULL,
  `last_modified` datetime DEFAULT NULL,
  `date_added` datetime NOT NULL DEFAULT '0001-01-01 00:00:00',
  `use_function` text,
  `set_function` text
) ENGINE=MyISAM DEFAULT CHARSET=utf8;

--
-- Zrzut danych tabeli `product_type_layout`
--

INSERT INTO `product_type_layout` (`configuration_id`, `configuration_title`, `configuration_key`, `configuration_value`, `configuration_description`, `product_type_id`, `sort_order`, `last_modified`, `date_added`, `use_function`, `set_function`) VALUES
(1, 'Kod/Model Produktu', 'SHOW_PRODUCT_INFO_MODEL', '0', '0= NIE 1= TAK', 1, 1, '2012-12-13 22:07:18', '2012-10-02 00:04:50', NULL, 'zen_cfg_select_drop_down(array(array(\'id\'=>\'1\', \'text\'=>\'True\'), array(\'id\'=>\'0\', \'text\'=>\'False\')), '),
(2, 'Waga Produktu', 'SHOW_PRODUCT_INFO_WEIGHT', '0', '0= NIE 1= TAK', 1, 2, '2013-02-08 13:26:37', '2012-10-02 00:04:50', NULL, 'zen_cfg_select_drop_down(array(array(\'id\'=>\'1\', \'text\'=>\'True\'), array(\'id\'=>\'0\', \'text\'=>\'False\')), '),
(3, 'Atrybuty Produktu - Waga', 'SHOW_PRODUCT_INFO_WEIGHT_ATTRIBUTES', '0', '0= NIE 1= TAK', 1, 3, '2013-02-08 13:26:43', '2012-10-02 00:04:50', NULL, 'zen_cfg_select_drop_down(array(array(\'id\'=>\'1\', \'text\'=>\'True\'), array(\'id\'=>\'0\', \'text\'=>\'False\')), '),
(4, 'Nazwa Producenta', 'SHOW_PRODUCT_INFO_MANUFACTURER', '1', '0= NIE 1= TAK', 1, 4, NULL, '2012-10-02 00:04:50', NULL, 'zen_cfg_select_drop_down(array(array(\'id\'=>\'1\', \'text\'=>\'True\'), array(\'id\'=>\'0\', \'text\'=>\'False\')), '),
(5, 'Prezentacja Ilości w Koszyku', 'SHOW_PRODUCT_INFO_IN_CART_QTY', '1', '0= NIE 1= TAK', 1, 5, NULL, '2012-10-02 00:04:50', NULL, 'zen_cfg_select_drop_down(array(array(\'id\'=>\'1\', \'text\'=>\'True\'), array(\'id\'=>\'0\', \'text\'=>\'False\')), '),
(6, 'Stan Magazynowy Produktu', 'SHOW_PRODUCT_INFO_QUANTITY', '0', '0= NIE 1= TAK', 1, 6, '2012-12-13 22:07:28', '2012-10-02 00:04:50', NULL, 'zen_cfg_select_drop_down(array(array(\'id\'=>\'1\', \'text\'=>\'True\'), array(\'id\'=>\'0\', \'text\'=>\'False\')), '),
(7, 'Ilość Recenzji Produktu', 'SHOW_PRODUCT_INFO_REVIEWS_COUNT', '0', '0= NIE 1= TAK', 1, 7, '2012-12-18 14:01:17', '2012-10-02 00:04:50', NULL, 'zen_cfg_select_drop_down(array(array(\'id\'=>\'1\', \'text\'=>\'True\'), array(\'id\'=>\'0\', \'text\'=>\'False\')), '),
(8, 'Przycisk Napisz Recenzję', 'SHOW_PRODUCT_INFO_REVIEWS', '0', '0= NIE 1= TAK', 1, 8, '2012-12-18 14:01:24', '2012-10-02 00:04:50', NULL, 'zen_cfg_select_drop_down(array(array(\'id\'=>\'1\', \'text\'=>\'True\'), array(\'id\'=>\'0\', \'text\'=>\'False\')), '),
(9, 'Od kiedy w sprzedaży', 'SHOW_PRODUCT_INFO_DATE_AVAILABLE', '1', '0= NIE 1= TAK', 1, 9, NULL, '2012-10-02 00:04:50', NULL, 'zen_cfg_select_drop_down(array(array(\'id\'=>\'1\', \'text\'=>\'True\'), array(\'id\'=>\'0\', \'text\'=>\'False\')), '),
(10, 'Data Dodania do Sklepu', 'SHOW_PRODUCT_INFO_DATE_ADDED', '0', '0= NIE 1= TAK', 1, 10, '2012-12-13 22:07:36', '2012-10-02 00:04:50', NULL, 'zen_cfg_select_drop_down(array(array(\'id\'=>\'1\', \'text\'=>\'True\'), array(\'id\'=>\'0\', \'text\'=>\'False\')), '),
(11, 'URL Producenta Produktu', 'SHOW_PRODUCT_INFO_URL', '0', '0= NIE 1= TAK', 1, 11, '2012-12-13 22:07:45', '2012-10-02 00:04:50', NULL, 'zen_cfg_select_drop_down(array(array(\'id\'=>\'1\', \'text\'=>\'True\'), array(\'id\'=>\'0\', \'text\'=>\'False\')), '),
(12, 'Dodatkowe Obrazki Produktu', 'SHOW_PRODUCT_INFO_ADDITIONAL_IMAGES', '1', '0= NIE 1= TAK', 1, 13, NULL, '2012-10-02 00:04:50', NULL, 'zen_cfg_select_drop_down(array(array(\'id\'=>\'1\', \'text\'=>\'True\'), array(\'id\'=>\'0\', \'text\'=>\'False\')), '),
(13, 'Produkty z Atrybutami - Cena od...', 'SHOW_PRODUCT_INFO_STARTING_AT', '1', '0= NIE 1= TAK', 1, 12, NULL, '2012-10-02 00:04:50', NULL, 'zen_cfg_select_drop_down(array(array(\'id\'=>\'1\', \'text\'=>\'True\'), array(\'id\'=>\'0\', \'text\'=>\'False\')), '),
(14, 'Obrazek/Tekst dla Produktów z Darmową Wysyłką', 'SHOW_PRODUCT_INFO_ALWAYS_FREE_SHIPPING_IMAGE_SWITCH', '0', 'Yes - TAK<br />No - NIE', 1, 16, NULL, '2012-10-02 00:04:50', NULL, 'zen_cfg_select_drop_down(array(array(\'id\'=>\'1\', \'text\'=>\'Yes\'), array(\'id\'=>\'0\', \'text\'=>\'No\')), '),
(15, 'Domyślna Stawka Podatku dla dodawanych produktów', 'DEFAULT_PRODUCT_TAX_CLASS_ID', '0', 'Wpisz ID stawki podatku jaka ma być ustawiona domyślnie na karcie dodawania produktu', 1, 100, NULL, '2012-10-02 00:04:50', '', ''),
(16, 'Produkty Wirtualne - Domyślnie pomijać Adres Wysyłki dla dodawanych produktów?', 'DEFAULT_PRODUCT_PRODUCTS_VIRTUAL', '0', 'True - TAK<br />False - NIE', 1, 101, NULL, '2012-10-02 00:04:50', NULL, 'zen_cfg_select_drop_down(array(array(\'id\'=>\'1\', \'text\'=>\'True\'), array(\'id\'=>\'0\', \'text\'=>\'False\')), '),
(17, 'Darmowa Wysyłka - Domyślne ustawienia dla dodawanych produktów', 'DEFAULT_PRODUCT_PRODUCTS_IS_ALWAYS_FREE_SHIPPING', '0', 'Always  ON - Zawsze za Darmo<br />No, Always OFF - Możliwość wyboru<br />Special - Produkty Wirtualne - wymagaj Adresu Wysyłki', 1, 102, NULL, '2012-10-02 00:04:50', NULL, 'zen_cfg_select_drop_down(array(array(\'id\'=>\'1\', \'text\'=>\'Yes, Always ON\'), array(\'id\'=>\'0\', \'text\'=>\'No, Always OFF\'), array(\'id\'=>\'2\', \'text\'=>\'Special\')), '),
(18, 'Kod/Model Produktu', 'SHOW_PRODUCT_MUSIC_INFO_MODEL', '1', '0= NIE 1= TAK', 2, 1, NULL, '2012-10-02 00:04:50', NULL, 'zen_cfg_select_drop_down(array(array(\'id\'=>\'1\', \'text\'=>\'True\'), array(\'id\'=>\'0\', \'text\'=>\'False\')), '),
(19, 'Waga Produktu', 'SHOW_PRODUCT_MUSIC_INFO_WEIGHT', '0', '0= NIE 1= TAK', 2, 2, NULL, '2012-10-02 00:04:50', NULL, 'zen_cfg_select_drop_down(array(array(\'id\'=>\'1\', \'text\'=>\'True\'), array(\'id\'=>\'0\', \'text\'=>\'False\')), '),
(20, 'Waga Atrybutów Produktu', 'SHOW_PRODUCT_MUSIC_INFO_WEIGHT_ATTRIBUTES', '1', '0= NIE 1= TAK', 2, 3, NULL, '2012-10-02 00:04:50', NULL, 'zen_cfg_select_drop_down(array(array(\'id\'=>\'1\', \'text\'=>\'True\'), array(\'id\'=>\'0\', \'text\'=>\'False\')), '),
(21, 'Nazwa Wykonawcy', 'SHOW_PRODUCT_MUSIC_INFO_ARTIST', '1', '0= NIE 1= TAK', 2, 4, NULL, '2012-10-02 00:04:50', NULL, 'zen_cfg_select_drop_down(array(array(\'id\'=>\'1\', \'text\'=>\'True\'), array(\'id\'=>\'0\', \'text\'=>\'False\')), '),
(22, 'Gatunek/Rodzaj Muzyki', 'SHOW_PRODUCT_MUSIC_INFO_GENRE', '1', '0= NIE 1= TAK', 2, 4, NULL, '2012-10-02 00:04:50', NULL, 'zen_cfg_select_drop_down(array(array(\'id\'=>\'1\', \'text\'=>\'True\'), array(\'id\'=>\'0\', \'text\'=>\'False\')), '),
(23, 'Nazwa Studia Nagrań/Producenta', 'SHOW_PRODUCT_MUSIC_INFO_RECORD_COMPANY', '1', '0= NIE 1= TAK', 2, 4, NULL, '2012-10-02 00:04:50', NULL, 'zen_cfg_select_drop_down(array(array(\'id\'=>\'1\', \'text\'=>\'True\'), array(\'id\'=>\'0\', \'text\'=>\'False\')), '),
(24, 'Ilość w Koszyku - Status', 'SHOW_PRODUCT_MUSIC_INFO_IN_CART_QTY', '1', '0= NIE 1= TAK', 2, 5, NULL, '2012-10-02 00:04:50', NULL, 'zen_cfg_select_drop_down(array(array(\'id\'=>\'1\', \'text\'=>\'True\'), array(\'id\'=>\'0\', \'text\'=>\'False\')), '),
(25, 'Ilość w Magazynie', 'SHOW_PRODUCT_MUSIC_INFO_QUANTITY', '0', '0= NIE 1= TAK', 2, 6, NULL, '2012-10-02 00:04:50', NULL, 'zen_cfg_select_drop_down(array(array(\'id\'=>\'1\', \'text\'=>\'True\'), array(\'id\'=>\'0\', \'text\'=>\'False\')), '),
(26, 'Ilość Recenzji', 'SHOW_PRODUCT_MUSIC_INFO_REVIEWS_COUNT', '1', '0= NIE 1= TAK', 2, 7, NULL, '2012-10-02 00:04:50', NULL, 'zen_cfg_select_drop_down(array(array(\'id\'=>\'1\', \'text\'=>\'True\'), array(\'id\'=>\'0\', \'text\'=>\'False\')), '),
(27, 'Przycisk Recenzji', 'SHOW_PRODUCT_MUSIC_INFO_REVIEWS', '1', '0= NIE 1= TAK', 2, 8, NULL, '2012-10-02 00:04:50', NULL, 'zen_cfg_select_drop_down(array(array(\'id\'=>\'1\', \'text\'=>\'True\'), array(\'id\'=>\'0\', \'text\'=>\'False\')), '),
(28, 'Pokazuj od kiedy dostępny', 'SHOW_PRODUCT_MUSIC_INFO_DATE_AVAILABLE', '1', '0= NIE 1= TAK', 2, 9, NULL, '2012-10-02 00:04:50', NULL, 'zen_cfg_select_drop_down(array(array(\'id\'=>\'1\', \'text\'=>\'True\'), array(\'id\'=>\'0\', \'text\'=>\'False\')), '),
(29, 'Pokazuj kiedy dodany do sklepu', 'SHOW_PRODUCT_MUSIC_INFO_DATE_ADDED', '1', '0= NIE 1= TAK', 2, 10, NULL, '2012-10-02 00:04:50', NULL, 'zen_cfg_select_drop_down(array(array(\'id\'=>\'1\', \'text\'=>\'True\'), array(\'id\'=>\'0\', \'text\'=>\'False\')), '),
(30, 'Produkty z Atrybutami - Cena od...', 'SHOW_PRODUCT_MUSIC_INFO_STARTING_AT', '1', '0= NIE 1= TAK', 2, 12, NULL, '2012-10-02 00:04:50', NULL, 'zen_cfg_select_drop_down(array(array(\'id\'=>\'1\', \'text\'=>\'True\'), array(\'id\'=>\'0\', \'text\'=>\'False\')), '),
(31, 'Dodatkowe Obrazki Produktu', 'SHOW_PRODUCT_MUSIC_INFO_ADDITIONAL_IMAGES', '1', '0= NIE 1= TAK', 2, 13, NULL, '2012-10-02 00:04:50', NULL, 'zen_cfg_select_drop_down(array(array(\'id\'=>\'1\', \'text\'=>\'True\'), array(\'id\'=>\'0\', \'text\'=>\'False\')), '),
(32, 'Obrazek/Tekst dla Produktów z Darmową Wysyłką', 'SHOW_PRODUCT_MUSIC_INFO_ALWAYS_FREE_SHIPPING_IMAGE_SWITCH', '0', '0= NIE 1= TAK', 2, 16, NULL, '2012-10-02 00:04:50', NULL, 'zen_cfg_select_drop_down(array(array(\'id\'=>\'1\', \'text\'=>\'Yes\'), array(\'id\'=>\'0\', \'text\'=>\'No\')), '),
(33, 'Domyślna Stawka Podatku dla dodawanych produktów', 'DEFAULT_PRODUCT_MUSIC_TAX_CLASS_ID', '0', 'Wpisz ID stawki podatku jaka ma być ustawiona domyślnie na karcie dodawania produktu', 2, 100, NULL, '2012-10-02 00:04:50', '', ''),
(34, 'Produkty Wirtualne - Domyślnie pomijać Adres Wysyłki dla dodawanych produktów?', 'DEFAULT_PRODUCT_MUSIC_PRODUCTS_VIRTUAL', '0', 'True - TAK<br />False - NIE', 2, 101, NULL, '2012-10-02 00:04:50', NULL, 'zen_cfg_select_drop_down(array(array(\'id\'=>\'1\', \'text\'=>\'True\'), array(\'id\'=>\'0\', \'text\'=>\'False\')), '),
(35, 'Darmowa Wysyłka - Domyślne ustawienia dla dodawanych produktów', 'DEFAULT_PRODUCT_MUSIC_PRODUCTS_IS_ALWAYS_FREE_SHIPPING', '0', 'Always  ON - Zawsze za Darmo<br />No, Always OFF - Możliwość wyboru<br />Special - Produkty Wirtualne - wymagaj Adresu Wysyłki', 2, 102, NULL, '2012-10-02 00:04:50', NULL, 'zen_cfg_select_drop_down(array(array(\'id\'=>\'1\', \'text\'=>\'Yes, Always ON\'), array(\'id\'=>\'0\', \'text\'=>\'No, Always OFF\'), array(\'id\'=>\'2\', \'text\'=>\'Special\')), '),
(36, 'Ilość Recenzji Produktu', 'SHOW_DOCUMENT_GENERAL_INFO_REVIEWS_COUNT', '1', '0= NIE 1= TAK', 3, 7, NULL, '2012-10-02 00:04:50', NULL, 'zen_cfg_select_drop_down(array(array(\'id\'=>\'1\', \'text\'=>\'True\'), array(\'id\'=>\'0\', \'text\'=>\'False\')), '),
(37, 'Przycisk Napisz Recenzję', 'SHOW_DOCUMENT_GENERAL_INFO_REVIEWS', '1', '0= NIE 1= TAK', 3, 8, NULL, '2012-10-02 00:04:50', NULL, 'zen_cfg_select_drop_down(array(array(\'id\'=>\'1\', \'text\'=>\'True\'), array(\'id\'=>\'0\', \'text\'=>\'False\')), '),
(38, 'Pokazuj od kiedy dostępny', 'SHOW_DOCUMENT_GENERAL_INFO_DATE_AVAILABLE', '1', '0= NIE 1= TAK', 3, 9, NULL, '2012-10-02 00:04:50', NULL, 'zen_cfg_select_drop_down(array(array(\'id\'=>\'1\', \'text\'=>\'True\'), array(\'id\'=>\'0\', \'text\'=>\'False\')), '),
(39, 'Pokazuj datę dodania do sklepu', 'SHOW_DOCUMENT_GENERAL_INFO_DATE_ADDED', '1', '0= NIE 1= TAK', 3, 10, NULL, '2012-10-02 00:04:50', NULL, 'zen_cfg_select_drop_down(array(array(\'id\'=>\'1\', \'text\'=>\'True\'), array(\'id\'=>\'0\', \'text\'=>\'False\')), '),
(40, 'Pokazuj URL Produktu', 'SHOW_DOCUMENT_GENERAL_INFO_URL', '1', '0= NIE 1= TAK', 3, 11, NULL, '2012-10-02 00:04:50', NULL, 'zen_cfg_select_drop_down(array(array(\'id\'=>\'1\', \'text\'=>\'True\'), array(\'id\'=>\'0\', \'text\'=>\'False\')), '),
(41, 'Pokazuj Dodatkowe Obrazki Produktu', 'SHOW_DOCUMENT_GENERAL_INFO_ADDITIONAL_IMAGES', '1', '0= NIE 1= TAK', 3, 13, NULL, '2012-10-02 00:04:50', NULL, 'zen_cfg_select_drop_down(array(array(\'id\'=>\'1\', \'text\'=>\'True\'), array(\'id\'=>\'0\', \'text\'=>\'False\')), '),
(42, 'Pokazuj Kod/Model Produktu', 'SHOW_DOCUMENT_PRODUCT_INFO_MODEL', '1', '0= NIE 1= TAK', 4, 1, NULL, '2012-10-02 00:04:50', NULL, 'zen_cfg_select_drop_down(array(array(\'id\'=>\'1\', \'text\'=>\'True\'), array(\'id\'=>\'0\', \'text\'=>\'False\')), '),
(43, 'Pokazuj Wagę Produktu', 'SHOW_DOCUMENT_PRODUCT_INFO_WEIGHT', '0', '0= NIE 1= TAK', 4, 2, NULL, '2012-10-02 00:04:50', NULL, 'zen_cfg_select_drop_down(array(array(\'id\'=>\'1\', \'text\'=>\'True\'), array(\'id\'=>\'0\', \'text\'=>\'False\')), '),
(44, 'Pokazuj Wagę Atrybutów Produktu', 'SHOW_DOCUMENT_PRODUCT_INFO_WEIGHT_ATTRIBUTES', '1', '0= NIE 1= TAK', 4, 3, NULL, '2012-10-02 00:04:50', NULL, 'zen_cfg_select_drop_down(array(array(\'id\'=>\'1\', \'text\'=>\'True\'), array(\'id\'=>\'0\', \'text\'=>\'False\')), '),
(45, 'Pokazuj Nazwę Producenta', 'SHOW_DOCUMENT_PRODUCT_INFO_MANUFACTURER', '1', '0= NIE 1= TAK', 4, 4, NULL, '2012-10-02 00:04:50', NULL, 'zen_cfg_select_drop_down(array(array(\'id\'=>\'1\', \'text\'=>\'True\'), array(\'id\'=>\'0\', \'text\'=>\'False\')), '),
(46, 'Pokazuj Ilość w Koszyku', 'SHOW_DOCUMENT_PRODUCT_INFO_IN_CART_QTY', '1', '0= NIE 1= TAK', 4, 5, NULL, '2012-10-02 00:04:50', NULL, 'zen_cfg_select_drop_down(array(array(\'id\'=>\'1\', \'text\'=>\'True\'), array(\'id\'=>\'0\', \'text\'=>\'False\')), '),
(47, 'Pokazuj Ilość w Magazynie', 'SHOW_DOCUMENT_PRODUCT_INFO_QUANTITY', '0', '0= NIE 1= TAK', 4, 6, NULL, '2012-10-02 00:04:50', NULL, 'zen_cfg_select_drop_down(array(array(\'id\'=>\'1\', \'text\'=>\'True\'), array(\'id\'=>\'0\', \'text\'=>\'False\')), '),
(48, 'Pokazuj Ilość Recenzji', 'SHOW_DOCUMENT_PRODUCT_INFO_REVIEWS_COUNT', '1', '0= NIE 1= TAK', 4, 7, NULL, '2012-10-02 00:04:50', NULL, 'zen_cfg_select_drop_down(array(array(\'id\'=>\'1\', \'text\'=>\'True\'), array(\'id\'=>\'0\', \'text\'=>\'False\')), '),
(49, 'Pokazuj Przycisk Dodawania Recenzji', 'SHOW_DOCUMENT_PRODUCT_INFO_REVIEWS', '1', '0= NIE 1= TAK', 4, 8, NULL, '2012-10-02 00:04:50', NULL, 'zen_cfg_select_drop_down(array(array(\'id\'=>\'1\', \'text\'=>\'True\'), array(\'id\'=>\'0\', \'text\'=>\'False\')), '),
(50, 'Pokazuj od kiedy produkt jest dostępny', 'SHOW_DOCUMENT_PRODUCT_INFO_DATE_AVAILABLE', '1', '0= NIE 1= TAK', 4, 9, NULL, '2012-10-02 00:04:50', NULL, 'zen_cfg_select_drop_down(array(array(\'id\'=>\'1\', \'text\'=>\'True\'), array(\'id\'=>\'0\', \'text\'=>\'False\')), '),
(51, 'Pokazuj Datę Dodania do Sklepu', 'SHOW_DOCUMENT_PRODUCT_INFO_DATE_ADDED', '1', '0= NIE 1= TAK', 4, 10, NULL, '2012-10-02 00:04:50', NULL, 'zen_cfg_select_drop_down(array(array(\'id\'=>\'1\', \'text\'=>\'True\'), array(\'id\'=>\'0\', \'text\'=>\'False\')), '),
(52, 'Pokazuj URL Produktu', 'SHOW_DOCUMENT_PRODUCT_INFO_URL', '1', '0= NIE 1= TAK', 4, 11, NULL, '2012-10-02 00:04:50', NULL, 'zen_cfg_select_drop_down(array(array(\'id\'=>\'1\', \'text\'=>\'True\'), array(\'id\'=>\'0\', \'text\'=>\'False\')), '),
(53, 'Pokazuj Dodatkowe Obrazki Produktu', 'SHOW_DOCUMENT_PRODUCT_INFO_ADDITIONAL_IMAGES', '1', '0= NIE 1= TAK', 4, 13, NULL, '2012-10-02 00:04:50', NULL, 'zen_cfg_select_drop_down(array(array(\'id\'=>\'1\', \'text\'=>\'True\'), array(\'id\'=>\'0\', \'text\'=>\'False\')), '),
(54, 'Produkty z Atrybutami - Cena od...', 'SHOW_DOCUMENT_PRODUCT_INFO_STARTING_AT', '1', '0= NIE 1= TAK', 4, 12, NULL, '2012-10-02 00:04:50', NULL, 'zen_cfg_select_drop_down(array(array(\'id\'=>\'1\', \'text\'=>\'True\'), array(\'id\'=>\'0\', \'text\'=>\'False\')), '),
(55, 'Obrazek/Tekst dla Produktów z Darmową Wysyłką', 'SHOW_DOCUMENT_PRODUCT_INFO_ALWAYS_FREE_SHIPPING_IMAGE_SWITCH', '0', '0= NIE 1= TAK', 4, 16, NULL, '2012-10-02 00:04:50', NULL, 'zen_cfg_select_drop_down(array(array(\'id\'=>\'1\', \'text\'=>\'Yes\'), array(\'id\'=>\'0\', \'text\'=>\'No\')), '),
(56, 'Domyślna Stawka Podatku dla dodawanych produktów', 'DEFAULT_DOCUMENT_PRODUCT_TAX_CLASS_ID', '0', 'Wpisz ID stawki podatku', 4, 100, NULL, '2012-10-02 00:04:50', '', ''),
(57, 'Produkty Wirtualne - Domyślnie pomijać Adres Wysyłki dla dodawanych produktów?', 'DEFAULT_DOCUMENT_PRODUCT_PRODUCTS_VIRTUAL', '0', '0 - NIE<br />1 - TAK', 4, 101, NULL, '2012-10-02 00:04:50', NULL, 'zen_cfg_select_drop_down(array(array(\'id\'=>\'1\', \'text\'=>\'True\'), array(\'id\'=>\'0\', \'text\'=>\'False\')), '),
(58, 'Darmowa Wysyłka - Domyślne ustawienia dla dodawanych produktów', 'DEFAULT_DOCUMENT_PRODUCT_PRODUCTS_IS_ALWAYS_FREE_SHIPPING', '0', 'Always  ON - Zawsze za Darmo<br />No, Always OFF - Możliwość wyboru<br />Special - Produkty Wirtualne - wymagaj Adresu Wysyłki', 4, 102, NULL, '2012-10-02 00:04:50', NULL, 'zen_cfg_select_drop_down(array(array(\'id\'=>\'1\', \'text\'=>\'Yes, Always ON\'), array(\'id\'=>\'0\', \'text\'=>\'No, Always OFF\'), array(\'id\'=>\'2\', \'text\'=>\'Special\')), '),
(59, 'Pokazuj Kod/Model Produktu', 'SHOW_PRODUCT_FREE_SHIPPING_INFO_MODEL', '1', '0 - NIE<br />1 - TAK', 5, 1, NULL, '2012-10-02 00:04:50', NULL, 'zen_cfg_select_drop_down(array(array(\'id\'=>\'1\', \'text\'=>\'True\'), array(\'id\'=>\'0\', \'text\'=>\'False\')), '),
(60, 'Pokazuj Wagę Produktu', 'SHOW_PRODUCT_FREE_SHIPPING_INFO_WEIGHT', '0', '0 - NIE<br />1 - TAK', 5, 2, NULL, '2012-10-02 00:04:50', NULL, 'zen_cfg_select_drop_down(array(array(\'id\'=>\'1\', \'text\'=>\'True\'), array(\'id\'=>\'0\', \'text\'=>\'False\')), '),
(61, 'Pokazuj Wagę Atrybutów Produktu', 'SHOW_PRODUCT_FREE_SHIPPING_INFO_WEIGHT_ATTRIBUTES', '1', '0 - NIE<br />1 - TAK', 5, 3, NULL, '2012-10-02 00:04:50', NULL, 'zen_cfg_select_drop_down(array(array(\'id\'=>\'1\', \'text\'=>\'True\'), array(\'id\'=>\'0\', \'text\'=>\'False\')), '),
(62, 'Pokazuj Nazwę Producenta', 'SHOW_PRODUCT_FREE_SHIPPING_INFO_MANUFACTURER', '1', '0 - NIE<br />1 - TAK', 5, 4, NULL, '2012-10-02 00:04:50', NULL, 'zen_cfg_select_drop_down(array(array(\'id\'=>\'1\', \'text\'=>\'True\'), array(\'id\'=>\'0\', \'text\'=>\'False\')), '),
(63, 'Pokazuj Ilość w Koszyku', 'SHOW_PRODUCT_FREE_SHIPPING_INFO_IN_CART_QTY', '1', '0 - NIE<br />1 - TAK', 5, 5, NULL, '2012-10-02 00:04:50', NULL, 'zen_cfg_select_drop_down(array(array(\'id\'=>\'1\', \'text\'=>\'True\'), array(\'id\'=>\'0\', \'text\'=>\'False\')), '),
(64, 'Pokazuj Ilość w Magazynie', 'SHOW_PRODUCT_FREE_SHIPPING_INFO_QUANTITY', '1', '0 - NIE<br />1 - TAK', 5, 6, NULL, '2012-10-02 00:04:50', NULL, 'zen_cfg_select_drop_down(array(array(\'id\'=>\'1\', \'text\'=>\'True\'), array(\'id\'=>\'0\', \'text\'=>\'False\')), '),
(65, 'Pokazuj Ilość Recenzji', 'SHOW_PRODUCT_FREE_SHIPPING_INFO_REVIEWS_COUNT', '1', '0 - NIE<br />1 - TAK', 5, 7, NULL, '2012-10-02 00:04:50', NULL, 'zen_cfg_select_drop_down(array(array(\'id\'=>\'1\', \'text\'=>\'True\'), array(\'id\'=>\'0\', \'text\'=>\'False\')), '),
(66, 'Pokazuj Przycisk dodawania recenzji', 'SHOW_PRODUCT_FREE_SHIPPING_INFO_REVIEWS', '1', '0 - NIE<br />1 - TAK', 5, 8, NULL, '2012-10-02 00:04:50', NULL, 'zen_cfg_select_drop_down(array(array(\'id\'=>\'1\', \'text\'=>\'True\'), array(\'id\'=>\'0\', \'text\'=>\'False\')), '),
(67, 'Pokazuj od kiedy produkt jest dostępny', 'SHOW_PRODUCT_FREE_SHIPPING_INFO_DATE_AVAILABLE', '0', '0 - NIE<br />1 - TAK', 5, 9, NULL, '2012-10-02 00:04:50', NULL, 'zen_cfg_select_drop_down(array(array(\'id\'=>\'1\', \'text\'=>\'True\'), array(\'id\'=>\'0\', \'text\'=>\'False\')), '),
(68, 'Pokazuj datę dodania do sklepu', 'SHOW_PRODUCT_FREE_SHIPPING_INFO_DATE_ADDED', '1', '0 - NIE<br />1 - TAK', 5, 10, NULL, '2012-10-02 00:04:50', NULL, 'zen_cfg_select_drop_down(array(array(\'id\'=>\'1\', \'text\'=>\'True\'), array(\'id\'=>\'0\', \'text\'=>\'False\')), '),
(69, 'Pokazuj URL Produktu', 'SHOW_PRODUCT_FREE_SHIPPING_INFO_URL', '1', '0 - NIE<br />1 - TAK', 5, 11, NULL, '2012-10-02 00:04:50', NULL, 'zen_cfg_select_drop_down(array(array(\'id\'=>\'1\', \'text\'=>\'True\'), array(\'id\'=>\'0\', \'text\'=>\'False\')), '),
(70, 'Pokazuj Dodatkowe Obrazki Produktu', 'SHOW_PRODUCT_FREE_SHIPPING_INFO_ADDITIONAL_IMAGES', '1', '0 - NIE<br />1 - TAK', 5, 13, NULL, '2012-10-02 00:04:50', NULL, 'zen_cfg_select_drop_down(array(array(\'id\'=>\'1\', \'text\'=>\'True\'), array(\'id\'=>\'0\', \'text\'=>\'False\')), '),
(71, 'Produkty z Atrybutami - Cena od...', 'SHOW_PRODUCT_FREE_SHIPPING_INFO_STARTING_AT', '1', '0 - NIE<br />1 - TAK', 5, 12, NULL, '2012-10-02 00:04:50', NULL, 'zen_cfg_select_drop_down(array(array(\'id\'=>\'1\', \'text\'=>\'True\'), array(\'id\'=>\'0\', \'text\'=>\'False\')), '),
(72, 'Obrazek/Tekst dla Produktów z Darmową Wysyłką', 'SHOW_PRODUCT_FREE_SHIPPING_INFO_ALWAYS_FREE_SHIPPING_IMAGE_SWITCH', '1', '0 - NIE<br />1 - TAK', 5, 16, NULL, '2012-10-02 00:04:50', NULL, 'zen_cfg_select_drop_down(array(array(\'id\'=>\'1\', \'text\'=>\'Yes\'), array(\'id\'=>\'0\', \'text\'=>\'No\')), '),
(73, 'Domyślna Stawka Podatku dla dodawanych produktów', 'DEFAULT_PRODUCT_FREE_SHIPPING_TAX_CLASS_ID', '0', 'Wpisz ID stawki podatku', 5, 100, NULL, '2012-10-02 00:04:50', '', ''),
(74, 'Produkty Wirtualne - Domyślnie pomijać Adres Wysyłki dla dodawanych produktów?', 'DEFAULT_PRODUCT_FREE_SHIPPING_PRODUCTS_VIRTUAL', '0', '0 - NIE<br />1 - TAK', 5, 101, NULL, '2012-10-02 00:04:50', NULL, 'zen_cfg_select_drop_down(array(array(\'id\'=>\'1\', \'text\'=>\'True\'), array(\'id\'=>\'0\', \'text\'=>\'False\')), '),
(75, 'Darmowa Wysyłka - Domyślne ustawienia dla dodawanych produktów', 'DEFAULT_PRODUCT_FREE_SHIPPING_PRODUCTS_IS_ALWAYS_FREE_SHIPPING', '1', 'Always  ON - Zawsze za Darmo<br />No, Always OFF - Możliwość wyboru<br />Special - Produkty Wirtualne - wymagaj Adresu Wysyłki', 5, 102, NULL, '2012-10-02 00:04:50', NULL, 'zen_cfg_select_drop_down(array(array(\'id\'=>\'1\', \'text\'=>\'Yes, Always ON\'), array(\'id\'=>\'0\', \'text\'=>\'No, Always OFF\'), array(\'id\'=>\'2\', \'text\'=>\'Special\')), '),
(76, 'Meta Tagi - Dodawać Nazwę Sklepu/Tytuł Strony?', 'SHOW_PRODUCT_INFO_METATAGS_TITLE_STATUS', '1', '0 - NIE<br />1 - TAK', 1, 50, NULL, '2012-10-02 00:04:50', NULL, 'zen_cfg_select_drop_down(array(array(\'id\'=>\'1\', \'text\'=>\'True\'), array(\'id\'=>\'0\', \'text\'=>\'False\')), '),
(77, 'Meta Tagi - Dodawać Nazwę Produktu?', 'SHOW_PRODUCT_INFO_METATAGS_PRODUCTS_NAME_STATUS', '1', '0 - NIE<br />1 - TAK', 1, 51, NULL, '2012-10-02 00:04:50', NULL, 'zen_cfg_select_drop_down(array(array(\'id\'=>\'1\', \'text\'=>\'True\'), array(\'id\'=>\'0\', \'text\'=>\'False\')), '),
(78, 'Meta Tagi - Dodawać Kod/Model Produktu?', 'SHOW_PRODUCT_INFO_METATAGS_MODEL_STATUS', '1', '0 - NIE<br />1 - TAK', 1, 52, NULL, '2012-10-02 00:04:50', NULL, 'zen_cfg_select_drop_down(array(array(\'id\'=>\'1\', \'text\'=>\'True\'), array(\'id\'=>\'0\', \'text\'=>\'False\')), '),
(79, 'Meta Tagi - Dodawać Cenę Produktu?', 'SHOW_PRODUCT_INFO_METATAGS_PRICE_STATUS', '1', '0 - NIE<br />1 - TAK', 1, 53, NULL, '2012-10-02 00:04:50', NULL, 'zen_cfg_select_drop_down(array(array(\'id\'=>\'1\', \'text\'=>\'True\'), array(\'id\'=>\'0\', \'text\'=>\'False\')), '),
(80, 'Meta Tagi - Dodawać Meta Tagi zdefiniowane dla Produktu?', 'SHOW_PRODUCT_INFO_METATAGS_TITLE_TAGLINE_STATUS', '1', '0 - NIE<br />1 - TAK', 1, 54, NULL, '2012-10-02 00:04:50', NULL, 'zen_cfg_select_drop_down(array(array(\'id\'=>\'1\', \'text\'=>\'True\'), array(\'id\'=>\'0\', \'text\'=>\'False\')), '),
(81, 'Meta Tagi - Dodawać Nazwę Sklepu/Tytuł Strony?', 'SHOW_PRODUCT_MUSIC_INFO_METATAGS_TITLE_STATUS', '1', '0 - NIE<br />1 - TAK', 2, 50, NULL, '2012-10-02 00:04:50', NULL, 'zen_cfg_select_drop_down(array(array(\'id\'=>\'1\', \'text\'=>\'True\'), array(\'id\'=>\'0\', \'text\'=>\'False\')), '),
(82, 'Meta Tagi - Dodawać Nazwę Produktu?', 'SHOW_PRODUCT_MUSIC_INFO_METATAGS_PRODUCTS_NAME_STATUS', '1', '0 - NIE<br />1 - TAK', 2, 51, NULL, '2012-10-02 00:04:50', NULL, 'zen_cfg_select_drop_down(array(array(\'id\'=>\'1\', \'text\'=>\'True\'), array(\'id\'=>\'0\', \'text\'=>\'False\')), '),
(83, 'Meta Tagi - Dodawać Kod/Model Produktu?', 'SHOW_PRODUCT_MUSIC_INFO_METATAGS_MODEL_STATUS', '1', '0 - NIE<br />1 - TAK', 2, 52, NULL, '2012-10-02 00:04:50', NULL, 'zen_cfg_select_drop_down(array(array(\'id\'=>\'1\', \'text\'=>\'True\'), array(\'id\'=>\'0\', \'text\'=>\'False\')), '),
(84, 'Meta Tagi - Dodawać Cenę Produktu?', 'SHOW_PRODUCT_MUSIC_INFO_METATAGS_PRICE_STATUS', '1', '0 - NIE<br />1 - TAK', 2, 53, NULL, '2012-10-02 00:04:50', NULL, 'zen_cfg_select_drop_down(array(array(\'id\'=>\'1\', \'text\'=>\'True\'), array(\'id\'=>\'0\', \'text\'=>\'False\')), '),
(85, 'Meta Tagi - Dodawać Indywidualne Meta Tagi zdefiniowane dla produktu?', 'SHOW_PRODUCT_MUSIC_INFO_METATAGS_TITLE_TAGLINE_STATUS', '1', '0 - NIE<br />1 - TAK', 2, 54, NULL, '2012-10-02 00:04:50', NULL, 'zen_cfg_select_drop_down(array(array(\'id\'=>\'1\', \'text\'=>\'True\'), array(\'id\'=>\'0\', \'text\'=>\'False\')), '),
(86, 'Meta Tagi - Dodawać Nazwę Sklepu/Tytuł Strony?', 'SHOW_DOCUMENT_GENERAL_INFO_METATAGS_TITLE_STATUS', '1', '0 - NIE<br />1 - TAK', 3, 50, NULL, '2012-10-02 00:04:50', NULL, 'zen_cfg_select_drop_down(array(array(\'id\'=>\'1\', \'text\'=>\'True\'), array(\'id\'=>\'0\', \'text\'=>\'False\')), '),
(87, 'Meta Tagi - Dodawać Tytuł Dokumentu?', 'SHOW_DOCUMENT_GENERAL_INFO_METATAGS_PRODUCTS_NAME_STATUS', '1', '0 - NIE<br />1 - TAK', 3, 51, NULL, '2012-10-02 00:04:50', NULL, 'zen_cfg_select_drop_down(array(array(\'id\'=>\'1\', \'text\'=>\'True\'), array(\'id\'=>\'0\', \'text\'=>\'False\')), '),
(88, 'Meta Tagi - Dodawać Indywidualne Meta Tagi zdefiniowane dla Dokumentu?', 'SHOW_DOCUMENT_GENERAL_INFO_METATAGS_TITLE_TAGLINE_STATUS', '1', '0 - NIE<br />1 - TAK', 3, 54, NULL, '2012-10-02 00:04:50', NULL, 'zen_cfg_select_drop_down(array(array(\'id\'=>\'1\', \'text\'=>\'True\'), array(\'id\'=>\'0\', \'text\'=>\'False\')), '),
(89, 'Meta Tagi - Dodawać Nazwę Sklepu/Tytuł Strony', 'SHOW_DOCUMENT_PRODUCT_INFO_METATAGS_TITLE_STATUS', '1', '0 - NIE<br />1 - TAK', 4, 50, NULL, '2012-10-02 00:04:50', NULL, 'zen_cfg_select_drop_down(array(array(\'id\'=>\'1\', \'text\'=>\'True\'), array(\'id\'=>\'0\', \'text\'=>\'False\')), '),
(90, 'Meta tagi - Dodawać Nazwę Dokumentu?', 'SHOW_DOCUMENT_PRODUCT_INFO_METATAGS_PRODUCTS_NAME_STATUS', '1', '0 - NIE<br />1 - TAK', 4, 51, NULL, '2012-10-02 00:04:50', NULL, 'zen_cfg_select_drop_down(array(array(\'id\'=>\'1\', \'text\'=>\'True\'), array(\'id\'=>\'0\', \'text\'=>\'False\')), '),
(91, 'Meta Tagi - Dodawać Kod/Model Dokumentu?', 'SHOW_DOCUMENT_PRODUCT_INFO_METATAGS_MODEL_STATUS', '1', '0 - NIE<br />1 - TAK', 4, 52, NULL, '2012-10-02 00:04:50', NULL, 'zen_cfg_select_drop_down(array(array(\'id\'=>\'1\', \'text\'=>\'True\'), array(\'id\'=>\'0\', \'text\'=>\'False\')), '),
(92, 'Meta Tagi - dodawać Cenę Dokumentu?', 'SHOW_DOCUMENT_PRODUCT_INFO_METATAGS_PRICE_STATUS', '1', '0 - NIE<br />1 - TAK', 4, 53, NULL, '2012-10-02 00:04:50', NULL, 'zen_cfg_select_drop_down(array(array(\'id\'=>\'1\', \'text\'=>\'True\'), array(\'id\'=>\'0\', \'text\'=>\'False\')), '),
(93, 'Meta tagi - Dodawać Indywidualne Meta Tagi zdefiniowane dla Dokumentu?', 'SHOW_DOCUMENT_PRODUCT_INFO_METATAGS_TITLE_TAGLINE_STATUS', '1', '0 - NIE<br />1 - TAK', 4, 54, NULL, '2012-10-02 00:04:50', NULL, 'zen_cfg_select_drop_down(array(array(\'id\'=>\'1\', \'text\'=>\'True\'), array(\'id\'=>\'0\', \'text\'=>\'False\')), '),
(94, 'Meta tagi - Dodawać Nazwę Sklepu/Tytuł Strony?', 'SHOW_PRODUCT_FREE_SHIPPING_INFO_METATAGS_TITLE_STATUS', '1', '0 - NIE<br />1 - TAK', 5, 50, NULL, '2012-10-02 00:04:50', NULL, 'zen_cfg_select_drop_down(array(array(\'id\'=>\'1\', \'text\'=>\'True\'), array(\'id\'=>\'0\', \'text\'=>\'False\')), '),
(95, 'Meta Tagi - Dodawać Nazwę Produktu?', 'SHOW_PRODUCT_FREE_SHIPPING_INFO_METATAGS_PRODUCTS_NAME_STATUS', '1', '0 - NIE<br />1 - TAK', 5, 51, NULL, '2012-10-02 00:04:50', NULL, 'zen_cfg_select_drop_down(array(array(\'id\'=>\'1\', \'text\'=>\'True\'), array(\'id\'=>\'0\', \'text\'=>\'False\')), '),
(96, 'Meta Tagi - Dodawać Kod/Model Produktu?', 'SHOW_PRODUCT_FREE_SHIPPING_INFO_METATAGS_MODEL_STATUS', '1', '0 - NIE<br />1 - TAK', 5, 52, NULL, '2012-10-02 00:04:50', NULL, 'zen_cfg_select_drop_down(array(array(\'id\'=>\'1\', \'text\'=>\'True\'), array(\'id\'=>\'0\', \'text\'=>\'False\')), '),
(97, 'Meta tagi - Dodawać Cenę Produktu?', 'SHOW_PRODUCT_FREE_SHIPPING_INFO_METATAGS_PRICE_STATUS', '1', '0 - NIE<br />1 - TAK', 5, 53, NULL, '2012-10-02 00:04:50', NULL, 'zen_cfg_select_drop_down(array(array(\'id\'=>\'1\', \'text\'=>\'True\'), array(\'id\'=>\'0\', \'text\'=>\'False\')), '),
(98, 'Meta tagi - dodawać Indywidualne meta tagi zdefiniowane dla produktu?', 'SHOW_PRODUCT_FREE_SHIPPING_INFO_METATAGS_TITLE_TAGLINE_STATUS', '1', '0 - NIE<br />1 - TAK', 5, 54, NULL, '2012-10-02 00:04:50', NULL, 'zen_cfg_select_drop_down(array(array(\'id\'=>\'1\', \'text\'=>\'True\'), array(\'id\'=>\'0\', \'text\'=>\'False\')), '),
(99, 'Atrybut - tekst opisowy', 'DEFAULT_PRODUCT_ATTRIBUTES_DISPLAY_ONLY', '0', '0 - NIE<br />1 - TAK', 1, 200, NULL, '2012-10-02 00:04:50', NULL, 'zen_cfg_select_drop_down(array(array(\'id\'=>\'1\', \'text\'=>\'Yes\'), array(\'id\'=>\'0\', \'text\'=>\'No\')), '),
(100, 'Produkt za Darmo', 'DEFAULT_PRODUCT_ATTRIBUTE_IS_FREE', '1', '0 - NIE<br />1 - TAK', 1, 201, NULL, '2012-10-02 00:04:50', NULL, 'zen_cfg_select_drop_down(array(array(\'id\'=>\'1\', \'text\'=>\'Yes\'), array(\'id\'=>\'0\', \'text\'=>\'No\')), '),
(101, 'Ustaw Jako Atrybut Domyślny', 'DEFAULT_PRODUCT_ATTRIBUTES_DEFAULT', '0', '0 - NIE<br />1 - TAK', 1, 202, NULL, '2012-10-02 00:04:50', NULL, 'zen_cfg_select_drop_down(array(array(\'id\'=>\'1\', \'text\'=>\'Yes\'), array(\'id\'=>\'0\', \'text\'=>\'No\')), '),
(102, 'Domyślnie Rabat dla Atrybutu taki sam jak dla Produktu', 'DEFAULT_PRODUCT_ATTRIBUTES_DISCOUNTED', '1', '0 - NIE<br />1 - TAK', 1, 203, NULL, '2012-10-02 00:04:50', NULL, 'zen_cfg_select_drop_down(array(array(\'id\'=>\'1\', \'text\'=>\'Yes\'), array(\'id\'=>\'0\', \'text\'=>\'No\')), '),
(103, 'Domyślnie Dołącz cenę bazową przy wycenie według Atrybutów', 'DEFAULT_PRODUCT_ATTRIBUTES_PRICE_BASE_INCLUDED', '1', '0 - NIE<br />1 - TAK', 1, 204, NULL, '2012-10-02 00:04:50', NULL, 'zen_cfg_select_drop_down(array(array(\'id\'=>\'1\', \'text\'=>\'Yes\'), array(\'id\'=>\'0\', \'text\'=>\'No\')), '),
(104, 'Atrybut wymagany dla tekstu', 'DEFAULT_PRODUCT_ATTRIBUTES_REQUIRED', '0', '0 - NIE<br />1 - TAK', 1, 205, NULL, '2012-10-02 00:04:50', NULL, 'zen_cfg_select_drop_down(array(array(\'id\'=>\'1\', \'text\'=>\'Yes\'), array(\'id\'=>\'0\', \'text\'=>\'No\')), '),
(105, 'Domyślny Prefiks Ceny', 'DEFAULT_PRODUCT_PRICE_PREFIX', '0', 'Blank = Brak, + lub -', 1, 206, '2013-02-03 20:58:48', '2012-10-02 00:04:50', NULL, 'zen_cfg_select_drop_down(array(array(\'id\'=>\'0\', \'text\'=>\'Blank\'), array(\'id\'=>\'1\', \'text\'=>\'+\'), array(\'id\'=>\'2\', \'text\'=>\'-\')), '),
(106, 'Domyślny Prefix Wagi', 'DEFAULT_PRODUCT_PRODUCTS_ATTRIBUTES_WEIGHT_PREFIX', '0', 'Blank = Brak, + lub -', 1, 207, '2013-02-03 20:58:54', '2012-10-02 00:04:50', NULL, 'zen_cfg_select_drop_down(array(array(\'id\'=>\'0\', \'text\'=>\'Blank\'), array(\'id\'=>\'1\', \'text\'=>\'+\'), array(\'id\'=>\'2\', \'text\'=>\'-\')), '),
(107, 'Atrybut - tekst opisowy', 'DEFAULT_PRODUCT_MUSIC_ATTRIBUTES_DISPLAY_ONLY', '0', '0 - NIE<br />1 - TAK', 2, 200, NULL, '2012-10-02 00:04:50', NULL, 'zen_cfg_select_drop_down(array(array(\'id\'=>\'1\', \'text\'=>\'Yes\'), array(\'id\'=>\'0\', \'text\'=>\'No\')), '),
(108, 'Domyślnie Atrybut za Darmo gdy Produkt jest za darmo', 'DEFAULT_PRODUCT_MUSIC_ATTRIBUTE_IS_FREE', '1', '0 - NIE<br />1 - TAK', 2, 201, NULL, '2012-10-02 00:04:50', NULL, 'zen_cfg_select_drop_down(array(array(\'id\'=>\'1\', \'text\'=>\'Yes\'), array(\'id\'=>\'0\', \'text\'=>\'No\')), '),
(109, 'Ustaw jako Atrybut Domyślny', 'DEFAULT_PRODUCT_MUSIC_ATTRIBUTES_DEFAULT', '0', '0 - NIE<br />1 - TAK', 2, 202, NULL, '2012-10-02 00:04:50', NULL, 'zen_cfg_select_drop_down(array(array(\'id\'=>\'1\', \'text\'=>\'Yes\'), array(\'id\'=>\'0\', \'text\'=>\'No\')), '),
(110, 'Domyślnie Rabaty takie same jak dla Produktu', 'DEFAULT_PRODUCT_MUSIC_ATTRIBUTES_DISCOUNTED', '1', '0 - NIE<br />1 - TAK', 2, 203, NULL, '2012-10-02 00:04:50', NULL, 'zen_cfg_select_drop_down(array(array(\'id\'=>\'1\', \'text\'=>\'Yes\'), array(\'id\'=>\'0\', \'text\'=>\'No\')), '),
(111, 'Domyślnie dołącz cenę bazową przy wycenie według Atrybutów', 'DEFAULT_PRODUCT_MUSIC_ATTRIBUTES_PRICE_BASE_INCLUDED', '1', '0 - NIE<br />1 - TAK', 2, 204, NULL, '2012-10-02 00:04:50', NULL, 'zen_cfg_select_drop_down(array(array(\'id\'=>\'1\', \'text\'=>\'Yes\'), array(\'id\'=>\'0\', \'text\'=>\'No\')), '),
(112, 'Atrybut wymagany dla tekstu', 'DEFAULT_PRODUCT_MUSIC_ATTRIBUTES_REQUIRED', '0', '0 - NIE<br />1 - TAK', 2, 205, NULL, '2012-10-02 00:04:50', NULL, 'zen_cfg_select_drop_down(array(array(\'id\'=>\'1\', \'text\'=>\'Yes\'), array(\'id\'=>\'0\', \'text\'=>\'No\')), '),
(113, 'Domyślny Prefix Ceny', 'DEFAULT_PRODUCT_MUSIC_PRICE_PREFIX', '1', 'Blank = Brak, + lub -', 2, 206, NULL, '2012-10-02 00:04:50', NULL, 'zen_cfg_select_drop_down(array(array(\'id\'=>\'0\', \'text\'=>\'Blank\'), array(\'id\'=>\'1\', \'text\'=>\'+\'), array(\'id\'=>\'2\', \'text\'=>\'-\')), '),
(114, 'Domyślny Prefix Wagi', 'DEFAULT_PRODUCT_MUSIC_PRODUCTS_ATTRIBUTES_WEIGHT_PREFIX', '1', 'Blank = Brak, + lub -', 2, 207, NULL, '2012-10-02 00:04:50', NULL, 'zen_cfg_select_drop_down(array(array(\'id\'=>\'0\', \'text\'=>\'Blank\'), array(\'id\'=>\'1\', \'text\'=>\'+\'), array(\'id\'=>\'2\', \'text\'=>\'-\')), '),
(115, 'Atrybut - tekst opisowy', 'DEFAULT_DOCUMENT_GENERAL_ATTRIBUTES_DISPLAY_ONLY', '0', '0 - NIE<br />1 - TAK', 3, 200, NULL, '2012-10-02 00:04:50', NULL, 'zen_cfg_select_drop_down(array(array(\'id\'=>\'1\', \'text\'=>\'Yes\'), array(\'id\'=>\'0\', \'text\'=>\'No\')), '),
(116, 'Domyślnie Atrybut jest za darmo gdy Produkt jest za darmo', 'DEFAULT_DOCUMENT_GENERAL_ATTRIBUTE_IS_FREE', '1', '0 - NIE<br />1 - TAK', 3, 201, NULL, '2012-10-02 00:04:50', NULL, 'zen_cfg_select_drop_down(array(array(\'id\'=>\'1\', \'text\'=>\'Yes\'), array(\'id\'=>\'0\', \'text\'=>\'No\')), '),
(117, 'Ustaw jako Atrybut Domyślny', 'DEFAULT_DOCUMENT_GENERAL_ATTRIBUTES_DEFAULT', '0', '0 - NIE<br />1 - TAK', 3, 202, NULL, '2012-10-02 00:04:50', NULL, 'zen_cfg_select_drop_down(array(array(\'id\'=>\'1\', \'text\'=>\'Yes\'), array(\'id\'=>\'0\', \'text\'=>\'No\')), '),
(118, 'Domyślnie Rabat dla Atrybutu taki sam jak dla Produktu', 'DEFAULT_DOCUMENT_GENERAL_ATTRIBUTES_DISCOUNTED', '1', '0 - NIE<br />1 - TAK', 3, 203, NULL, '2012-10-02 00:04:50', NULL, 'zen_cfg_select_drop_down(array(array(\'id\'=>\'1\', \'text\'=>\'Yes\'), array(\'id\'=>\'0\', \'text\'=>\'No\')), '),
(119, 'Domyślnie dołącz cenę bazową przy wycenie według Atrybutów', 'DEFAULT_DOCUMENT_GENERAL_ATTRIBUTES_PRICE_BASE_INCLUDED', '1', '0 - NIE<br />1 - TAK', 3, 204, NULL, '2012-10-02 00:04:50', NULL, 'zen_cfg_select_drop_down(array(array(\'id\'=>\'1\', \'text\'=>\'Yes\'), array(\'id\'=>\'0\', \'text\'=>\'No\')), '),
(120, 'Domyślnie Wymagany dla Tekstu', 'DEFAULT_DOCUMENT_GENERAL_ATTRIBUTES_REQUIRED', '0', '0 - NIE<br />1 - TAK', 3, 205, NULL, '2012-10-02 00:04:50', NULL, 'zen_cfg_select_drop_down(array(array(\'id\'=>\'1\', \'text\'=>\'Yes\'), array(\'id\'=>\'0\', \'text\'=>\'No\')), '),
(121, 'Domyślny Prefix Ceny', 'DEFAULT_DOCUMENT_GENERAL_PRICE_PREFIX', '1', 'Blank = Brak, + lub -', 3, 206, NULL, '2012-10-02 00:04:50', NULL, 'zen_cfg_select_drop_down(array(array(\'id\'=>\'0\', \'text\'=>\'Blank\'), array(\'id\'=>\'1\', \'text\'=>\'+\'), array(\'id\'=>\'2\', \'text\'=>\'-\')), '),
(122, 'Domyślny Prefix Wagi', 'DEFAULT_DOCUMENT_GENERAL_PRODUCTS_ATTRIBUTES_WEIGHT_PREFIX', '1', 'Blank = Brak, + lub -', 3, 207, NULL, '2012-10-02 00:04:50', NULL, 'zen_cfg_select_drop_down(array(array(\'id\'=>\'0\', \'text\'=>\'Blank\'), array(\'id\'=>\'1\', \'text\'=>\'+\'), array(\'id\'=>\'2\', \'text\'=>\'-\')), '),
(123, 'Atrybut - tekst opisowy', 'DEFAULT_DOCUMENT_PRODUCT_ATTRIBUTES_DISPLAY_ONLY', '0', '0 - NIE<br />1 - TAK', 4, 200, NULL, '2012-10-02 00:04:50', NULL, 'zen_cfg_select_drop_down(array(array(\'id\'=>\'1\', \'text\'=>\'Yes\'), array(\'id\'=>\'0\', \'text\'=>\'No\')), '),
(124, 'Domyślnie Atrybut jest za darmo gdy Produkt jest za darmo', 'DEFAULT_DOCUMENT_PRODUCT_ATTRIBUTE_IS_FREE', '1', '0 - NIE<br />1 - TAK', 4, 201, NULL, '2012-10-02 00:04:50', NULL, 'zen_cfg_select_drop_down(array(array(\'id\'=>\'1\', \'text\'=>\'Yes\'), array(\'id\'=>\'0\', \'text\'=>\'No\')), '),
(125, 'Ustaw jako Atrybut Domyślny', 'DEFAULT_DOCUMENT_PRODUCT_ATTRIBUTES_DEFAULT', '0', '0 - NIE<br />1 - TAK', 4, 202, NULL, '2012-10-02 00:04:50', NULL, 'zen_cfg_select_drop_down(array(array(\'id\'=>\'1\', \'text\'=>\'Yes\'), array(\'id\'=>\'0\', \'text\'=>\'No\')), '),
(126, 'Domyślnie Rabat dla Atrybutu taki sam jak dla Produktu', 'DEFAULT_DOCUMENT_PRODUCT_ATTRIBUTES_DISCOUNTED', '1', '0 - NIE<br />1 - TAK', 4, 203, NULL, '2012-10-02 00:04:50', NULL, 'zen_cfg_select_drop_down(array(array(\'id\'=>\'1\', \'text\'=>\'Yes\'), array(\'id\'=>\'0\', \'text\'=>\'No\')), '),
(127, 'Domyślnie dołącz cenę bazową przy wycenie według Atrybutów', 'DEFAULT_DOCUMENT_PRODUCT_ATTRIBUTES_PRICE_BASE_INCLUDED', '1', '0 - NIE<br />1 - TAK', 4, 204, NULL, '2012-10-02 00:04:50', NULL, 'zen_cfg_select_drop_down(array(array(\'id\'=>\'1\', \'text\'=>\'Yes\'), array(\'id\'=>\'0\', \'text\'=>\'No\')), '),
(128, 'Domyślnie Wymagany dla Tekstu', 'DEFAULT_DOCUMENT_PRODUCT_ATTRIBUTES_REQUIRED', '0', '0 - NIE<br />1 - TAK', 4, 205, NULL, '2012-10-02 00:04:50', NULL, 'zen_cfg_select_drop_down(array(array(\'id\'=>\'1\', \'text\'=>\'Yes\'), array(\'id\'=>\'0\', \'text\'=>\'No\')), '),
(129, 'Domyślny Prefix Ceny', 'DEFAULT_DOCUMENT_PRODUCT_PRICE_PREFIX', '1', 'Blank = Brak, + lub -', 4, 206, NULL, '2012-10-02 00:04:50', NULL, 'zen_cfg_select_drop_down(array(array(\'id\'=>\'0\', \'text\'=>\'Blank\'), array(\'id\'=>\'1\', \'text\'=>\'+\'), array(\'id\'=>\'2\', \'text\'=>\'-\')), '),
(130, 'Domyślny Prefix Wagi', 'DEFAULT_DOCUMENT_PRODUCT_PRODUCTS_ATTRIBUTES_WEIGHT_PREFIX', '1', 'Blank = Brak, + lub -', 4, 207, NULL, '2012-10-02 00:04:50', NULL, 'zen_cfg_select_drop_down(array(array(\'id\'=>\'0\', \'text\'=>\'Blank\'), array(\'id\'=>\'1\', \'text\'=>\'+\'), array(\'id\'=>\'2\', \'text\'=>\'-\')), '),
(131, 'Atrybut - tekst opisowy', 'DEFAULT_PRODUCT_FREE_SHIPPING_ATTRIBUTES_DISPLAY_ONLY', '0', '0 - NIE<br />1 - TAK', 5, 201, NULL, '2012-10-02 00:04:50', NULL, 'zen_cfg_select_drop_down(array(array(\'id\'=>\'1\', \'text\'=>\'Yes\'), array(\'id\'=>\'0\', \'text\'=>\'No\')), '),
(132, 'Domyślnie Atrybut jest za darmo gdy Produkt jest za darmo', 'DEFAULT_PRODUCT_FREE_SHIPPING_ATTRIBUTE_IS_FREE', '1', '0 - NIE<br />1 - TAK', 5, 201, NULL, '2012-10-02 00:04:50', NULL, 'zen_cfg_select_drop_down(array(array(\'id\'=>\'1\', \'text\'=>\'Yes\'), array(\'id\'=>\'0\', \'text\'=>\'No\')), '),
(133, 'Ustaw jako Atrybut Domyślny', 'DEFAULT_PRODUCT_FREE_SHIPPING_ATTRIBUTES_DEFAULT', '0', '0 - NIE<br />1 - TAK', 5, 202, NULL, '2012-10-02 00:04:50', NULL, 'zen_cfg_select_drop_down(array(array(\'id\'=>\'1\', \'text\'=>\'Yes\'), array(\'id\'=>\'0\', \'text\'=>\'No\')), '),
(134, 'Domyślnie Rabat dla Atrybutu taki sam jak dla Produktu', 'DEFAULT_PRODUCT_FREE_SHIPPING_ATTRIBUTES_DISCOUNTED', '1', '0 - NIE<br />1 - TAK', 5, 203, NULL, '2012-10-02 00:04:50', NULL, 'zen_cfg_select_drop_down(array(array(\'id\'=>\'1\', \'text\'=>\'Yes\'), array(\'id\'=>\'0\', \'text\'=>\'No\')), '),
(135, 'Domyślnie dołącz cenę bazową przy wycenie według Atrybutów', 'DEFAULT_PRODUCT_FREE_SHIPPING_ATTRIBUTES_PRICE_BASE_INCLUDED', '1', '0 - NIE<br />1 - TAK', 5, 204, NULL, '2012-10-02 00:04:50', NULL, 'zen_cfg_select_drop_down(array(array(\'id\'=>\'1\', \'text\'=>\'Yes\'), array(\'id\'=>\'0\', \'text\'=>\'No\')), '),
(136, 'Domyślnie Wymagany dla Tekstu', 'DEFAULT_PRODUCT_FREE_SHIPPING_ATTRIBUTES_REQUIRED', '0', '0 - NIE<br />1 - TAK', 5, 205, NULL, '2012-10-02 00:04:50', NULL, 'zen_cfg_select_drop_down(array(array(\'id\'=>\'1\', \'text\'=>\'Yes\'), array(\'id\'=>\'0\', \'text\'=>\'No\')), '),
(137, 'Domyślny Prefix Ceny', 'DEFAULT_PRODUCT_FREE_SHIPPING_PRICE_PREFIX', '1', 'Blank = Brak, + lub -', 5, 206, NULL, '2012-10-02 00:04:50', NULL, 'zen_cfg_select_drop_down(array(array(\'id\'=>\'0\', \'text\'=>\'Blank\'), array(\'id\'=>\'1\', \'text\'=>\'+\'), array(\'id\'=>\'2\', \'text\'=>\'-\')), '),
(138, 'Domyślny Prefix Wagi', 'DEFAULT_PRODUCT_FREE_SHIPPING_PRODUCTS_ATTRIBUTES_WEIGHT_PREFIX', '1', 'Blank = Brak, + lub -', 5, 207, NULL, '2012-10-02 00:04:50', NULL, 'zen_cfg_select_drop_down(array(array(\'id\'=>\'0\', \'text\'=>\'Blank\'), array(\'id\'=>\'1\', \'text\'=>\'+\'), array(\'id\'=>\'2\', \'text\'=>\'-\')), ');

-- --------------------------------------------------------

--
-- Struktura tabeli dla tabeli `project_version`
--

CREATE TABLE `project_version` (
  `project_version_id` tinyint(3) NOT NULL,
  `project_version_key` varchar(40) NOT NULL DEFAULT '',
  `project_version_major` varchar(20) NOT NULL DEFAULT '',
  `project_version_minor` varchar(20) NOT NULL DEFAULT '',
  `project_version_patch1` varchar(20) NOT NULL DEFAULT '',
  `project_version_patch2` varchar(20) NOT NULL DEFAULT '',
  `project_version_patch1_source` varchar(20) NOT NULL DEFAULT '',
  `project_version_patch2_source` varchar(20) NOT NULL DEFAULT '',
  `project_version_comment` varchar(250) NOT NULL DEFAULT '',
  `project_version_date_applied` datetime NOT NULL DEFAULT '0001-01-01 01:01:01'
) ENGINE=MyISAM DEFAULT CHARSET=utf8 COMMENT='Database Version Tracking';

--
-- Zrzut danych tabeli `project_version`
--

INSERT INTO `project_version` (`project_version_id`, `project_version_key`, `project_version_major`, `project_version_minor`, `project_version_patch1`, `project_version_patch2`, `project_version_patch1_source`, `project_version_patch2_source`, `project_version_comment`, `project_version_date_applied`) VALUES
(1, 'Zen-Cart Main', '1', '5.1', '', '', '', '', 'Fresh Installation', '2012-12-09 20:16:34'),
(2, 'Zen-Cart Database', '1', '5.1', '', '', '', '', 'Fresh Installation', '2012-12-09 20:16:34');

-- --------------------------------------------------------

--
-- Struktura tabeli dla tabeli `project_version_history`
--

CREATE TABLE `project_version_history` (
  `project_version_id` tinyint(3) NOT NULL,
  `project_version_key` varchar(40) NOT NULL DEFAULT '',
  `project_version_major` varchar(20) NOT NULL DEFAULT '',
  `project_version_minor` varchar(20) NOT NULL DEFAULT '',
  `project_version_patch` varchar(20) NOT NULL DEFAULT '',
  `project_version_comment` varchar(250) NOT NULL DEFAULT '',
  `project_version_date_applied` datetime NOT NULL DEFAULT '0001-01-01 01:01:01'
) ENGINE=MyISAM DEFAULT CHARSET=utf8 COMMENT='Database Version Tracking History';

--
-- Zrzut danych tabeli `project_version_history`
--

INSERT INTO `project_version_history` (`project_version_id`, `project_version_key`, `project_version_major`, `project_version_minor`, `project_version_patch`, `project_version_comment`, `project_version_date_applied`) VALUES
(1, 'Zen-Cart Main', '1', '5.1', '', 'Fresh Installation', '2012-12-09 20:16:34'),
(2, 'Zen-Cart Database', '1', '5.1', '', 'Fresh Installation', '2012-12-09 20:16:34');

-- --------------------------------------------------------

--
-- Struktura tabeli dla tabeli `query_builder`
--

CREATE TABLE `query_builder` (
  `query_id` int(11) NOT NULL,
  `query_category` varchar(40) NOT NULL DEFAULT '',
  `query_name` varchar(80) NOT NULL DEFAULT '',
  `query_description` text NOT NULL,
  `query_string` text NOT NULL,
  `query_keys_list` text NOT NULL
) ENGINE=MyISAM DEFAULT CHARSET=utf8 COMMENT='Stores queries for re-use in Admin email and report modules';

--
-- Zrzut danych tabeli `query_builder`
--

INSERT INTO `query_builder` (`query_id`, `query_category`, `query_name`, `query_description`, `query_string`, `query_keys_list`) VALUES
(1, 'email', 'Wszyscy Klienci', 'Returns all customers name and email address for sending mass emails (ie: for newsletters, coupons, GVs, messages, etc).', 'select customers_email_address, customers_firstname, customers_lastname from TABLE_CUSTOMERS order by customers_lastname, customers_firstname, customers_email_address', ''),
(2, 'email,newsletters', 'Wszyscy Abonenci Biuletynu', 'Returns name and email address of newsletter subscribers', 'select customers_firstname, customers_lastname, customers_email_address from TABLE_CUSTOMERS where customers_newsletter = \'1\'', ''),
(3, 'email,newsletters', 'Abonenci Biuletynu Nieaktywni powyżej 3 miesięcy', 'Subscribers who HAVE purchased something, but have NOT purchased for at least three months.', 'select o.date_purchased, c.customers_email_address, c.customers_lastname, c.customers_firstname from TABLE_CUSTOMERS c, TABLE_ORDERS o WHERE c.customers_id = o.customers_id AND c.customers_newsletter = 1 GROUP BY c.customers_email_address HAVING max(o.date_purchased) <= subdate(now(),INTERVAL 3 MONTH) ORDER BY c.customers_lastname, c.customers_firstname ASC', ''),
(4, 'email,newsletters', 'Aktywni w ostatnich 3 miesiącach Abonenci Biuletynu', 'Newsletter subscribers who are also active customers (purchased something) in last 3 months.', 'select c.customers_email_address, c.customers_lastname, c.customers_firstname from TABLE_CUSTOMERS c, TABLE_ORDERS o where c.customers_newsletter = \'1\' AND c.customers_id = o.customers_id and o.date_purchased > subdate(now(),INTERVAL 3 MONTH) GROUP BY c.customers_email_address order by c.customers_lastname, c.customers_firstname ASC', ''),
(5, 'email,newsletters', 'Aktywni w ostatnich 3 miesiącach Klienci (bez względu na status Subskrypcji', 'All active customers (purchased something) in last 3 months, ignoring newsletter-subscription status.', 'select c.customers_email_address, c.customers_lastname, c.customers_firstname from TABLE_CUSTOMERS c, TABLE_ORDERS o WHERE c.customers_id = o.customers_id and o.date_purchased > subdate(now(),INTERVAL 3 MONTH) GROUP BY c.customers_email_address order by c.customers_lastname, c.customers_firstname ASC', ''),
(6, 'email,newsletters', 'Administrator', 'Just the email account of the current administrator', 'select \'ADMIN\' as customers_firstname, admin_name as customers_lastname, admin_email as customers_email_address from TABLE_ADMIN where admin_id = $SESSION:admin_id', ''),
(7, 'email,newsletters', 'Zarejestrowani klienci którzy nie dokonali żadnego zakupu', 'For sending newsletter to all customers who registered but have never completed a purchase', 'SELECT DISTINCT c.customers_email_address as customers_email_address, c.customers_lastname as customers_lastname, c.customers_firstname as customers_firstname FROM TABLE_CUSTOMERS c LEFT JOIN  TABLE_ORDERS o ON c.customers_id=o.customers_id WHERE o.date_purchased IS NULL', ''),
(8, 'email,newsletters', 'Permanent Account Holders Only', 'Send email only to permanent account holders ', 'select customers_email_address, customers_firstname, customers_lastname from TABLE_CUSTOMERS where COWOA_account != 1 order by customers_lastname, customers_firstname, customers_email_address', '');

-- --------------------------------------------------------

--
-- Struktura tabeli dla tabeli `record_artists`
--

CREATE TABLE `record_artists` (
  `artists_id` int(11) NOT NULL,
  `artists_name` varchar(32) NOT NULL DEFAULT '',
  `artists_image` varchar(64) DEFAULT NULL,
  `date_added` datetime DEFAULT NULL,
  `last_modified` datetime DEFAULT NULL
) ENGINE=MyISAM DEFAULT CHARSET=utf8;

-- --------------------------------------------------------

--
-- Struktura tabeli dla tabeli `record_artists_info`
--

CREATE TABLE `record_artists_info` (
  `artists_id` int(11) NOT NULL DEFAULT '0',
  `languages_id` int(11) NOT NULL DEFAULT '0',
  `artists_url` varchar(255) NOT NULL DEFAULT '',
  `url_clicked` int(5) NOT NULL DEFAULT '0',
  `date_last_click` datetime DEFAULT NULL
) ENGINE=MyISAM DEFAULT CHARSET=utf8;

-- --------------------------------------------------------

--
-- Struktura tabeli dla tabeli `record_company`
--

CREATE TABLE `record_company` (
  `record_company_id` int(11) NOT NULL,
  `record_company_name` varchar(32) NOT NULL DEFAULT '',
  `record_company_image` varchar(64) DEFAULT NULL,
  `date_added` datetime DEFAULT NULL,
  `last_modified` datetime DEFAULT NULL
) ENGINE=MyISAM DEFAULT CHARSET=utf8;

-- --------------------------------------------------------

--
-- Struktura tabeli dla tabeli `record_company_info`
--

CREATE TABLE `record_company_info` (
  `record_company_id` int(11) NOT NULL DEFAULT '0',
  `languages_id` int(11) NOT NULL DEFAULT '0',
  `record_company_url` varchar(255) NOT NULL DEFAULT '',
  `url_clicked` int(5) NOT NULL DEFAULT '0',
  `date_last_click` datetime DEFAULT NULL
) ENGINE=MyISAM DEFAULT CHARSET=utf8;

-- --------------------------------------------------------

--
-- Struktura tabeli dla tabeli `reviews`
--

CREATE TABLE `reviews` (
  `reviews_id` int(11) NOT NULL,
  `products_id` int(11) NOT NULL DEFAULT '0',
  `customers_id` int(11) DEFAULT NULL,
  `customers_name` varchar(64) NOT NULL DEFAULT '',
  `reviews_rating` int(1) DEFAULT NULL,
  `date_added` datetime DEFAULT NULL,
  `last_modified` datetime DEFAULT NULL,
  `reviews_read` int(5) NOT NULL DEFAULT '0',
  `status` int(1) NOT NULL DEFAULT '1'
) ENGINE=MyISAM DEFAULT CHARSET=utf8;

-- --------------------------------------------------------

--
-- Struktura tabeli dla tabeli `reviews_description`
--

CREATE TABLE `reviews_description` (
  `reviews_id` int(11) NOT NULL DEFAULT '0',
  `languages_id` int(11) NOT NULL DEFAULT '0',
  `reviews_text` text NOT NULL
) ENGINE=MyISAM DEFAULT CHARSET=utf8;

-- --------------------------------------------------------

--
-- Struktura tabeli dla tabeli `salemaker_sales`
--

CREATE TABLE `salemaker_sales` (
  `sale_id` int(11) NOT NULL,
  `sale_status` tinyint(4) NOT NULL DEFAULT '0',
  `sale_name` varchar(30) NOT NULL DEFAULT '',
  `sale_deduction_value` decimal(15,4) NOT NULL DEFAULT '0.0000',
  `sale_deduction_type` tinyint(4) NOT NULL DEFAULT '0',
  `sale_pricerange_from` decimal(15,4) NOT NULL DEFAULT '0.0000',
  `sale_pricerange_to` decimal(15,4) NOT NULL DEFAULT '0.0000',
  `sale_specials_condition` tinyint(4) NOT NULL DEFAULT '0',
  `sale_categories_selected` text,
  `sale_categories_all` text,
  `sale_date_start` date NOT NULL DEFAULT '0001-01-01',
  `sale_date_end` date NOT NULL DEFAULT '0001-01-01',
  `sale_date_added` date NOT NULL DEFAULT '0001-01-01',
  `sale_date_last_modified` date NOT NULL DEFAULT '0001-01-01',
  `sale_date_status_change` date NOT NULL DEFAULT '0001-01-01'
) ENGINE=MyISAM DEFAULT CHARSET=utf8;

-- --------------------------------------------------------

--
-- Struktura tabeli dla tabeli `specials`
--

CREATE TABLE `specials` (
  `specials_id` int(11) NOT NULL,
  `products_id` int(11) NOT NULL DEFAULT '0',
  `specials_new_products_price` decimal(15,4) NOT NULL DEFAULT '0.0000',
  `specials_date_added` datetime DEFAULT NULL,
  `specials_last_modified` datetime DEFAULT NULL,
  `expires_date` date NOT NULL DEFAULT '0001-01-01',
  `date_status_change` datetime DEFAULT NULL,
  `status` int(1) NOT NULL DEFAULT '1',
  `specials_date_available` date NOT NULL DEFAULT '0001-01-01'
) ENGINE=MyISAM DEFAULT CHARSET=utf8;

--
-- Zrzut danych tabeli `specials`
--

INSERT INTO `specials` (`specials_id`, `products_id`, `specials_new_products_price`, `specials_date_added`, `specials_last_modified`, `expires_date`, `date_status_change`, `status`, `specials_date_available`) VALUES
(22, 160, '450.0000', '2019-01-04 20:48:55', '2019-11-30 12:30:06', '0001-01-01', NULL, 1, '0001-01-01'),
(27, 172, '28.0000', '2019-11-30 19:59:26', NULL, '0001-01-01', NULL, 1, '0001-01-01'),
(11, 105, '450.0000', '2016-02-25 12:15:40', '2019-11-30 12:32:11', '0001-01-01', NULL, 1, '0001-01-01'),
(12, 107, '450.0000', '2016-02-25 12:15:59', '2019-11-30 12:31:01', '0001-01-01', NULL, 1, '0001-01-01'),
(13, 118, '450.0000', '2016-02-25 12:16:31', '2019-11-30 12:31:47', '0001-01-01', NULL, 1, '0001-01-01'),
(28, 173, '98.0000', '2019-11-30 20:04:12', NULL, '0001-01-01', NULL, 1, '0001-01-01'),
(26, 171, '49.0000', '2019-11-30 19:48:38', NULL, '0001-01-01', NULL, 1, '0001-01-01'),
(24, 6, '268.0000', '2019-11-29 22:39:10', '2019-12-04 12:36:35', '0001-01-01', NULL, 1, '0001-01-01'),
(20, 158, '98.0000', '2019-01-04 12:29:27', NULL, '0001-01-01', NULL, 1, '0001-01-01'),
(21, 159, '450.0000', '2019-01-04 20:34:36', '2019-11-30 12:30:34', '0001-01-01', NULL, 1, '0001-01-01'),
(23, 162, '450.0000', '2019-01-04 21:00:40', '2019-11-30 12:31:24', '0001-01-01', NULL, 1, '0001-01-01'),
(25, 72, '348.0000', '2019-11-29 22:46:09', NULL, '0001-01-01', NULL, 1, '0001-01-01');

-- --------------------------------------------------------

--
-- Struktura tabeli dla tabeli `tax_class`
--

CREATE TABLE `tax_class` (
  `tax_class_id` int(11) NOT NULL,
  `tax_class_title` varchar(32) NOT NULL DEFAULT '',
  `tax_class_description` varchar(255) NOT NULL DEFAULT '',
  `last_modified` datetime DEFAULT NULL,
  `date_added` datetime NOT NULL DEFAULT '0001-01-01 00:00:00'
) ENGINE=MyISAM DEFAULT CHARSET=utf8;

--
-- Zrzut danych tabeli `tax_class`
--

INSERT INTO `tax_class` (`tax_class_id`, `tax_class_title`, `tax_class_description`, `last_modified`, `date_added`) VALUES
(1, '23 %', '', '2011-01-20 20:01:47', '2008-08-02 19:56:14'),
(2, '8 %', '', '2011-01-20 20:01:59', '2008-08-02 21:28:08'),
(3, '0 %', '', NULL, '2008-08-02 21:28:26'),
(4, '5%', '', NULL, '2011-01-20 20:02:09');

-- --------------------------------------------------------

--
-- Struktura tabeli dla tabeli `tax_rates`
--

CREATE TABLE `tax_rates` (
  `tax_rates_id` int(11) NOT NULL,
  `tax_zone_id` int(11) NOT NULL DEFAULT '0',
  `tax_class_id` int(11) NOT NULL DEFAULT '0',
  `tax_priority` int(5) DEFAULT '1',
  `tax_rate` decimal(7,4) NOT NULL DEFAULT '0.0000',
  `tax_description` varchar(255) NOT NULL DEFAULT '',
  `last_modified` datetime DEFAULT NULL,
  `date_added` datetime NOT NULL DEFAULT '0001-01-01 00:00:00'
) ENGINE=MyISAM DEFAULT CHARSET=utf8;

--
-- Zrzut danych tabeli `tax_rates`
--

INSERT INTO `tax_rates` (`tax_rates_id`, `tax_zone_id`, `tax_class_id`, `tax_priority`, `tax_rate`, `tax_description`, `last_modified`, `date_added`) VALUES
(5, 2, 1, 1, '23.0000', 'W tym VAT', '2011-01-20 20:04:24', '2008-08-02 21:30:35'),
(2, 2, 4, 4, '5.0000', 'W tym VAT', '2011-01-20 20:03:40', '2007-11-15 22:52:22'),
(3, 2, 3, 2, '0.0000', 'W tym VAT', '2008-08-02 21:31:08', '2007-11-15 22:53:03'),
(4, 2, 2, 3, '8.0000', 'W tym VAT', '2011-01-20 20:04:10', '2007-11-15 22:53:21');

-- --------------------------------------------------------

--
-- Struktura tabeli dla tabeli `template_select`
--

CREATE TABLE `template_select` (
  `template_id` int(11) NOT NULL,
  `template_dir` varchar(64) NOT NULL DEFAULT '',
  `template_language` varchar(64) NOT NULL DEFAULT '0'
) ENGINE=MyISAM DEFAULT CHARSET=utf8;

--
-- Zrzut danych tabeli `template_select`
--

INSERT INTO `template_select` (`template_id`, `template_dir`, `template_language`) VALUES
(1, 'theme151007_blue2', '0');

-- --------------------------------------------------------

--
-- Struktura tabeli dla tabeli `upgrade_exceptions`
--

CREATE TABLE `upgrade_exceptions` (
  `upgrade_exception_id` smallint(5) NOT NULL,
  `sql_file` varchar(50) DEFAULT NULL,
  `reason` varchar(200) DEFAULT NULL,
  `errordate` datetime DEFAULT '0001-01-01 00:00:00',
  `sqlstatement` text
) ENGINE=MyISAM DEFAULT CHARSET=utf8;

-- --------------------------------------------------------

--
-- Struktura tabeli dla tabeli `zones`
--

CREATE TABLE `zones` (
  `zone_id` int(11) NOT NULL,
  `zone_country_id` int(11) NOT NULL DEFAULT '0',
  `zone_code` varchar(32) NOT NULL DEFAULT '',
  `zone_name` varchar(32) NOT NULL DEFAULT ''
) ENGINE=MyISAM DEFAULT CHARSET=utf8;

--
-- Zrzut danych tabeli `zones`
--

INSERT INTO `zones` (`zone_id`, `zone_country_id`, `zone_code`, `zone_name`) VALUES
(1, 223, 'AL', 'Alabama'),
(2, 223, 'AK', 'Alaska'),
(3, 223, 'AS', 'American Samoa'),
(4, 223, 'AZ', 'Arizona'),
(5, 223, 'AR', 'Arkansas'),
(7, 223, 'AA', 'Armed Forces Americas'),
(9, 223, 'AE', 'Armed Forces Europe'),
(11, 223, 'AP', 'Armed Forces Pacific'),
(12, 223, 'CA', 'California'),
(13, 223, 'CO', 'Colorado'),
(14, 223, 'CT', 'Connecticut'),
(15, 223, 'DE', 'Delaware'),
(16, 223, 'DC', 'District of Columbia'),
(17, 223, 'FM', 'Federated States Of Micronesia'),
(18, 223, 'FL', 'Florida'),
(19, 223, 'GA', 'Georgia'),
(20, 223, 'GU', 'Guam'),
(21, 223, 'HI', 'Hawaii'),
(22, 223, 'ID', 'Idaho'),
(23, 223, 'IL', 'Illinois'),
(24, 223, 'IN', 'Indiana'),
(25, 223, 'IA', 'Iowa'),
(26, 223, 'KS', 'Kansas'),
(27, 223, 'KY', 'Kentucky'),
(28, 223, 'LA', 'Louisiana'),
(29, 223, 'ME', 'Maine'),
(30, 223, 'MH', 'Marshall Islands'),
(31, 223, 'MD', 'Maryland'),
(32, 223, 'MA', 'Massachusetts'),
(33, 223, 'MI', 'Michigan'),
(34, 223, 'MN', 'Minnesota'),
(35, 223, 'MS', 'Mississippi'),
(36, 223, 'MO', 'Missouri'),
(37, 223, 'MT', 'Montana'),
(38, 223, 'NE', 'Nebraska'),
(39, 223, 'NV', 'Nevada'),
(40, 223, 'NH', 'New Hampshire'),
(41, 223, 'NJ', 'New Jersey'),
(42, 223, 'NM', 'New Mexico'),
(43, 223, 'NY', 'New York'),
(44, 223, 'NC', 'North Carolina'),
(45, 223, 'ND', 'North Dakota'),
(46, 223, 'MP', 'Northern Mariana Islands'),
(47, 223, 'OH', 'Ohio'),
(48, 223, 'OK', 'Oklahoma'),
(49, 223, 'OR', 'Oregon'),
(50, 163, 'PW', 'Palau'),
(51, 223, 'PA', 'Pennsylvania'),
(52, 223, 'PR', 'Puerto Rico'),
(53, 223, 'RI', 'Rhode Island'),
(54, 223, 'SC', 'South Carolina'),
(55, 223, 'SD', 'South Dakota'),
(56, 223, 'TN', 'Tennessee'),
(57, 223, 'TX', 'Texas'),
(58, 223, 'UT', 'Utah'),
(59, 223, 'VT', 'Vermont'),
(60, 223, 'VI', 'Virgin Islands'),
(61, 223, 'VA', 'Virginia'),
(62, 223, 'WA', 'Washington'),
(63, 223, 'WV', 'West Virginia'),
(64, 223, 'WI', 'Wisconsin'),
(65, 223, 'WY', 'Wyoming'),
(66, 38, 'AB', 'Alberta'),
(67, 38, 'BC', 'British Columbia'),
(68, 38, 'MB', 'Manitoba'),
(69, 38, 'NL', 'Newfoundland'),
(70, 38, 'NB', 'New Brunswick'),
(71, 38, 'NS', 'Nova Scotia'),
(72, 38, 'NT', 'Northwest Territories'),
(73, 38, 'NU', 'Nunavut'),
(74, 38, 'ON', 'Ontario'),
(75, 38, 'PE', 'Prince Edward Island'),
(76, 38, 'QC', 'Quebec'),
(77, 38, 'SK', 'Saskatchewan'),
(78, 38, 'YT', 'Yukon Territory'),
(79, 81, 'NDS', 'Niedersachsen'),
(80, 81, 'BAW', 'Baden Württemberg'),
(81, 81, 'BAY', 'Bayern'),
(82, 81, 'BER', 'Berlin'),
(83, 81, 'BRG', 'Brandenburg'),
(84, 81, 'BRE', 'Bremen'),
(85, 81, 'HAM', 'Hamburg'),
(86, 81, 'HES', 'Hessen'),
(87, 81, 'MEC', 'Mecklenburg-Vorpommern'),
(88, 81, 'NRW', 'Nordrhein-Westfalen'),
(89, 81, 'RHE', 'Rheinland-Pfalz'),
(90, 81, 'SAR', 'Saarland'),
(91, 81, 'SAS', 'Sachsen'),
(92, 81, 'SAC', 'Sachsen-Anhalt'),
(93, 81, 'SCN', 'Schleswig-Holstein'),
(94, 81, 'THE', 'Thüringen'),
(95, 14, 'WI', 'Wien'),
(96, 14, 'NO', 'Niederösterreich'),
(97, 14, 'OO', 'Oberösterreich'),
(98, 14, 'SB', 'Salzburg'),
(99, 14, 'KN', 'Kärnten'),
(100, 14, 'ST', 'Steiermark'),
(101, 14, 'TI', 'Tirol'),
(102, 14, 'BL', 'Burgenland'),
(103, 14, 'VB', 'Voralberg'),
(104, 204, 'AG', 'Aargau'),
(105, 204, 'AI', 'Appenzell Innerrhoden'),
(106, 204, 'AR', 'Appenzell Ausserrhoden'),
(107, 204, 'BE', 'Bern'),
(108, 204, 'BL', 'Basel-Landschaft'),
(109, 204, 'BS', 'Basel-Stadt'),
(110, 204, 'FR', 'Freiburg'),
(111, 204, 'GE', 'Genf'),
(112, 204, 'GL', 'Glarus'),
(113, 204, 'JU', 'Graubnden'),
(114, 204, 'JU', 'Jura'),
(115, 204, 'LU', 'Luzern'),
(116, 204, 'NE', 'Neuenburg'),
(117, 204, 'NW', 'Nidwalden'),
(118, 204, 'OW', 'Obwalden'),
(119, 204, 'SG', 'St. Gallen'),
(120, 204, 'SH', 'Schaffhausen'),
(121, 204, 'SO', 'Solothurn'),
(122, 204, 'SZ', 'Schwyz'),
(123, 204, 'TG', 'Thurgau'),
(124, 204, 'TI', 'Tessin'),
(125, 204, 'UR', 'Uri'),
(126, 204, 'VD', 'Waadt'),
(127, 204, 'VS', 'Wallis'),
(128, 204, 'ZG', 'Zug'),
(129, 204, 'ZH', 'Zürich'),
(130, 170, 'dolnośląskie', 'dolnośląskie'),
(131, 170, 'kujawsko-pomorskie', 'kujawsko-pomorskie'),
(132, 170, 'lubelskie', 'lubelskie'),
(133, 170, 'lubuskie', 'lubuskie'),
(134, 170, 'łódzkie', 'łódzkie'),
(135, 170, 'małopolskie', 'małopolskie'),
(136, 170, 'mazowieckie', 'mazowieckie'),
(137, 170, 'opolskie', 'opolskie'),
(138, 170, 'podkarpackie', 'podkarpackie'),
(139, 170, 'podlaskie', 'podlaskie'),
(140, 170, 'pomorskie', 'pomorskie'),
(141, 170, 'śląskie', 'śląskie'),
(142, 170, 'świętokrzyskie', 'świętokrzyskie'),
(143, 170, 'warmińsko-mazurskie', 'warmińsko-mazurskie'),
(144, 170, 'wielkopolskie', 'wielkopolskie'),
(145, 170, 'zachodniopomorskie', 'zachodniopomorskie'),
(146, 195, 'A Coruña', 'A Coruña'),
(147, 195, 'Álava', 'Álava'),
(148, 195, 'Albacete', 'Albacete'),
(149, 195, 'Alicante', 'Alicante'),
(150, 195, 'Almería', 'Almería'),
(151, 195, 'Asturias', 'Asturias'),
(152, 195, 'Ávila', 'Ávila'),
(153, 195, 'Badajoz', 'Badajoz'),
(154, 195, 'Baleares', 'Baleares'),
(155, 195, 'Barcelona', 'Barcelona'),
(156, 195, 'Burgos', 'Burgos'),
(157, 195, 'Cáceres', 'Cáceres'),
(158, 195, 'Cádiz', 'Cádiz'),
(159, 195, 'Cantabria', 'Cantabria'),
(160, 195, 'Castellón', 'Castellón'),
(161, 195, 'Ceuta', 'Ceuta'),
(162, 195, 'Ciudad Real', 'Ciudad Real'),
(163, 195, 'Córdoba', 'Córdoba'),
(164, 195, 'Cuenca', 'Cuenca'),
(165, 195, 'Girona', 'Girona'),
(166, 195, 'Granada', 'Granada'),
(167, 195, 'Guadalajara', 'Guadalajara'),
(168, 195, 'Guipúzcoa', 'Guipúzcoa'),
(169, 195, 'Huelva', 'Huelva'),
(170, 195, 'Huesca', 'Huesca'),
(171, 195, 'Jaén', 'Jaén'),
(172, 195, 'La Rioja', 'La Rioja'),
(173, 195, 'Las Palmas', 'Las Palmas'),
(174, 195, 'León', 'León'),
(175, 195, 'Lérida', 'Lérida'),
(176, 195, 'Lugo', 'Lugo'),
(177, 195, 'Madrid', 'Madrid'),
(178, 195, 'Málaga', 'Málaga'),
(179, 195, 'Melilla', 'Melilla'),
(180, 195, 'Murcia', 'Murcia'),
(181, 195, 'Navarra', 'Navarra'),
(182, 195, 'Ourense', 'Ourense'),
(183, 195, 'Palencia', 'Palencia'),
(184, 195, 'Pontevedra', 'Pontevedra'),
(185, 195, 'Salamanca', 'Salamanca'),
(186, 195, 'Santa Cruz de Tenerife', 'Santa Cruz de Tenerife'),
(187, 195, 'Segovia', 'Segovia'),
(188, 195, 'Sevilla', 'Sevilla'),
(189, 195, 'Soria', 'Soria'),
(190, 195, 'Tarragona', 'Tarragona'),
(191, 195, 'Teruel', 'Teruel'),
(192, 195, 'Toledo', 'Toledo'),
(193, 195, 'Valencia', 'Valencia'),
(194, 195, 'Valladolid', 'Valladolid'),
(195, 195, 'Vizcaya', 'Vizcaya'),
(196, 195, 'Zamora', 'Zamora'),
(197, 195, 'Zaragoza', 'Zaragoza'),
(198, 13, 'ACT', 'Australian Capital Territory'),
(199, 13, 'NSW', 'New South Wales'),
(200, 13, 'NT', 'Northern Territory'),
(201, 13, 'QLD', 'Queensland'),
(202, 13, 'SA', 'South Australia'),
(203, 13, 'TAS', 'Tasmania'),
(204, 13, 'VIC', 'Victoria'),
(205, 13, 'WA', 'Western Australia'),
(206, 105, 'AG', 'Agrigento'),
(207, 105, 'AL', 'Alessandria'),
(208, 105, 'AN', 'Ancona'),
(209, 105, 'AO', 'Aosta'),
(210, 105, 'AR', 'Arezzo'),
(211, 105, 'AP', 'Ascoli Piceno'),
(212, 105, 'AT', 'Asti'),
(213, 105, 'AV', 'Avellino'),
(214, 105, 'BA', 'Bari'),
(215, 105, 'BT', 'Barletta Andria Trani'),
(216, 105, 'BL', 'Belluno'),
(217, 105, 'BN', 'Benevento'),
(218, 105, 'BG', 'Bergamo'),
(219, 105, 'BI', 'Biella'),
(220, 105, 'BO', 'Bologna'),
(221, 105, 'BZ', 'Bolzano'),
(222, 105, 'BS', 'Brescia'),
(223, 105, 'BR', 'Brindisi'),
(224, 105, 'CA', 'Cagliari'),
(225, 105, 'CL', 'Caltanissetta'),
(226, 105, 'CB', 'Campobasso'),
(227, 105, 'CI', 'Carbonia-Iglesias'),
(228, 105, 'CE', 'Caserta'),
(229, 105, 'CT', 'Catania'),
(230, 105, 'CZ', 'Catanzaro'),
(231, 105, 'CH', 'Chieti'),
(232, 105, 'CO', 'Como'),
(233, 105, 'CS', 'Cosenza'),
(234, 105, 'CR', 'Cremona'),
(235, 105, 'KR', 'Crotone'),
(236, 105, 'CN', 'Cuneo'),
(237, 105, 'EN', 'Enna'),
(238, 105, 'FM', 'Fermo'),
(239, 105, 'FE', 'Ferrara'),
(240, 105, 'FI', 'Firenze'),
(241, 105, 'FG', 'Foggia'),
(242, 105, 'FC', 'Forlì Cesena'),
(243, 105, 'FR', 'Frosinone'),
(244, 105, 'GE', 'Genova'),
(245, 105, 'GO', 'Gorizia'),
(246, 105, 'GR', 'Grosseto'),
(247, 105, 'IM', 'Imperia'),
(248, 105, 'IS', 'Isernia'),
(249, 105, 'AQ', 'Aquila'),
(250, 105, 'SP', 'La Spezia'),
(251, 105, 'LT', 'Latina'),
(252, 105, 'LE', 'Lecce'),
(253, 105, 'LC', 'Lecco'),
(254, 105, 'LI', 'Livorno'),
(255, 105, 'LO', 'Lodi'),
(256, 105, 'LU', 'Lucca'),
(257, 105, 'MC', 'Macerata'),
(258, 105, 'MN', 'Mantova'),
(259, 105, 'MS', 'Massa Carrara'),
(260, 105, 'MT', 'Matera'),
(261, 105, 'VS', 'Medio Campidano'),
(262, 105, 'ME', 'Messina'),
(263, 105, 'MI', 'Milano'),
(264, 105, 'MO', 'Modena'),
(265, 105, 'MB', 'Monza e Brianza'),
(266, 105, 'NA', 'Napoli'),
(267, 105, 'NO', 'Novara'),
(268, 105, 'NU', 'Nuoro'),
(269, 105, 'OG', 'Ogliastra'),
(270, 105, 'OT', 'Olbia-Tempio'),
(271, 105, 'OR', 'Oristano'),
(272, 105, 'PD', 'Padova'),
(273, 105, 'PA', 'Palermo'),
(274, 105, 'PR', 'Parma'),
(275, 105, 'PG', 'Perugia'),
(276, 105, 'PV', 'Pavia'),
(277, 105, 'PU', 'Pesaro Urbino'),
(278, 105, 'PE', 'Pescara'),
(279, 105, 'PC', 'Piacenza'),
(280, 105, 'PI', 'Pisa'),
(281, 105, 'PT', 'Pistoia'),
(282, 105, 'PN', 'Pordenone'),
(283, 105, 'PZ', 'Potenza'),
(284, 105, 'PO', 'Prato'),
(285, 105, 'RG', 'Ragusa'),
(286, 105, 'RA', 'Ravenna'),
(287, 105, 'RC', 'Reggio Calabria'),
(288, 105, 'RE', 'Reggio Emilia'),
(289, 105, 'RI', 'Rieti'),
(290, 105, 'RN', 'Rimini'),
(291, 105, 'RM', 'Roma'),
(292, 105, 'RO', 'Rovigo'),
(293, 105, 'SA', 'Salerno'),
(294, 105, 'SS', 'Sassari'),
(295, 105, 'SV', 'Savona'),
(296, 105, 'SI', 'Siena'),
(297, 105, 'SR', 'Siracusa'),
(298, 105, 'SO', 'Sondrio'),
(299, 105, 'TA', 'Taranto'),
(300, 105, 'TE', 'Teramo'),
(301, 105, 'TR', 'Terni'),
(302, 105, 'TO', 'Torino'),
(303, 105, 'TP', 'Trapani'),
(304, 105, 'TN', 'Trento'),
(305, 105, 'TV', 'Treviso'),
(306, 105, 'TS', 'Trieste'),
(307, 105, 'UD', 'Udine'),
(308, 105, 'VA', 'Varese'),
(309, 105, 'VE', 'Venezia'),
(310, 105, 'VB', 'Verbania'),
(311, 105, 'VC', 'Vercelli'),
(312, 105, 'VR', 'Verona'),
(313, 105, 'VV', 'Vibo Valentia'),
(314, 105, 'VI', 'Vicenza'),
(315, 105, 'VT', 'Viterbo');

-- --------------------------------------------------------

--
-- Struktura tabeli dla tabeli `zones_to_geo_zones`
--

CREATE TABLE `zones_to_geo_zones` (
  `association_id` int(11) NOT NULL,
  `zone_country_id` int(11) NOT NULL DEFAULT '0',
  `zone_id` int(11) DEFAULT NULL,
  `geo_zone_id` int(11) DEFAULT NULL,
  `last_modified` datetime DEFAULT NULL,
  `date_added` datetime NOT NULL DEFAULT '0001-01-01 00:00:00'
) ENGINE=MyISAM DEFAULT CHARSET=utf8;

--
-- Zrzut danych tabeli `zones_to_geo_zones`
--

INSERT INTO `zones_to_geo_zones` (`association_id`, `zone_country_id`, `zone_id`, `geo_zone_id`, `last_modified`, `date_added`) VALUES
(2, 0, 0, 2, NULL, '2008-08-02 21:26:49'),
(3, 170, 0, 1, NULL, '2008-08-02 21:26:49');

--
-- Indeksy dla zrzutów tabel
--

--
-- Indeksy dla tabeli `address_book`
--
ALTER TABLE `address_book`
  ADD PRIMARY KEY (`address_book_id`),
  ADD KEY `idx_address_book_customers_id_zen` (`customers_id`);

--
-- Indeksy dla tabeli `address_format`
--
ALTER TABLE `address_format`
  ADD PRIMARY KEY (`address_format_id`);

--
-- Indeksy dla tabeli `admin_activity_log`
--
ALTER TABLE `admin_activity_log`
  ADD PRIMARY KEY (`log_id`),
  ADD KEY `idx_page_accessed_zen` (`page_accessed`),
  ADD KEY `idx_access_date_zen` (`access_date`),
  ADD KEY `idx_flagged_zen` (`flagged`),
  ADD KEY `idx_ip_zen` (`ip_address`);

--
-- Indeksy dla tabeli `admin_menus`
--
ALTER TABLE `admin_menus`
  ADD UNIQUE KEY `menu_key` (`menu_key`);

--
-- Indeksy dla tabeli `admin_pages`
--
ALTER TABLE `admin_pages`
  ADD UNIQUE KEY `page_key` (`page_key`);

--
-- Indeksy dla tabeli `admin_pages_to_profiles`
--
ALTER TABLE `admin_pages_to_profiles`
  ADD UNIQUE KEY `profile_page` (`profile_id`,`page_key`),
  ADD UNIQUE KEY `page_profile` (`page_key`,`profile_id`);

--
-- Indeksy dla tabeli `admin_profiles`
--
ALTER TABLE `admin_profiles`
  ADD PRIMARY KEY (`profile_id`);

--
-- Indeksy dla tabeli `banners`
--
ALTER TABLE `banners`
  ADD PRIMARY KEY (`banners_id`),
  ADD KEY `idx_status_group_zen` (`status`,`banners_group`),
  ADD KEY `idx_expires_date_zen` (`expires_date`),
  ADD KEY `idx_date_scheduled_zen` (`date_scheduled`);

--
-- Indeksy dla tabeli `banners_history`
--
ALTER TABLE `banners_history`
  ADD PRIMARY KEY (`banners_history_id`),
  ADD KEY `idx_banners_id_zen` (`banners_id`);

--
-- Indeksy dla tabeli `categories`
--
ALTER TABLE `categories`
  ADD PRIMARY KEY (`categories_id`),
  ADD KEY `idx_parent_id_cat_id_zen` (`parent_id`,`categories_id`),
  ADD KEY `idx_status_zen` (`categories_status`),
  ADD KEY `idx_sort_order_zen` (`sort_order`);

--
-- Indeksy dla tabeli `categories_description`
--
ALTER TABLE `categories_description`
  ADD PRIMARY KEY (`categories_id`,`language_id`),
  ADD KEY `idx_categories_name_zen` (`categories_name`);

--
-- Indeksy dla tabeli `ceon_uri_mappings`
--
ALTER TABLE `ceon_uri_mappings`
  ADD KEY `assoc_db_id_idx` (`language_id`,`current_uri`,`main_page`,`associated_db_id`);

--
-- Indeksy dla tabeli `ceon_uri_mapping_configs`
--
ALTER TABLE `ceon_uri_mapping_configs`
  ADD PRIMARY KEY (`id`);

--
-- Indeksy dla tabeli `ceon_uri_mapping_prp_uri_parts`
--
ALTER TABLE `ceon_uri_mapping_prp_uri_parts`
  ADD PRIMARY KEY (`page_type`,`language_code`);

--
-- Indeksy dla tabeli `configuration`
--
ALTER TABLE `configuration`
  ADD PRIMARY KEY (`configuration_id`),
  ADD UNIQUE KEY `unq_config_key_zen` (`configuration_key`),
  ADD KEY `idx_key_value_zen` (`configuration_key`,`configuration_value`(10)),
  ADD KEY `idx_cfg_grp_id_zen` (`configuration_group_id`);

--
-- Indeksy dla tabeli `configuration_group`
--
ALTER TABLE `configuration_group`
  ADD PRIMARY KEY (`configuration_group_id`),
  ADD KEY `idx_visible_zen` (`visible`);

--
-- Indeksy dla tabeli `counter_history`
--
ALTER TABLE `counter_history`
  ADD PRIMARY KEY (`startdate`);

--
-- Indeksy dla tabeli `countries`
--
ALTER TABLE `countries`
  ADD PRIMARY KEY (`countries_id`),
  ADD KEY `idx_countries_name_zen` (`countries_name`),
  ADD KEY `idx_address_format_id_zen` (`address_format_id`),
  ADD KEY `idx_iso_2_zen` (`countries_iso_code_2`),
  ADD KEY `idx_iso_3_zen` (`countries_iso_code_3`);

--
-- Indeksy dla tabeli `coupons`
--
ALTER TABLE `coupons`
  ADD PRIMARY KEY (`coupon_id`),
  ADD KEY `idx_active_type_zen` (`coupon_active`,`coupon_type`),
  ADD KEY `idx_coupon_code_zen` (`coupon_code`),
  ADD KEY `idx_coupon_type_zen` (`coupon_type`);

--
-- Indeksy dla tabeli `coupons_description`
--
ALTER TABLE `coupons_description`
  ADD PRIMARY KEY (`coupon_id`,`language_id`);

--
-- Indeksy dla tabeli `coupon_email_track`
--
ALTER TABLE `coupon_email_track`
  ADD PRIMARY KEY (`unique_id`),
  ADD KEY `idx_coupon_id_zen` (`coupon_id`);

--
-- Indeksy dla tabeli `coupon_gv_customer`
--
ALTER TABLE `coupon_gv_customer`
  ADD PRIMARY KEY (`customer_id`);

--
-- Indeksy dla tabeli `coupon_gv_queue`
--
ALTER TABLE `coupon_gv_queue`
  ADD PRIMARY KEY (`unique_id`),
  ADD KEY `idx_cust_id_order_id_zen` (`customer_id`,`order_id`),
  ADD KEY `idx_release_flag_zen` (`release_flag`);

--
-- Indeksy dla tabeli `coupon_redeem_track`
--
ALTER TABLE `coupon_redeem_track`
  ADD PRIMARY KEY (`unique_id`),
  ADD KEY `idx_coupon_id_zen` (`coupon_id`);

--
-- Indeksy dla tabeli `coupon_restrict`
--
ALTER TABLE `coupon_restrict`
  ADD PRIMARY KEY (`restrict_id`),
  ADD KEY `idx_coup_id_prod_id_zen` (`coupon_id`,`product_id`);

--
-- Indeksy dla tabeli `currencies`
--
ALTER TABLE `currencies`
  ADD PRIMARY KEY (`currencies_id`);

--
-- Indeksy dla tabeli `customers_basket`
--
ALTER TABLE `customers_basket`
  ADD PRIMARY KEY (`customers_basket_id`),
  ADD KEY `idx_customers_id_zen` (`customers_id`);

--
-- Indeksy dla tabeli `customers_basket_attributes`
--
ALTER TABLE `customers_basket_attributes`
  ADD PRIMARY KEY (`customers_basket_attributes_id`),
  ADD KEY `idx_cust_id_prod_id_zen` (`customers_id`,`products_id`(36));

--
-- Indeksy dla tabeli `customers_info`
--
ALTER TABLE `customers_info`
  ADD PRIMARY KEY (`customers_info_id`);

--
-- Indeksy dla tabeli `db_cache`
--
ALTER TABLE `db_cache`
  ADD PRIMARY KEY (`cache_entry_name`);

--
-- Indeksy dla tabeli `email_archive`
--
ALTER TABLE `email_archive`
  ADD PRIMARY KEY (`archive_id`),
  ADD KEY `idx_email_to_address_zen` (`email_to_address`),
  ADD KEY `idx_module_zen` (`module`);

--
-- Indeksy dla tabeli `ezpages`
--
ALTER TABLE `ezpages`
  ADD PRIMARY KEY (`pages_id`),
  ADD KEY `idx_lang_id_zen` (`languages_id`),
  ADD KEY `idx_ezp_status_header_zen` (`status_header`),
  ADD KEY `idx_ezp_status_sidebox_zen` (`status_sidebox`),
  ADD KEY `idx_ezp_status_footer_zen` (`status_footer`),
  ADD KEY `idx_ezp_status_toc_zen` (`status_toc`);

--
-- Indeksy dla tabeli `ezpages_content`
--
ALTER TABLE `ezpages_content`
  ADD PRIMARY KEY (`pc_id`),
  ADD KEY `idx_ezpages_content` (`pages_id`,`languages_id`);

--
-- Indeksy dla tabeli `featured`
--
ALTER TABLE `featured`
  ADD PRIMARY KEY (`featured_id`),
  ADD KEY `idx_status_zen` (`status`),
  ADD KEY `idx_products_id_zen` (`products_id`),
  ADD KEY `idx_date_avail_zen` (`featured_date_available`),
  ADD KEY `idx_expires_date_zen` (`expires_date`);

--
-- Indeksy dla tabeli `geo_zones`
--
ALTER TABLE `geo_zones`
  ADD PRIMARY KEY (`geo_zone_id`);

--
-- Indeksy dla tabeli `get_terms_to_filter`
--
ALTER TABLE `get_terms_to_filter`
  ADD PRIMARY KEY (`get_term_name`);

--
-- Indeksy dla tabeli `group_pricing`
--
ALTER TABLE `group_pricing`
  ADD PRIMARY KEY (`group_id`);

--
-- Indeksy dla tabeli `languages`
--
ALTER TABLE `languages`
  ADD PRIMARY KEY (`languages_id`),
  ADD KEY `idx_languages_name_zen` (`name`);

--
-- Indeksy dla tabeli `layout_boxes`
--
ALTER TABLE `layout_boxes`
  ADD PRIMARY KEY (`layout_id`),
  ADD KEY `idx_name_template_zen` (`layout_template`,`layout_box_name`),
  ADD KEY `idx_layout_box_status_zen` (`layout_box_status`),
  ADD KEY `idx_layout_box_sort_order_zen` (`layout_box_sort_order`);

--
-- Indeksy dla tabeli `manufacturers`
--
ALTER TABLE `manufacturers`
  ADD PRIMARY KEY (`manufacturers_id`),
  ADD KEY `idx_mfg_name_zen` (`manufacturers_name`);
ALTER TABLE `manufacturers` ADD FULLTEXT KEY `idx_reloaded_manufacturer_name` (`manufacturers_name`);

--
-- Indeksy dla tabeli `manufacturers_info`
--
ALTER TABLE `manufacturers_info`
  ADD PRIMARY KEY (`manufacturers_id`,`languages_id`);

--
-- Indeksy dla tabeli `media_clips`
--
ALTER TABLE `media_clips`
  ADD PRIMARY KEY (`clip_id`),
  ADD KEY `idx_media_id_zen` (`media_id`),
  ADD KEY `idx_clip_type_zen` (`clip_type`);

--
-- Indeksy dla tabeli `media_manager`
--
ALTER TABLE `media_manager`
  ADD PRIMARY KEY (`media_id`),
  ADD KEY `idx_media_name_zen` (`media_name`);

--
-- Indeksy dla tabeli `media_to_products`
--
ALTER TABLE `media_to_products`
  ADD KEY `idx_media_product_zen` (`media_id`,`product_id`);

--
-- Indeksy dla tabeli `media_types`
--
ALTER TABLE `media_types`
  ADD PRIMARY KEY (`type_id`),
  ADD KEY `idx_type_name_zen` (`type_name`);

--
-- Indeksy dla tabeli `meta_tags_categories_description`
--
ALTER TABLE `meta_tags_categories_description`
  ADD PRIMARY KEY (`categories_id`,`language_id`);

--
-- Indeksy dla tabeli `meta_tags_products_description`
--
ALTER TABLE `meta_tags_products_description`
  ADD PRIMARY KEY (`products_id`,`language_id`);
ALTER TABLE `meta_tags_products_description` ADD FULLTEXT KEY `idx_reloaded_metatags_keywords_description` (`metatags_keywords`,`metatags_description`);

--
-- Indeksy dla tabeli `music_genre`
--
ALTER TABLE `music_genre`
  ADD PRIMARY KEY (`music_genre_id`),
  ADD KEY `idx_music_genre_name_zen` (`music_genre_name`);

--
-- Indeksy dla tabeli `newsletters`
--
ALTER TABLE `newsletters`
  ADD PRIMARY KEY (`newsletters_id`);

--
-- Indeksy dla tabeli `orders_products`
--
ALTER TABLE `orders_products`
  ADD PRIMARY KEY (`orders_products_id`),
  ADD KEY `idx_orders_id_prod_id_zen` (`orders_id`,`products_id`),
  ADD KEY `idx_prod_id_orders_id_zen` (`products_id`,`orders_id`);

--
-- Indeksy dla tabeli `orders_products_attributes`
--
ALTER TABLE `orders_products_attributes`
  ADD PRIMARY KEY (`orders_products_attributes_id`),
  ADD KEY `idx_orders_id_prod_id_zen` (`orders_id`,`orders_products_id`);

--
-- Indeksy dla tabeli `orders_products_download`
--
ALTER TABLE `orders_products_download`
  ADD PRIMARY KEY (`orders_products_download_id`),
  ADD KEY `idx_orders_id_zen` (`orders_id`),
  ADD KEY `idx_orders_products_id_zen` (`orders_products_id`);

--
-- Indeksy dla tabeli `orders_status`
--
ALTER TABLE `orders_status`
  ADD PRIMARY KEY (`orders_status_id`,`language_id`),
  ADD KEY `idx_orders_status_name_zen` (`orders_status_name`);

--
-- Indeksy dla tabeli `orders_status_history`
--
ALTER TABLE `orders_status_history`
  ADD PRIMARY KEY (`orders_status_history_id`),
  ADD KEY `idx_orders_id_status_id_zen` (`orders_id`,`orders_status_id`);

--
-- Indeksy dla tabeli `orders_total`
--
ALTER TABLE `orders_total`
  ADD PRIMARY KEY (`orders_total_id`),
  ADD KEY `idx_ot_orders_id_zen` (`orders_id`),
  ADD KEY `idx_ot_class_zen` (`class`);

--
-- Indeksy dla tabeli `paypal`
--
ALTER TABLE `paypal`
  ADD PRIMARY KEY (`paypal_ipn_id`,`txn_id`),
  ADD KEY `idx_order_id_zen` (`order_id`);

--
-- Indeksy dla tabeli `paypal_payment_status`
--
ALTER TABLE `paypal_payment_status`
  ADD PRIMARY KEY (`payment_status_id`);

--
-- Indeksy dla tabeli `paypal_payment_status_history`
--
ALTER TABLE `paypal_payment_status_history`
  ADD PRIMARY KEY (`payment_status_history_id`),
  ADD KEY `idx_paypal_ipn_id_zen` (`paypal_ipn_id`);

--
-- Indeksy dla tabeli `paypal_testing`
--
ALTER TABLE `paypal_testing`
  ADD PRIMARY KEY (`paypal_ipn_id`,`txn_id`),
  ADD KEY `idx_order_id_zen` (`order_id`);

--
-- Indeksy dla tabeli `products`
--
ALTER TABLE `products`
  ADD PRIMARY KEY (`products_id`),
  ADD KEY `idx_products_date_added_zen` (`products_date_added`),
  ADD KEY `idx_products_status_zen` (`products_status`),
  ADD KEY `idx_products_date_available_zen` (`products_date_available`),
  ADD KEY `idx_products_ordered_zen` (`products_ordered`),
  ADD KEY `idx_products_model_zen` (`products_model`),
  ADD KEY `idx_products_price_sorter_zen` (`products_price_sorter`),
  ADD KEY `idx_master_categories_id_zen` (`master_categories_id`),
  ADD KEY `idx_products_sort_order_zen` (`products_sort_order`),
  ADD KEY `idx_manufacturers_id_zen` (`manufacturers_id`);
ALTER TABLE `products` ADD FULLTEXT KEY `idx_reloaded_products_model` (`products_model`);

--
-- Indeksy dla tabeli `products_attributes`
--
ALTER TABLE `products_attributes`
  ADD PRIMARY KEY (`products_attributes_id`),
  ADD KEY `idx_id_options_id_values_zen` (`products_id`,`options_id`,`options_values_id`),
  ADD KEY `idx_opt_sort_order_zen` (`products_options_sort_order`);

--
-- Indeksy dla tabeli `products_attributes_download`
--
ALTER TABLE `products_attributes_download`
  ADD PRIMARY KEY (`products_attributes_id`);

--
-- Indeksy dla tabeli `products_description`
--
ALTER TABLE `products_description`
  ADD PRIMARY KEY (`products_id`,`language_id`),
  ADD KEY `idx_products_name_zen` (`products_name`);
ALTER TABLE `products_description` ADD FULLTEXT KEY `idx_reloaded_products_name_description` (`products_name`,`products_description`);

--
-- Indeksy dla tabeli `products_discount_quantity`
--
ALTER TABLE `products_discount_quantity`
  ADD KEY `idx_id_qty_zen` (`products_id`,`discount_qty`);

--
-- Indeksy dla tabeli `products_notifications`
--
ALTER TABLE `products_notifications`
  ADD PRIMARY KEY (`products_id`,`customers_id`);

--
-- Indeksy dla tabeli `products_options`
--
ALTER TABLE `products_options`
  ADD PRIMARY KEY (`products_options_id`,`language_id`),
  ADD KEY `idx_lang_id_zen` (`language_id`),
  ADD KEY `idx_products_options_sort_order_zen` (`products_options_sort_order`),
  ADD KEY `idx_products_options_name_zen` (`products_options_name`);

--
-- Indeksy dla tabeli `products_options_types`
--
ALTER TABLE `products_options_types`
  ADD PRIMARY KEY (`products_options_types_id`);

--
-- Indeksy dla tabeli `products_options_values`
--
ALTER TABLE `products_options_values`
  ADD PRIMARY KEY (`products_options_values_id`,`language_id`),
  ADD KEY `idx_products_options_values_name_zen` (`products_options_values_name`),
  ADD KEY `idx_products_options_values_sort_order_zen` (`products_options_values_sort_order`);

--
-- Indeksy dla tabeli `products_options_values_to_products_options`
--
ALTER TABLE `products_options_values_to_products_options`
  ADD PRIMARY KEY (`products_options_values_to_products_options_id`),
  ADD KEY `idx_products_options_id_zen` (`products_options_id`),
  ADD KEY `idx_products_options_values_id_zen` (`products_options_values_id`);

--
-- Indeksy dla tabeli `products_to_categories`
--
ALTER TABLE `products_to_categories`
  ADD PRIMARY KEY (`products_id`,`categories_id`),
  ADD KEY `idx_cat_prod_id_zen` (`categories_id`,`products_id`);

--
-- Indeksy dla tabeli `product_extra_description_extra`
--
ALTER TABLE `product_extra_description_extra`
  ADD PRIMARY KEY (`products_id`);

--
-- Indeksy dla tabeli `product_music_extra`
--
ALTER TABLE `product_music_extra`
  ADD PRIMARY KEY (`products_id`),
  ADD KEY `idx_music_genre_id_zen` (`music_genre_id`),
  ADD KEY `idx_artists_id_zen` (`artists_id`),
  ADD KEY `idx_record_company_id_zen` (`record_company_id`);

--
-- Indeksy dla tabeli `product_types`
--
ALTER TABLE `product_types`
  ADD PRIMARY KEY (`type_id`),
  ADD KEY `idx_type_master_type_zen` (`type_master_type`);

--
-- Indeksy dla tabeli `product_types_to_category`
--
ALTER TABLE `product_types_to_category`
  ADD KEY `idx_category_id_zen` (`category_id`),
  ADD KEY `idx_product_type_id_zen` (`product_type_id`);

--
-- Indeksy dla tabeli `product_type_layout`
--
ALTER TABLE `product_type_layout`
  ADD PRIMARY KEY (`configuration_id`),
  ADD UNIQUE KEY `unq_config_key_zen` (`configuration_key`),
  ADD KEY `idx_key_value_zen` (`configuration_key`,`configuration_value`(10)),
  ADD KEY `idx_type_id_sort_order_zen` (`product_type_id`,`sort_order`);

--
-- Indeksy dla tabeli `project_version`
--
ALTER TABLE `project_version`
  ADD PRIMARY KEY (`project_version_id`),
  ADD UNIQUE KEY `idx_project_version_key_zen` (`project_version_key`);

--
-- Indeksy dla tabeli `project_version_history`
--
ALTER TABLE `project_version_history`
  ADD PRIMARY KEY (`project_version_id`);

--
-- Indeksy dla tabeli `query_builder`
--
ALTER TABLE `query_builder`
  ADD PRIMARY KEY (`query_id`),
  ADD UNIQUE KEY `query_name` (`query_name`);

--
-- Indeksy dla tabeli `record_artists`
--
ALTER TABLE `record_artists`
  ADD PRIMARY KEY (`artists_id`),
  ADD KEY `idx_rec_artists_name_zen` (`artists_name`);

--
-- Indeksy dla tabeli `record_artists_info`
--
ALTER TABLE `record_artists_info`
  ADD PRIMARY KEY (`artists_id`,`languages_id`);

--
-- Indeksy dla tabeli `record_company`
--
ALTER TABLE `record_company`
  ADD PRIMARY KEY (`record_company_id`),
  ADD KEY `idx_rec_company_name_zen` (`record_company_name`);

--
-- Indeksy dla tabeli `record_company_info`
--
ALTER TABLE `record_company_info`
  ADD PRIMARY KEY (`record_company_id`,`languages_id`);

--
-- Indeksy dla tabeli `reviews`
--
ALTER TABLE `reviews`
  ADD PRIMARY KEY (`reviews_id`),
  ADD KEY `idx_products_id_zen` (`products_id`),
  ADD KEY `idx_customers_id_zen` (`customers_id`),
  ADD KEY `idx_status_zen` (`status`),
  ADD KEY `idx_date_added_zen` (`date_added`);

--
-- Indeksy dla tabeli `reviews_description`
--
ALTER TABLE `reviews_description`
  ADD PRIMARY KEY (`reviews_id`,`languages_id`);

--
-- Indeksy dla tabeli `salemaker_sales`
--
ALTER TABLE `salemaker_sales`
  ADD PRIMARY KEY (`sale_id`),
  ADD KEY `idx_sale_status_zen` (`sale_status`),
  ADD KEY `idx_sale_date_start_zen` (`sale_date_start`),
  ADD KEY `idx_sale_date_end_zen` (`sale_date_end`);

--
-- Indeksy dla tabeli `specials`
--
ALTER TABLE `specials`
  ADD PRIMARY KEY (`specials_id`),
  ADD KEY `idx_status_zen` (`status`),
  ADD KEY `idx_products_id_zen` (`products_id`),
  ADD KEY `idx_date_avail_zen` (`specials_date_available`),
  ADD KEY `idx_expires_date_zen` (`expires_date`);

--
-- Indeksy dla tabeli `tax_class`
--
ALTER TABLE `tax_class`
  ADD PRIMARY KEY (`tax_class_id`);

--
-- Indeksy dla tabeli `tax_rates`
--
ALTER TABLE `tax_rates`
  ADD PRIMARY KEY (`tax_rates_id`),
  ADD KEY `idx_tax_zone_id_zen` (`tax_zone_id`),
  ADD KEY `idx_tax_class_id_zen` (`tax_class_id`);

--
-- Indeksy dla tabeli `template_select`
--
ALTER TABLE `template_select`
  ADD PRIMARY KEY (`template_id`),
  ADD KEY `idx_tpl_lang_zen` (`template_language`);

--
-- Indeksy dla tabeli `upgrade_exceptions`
--
ALTER TABLE `upgrade_exceptions`
  ADD PRIMARY KEY (`upgrade_exception_id`);

--
-- Indeksy dla tabeli `zones`
--
ALTER TABLE `zones`
  ADD PRIMARY KEY (`zone_id`),
  ADD KEY `idx_zone_country_id_zen` (`zone_country_id`),
  ADD KEY `idx_zone_code_zen` (`zone_code`);

--
-- Indeksy dla tabeli `zones_to_geo_zones`
--
ALTER TABLE `zones_to_geo_zones`
  ADD PRIMARY KEY (`association_id`),
  ADD KEY `idx_zones_zen` (`geo_zone_id`,`zone_country_id`,`zone_id`);

--
-- AUTO_INCREMENT for dumped tables
--

--
-- AUTO_INCREMENT dla tabeli `address_book`
--
ALTER TABLE `address_book`
  MODIFY `address_book_id` int(11) NOT NULL AUTO_INCREMENT, AUTO_INCREMENT=576;

--
-- AUTO_INCREMENT dla tabeli `address_format`
--
ALTER TABLE `address_format`
  MODIFY `address_format_id` int(11) NOT NULL AUTO_INCREMENT, AUTO_INCREMENT=7;

--
-- AUTO_INCREMENT dla tabeli `admin_activity_log`
--
ALTER TABLE `admin_activity_log`
  MODIFY `log_id` bigint(15) NOT NULL AUTO_INCREMENT, AUTO_INCREMENT=582;

--
-- AUTO_INCREMENT dla tabeli `admin_profiles`
--
ALTER TABLE `admin_profiles`
  MODIFY `profile_id` int(11) NOT NULL AUTO_INCREMENT, AUTO_INCREMENT=2;

--
-- AUTO_INCREMENT dla tabeli `banners`
--
ALTER TABLE `banners`
  MODIFY `banners_id` int(11) NOT NULL AUTO_INCREMENT, AUTO_INCREMENT=26;

--
-- AUTO_INCREMENT dla tabeli `banners_history`
--
ALTER TABLE `banners_history`
  MODIFY `banners_history_id` int(11) NOT NULL AUTO_INCREMENT, AUTO_INCREMENT=6104;

--
-- AUTO_INCREMENT dla tabeli `categories`
--
ALTER TABLE `categories`
  MODIFY `categories_id` int(11) NOT NULL AUTO_INCREMENT, AUTO_INCREMENT=31;

--
-- AUTO_INCREMENT dla tabeli `configuration`
--
ALTER TABLE `configuration`
  MODIFY `configuration_id` int(11) NOT NULL AUTO_INCREMENT, AUTO_INCREMENT=758;

--
-- AUTO_INCREMENT dla tabeli `configuration_group`
--
ALTER TABLE `configuration_group`
  MODIFY `configuration_group_id` int(11) NOT NULL AUTO_INCREMENT, AUTO_INCREMENT=42;

--
-- AUTO_INCREMENT dla tabeli `countries`
--
ALTER TABLE `countries`
  MODIFY `countries_id` int(11) NOT NULL AUTO_INCREMENT, AUTO_INCREMENT=246;

--
-- AUTO_INCREMENT dla tabeli `coupons`
--
ALTER TABLE `coupons`
  MODIFY `coupon_id` int(11) NOT NULL AUTO_INCREMENT;

--
-- AUTO_INCREMENT dla tabeli `coupon_email_track`
--
ALTER TABLE `coupon_email_track`
  MODIFY `unique_id` int(11) NOT NULL AUTO_INCREMENT;

--
-- AUTO_INCREMENT dla tabeli `coupon_gv_queue`
--
ALTER TABLE `coupon_gv_queue`
  MODIFY `unique_id` int(5) NOT NULL AUTO_INCREMENT;

--
-- AUTO_INCREMENT dla tabeli `coupon_redeem_track`
--
ALTER TABLE `coupon_redeem_track`
  MODIFY `unique_id` int(11) NOT NULL AUTO_INCREMENT;

--
-- AUTO_INCREMENT dla tabeli `coupon_restrict`
--
ALTER TABLE `coupon_restrict`
  MODIFY `restrict_id` int(11) NOT NULL AUTO_INCREMENT;

--
-- AUTO_INCREMENT dla tabeli `currencies`
--
ALTER TABLE `currencies`
  MODIFY `currencies_id` int(11) NOT NULL AUTO_INCREMENT, AUTO_INCREMENT=5;

--
-- AUTO_INCREMENT dla tabeli `customers_basket`
--
ALTER TABLE `customers_basket`
  MODIFY `customers_basket_id` int(11) NOT NULL AUTO_INCREMENT, AUTO_INCREMENT=1177;

--
-- AUTO_INCREMENT dla tabeli `customers_basket_attributes`
--
ALTER TABLE `customers_basket_attributes`
  MODIFY `customers_basket_attributes_id` int(11) NOT NULL AUTO_INCREMENT, AUTO_INCREMENT=1177;

--
-- AUTO_INCREMENT dla tabeli `email_archive`
--
ALTER TABLE `email_archive`
  MODIFY `archive_id` int(11) NOT NULL AUTO_INCREMENT;

--
-- AUTO_INCREMENT dla tabeli `ezpages`
--
ALTER TABLE `ezpages`
  MODIFY `pages_id` int(11) NOT NULL AUTO_INCREMENT, AUTO_INCREMENT=9;

--
-- AUTO_INCREMENT dla tabeli `ezpages_content`
--
ALTER TABLE `ezpages_content`
  MODIFY `pc_id` int(11) NOT NULL AUTO_INCREMENT, AUTO_INCREMENT=14;

--
-- AUTO_INCREMENT dla tabeli `featured`
--
ALTER TABLE `featured`
  MODIFY `featured_id` int(11) NOT NULL AUTO_INCREMENT;

--
-- AUTO_INCREMENT dla tabeli `geo_zones`
--
ALTER TABLE `geo_zones`
  MODIFY `geo_zone_id` int(11) NOT NULL AUTO_INCREMENT, AUTO_INCREMENT=3;

--
-- AUTO_INCREMENT dla tabeli `group_pricing`
--
ALTER TABLE `group_pricing`
  MODIFY `group_id` int(11) NOT NULL AUTO_INCREMENT;

--
-- AUTO_INCREMENT dla tabeli `languages`
--
ALTER TABLE `languages`
  MODIFY `languages_id` int(11) NOT NULL AUTO_INCREMENT, AUTO_INCREMENT=2;

--
-- AUTO_INCREMENT dla tabeli `layout_boxes`
--
ALTER TABLE `layout_boxes`
  MODIFY `layout_id` int(11) NOT NULL AUTO_INCREMENT, AUTO_INCREMENT=102;

--
-- AUTO_INCREMENT dla tabeli `manufacturers`
--
ALTER TABLE `manufacturers`
  MODIFY `manufacturers_id` int(11) NOT NULL AUTO_INCREMENT, AUTO_INCREMENT=7;

--
-- AUTO_INCREMENT dla tabeli `media_clips`
--
ALTER TABLE `media_clips`
  MODIFY `clip_id` int(11) NOT NULL AUTO_INCREMENT;

--
-- AUTO_INCREMENT dla tabeli `media_manager`
--
ALTER TABLE `media_manager`
  MODIFY `media_id` int(11) NOT NULL AUTO_INCREMENT;

--
-- AUTO_INCREMENT dla tabeli `media_types`
--
ALTER TABLE `media_types`
  MODIFY `type_id` int(11) NOT NULL AUTO_INCREMENT;

--
-- AUTO_INCREMENT dla tabeli `music_genre`
--
ALTER TABLE `music_genre`
  MODIFY `music_genre_id` int(11) NOT NULL AUTO_INCREMENT;

--
-- AUTO_INCREMENT dla tabeli `newsletters`
--
ALTER TABLE `newsletters`
  MODIFY `newsletters_id` int(11) NOT NULL AUTO_INCREMENT;

--
-- AUTO_INCREMENT dla tabeli `orders_products`
--
ALTER TABLE `orders_products`
  MODIFY `orders_products_id` int(11) NOT NULL AUTO_INCREMENT, AUTO_INCREMENT=1027;

--
-- AUTO_INCREMENT dla tabeli `orders_products_attributes`
--
ALTER TABLE `orders_products_attributes`
  MODIFY `orders_products_attributes_id` int(11) NOT NULL AUTO_INCREMENT, AUTO_INCREMENT=1027;

--
-- AUTO_INCREMENT dla tabeli `orders_products_download`
--
ALTER TABLE `orders_products_download`
  MODIFY `orders_products_download_id` int(11) NOT NULL AUTO_INCREMENT;

--
-- AUTO_INCREMENT dla tabeli `orders_status_history`
--
ALTER TABLE `orders_status_history`
  MODIFY `orders_status_history_id` int(11) NOT NULL AUTO_INCREMENT, AUTO_INCREMENT=487;

--
-- AUTO_INCREMENT dla tabeli `orders_total`
--
ALTER TABLE `orders_total`
  MODIFY `orders_total_id` int(10) UNSIGNED NOT NULL AUTO_INCREMENT, AUTO_INCREMENT=1459;

--
-- AUTO_INCREMENT dla tabeli `paypal`
--
ALTER TABLE `paypal`
  MODIFY `paypal_ipn_id` int(11) UNSIGNED NOT NULL AUTO_INCREMENT;

--
-- AUTO_INCREMENT dla tabeli `paypal_payment_status`
--
ALTER TABLE `paypal_payment_status`
  MODIFY `payment_status_id` int(11) NOT NULL AUTO_INCREMENT, AUTO_INCREMENT=8;

--
-- AUTO_INCREMENT dla tabeli `paypal_payment_status_history`
--
ALTER TABLE `paypal_payment_status_history`
  MODIFY `payment_status_history_id` int(11) NOT NULL AUTO_INCREMENT;

--
-- AUTO_INCREMENT dla tabeli `paypal_testing`
--
ALTER TABLE `paypal_testing`
  MODIFY `paypal_ipn_id` int(11) UNSIGNED NOT NULL AUTO_INCREMENT;

--
-- AUTO_INCREMENT dla tabeli `products`
--
ALTER TABLE `products`
  MODIFY `products_id` int(11) NOT NULL AUTO_INCREMENT, AUTO_INCREMENT=174;

--
-- AUTO_INCREMENT dla tabeli `products_attributes`
--
ALTER TABLE `products_attributes`
  MODIFY `products_attributes_id` int(11) NOT NULL AUTO_INCREMENT, AUTO_INCREMENT=200;

--
-- AUTO_INCREMENT dla tabeli `products_description`
--
ALTER TABLE `products_description`
  MODIFY `products_id` int(11) NOT NULL AUTO_INCREMENT, AUTO_INCREMENT=174;

--
-- AUTO_INCREMENT dla tabeli `products_options_values_to_products_options`
--
ALTER TABLE `products_options_values_to_products_options`
  MODIFY `products_options_values_to_products_options_id` int(11) NOT NULL AUTO_INCREMENT, AUTO_INCREMENT=52;

--
-- AUTO_INCREMENT dla tabeli `product_types`
--
ALTER TABLE `product_types`
  MODIFY `type_id` int(11) NOT NULL AUTO_INCREMENT, AUTO_INCREMENT=7;

--
-- AUTO_INCREMENT dla tabeli `product_type_layout`
--
ALTER TABLE `product_type_layout`
  MODIFY `configuration_id` int(11) NOT NULL AUTO_INCREMENT, AUTO_INCREMENT=139;

--
-- AUTO_INCREMENT dla tabeli `project_version`
--
ALTER TABLE `project_version`
  MODIFY `project_version_id` tinyint(3) NOT NULL AUTO_INCREMENT, AUTO_INCREMENT=3;

--
-- AUTO_INCREMENT dla tabeli `project_version_history`
--
ALTER TABLE `project_version_history`
  MODIFY `project_version_id` tinyint(3) NOT NULL AUTO_INCREMENT, AUTO_INCREMENT=3;

--
-- AUTO_INCREMENT dla tabeli `query_builder`
--
ALTER TABLE `query_builder`
  MODIFY `query_id` int(11) NOT NULL AUTO_INCREMENT, AUTO_INCREMENT=9;

--
-- AUTO_INCREMENT dla tabeli `record_artists`
--
ALTER TABLE `record_artists`
  MODIFY `artists_id` int(11) NOT NULL AUTO_INCREMENT;

--
-- AUTO_INCREMENT dla tabeli `record_company`
--
ALTER TABLE `record_company`
  MODIFY `record_company_id` int(11) NOT NULL AUTO_INCREMENT;

--
-- AUTO_INCREMENT dla tabeli `reviews`
--
ALTER TABLE `reviews`
  MODIFY `reviews_id` int(11) NOT NULL AUTO_INCREMENT;

--
-- AUTO_INCREMENT dla tabeli `salemaker_sales`
--
ALTER TABLE `salemaker_sales`
  MODIFY `sale_id` int(11) NOT NULL AUTO_INCREMENT;

--
-- AUTO_INCREMENT dla tabeli `specials`
--
ALTER TABLE `specials`
  MODIFY `specials_id` int(11) NOT NULL AUTO_INCREMENT, AUTO_INCREMENT=29;

--
-- AUTO_INCREMENT dla tabeli `tax_class`
--
ALTER TABLE `tax_class`
  MODIFY `tax_class_id` int(11) NOT NULL AUTO_INCREMENT, AUTO_INCREMENT=5;

--
-- AUTO_INCREMENT dla tabeli `tax_rates`
--
ALTER TABLE `tax_rates`
  MODIFY `tax_rates_id` int(11) NOT NULL AUTO_INCREMENT, AUTO_INCREMENT=6;

--
-- AUTO_INCREMENT dla tabeli `template_select`
--
ALTER TABLE `template_select`
  MODIFY `template_id` int(11) NOT NULL AUTO_INCREMENT, AUTO_INCREMENT=2;

--
-- AUTO_INCREMENT dla tabeli `upgrade_exceptions`
--
ALTER TABLE `upgrade_exceptions`
  MODIFY `upgrade_exception_id` smallint(5) NOT NULL AUTO_INCREMENT;

--
-- AUTO_INCREMENT dla tabeli `zones`
--
ALTER TABLE `zones`
  MODIFY `zone_id` int(11) NOT NULL AUTO_INCREMENT, AUTO_INCREMENT=316;

--
-- AUTO_INCREMENT dla tabeli `zones_to_geo_zones`
--
ALTER TABLE `zones_to_geo_zones`
  MODIFY `association_id` int(11) NOT NULL AUTO_INCREMENT, AUTO_INCREMENT=4;
COMMIT;

