-- https://www.phpmyadmin.net/
--
-- Czas generowania: 09 Sty 2020, 23:54
-- Wersja serwera: 10.1.43-MariaDB
-- Wersja PHP: 7.2.10-0ubuntu0.18.04.1

START TRANSACTION;



--
-- Baza danych: `altkomp_18`
--

-- --------------------------------------------------------

--
-- Struktura tabeli dla tabeli `address_book`
--

CREATE TABLE `address_book` (
  `address_book_id` int(11) NOT NULL,
  `customers_id` int(11) NOT NULL DEFAULT '0',
  `entry_gender` char(1) NOT NULL DEFAULT '',
  `entry_company` varchar(128) DEFAULT NULL,
  `entry_firstname` varchar(128) NOT NULL DEFAULT '',
  `entry_lastname` varchar(128) NOT NULL DEFAULT '',
  `entry_street_address` varchar(128) NOT NULL DEFAULT '',
  `entry_suburb` varchar(32) DEFAULT NULL,
  `entry_postcode` varchar(10) NOT NULL DEFAULT '',
  `entry_city` varchar(128) NOT NULL DEFAULT '',
  `entry_state` varchar(64) DEFAULT NULL,
  `entry_country_id` int(11) NOT NULL DEFAULT '0',
  `entry_zone_id` int(11) NOT NULL DEFAULT '0'
) ENGINE=MyISAM DEFAULT CHARSET=utf8;

--
-- Zrzut danych tabeli `address_book`
--

INSERT INTO `address_book` (`address_book_id`, `customers_id`, `entry_gender`, `entry_company`, `entry_firstname`, `entry_lastname`, `entry_street_address`, `entry_suburb`, `entry_postcode`, `entry_city`, `entry_state`, `entry_country_id`, `entry_zone_id`) VALUES
(1, 1, '', '', 'ww', 'aaaaa', 'aasasddfd', '', '21030', 'mary', NULL, 170, 0),
(2, 2, '', '', 'fff', 'fff', 'fffff', '', '21-030', 'ffff', NULL, 170, 0),
(5, 5, '', '', 'Małgorzata', 'Tobolewska', 'ul.Dominikańska16', '', '98-200', 'Sieradz', NULL, 170, 0),
(6, 5, '', '', 's.Małgorzata', 'Tobolewska', 'ul.Dominikańska16', '', '98-200', 'Sieradz', NULL, 170, 0),
(458, 417, '', '', 'Piotr', 'Lelo', 'Niekłonice 53', '', '76-024', 'Świeszyno', NULL, 170, 0),
(459, 418, '', '', 'janusz', 'zbrożek', 'górki pęcławskie 7', 'piątek', '99-120', 'piątek', NULL, 170, 0),
(10, 8, '', '', 'Ryszard', 'Szcześniak', 'miejscowość Wojciechówka31a', '', '62-800', 'gmina Żelazków', NULL, 170, 0),
(11, 9, '', '', 'Barbara', 'Paluch', 'Jankowice 11', '', '26-660', 'Jedlińsk', NULL, 170, 0),
(12, 10, '', '', 'Sławomir', 'Kryczka', 'Niekłonice 41', '', '76-024', 'Niekłonce', NULL, 170, 0),
(14, 12, '', '', 'Marek', 'Orzechowski', 'Komorczyn 7a', '', '76251', 'Kobylnica', NULL, 170, 0),
(15, 13, '', '', 'Czesława', 'Krynke', 'Łuczańska 20', '', '11-600', 'Węgorewo', NULL, 170, 0),
(16, 14, '', '', 'Jan', 'Rzepecki', 'Kurowo 11', '', '62-065', 'Grodzisk Wielkopolski', NULL, 170, 0),
(17, 15, '', '', 'Antoni', 'Lipniewski', 'xxxwerrfg', '', '21212', 'xxxccvvvv', NULL, 170, 0),
(18, 16, '', '', 'MIROSŁAW', 'CZEBOTAR', 'BOENIGKA 25 / 9', '', '10-686', 'OLSZTYN', NULL, 170, 0),
(19, 17, '', '', 'Marek', 'Sterna', 'Tuchorza 17a', '', '64-232', 'Tuchorza', NULL, 170, 0),
(20, 18, '', '', 'Sławomir', 'Kryczka', 'Niekłonice 41', '', '76-024', 'Niekłonce', NULL, 170, 0),
(21, 19, '', '', 'Mikołaj', 'Szreder', 'Kościelna 27, wejscie od ul Mostowej', '', '84-230', 'Rumia', NULL, 170, 0),
(22, 20, '', '', 'Jarosław', 'Nadolny', 'Wonieść 68', '', '64-030', 'Wonieść', NULL, 170, 0),
(23, 20, '', '', 'Jarosław', 'Nadolny', 'Wonieść 68', '', '64-030', 'Śmigiel', NULL, 170, 0),
(24, 21, '', '', 'Paulina', 'Łach', 'Krępice 27', '', '28-530', 'Skalbmierz', NULL, 170, 0),
(25, 22, '', '', 'Marek', 'Andrzejewski', 'Wola Jabłońska 31a', '', '64-300', 'Nowy Tomyśl', NULL, 170, 0),
(28, 25, '', '', 'andrzej', 'kwiecień', 'dziewków', '', '27-640', 'klimontów', NULL, 170, 0),
(29, 26, '', '', 'Zofia', 'Dyrek', 'Brzezna 327', '', '33-386', 'Podegrodzie', NULL, 170, 0),
(33, 30, '', '', 'Jerzy', 'Konklewski', 'Ogrodowa 14', '', '87-148', 'Papowo Toruńskie', NULL, 170, 0),
(34, 31, '', '', 'Sławomir', 'Kryczka', 'Niekłonice 41', '', '76-024', 'Niekłonce', NULL, 170, 0),
(35, 32, '', '', 'Joanna', 'Piwko', 'Beethovena 48', '', '80-171', 'Gdańsk', NULL, 170, 0),
(37, 34, '', '', 'Teodora', 'Szyszkowska', 'Warszówek 43', '', '27-225', 'Pawłów', NULL, 170, 0),
(38, 35, '', '', 'urszula', 'orlikowska', 'błota 4', '', '86-050', 'solec kujawski', NULL, 170, 0),
(39, 36, '', '', 'lidia', 'gawliczek', 'widokowa 3', 'Żerdziny', '47-480PIet', 'Żerdziny', NULL, 170, 0),
(41, 38, '', '', 'Marcin', 'Kaczmarowski', 'Ludowa 24', '', '64-800', 'Chodzież', NULL, 170, 0),
(42, 39, '', '', 'Marian', 'Gołek', 'Krótka10', '', '68-200', 'Żary', NULL, 170, 0),
(43, 40, '', '', 'Zdzisław', 'Karpiński', 'Goździków 19', '', '44-335', 'Jastrzębie-Zdrój', NULL, 170, 0),
(45, 42, '', '', 'Piotr', 'Pawłowski', 'Kilińskiego 71', '', '95-083', 'Kazimierz', NULL, 170, 0),
(46, 43, '', '', 'wojciech', 'fryziak', 'Suchorączek 31', 'Więcbork', '89-410', 'Więcbork', NULL, 170, 0),
(48, 45, '', '', 'Henryk', 'Parzychowski', 'Bydgoska 9b/1', '', '89-300', 'Wyrzysk', NULL, 170, 0),
(52, 49, '', '', 'Andrzej', 'Kosiec', 'Żydy 5', '', '26-414', 'Potworów', NULL, 170, 0),
(53, 50, '', '', 'Anatol', 'Łukasiewicz', 'Stary Garbów, 83', '', '27-620', 'Stary Garbów', NULL, 170, 0),
(54, 50, '', '', 'Anatol', 'Łukasiewicz', 'Stary Garbów, 83', '', '27-620', 'Dwikozy', NULL, 170, 0),
(56, 52, '', 'Gospodarstwo Ogrodniczo - Rybackie', 'Andrzej', 'Szatkowski', 'Głowackiego 2/1', '856-123-77-26', '72-130', 'Maszewo', NULL, 170, 0),
(57, 53, '', 'Gospodarstwo Ekologiczne Jagoda', 'Andrzej', 'Kaniewski', 'Malinówka205', '', '36-213', 'Malinówka', NULL, 170, 0),
(58, 54, '', '', 'Jerzy', 'Przewłocki', 'Łukowiec 37', '', '27-660', 'Koprzywnica', NULL, 170, 0),
(59, 55, '', 'TOMASZULKA', 'Tomasz', 'Steinborn', 'Zacisze 54', '958-065-01-90', '84-208', 'Czeczewo', NULL, 170, 0),
(61, 57, '', '', 'andrzej', 'sycewicz', 'długa 51', '', '17-300', 'czartajew', NULL, 170, 0),
(62, 58, '', '', 'Ryszard', 'Szcześniak', 'Wojciechówka 31a', '', '62-800', 'Wojciechówka', NULL, 170, 0),
(63, 58, '', '', 'Ryszard', 'Szcześniak', 'Wojciechówka 31a', '', '62-800', 'Kalisz', NULL, 170, 0),
(64, 58, '', '', 'Ryszard', 'Szcześniak', 'Wojciechówka 31a', '', '62-800', 'Kalisz', NULL, 170, 0),
(67, 61, '', '', 'Piotr', 'Lelo', 'Niekłonice 53', '', '76-024', 'Świeszyno', NULL, 170, 0),
(68, 62, '', '', 'Sławomir', 'Kryczka', 'Niekónice 41', '', '76-024', 'Świeszyno', NULL, 170, 0),
(69, 63, '', '', 'Danuta', 'Płatos', 'Huta Mazowszańska 5', '', '26-624', 'Kowala', NULL, 170, 0),
(70, 64, '', '', 'Mateusz', 'Chwilczyński', 'Krzywanice 52', '', '97-565', 'Krzywanice', NULL, 170, 0),
(74, 67, '', '', 'Mariola', 'Wolańczyk', 'Torowa 19', '', '55-114', 'Szewce', NULL, 170, 0),
(76, 69, '', '', 'JANINA', 'KONOPKA', 'OLSZYNKA17A', '', '11-430', 'KORSZE', NULL, 170, 0),
(78, 71, '', '', 'ELŻBIETA', 'JABŁECKA', 'TRĘBKI NOWE 98', '', '05-170', 'ZAKROCZYM', NULL, 170, 0),
(79, 72, '', '', 'Grzegorz', 'Buras', 'Szarbia Zwierzyniecka 32', 'Skalbmierz', '28-530', 'Skalbmierz', NULL, 170, 0),
(82, 75, '', '', 'Helmut', 'Rzega', 'koscielna 4', '', '47-400', 'Raciborz', NULL, 170, 0),
(83, 76, '', '', 'izabela', 'czaplinska', 'Krzywe Kolo 102', '', '83 032', 'Pszczolki', NULL, 170, 0),
(85, 78, '', 'Gospodarstwo Ogrodniczo-Rolne Teresa i Leszek Kopera', 'Leszek', 'Kopera', 'Wyzwolenia 202', '832-104-53-64', '98-355', 'Trębaczew', NULL, 170, 0),
(86, 79, '', '', 'Grazyna', 'Roguska', 'Miklaszewskiego 43', '', '05-090', 'Dawidy Bankowe', NULL, 170, 0),
(87, 79, '', '', 'Grazyna', 'Roguska', 'Starzynskiego 4 l.5', 'Dawidy Bankowe', '05-090', 'Dawidy Bankowe', NULL, 170, 0),
(88, 80, '', '', 'robert', 'weclawiak', 'obórki 22', '', '05-520', 'konstancin-jeziorna', NULL, 170, 0),
(89, 81, '', '', 'Grazyna', 'Roguska', 'Miklaszewskiego 43', 'Dawidy Bankowe', '05-090', 'Dawidy Bankowe', NULL, 170, 0),
(90, 81, '', '', 'Grażyna', 'Roguska', 'Starzynskiego 4 l.5', '', '05-090', 'Dawidy Bankowe', NULL, 170, 0),
(91, 82, '', '', 'Sławomir', 'Kryczka', 'Niekónice 41', '', '76-024', 'Niekłonice', NULL, 170, 0),
(92, 83, '', '', 'Sebastian', 'Sapiński', 'Miłosna 21', '', '99-340', 'Krośniewice', NULL, 170, 0),
(93, 84, '', '', 'Sebastian', 'Sapiński', 'Miłosna 21', '', '99-340', 'Krośniewice', NULL, 170, 0),
(94, 85, '', '', 'Monika', 'Kasprzak', 'Rajsko 22', '', '62-860', 'Opatówek', NULL, 170, 0),
(95, 86, '', '', 'Monika', 'Kasprzak', 'Rajsko 22', '', '62-860', 'Rajsko', NULL, 170, 0),
(96, 87, '', '', 'Monika', 'Kasprzak', 'Rajsko 22', '', '62-860', 'Opatówek', NULL, 170, 0),
(98, 89, '', 'Robert', 'Robert', 'Pasiuk', 'Zezulin Niższy 18', 'Ludwin', '21-075', 'Ludwin', NULL, 170, 0),
(100, 91, '', '', 'Grazyna', 'Roguska', 'Miklaszewskiego 43', 'Dawidy Bankowe', '05-090', 'Dawidy Bankowe', NULL, 170, 0),
(101, 91, '', '', 'Grazyna', 'Roguska', 'Starzynskiego 4 l.5', 'Dawidy Bankowe', '05-090', 'Dawidy Bankowe', NULL, 170, 0),
(105, 94, '', '', 'Ryszard', 'Szcześniak', 'Wojciechówka 31a', '', '62-800', 'Wojciechówka', NULL, 170, 0),
(106, 94, '', '', 'Ryszard', 'Szcześniak', 'Wojciechówka 31a', '', '62-800', 'Kalisz', NULL, 170, 0),
(110, 97, '', '', 'Maciej', 'Wawrzyniak', 'Janików 8', '', '62-860', 'Opatówek', NULL, 170, 0),
(111, 97, '', '', 'Ewa', 'Grzelaczyk', 'Janików 8', '', '62-860', 'Opatówek', NULL, 170, 0),
(112, 98, '', '', 'Leszek', 'Ambroziak', 'Lasota 14', '', '99-311', 'Lasota', NULL, 170, 0),
(113, 99, '', '', 'Leszek', 'Ambroziak', 'Lasota 14', '', '99-311', 'Bedlno', NULL, 170, 0),
(115, 101, '', '', 'zdzisław', 'śliwiński', 'smolna 22a', '', '56-400', 'oleśnica', NULL, 170, 0),
(116, 102, '', '', 'Leszek', 'Ambroziak', 'Lasota 14', '', '99-311', 'Bedlno', NULL, 170, 0),
(118, 104, '', '', 'monika', 'ratajczak', 'krążkowo 3', '', '86-060', 'nowa wieś wielka', NULL, 170, 0),
(119, 105, '', '', 'Henryk', 'Parzychowski', 'Bydgoska 9 b /1', '', '89-300', 'Wyrzysk', NULL, 170, 0),
(120, 106, '', '', 'Agnieszka', 'Gaca', 'Grabowa 54', '', '26-414', 'Potworow', NULL, 170, 0),
(121, 107, '', '', 'Agnieszka', 'Gaca', 'Grabowa 54', '', '26-414', 'Potworow', NULL, 170, 0),
(123, 109, '', '', 'Marlena', 'Grabowska-Kozioł', 'Laski 71', '', '07-130', 'Łochów', NULL, 170, 0),
(124, 110, '', '', 'Maciej', 'Wawrzyniak', 'Janików 8', '', '62-860', 'Opatówek', NULL, 170, 0),
(125, 111, '', '', 'Grzegorz', 'Szczęsny', 'Zabostów Duży 41', '', '99-400', 'Łowicz', NULL, 170, 0),
(126, 112, '', '', 'Wojciech', 'Firynowicz', 'Tarnowa 40', '', '62-067', 'Rakoniewice', NULL, 170, 0),
(127, 113, '', '', 'Sybilla', 'Malura', 'ul. Rzeczna 17', '', '47-400', 'Racibórz', NULL, 170, 0),
(129, 115, '', '', 'wojciech', 'fryziak', 'suchorączek 31', '', '89-410', 'Więcbork', NULL, 170, 0),
(130, 116, '', 'Gospodarstwo Rolne', 'Zbigniew', 'Bathelt', 'Bronowska 51', '6521595068', '43-518', 'Ligota', NULL, 170, 0),
(133, 118, '', '', 'JANINA', 'KONOPKA', 'Olszynka 17 a', '', '11-430', 'Korsze', NULL, 170, 0),
(134, 119, '', '', 'Magdalena', 'Zimniewicz', 'Malwowa 19', 'Poznań', '60-175', 'Poznań', NULL, 170, 0),
(136, 121, '', '', 'Rafał', 'Maciejczyk', 'O R Ę Ż N A 8', 'Piaseczno', '05-501', 'Piaseczno', NULL, 170, 0),
(137, 122, '', '', 'Bożena', 'Grabarczyk', 'Radzanów 109', '', '26-807', 'Radzanów', NULL, 170, 0),
(138, 123, '', '', 'Emilia', 'Brzezińska', 'Polna 4d', '', '55-140', 'Żmigród', NULL, 170, 0),
(139, 124, '', '', 'Monika', 'Kasprzak', 'Rajsko 22', '', '62-860', 'Opatówek', NULL, 170, 0),
(140, 125, '', '', 'Krzysztof', 'Sztajer', 'ul. Szkolna 12 f/11', '', '95-054', 'Ksawerów', NULL, 170, 0),
(142, 127, '', '', 'Sebastian', 'Sapiński', 'Miłosna 21', '', '99-340', 'Miłosna, gm. Krośniewice', NULL, 170, 0),
(143, 128, '', '', 'Sebastian', 'Sapiński', 'Miłosna 21', '', '99-340', 'Krośniewice', NULL, 170, 0),
(144, 129, '', '', 'Janina', 'Konopka', 'zm.Olszynka 17a', '', '11-430', 'Korsze', NULL, 170, 0),
(145, 130, '', '', 'Rafał', 'Maciejczyk', 'O R Ę Ż N A 8', '', '05-501', 'Piaseczno', NULL, 170, 0),
(146, 131, '', '', 'Jarosław', 'Jatczak', 'Copina 14', '', '99-300', 'Kutno', NULL, 170, 0),
(147, 131, '', '', 'Jarosław', 'Jatczak', 'Chopina 14', '', '99-300', 'Kutno', NULL, 170, 0),
(148, 131, '', '', 'Jarosław', 'Jatczak', 'Chopina 14', '', '99-300', 'Kutno', NULL, 170, 0),
(149, 132, '', '', 'Ireneusz', 'Hańderek', 'Polna 262', '', '43-384', 'Jaworze', NULL, 170, 0),
(151, 134, '', '', 'Sybilla', 'Malura', 'ul. Rzeczna 17', '', '47-400', 'Racibórz', NULL, 170, 0),
(155, 137, '', 'ZPOIW AGROBIZNES Sp. z o.o.', 'Patrycjusz', 'Dragan', 'Polubicze Wiejskie I nr 40', '537-262-30-94', '21-580', 'Wisznice', NULL, 170, 0),
(156, 138, '', '', 'Maria', 'Dylewska', 'Brochocinek 35', '', '09-410', 'Płock', NULL, 170, 0),
(157, 139, '', '', 'Grażyna', 'Roguska', 'Starzyńskiego 4 lok.5', '', '05-090', 'Dawidy Bankowe', NULL, 170, 0),
(158, 140, '', '', 'Marius', 'Naumiuk', 'Bottrupvej 13 A', '', '8723', 'Losning', NULL, 57, 0),
(159, 141, '', '', 'Andrzej', 'Jasek', 'socha22', '', '98-290', 'Warta', NULL, 170, 0),
(160, 142, '', '', 'Mariola', 'Sońta', 'Las Dębowy 32', '', '24-335', 'Łaziska', NULL, 170, 0),
(162, 144, '', '', 'Adam', 'Janusz', 'Zagórzyce Dworskie 40', '', '32-091', 'Michałowice', NULL, 170, 0),
(163, 145, '', '', 'Grażyna', 'Roguska', 'Miklaszewskiego 43', '', '05-090', 'Dawidy Bankowe', NULL, 170, 0),
(164, 145, '', '', 'Grażyna', 'Roguska', 'Starzynskiego 4', 'Dawidy Bankowe', '05-090', 'Dawidy Bankowe', NULL, 170, 0),
(165, 146, '', '', 'Witold', 'Grzegorek', 'Drzonek ul.Klonowa 36', '', '63-140', 'Dolsk', NULL, 170, 0),
(166, 147, '', '', 'Adam', 'Janusz', 'Zagórzyce Dworskie 40', '', '32-091', 'Michałowice', NULL, 170, 0),
(167, 148, '', 'Gospodarstwo rolne Jana Wiesław', 'Wiesław', 'Jana', 'Ujeździec Wielki 27', '975-15973-83', '55-100', 'Trzebnica', NULL, 170, 0),
(168, 148, '', 'Gospodarstwo Rolne Wiesław Jana', 'Wiesław', 'Jana', 'Ujeździec Wielki 27', '915-159-73-83', '55-100', 'Trzebnica', NULL, 170, 0),
(169, 148, '', 'Gospodarstwo Rolne Wiesław Jana', 'Wiesław', 'Jana', 'Ujeździec Wielki 27', '915-159-73-83', '55-100', 'Trzebnica', NULL, 170, 0),
(170, 149, '', 'Gospodarstwo Rolne Wiesław Jana', 'Wiesław', 'Jana', 'Ujeździec Wielki 27', '915-159-73-83', '55-100', 'Trzebnica', NULL, 170, 0),
(171, 150, '', '', 'Hanna', 'Gotowicka', 'Osiedlowa 4/2', '', '82-520', 'Gardeja', NULL, 170, 0),
(172, 151, '', '', 'Jerzy', 'Piotrowski', 'Tum 81', '', '99-100', 'Łęczyca', NULL, 170, 0),
(174, 153, '', '', 'Rafał', 'Tomalak', 'Macew 1a', '', '63-322', 'Macew', NULL, 170, 0),
(175, 154, '', '', 'Monika', 'Kasprzak', 'Rajsko 22', '', '62-860', 'Opatówek', NULL, 170, 0),
(176, 155, '', '', 'Andrzej', 'Flisowski', 'Tryl 16', 'Nowe', '86-170', 'Nowe', NULL, 170, 0),
(177, 156, '', '', 'Patrycja', 'Tomczyk', 'Główna 8', '', '26-422', 'Wymysłów', NULL, 170, 0),
(179, 158, '', '', 'Anna', 'Kropopek', 'Marynarska 11', '', '70-612', 'Szczecin', NULL, 170, 0),
(180, 159, '', 'gospodarstwo rolne', 'slawomir', 'solinski', 'polna 834', '798-137-77-58', '26-800', 'białobrzegi', NULL, 170, 0),
(181, 160, '', 'gospodarstwo rolne', 'Sławomir', 'Soliński', 'Polna 8|34', '798-137-77-58', '26-800', 'białobrzegi', NULL, 170, 0),
(182, 161, '', '', 'Małgorzata', 'Kamińska-Janik', 'Zamkowa 17', '', '05-480', 'Otwock Wielki', NULL, 170, 0),
(183, 162, '', '', 'Ewa', 'Wątorowska', 'Kędziorki 5a', '', '95-060', 'Brzeziny', NULL, 170, 0),
(185, 164, '', '', 'ryszrd', 'dudek', 'moscickiego 15', '', '97-200', 'tomaszów mazowiecki', NULL, 170, 0),
(186, 165, '', '', 'ty', 'gh', 'moscickiego', '', '97-200', 'tomaszow maz', NULL, 170, 0),
(188, 167, '', '', 'Karol', 'Ożadowicz', 'Jana Pawła II 22', '', '99-140', 'Świnice Warckie', NULL, 170, 0),
(189, 168, '', '', 'Piotr', 'Lelo', 'Niekłonice 53', '', '76-024', 'Świeszyno', NULL, 170, 0),
(190, 169, '', 'Gospodarstwo rolne Wlazło Wojciech', 'Wojciech', 'Wlazło', 'Ostrołęka 43', '948-213-33-29', '26-650', 'Ostrołęka', NULL, 170, 0),
(191, 170, '', '', 'Anna', 'Flisowska', 'Tryl 16', 'Tryl', '86-170', 'Tryl', NULL, 170, 0),
(192, 171, '', '', 'Marian', 'Hutny', 'Niedźwiedzice 65', '', '59-225', 'Chojnów', NULL, 170, 0),
(198, 177, '', '', 'Henryk', 'Parzychowski', 'Bydgoska 9B/1', '', '89-300', 'Wyrzysk', NULL, 170, 0),
(200, 179, '', '', 'Ryszard', 'Domoradzki', 'Myśliwca 52', '', '47-330', 'Zdzieszowice', NULL, 170, 0),
(201, 180, '', '', 'Iwona', 'Lubiejewska', 'Oporowo 20', '', '64-120', 'Oporowo', NULL, 170, 0),
(202, 181, '', '', 'Iwona', 'Lubiejewska', 'Oporowo 20', '', '64-120', 'Oporowo', NULL, 170, 0),
(203, 182, '', '', 'Iwona', 'Lubiejewska', 'Oporowo 20', '', '64-120', 'Krzemieniewo', NULL, 170, 0),
(204, 183, '', 'gospodarstwo rolne Lerka Jarosław', 'Jarosław', 'Lerka', 'Podczasza Wola 50a', '6010013361', '26 -415', 'Klwów', NULL, 170, 0),
(205, 184, '', '', 'Danuta', 'Potoczna', 'Biskupice 1', '', '33-260', 'Gręboszów', NULL, 170, 0),
(206, 185, '', '', 'Rafał', 'Wujda', 'Męcka Wola 11a', '', '98-200', 'Sieradz', NULL, 170, 0),
(207, 186, '', '', 'Mirosław', 'Barczak', 'Pionierów Żuław 56', '', '83-020', 'Cedry wielkioe', NULL, 170, 0),
(210, 189, '', '', 'karol', 'malczewski', 'bukówno 24', '', '26-807', 'bukówno', NULL, 170, 0),
(211, 189, '', '', 'karol', 'malczewski', 'bukówno 24', '', '26807', 'radzanów', NULL, 170, 0),
(212, 189, '', '', 'karol', 'malczewski', 'bukówno 24', '', '26-807', 'radzanów', NULL, 170, 0),
(214, 191, '', '', 'robert', 'tracz', 'kanclerzowice 26', '', '55-140', 'kanclerzowice', NULL, 170, 0),
(215, 192, '', '', 'Patryk', 'Bednarkiewicz', 'B.Krzywoustego 11/35', '', '63-300', 'Pleszew', NULL, 170, 0),
(221, 196, '', 'gospodarstwo warzywnicze rafal olesinski', 'rafal', 'olesinski', 'zatorze 2', '1181770959', '05-850', 'ozarow mazowiecki', NULL, 170, 0),
(222, 197, '', '', 'Mirosław', 'Toczek', 'Bąków 19', '', '26-411', 'Rusinów', NULL, 170, 0),
(224, 199, '', '', 'Andrzej', 'Sapiński', 'Sokołowska 153', '', '08-110', 'Siedlce', NULL, 170, 0),
(225, 200, '', '', 'Anna', 'Klichowska', 'Kutrowa 23', '', '70-615', 'Szczecin', NULL, 170, 0),
(226, 201, '', '', 'Jarosław', 'Cyga', 'Korzekwin 21', '', '62-862', 'iwanowice', NULL, 170, 0),
(227, 202, '', '', 'karol', 'każmierski', 'Borki 32', '', '99-100', 'Łęczyca', NULL, 170, 0),
(232, 207, '', '', 'Radosław', 'Kwaśniewski', 'Grodzisko 111', '', '63-300', 'Pleszew', NULL, 170, 0),
(233, 208, '', '', 'JACEK', 'KOWALCZYK', 'KOZIENICKA', '', '26-922', 'SIECIECHÓW', NULL, 170, 0),
(234, 209, '', '', 'Grażyna', 'Roguska', 'Starzynskiego 4', 'Dawidy Bankowe', '05-090', 'Dawidy Bankowe', NULL, 170, 0),
(235, 210, '', '', 'Mirosław', 'Rosolak', '49 Dąbie k. Łęczycy', '', '99-100', 'Dąbie', NULL, 170, 0),
(236, 210, '', '', 'Mirosław', 'Rosolak', 'Dąbie 49', '', '99-100', 'Łęczyca', NULL, 170, 0),
(237, 211, '', '', 'Krzysztof', 'Skóra', 'Szczepanowice 49', 'i', '32-090', 'Słomniki', NULL, 170, 0),
(238, 212, '', '', 'MIECZYSŁAW', 'DZIEKAN', 'ŁĘTKOWICE KOLONIA 7', '', '32-107', 'RADZIEMICE', NULL, 170, 0),
(239, 213, '', '', 'Beata', 'Grotowska', 'Okrzei 30/18', '', '26-600', 'Radom', NULL, 170, 0),
(240, 214, '', '', 'Magdalena', 'Jasinska', 'Skalmierz 15', '', '98-235', 'Blaszki', NULL, 170, 0),
(241, 215, '', '', 'Tadeusz', 'Buczek', 'Wszemirow 38', '', '55-110', 'Prusice', NULL, 170, 0),
(242, 216, '', '', 'Sybilla', 'Malura', 'Rzeczna 17', '', '47-400', 'Racibórz', NULL, 170, 0),
(243, 217, '', 'Gospodarstwo rolne Marek Tański', 'Marek', 'Tański', 'Polna 7', '7393232690', '06-500', 'Mława', NULL, 170, 0),
(244, 218, '', 'Gospodarstwo ogrodnicze Elżbieta i Remigiusz Zając', 'Remigiusz', 'Zajac', 'Koscielna 12', '726 173 44 95', '95-002', 'Szczawin', NULL, 170, 0),
(245, 219, '', '', 'Marcin', 'Żuchowski', 'Przedborska 63', '', '97-500', 'Radomsko', NULL, 170, 0),
(246, 220, '', '', 'Grzegorz', 'Ziętek', 'Sadowo 19', '837-173-56-97', '93-519', 'Brzozów', NULL, 170, 0),
(247, 221, '', '', 'Grażyna', 'Roguska', 'Starzyńskiego 4', '', '05-090', 'Dawidy Bankowe', NULL, 170, 0),
(248, 222, '', '', 'Jerzy', 'Łukawy', 'Polna 4d', '', '55-140', 'Żmigród', NULL, 170, 0),
(249, 223, '', '', 'Bernadeta', 'Radecka', 'Chrystkowo 23', '', '86-105', 'Świecie', NULL, 170, 0),
(251, 224, '', '', 'Krzysztof', 'Bartoszewski', 'Ostrożanka 46', '', '27-220', 'Mirzec', NULL, 170, 0),
(252, 225, '', '', 'Iwona', 'Swiatczak', 'Miodowa 31', '', '47-206', 'Kędzierzyn-Koźle', NULL, 170, 0),
(253, 226, '', '', 'Łukasz', 'Żmurko', 'Polna 6', '', '83-021', 'Rokitnica', NULL, 170, 0),
(254, 227, '', '', 'anna', 'nowakowska-jastrząb', 'piaski 28', '', '33-230', 'szczucin', NULL, 170, 0),
(255, 228, '', '', 'Piotr', 'Lelo', 'Niekłonice 53', '', '76-024', 'Świeszyno', NULL, 170, 0),
(256, 229, '', '', 'Wiesław', 'Pyszka', 'Toruńska 279A', 'bydgoszcz', '85-880', 'bydgoszcz', NULL, 170, 0),
(257, 230, '', '', 'Ryszard', 'Mazur', 'Stary Lubliniec 23', '', '37-611', 'Stary Lubliniec 23', NULL, 170, 0),
(258, 231, '', '', 'Ryszard', 'Mazur', 'Stary Lubliniec 23', '', '37-611', 'Cieszanów', NULL, 170, 0),
(261, 234, '', '', 'Sławomir', 'Żurowski', 'Łępin 16', '', '26-806', 'Stara Błotnica', NULL, 170, 0),
(262, 235, '', '', 'zdzisław', 'kobierecki', 'babinek 47', 'banie', '74-110', 'banie', NULL, 170, 0),
(263, 236, '', '', 'Urszula', 'Skorupińska', 'ul. Lipowa 23', '', '64-234', 'Popowo Stare', NULL, 170, 0),
(264, 237, '', '', 'Wojciech', 'Kapusta', 'Aleksandrów 41a', 'ALEKSANDRÓW', '96-315Wisk', 'ALEKSANDRÓW 41a', NULL, 170, 0),
(265, 238, '', '', 'Marzena', 'Kwiecien', 'Sady Kolonia 21', 'Radom', '26-415', 'Klwow', NULL, 170, 0),
(266, 238, '', '', 'Marzena', 'Kwiecien', 'Sady Kolonia 21', '', '26-415', 'Klwow', NULL, 170, 0),
(268, 240, '', 'P.H.AGRAVIA', 'BŁAŻEJ', 'PTASZYŃSKI', 'Klasztorna 11', '699-000-21-35', '63-900', 'Rawicz', NULL, 170, 0),
(269, 241, '', '', 'Pawel', 'Stefaniak', 'Pieruchy 27c', '', '63-304', 'Czermin', NULL, 170, 0),
(270, 242, '', 'Gospodarstwo Rolne Bartłomiej Kembłowski', 'Bartłomiej', 'Kembłowski', 'ul. Zjazd 1', '', '87-610', 'Dobrzyń nad Wisłą', NULL, 170, 0),
(272, 244, '', '', 'Jan', 'Kowalski', 'Domek', '', '21-030', 'Marynin', NULL, 170, 0),
(274, 246, '', '', 'Sławomir', 'Dałek', 'Bieniewice, ul.Błonska62/12', '', '05-870', 'Błonie', NULL, 170, 0),
(276, 248, '', '', 'Jolanta', 'Wilkowska', 'Glewo 24', 'Dobrzyń nad Wisłą', '87-610', 'Dobrzyń nad Wisłą', NULL, 170, 0),
(277, 249, '', '', 'Krzysztof', 'Madalinski', 'Skarszyn 49', 'Trzebnica', '55-100', 'Trzebnica', NULL, 170, 0),
(278, 249, '', '', 'Krzysztof', 'Madalinski', 'Skarszyn 49', '', '55-100', 'Skarszyn', NULL, 170, 0),
(279, 249, '', '', 'Krzysztof', 'Madalinski', 'Skarszyn 49', '', '55-100', 'Skarszyn', NULL, 170, 0),
(280, 250, '', '', 'Krzysztof', 'Kołada', 'Poziomkowa 2', '', '95-070', 'Rąbień', NULL, 170, 0),
(281, 251, '', 'Gospodarstwo Rolno-Ogrodnicze Szocik Andrzej', 'Andrzej', 'Szocik', 'kolejowa 37', '916-127-57-41', '56-300', 'Sułów', NULL, 170, 0),
(282, 252, '', '', 'Iwona', 'Laskowska', 'Galeria Odkryta, Kwiaciarnia Peonia, Odkryta 4', '', '03-140', 'Warszawa', NULL, 170, 0),
(283, 253, '', 'Gospodarstwo Ogrodnicze Robert Kurczab', 'Robert', 'Kurczab', 'Wierzbica 58', '6551372657', '28-142', 'Tuczępy', NULL, 170, 0),
(284, 254, '', '', 'Paweł', 'Ignasiak', 'Glinki 13', 'Pleszew', '63-300', 'Pleszew', NULL, 170, 0),
(285, 255, '', '', 'Piotr', 'Lelo', 'Niekłonice 53', '', '76-024', 'Świeszyno', NULL, 170, 0),
(289, 258, '', '', 'Andrzej', 'Zaworski', 'Niziny 301', '', '37-716', 'Orły', NULL, 170, 0),
(292, 260, '', '', 'WIESŁAW', 'KOCHANEK', 'STOŁECZNA, 165', 'PŁOCHOCIN', '05-860', 'PŁOCHOCIN', NULL, 170, 0),
(293, 261, '', '', 'Monika', 'Orszewska', 'Pozytywistów 4/56', '', '20-639', 'Lublin', NULL, 170, 0),
(294, 262, '', '-', 'Jolanta', 'wilkowskia', 'g lewo 24', 'Dobrzyń nad Wisłą', '87-610', 'Dobrzyń nad Wisłą', NULL, 170, 0),
(296, 264, '', '', 'WOJCIECH', 'TKACZYK', 'Czarnolas Kol 39', 'Policzna', '26-720', 'Policzna', NULL, 170, 0),
(297, 265, '', '', 'Anna', 'Sobczak', 'Jedlec, 81', '', '63-322', 'Gołuchów', NULL, 170, 0),
(299, 267, '', '', 'Tomasz', 'Guzik', '95 Błędowa Zgłobieńska', '', '36-071', 'Trzciana', NULL, 170, 0),
(300, 268, '', '', 'Paweł', 'Łojek', 'Władysławowo 1', '', '82 300', 'Elbląg', NULL, 170, 0),
(301, 269, '', 'AAAtestowa', 'AA', 'AAA', 'AAAAAAA', '', '21-030', 'AAA', NULL, 170, 0),
(303, 270, '', '', 'Zbigniew', 'Kalinecki', 'Siennica Nadolna 124a, 124', '', '22-302', 'Siennica Nadolna', NULL, 170, 0),
(304, 271, '', '', 'MONIKOwo', 'BLBLA', 'Malinowa 3, 195F', '', '21-030', 'Motycz', NULL, 170, 0),
(305, 272, '', '', 'Sybilla', 'Malura', 'Rzeczna 17', '', '47-400', 'Racibórz', NULL, 170, 0),
(307, 274, '', '', 'Krzysztof', 'Świerz', 'Poręba Wielka 163', '', '34-735', 'Poreba Wielka', NULL, 170, 0),
(312, 278, '', '', 'WOJCIECH', 'TKACZYK', 'Czarnolas Kol 39', '', '26-720', 'Policzna', NULL, 170, 0),
(313, 279, '', '', 'Piotr', 'Lelo', 'Niekłonice 53', '', '76-024', 'Świeszyno', NULL, 170, 0),
(314, 280, '', 'Gospodarstwo rolne Dobosz Stefan', 'Stefan', 'Dobosz', 'Kolonia Mickiewicza 27', '5591780480', '86-111', 'Gruczno', NULL, 170, 0),
(316, 282, '', '', 'Artur', 'Kłysiak', 'Poligonowa 21', '', '20-817', 'Lublin', NULL, 170, 0),
(317, 283, '', 'PPHU \"Alfa\" Sklep Zaopatrzenia Ogrodniczego w Nasielsku Anna Lewandowska', 'Anna', 'Lewandowska', 'T.Kościuszki10', '568 102 14 99', '05-190', 'Nasielsk', NULL, 170, 0),
(318, 284, '', '', 'Marlena', 'Borucińska', 'Bukowa 34', '', '62-571', 'Żychlin', NULL, 170, 0),
(319, 285, '', '', 'Damian', 'Kowalski', 'Szarych Szeregów 35 m45', '', '97-200', 'Tomaszów Mazowiecki', NULL, 170, 0),
(320, 285, '', '', 'Damian', 'Kowalski', 'Szarych Szeregów 3/5m45', '', '97-200', 'Tomaszów Mazowiecki', NULL, 170, 0),
(321, 286, '', '', 'Lucyna', 'Wajda', 'Mniszów 3', '', '32-120', 'Nowe Brzesko', NULL, 170, 0),
(322, 287, '', '', 'Mirosław', 'Regnowski', 'Grębocin 24', '', '32-120', 'Nowe Brzesko', NULL, 170, 0),
(324, 288, '', '', 'Jacek', 'Jeruzal', 'Chrząstówek 4', '', '99-100', 'Łęczyca', NULL, 170, 0),
(326, 290, '', '', 'Mirosława', 'Wymiatał', 'Janki 63', '', '22-500', 'Hrubieszów', NULL, 170, 0),
(327, 291, '', '', 'Monika', 'Orszewska', 'Braterstwa Broni 89', '', '22-400', 'Zamość', NULL, 170, 0),
(328, 292, '', '', 'Wioleta', 'Szturo', 'ognica 30', '', '74-121', 'Ognica', NULL, 170, 0),
(329, 293, '', '', 'as', 'as', 'asfalt', '', '86130', 'as', NULL, 170, 0),
(331, 295, '', '', 'Krzysztof', 'Cumbrowski', 'Fletnowo ul.Główna 10', '', '86-134', 'Dragacz', NULL, 170, 0),
(333, 297, '', '', 'Marek', 'Tafliński', 'Jurgo 5C/3', '', '83-110', 'Tczew', NULL, 170, 0),
(335, 299, '', '', 'GDF', 'FDG', 'DFGFGF', '', '2342', 'DGFFG324', NULL, 170, 0),
(336, 300, '', '', 'Witold', 'Nowakowski', 'Łużycka 86', '', '74-100', 'Gryfino', NULL, 170, 0),
(337, 301, '', '', 'Miłosz', 'Grzegorczyk', 'Starowiejska 24', '', '26-414', 'Potworów', NULL, 170, 0),
(338, 302, '', 'Gspodarstwo Ogrodnicze', 'Piotr', 'Kawalec', 'Mirzec-Malcówki, 30', '', '27-220', 'Mirzec', NULL, 170, 0),
(339, 303, '', 'Gspodarstwo Ogrodnicze', 'Piotr', 'Kawalec', 'Mirzec-Malcówki, 30', '', '27-220', 'Mirzec', NULL, 170, 0),
(340, 304, '', '', 'Albin', 'Horyłek', 'Bezek-Kolonia 15', '', '22-130', 'Siedliszcze', NULL, 170, 0),
(341, 305, '', '', 'Izabella', 'Matyjasik', 'Kamień-Kolonia 20', 'Łaziska', '24-335', 'Łaziska', NULL, 170, 0),
(345, 309, '', '+48503167026', 'Krystyna', 'Aust', 'Modlińska 18,', 'Skierdy', '05-101', 'Skierdy', NULL, 170, 0),
(346, 310, '', '', 'Dorota', 'Więch', 'Cisie 7', '', '05-252', 'Dąbrówka', NULL, 170, 0),
(348, 312, '', '', 'Wojciech', 'Grochola', 'sady kolonia, 27', 'Klwow', '26-415', 'Klwow', NULL, 170, 0),
(349, 313, '', '', 'Małgorzata', 'Sulyk', 'Główna, 123', 'Wola Prazmowska', '05-505', 'Wola Prazmowska', NULL, 170, 0),
(350, 314, '', '', 'ireneusz', 'maciejak', 'zukowko 11', '', '77-100-byt', 'bytow', NULL, 170, 0),
(351, 315, '', '', 'Robert', 'Gołek', 'Krótka 10', '', '68-200', 'Żary', NULL, 170, 0),
(352, 316, '', '', 'SYLWIA', 'Perzyńska', 'górki pęcławskie 28', '', '99-120', 'GÓRKI PĘCŁAWSKIE gmina piątek', NULL, 170, 0),
(353, 316, '', '', 'SYLWIA', 'Perzyńska', 'górki pęcławskie 28', '', '99-120', 'piątek', NULL, 170, 0),
(354, 316, '', '', 'SYLWIA', 'Perzyńska', 'górki pęcławskie 28', '', '99-120', 'piątek', NULL, 170, 0),
(355, 317, '', 'Gospodarstwo Rolno-Ogrodnicze', 'Henryk', 'Wojewodzic', 'Ogrodnicza 35', '551-105-94-45', '34-120', 'Andrychów', NULL, 170, 0),
(356, 318, '', 'Gospodarstwo Rolne Kobas Leszek', 'Leszek', 'Kobas', 'Posądza 39', '682-152-44-28', '32-104', 'Koniusza', NULL, 170, 0),
(357, 319, '', 'Allium Seeds UK Ltd', 'Rebecca', 'Penfold', 'Allium and Brassica Centre, Wash Road, Kirton', 'Boston', 'PE201QQ', 'Boston', NULL, 222, 0),
(359, 321, '', '', 'Piotr', 'Lelo', 'Niekłonice 53', '', '76-024', 'Świeszyno', NULL, 170, 0),
(360, 322, '', '', 'Czesław', 'Ługowski', 'ul. Weigla 12 p. 228', '', '53-114', 'Wrocław', NULL, 170, 0),
(361, 323, '', 'Gospodarstwo Rolno-Ogrodnicze Szocik Andrzej', 'Andrzej', 'Szocik', 'kolejowa 37', '916-127-57-41', '56-300', 'Sułów', NULL, 170, 0),
(362, 324, '', '', 'Tadeusz', 'Mućka', 'Szynach 31', '', '86-302', 'Grudziądz', NULL, 170, 0),
(364, 326, '', '', 'Marek', 'Natkaniec', 'Kępa 1', '', '32-090', 'Kępa', NULL, 170, 0),
(367, 329, '', '', 'Urszula', 'Wiśniewska', 'Jelenin 16J', '', '57-160', 'Jelenin', NULL, 170, 0),
(368, 330, '', 'Ekologiczne Gospodarstwo Rolne Dariusz Chrzanowski', 'Dariusz', 'Chrzanowski', 'Lipniki Stare 10', '5681620521', '06-100', 'Pułtusk', NULL, 170, 0),
(369, 331, '', '7732330982', 'Małgorzata', 'Sobczak', 'Zagóry 4', 'Czerniewice', '97-216', 'Czerniewice', NULL, 170, 0),
(370, 332, '', '', 'Tadeusz', 'Bukczyński', 'Biernacka 11', '', '62-035', 'Bnin', NULL, 170, 0),
(372, 334, '', 'BRZYSKI RYSZARD', 'RYSZARD', 'BRZYSKI', 'ZATYLE 27', '921-130-62-84', '22-680', 'LUBYCZA KRÓLEWSKA', NULL, 170, 0),
(374, 336, '', '', 'Jacek', 'Jeruzal', 'Chrząstówek 4', '', '99-100', 'Łęczyca', NULL, 170, 0),
(375, 337, '', '', 'Czesław', 'Polewiak', 'Olchowo 6', '', '72-200', 'Nowogard', NULL, 170, 0),
(376, 338, '', '', 'Piotr', 'Lelo', 'Niekłonice 53', '', '76-024', 'Świeszyno', NULL, 170, 0),
(377, 339, '', '', 'Henryk', 'Parzychowski', 'Bydgska, 9B / 1', '', '89-300', 'Wyrzysk', NULL, 170, 0),
(378, 340, '', '', 'Henryk', 'Parzychowski', 'Bydgoska, 9B / 1', '', '89-300', 'Wyrzysk', NULL, 170, 0),
(379, 341, '', '', 'Andrzej', 'Zaworski', 'Niziny 301', 'Niziny , Podkarpacie', '37-716', 'Niziny , Podkarpacie', NULL, 170, 0),
(380, 342, '', '', 'Jacek', 'Zając', 'Lipa Miklas, 145', 'Lipsko', '27-300', 'Lipsko', NULL, 170, 0),
(382, 344, '', '', 'Alina', 'Kłysiak', 'Poligonowa 21', '', '20-817', 'Lublin', NULL, 170, 0),
(383, 345, '', '', 'Magdalena', 'Szabela', 'Krzemieniew 32', '', '99-205', 'Dalików', NULL, 170, 0),
(384, 346, '', '', 'Marzena', 'Kwiecień', 'Sady Kolonia 27', '', '26-415', 'Klwow', NULL, 170, 0),
(385, 347, '', '', 'anna', 'bolechowska', 'grzymalin 53', '', '59-222', 'grzymalin', NULL, 170, 0),
(386, 348, '', '', 'Sławomir', 'Dziakiewicz', 'Krojczyn 30A', '', '87-610', 'Dobrzyn nad wisłą', NULL, 170, 0),
(387, 349, '', '', 'grzegorz', 'szeniak', 'małochwiej duży 41a', '', '22-300', 'małochwiej duży', NULL, 170, 0),
(388, 350, '', 'aaaaa', 'Paweł', 'Pilawski', 'Lutra, 1/5', 'Zabrze', '41-800', 'Zabrze', NULL, 170, 0),
(390, 352, '', '', 'ELZBIETA', 'LESZCZYK', 'UL.TRZEBNICKA 57', '', '55-095', 'SZCZODRE', NULL, 170, 0),
(391, 353, '', '', 'Jolanta', 'Wilkowska', 'Glewo 24, 24', 'Dobrzyń nad Wisłą', '87-610', 'Dobrzyń nad Wisłą', NULL, 170, 0),
(392, 354, '', '', 'Wioletta', 'Dorabiała', 'Korzecznik 60', '', '62-650', 'Kłodawa', NULL, 170, 0),
(393, 355, '', '', 'Agnieszka', 'Ryło', 'Kwiatowa 22', '', '55-095', 'Mirków', NULL, 170, 0),
(394, 356, '', '', 'Sylwia', 'Chyła', 'Linowiec 30', '', '86-230', 'Lisewo', NULL, 170, 0),
(395, 357, '', '', 'piotr', 'macieja', 'nowy zbrachlin35', '', '87-731', 'waganiec', NULL, 170, 0),
(396, 358, '', '', 'Rafał', 'Denisewicz', 'Olszanica 12', '', '82-522', 'Sadlinki', NULL, 170, 0),
(397, 359, '', 'Gospodarstwo ogrodnicze Gawryszewski Andrzej', 'Andrzej', 'Gawryszewski', 'Maciejowice 14 A', '7971646139', '05-600', 'Maciejowice', NULL, 170, 0),
(399, 361, '', '', 'Izabela', 'Frąckowiak', 'Konwaliowa, 14', 'Osłonin', '64-234', 'Osłonin', NULL, 170, 0),
(400, 362, '', '', 'MAREK', 'SZYMAŃSKI', 'CZĄSTKÓW 29 A', '', '62-650', 'KŁODAWA', NULL, 170, 0),
(401, 363, '', '', 'MAREK', 'SZYMAŃSKI', 'CZĄSTKÓW 29 A', '', '62-650', 'KŁODAWA', NULL, 170, 0),
(402, 364, '', '', 'Mateusz', 'Garbarczyk', 'Jana III Sobieskiego 7', '', '63-300', 'Kowalew', NULL, 170, 0),
(406, 366, '', 'Gospodarstwo ogrodnicze Gawryszewski Andrzej', 'Andrzej', 'Gawryszewski', 'Maciejowice 14 A', '7971646139', '05-600', 'Grójec', NULL, 170, 0),
(407, 367, '', '', 'Jagoda', 'Tunowska', 'Wabcz-kolonia 12', '', '86-212', 'Stolno', NULL, 170, 0),
(408, 368, '', '', 'EWELINA', 'STAWCZYK', 'GULIN', '', '26-652', 'ZARZEW', NULL, 170, 0),
(409, 369, '', '', 'ADAM', 'NIEDZIELA', 'KWIATOWA 3', '', '28-425', 'ZŁOTA', NULL, 170, 0),
(410, 370, '', '', 'Sławomir', 'Dejneka', 'krzywice 21', '', '22-100', 'Chełm', NULL, 170, 0),
(411, 371, '', '', 'agnieszka', 'wiraszka', 'kowalskiego 17/81', '', '08-530', 'dęblin', NULL, 170, 0),
(412, 372, '', '', 'Elzbieta', 'Orchowska', 'Kaniczki 17', '', '82-522', 'Sadlinki', NULL, 170, 0),
(413, 373, '', '', 'Radosław', 'Magoś', 'Starocin32', '', '82-100', 'Starocin 32 82-100 Nowy Dwór Gd', NULL, 170, 0),
(414, 374, '', '', 'Jan', 'Tyndel', 'Wrocławska 33a', '', '55-050', 'Rogów Sobócki', NULL, 170, 0),
(415, 375, '', 'Marek Włodarczyk Gospodarstwo Rolne', 'Marek', 'Włodarczyk', 'Igołomia, 39', '6821486389', '32-125', 'Igołomia', NULL, 170, 0),
(417, 377, '', '', 'Radosław', 'Magoś', 'Starocin 32 82-100 Nowy DwórGd', '', '82-100', 'Starocin', NULL, 170, 0),
(418, 378, '', '', 'Krzysztof', 'Madalinski', 'Skarszyn 49', '', '55-100', 'Trzebnica', NULL, 170, 0),
(419, 379, '', '', 'Krzysztof', 'Madalinski', 'Skarszyn 49', '', '55-100', 'Trzebnica', NULL, 170, 0),
(420, 380, '', '', 'Sylwia', 'Chyła', 'Linowiec 30', '', '86-230', 'Lisewo', NULL, 170, 0),
(422, 382, '', '', 'Sybilla', 'Malura', 'Rzeczna 17', '', '47-400', 'Racibórz', NULL, 170, 0),
(423, 383, '', '', 'Krzysztof', 'Pociecha', 'Skrzętla 34', '', '33-312', 'Tęgoborze', NULL, 170, 0),
(425, 385, '', '', 'Teresa', 'Kantarek', 'Wola Zadabrowska Nowa Wieś 2', '', '98 -290', 'Wola Zadabrowska', NULL, 170, 0),
(426, 385, '', '', 'Teresa', 'Kantarek', 'Wola Zadabrowska Nowa Wieś 2', '', '98-290', 'Warta', NULL, 170, 0),
(427, 386, '', '', 'Elżbieta', 'Woźniak', 'Borzechów 115', '', '24-224', 'Borzechów', NULL, 170, 0),
(429, 388, '', '', 'Jaroslaw', 'Paszko', 'Plan 44', '', '74-505', 'Mieszkowice', NULL, 170, 0),
(430, 389, '', '-', 'Przemysław', 'Piesio', 'Zagrodowa 4', '', '08-400', 'Garwolin', NULL, 170, 0),
(431, 390, '', 'xxx', 'Wiesław', 'Pyszka', 'Toruńska 279A', 'bydgoszcz', '85-880', 'bydgoszcz', NULL, 170, 0),
(432, 391, '', '', 'Romuald', 'Pociej Artom', 'ul. Szczecińska 67', '', '76-200', 'Słupsk', NULL, 170, 0),
(433, 392, '', '', 'Irena', 'Bentkiewicz', 'ul. Gen. W. Sikorskiego 76', '', '58-105', 'Świdnica', NULL, 170, 0),
(434, 393, '', '', 'Marzena', 'Urban', 'Na Ostrawy 1', '', '64-400', 'Międzychód', NULL, 170, 0),
(436, 395, '', '', 'Monika', 'Kołaczyńska-Lis', 'Krojczyn 12', '', '87-610', 'Dobrzyń nad Wisłą', NULL, 170, 0),
(437, 396, '', '', 'Aleksander', 'Walczak', 'Wieczyn 6', '', '63-304', 'Czermin', NULL, 170, 0),
(438, 397, '', '', 'Sebastian', 'Żurowski', 'Łępin 16', '', '26-806', 'Stara Błotnica', NULL, 170, 0),
(439, 398, '', '', 'Izabela', 'Frąckowiak', 'Konwaliowa 14', '', '64-234', 'Osłonin', NULL, 170, 0),
(440, 399, '', '', 'Sebastian', 'Żurowski', 'Łępin 16', '', '26-806', 'stara błotnica', NULL, 170, 0),
(442, 401, '', '', 'Małgorzata', 'Struzik', 'Kalinowice 135', 'Zamość', '22-400', 'Zamość', NULL, 170, 0),
(443, 402, '', '', 'Marian', 'Gołek', 'Krótka 10', '', '68-200', 'Żary', NULL, 170, 0),
(444, 403, '', '', 'Antoni', 'Lipniewski', 'Marynin 195A', '', '21-030', 'Motycz', NULL, 170, 0),
(445, 404, '', '', 'Anna', 'Kołodziej', 'Hebdów, 27', 'Nowe Brzesko', '32-120', 'Nowe Brzesko', NULL, 170, 0),
(446, 405, '', '', 'sylwia', 'perzynska', 'gorki pecławski', '', '99-120', 'piątek', NULL, 170, 0),
(447, 406, '', '', 'sylwia', 'Perzyńska', 'górki pęcławskie 28', '', '99-120', 'piątek', NULL, 170, 0),
(448, 407, '', '', 'Teresa', 'Kantarek', 'NOWA WIEŚ', '', '98-290', 'Wola Zadabrowska Nowa Wies 2', NULL, 170, 0),
(449, 408, '', 'Gospodarstwo Rolne M Komorek', 'Małgorzata', 'Komorek', 'Występ 19A', '8121722063', '26-922', 'Sieciechów', NULL, 170, 0),
(450, 409, '', '', 'Dawid', 'Jarosz', 'Mikołajów 5', '', '28-506', 'Czarnocin', NULL, 170, 0),
(451, 410, '', '', 'Mirosław', 'Regnowski', 'Grębocin 24', '', '32-120', 'Nowe Brzesko', NULL, 170, 0),
(453, 412, '', '', 'Dariusz', 'Kuziemkowski', 'Sumin 73', '', '87-620', 'Kikół', NULL, 170, 0),
(454, 413, '', '', 'Andrzej', 'Kawalec', 'Nowawieś Chełmińska, 37a', '', '86-200', 'Chełmno', NULL, 170, 0),
(455, 414, '', '', 'Wiesław', 'Białas', 'Kościerzyn Mały 54', '', '89-310', 'Łobżenica', NULL, 170, 0),
(456, 415, '', '', 'wwwww', 'sssss', 'ddffhhhh', '', '21-030', 'vcxx', NULL, 170, 0),
(457, 416, '', '', 'teswt', 'test', 'testowa 14', '', '31-564', 'testowiska', NULL, 170, 0),
(460, 419, '', 'Gospodarstwo Rolne Grzegorz Michalak', 'Grzegorz', 'Michalak', 'Górki Pęcławskie 8', '507-002-40-37', '99-120', 'Piątek', NULL, 170, 0),
(461, 420, '', '', 'Dominika', 'Bachorska', 'Targowa Górka ul. Antoniego Kosińskiego 32', '', '62-330', 'Nekla', NULL, 170, 0),
(462, 421, '', '', 'Adam', 'Sikora', 'Tymowa 422', '', '32-863', 'Tymowa', NULL, 170, 0),
(463, 422, '', '', 'Agnieszka', 'Socha', 'Zębowice 28', '', '59-411', 'Zębowice', NULL, 170, 0),
(464, 423, '', 'GOSPODARSTWO ROLNE JAROSŁAW BUDZYŃSKI', 'Jarosław', 'Budzyński', 'Grądy 52', 'Ludwin', '21-075', 'Grądy', NULL, 170, 0),
(465, 424, '', '', 'Bronisław', 'Klus', 'Kalinowice 135', 'Zamość', '22-400', 'Zamość', NULL, 170, 0),
(466, 425, '', 'Andrzej Gawryszewski', 'Andrzej', 'Gawryszewski', 'Maciejowice 14 A', '7971646139', '05-600', 'Grojec', NULL, 170, 0),
(467, 426, '', '', 'Łukasz', 'Łukaszczuk', 'Czernikowice 38', '', '59-225', 'Chojnów', NULL, 170, 0),
(468, 427, '', '', 'Łukasz', 'Łukaszczuk', 'Czernikowice 38', '', '59-225', 'Chojnów', NULL, 170, 0),
(469, 428, '', 'GOSPODARSTWO ROLNE', 'Irena', 'Wadowska', 'Lisi Las 4', '579-191-46-72', '82-440', 'Dzierzgoń', NULL, 170, 0),
(470, 429, '', '', 'Agnieszka', 'Ryło', 'Kwiatowa 22', '', '55-095', 'Mirków', NULL, 170, 0),
(471, 430, '', '', 'Mariola', 'Jankowiak', 'ul.Majakowskiego 16/2', '', '54-317', 'Wroclaw', NULL, 170, 0),
(472, 431, '', '', 'Mariola', 'Jankowiak', 'ul. Majakowskiego 16/2', 'Wrocław', '54-317', 'Wrocław', NULL, 170, 0),
(473, 432, '', '', 'Mariola', 'Jankowiak', 'ul. Majakowskiego 16/2', 'Wrocław', '54-317', 'Wrocław', NULL, 170, 0),
(474, 433, '', '', 'Mariola', 'Jankowiak', 'ul.Majakowskiego 16/2', '', '54-317', 'Wroclaw', NULL, 38, 0),
(475, 433, '', '', 'Mariola', 'Jankowiak', 'ul.Majakowskiego 16/2', '', '54-317', 'Wroclaw', NULL, 170, 0),
(476, 434, '', 'Gospodarstwo Rolne Piotr Karpiński', 'Piotr', 'Karpiński', 'Kocia Góra 13', '5050124853', '21-075', 'Ludwin', NULL, 170, 0),
(477, 435, '', '', 'darek', 'kwiatkowski', 'kobierniki 170', '', '27-600', 'sandomierz', NULL, 170, 0),
(478, 436, '', '', 'Paweł', 'Moneta', 'Boiskowa, 16', '', '52-126', 'Wrocław', NULL, 170, 0),
(479, 437, '', '', 'Wioletta', 'Dorabiała', 'Korzecznik 60', '', '62-650', 'Kłodawa', NULL, 170, 0),
(480, 438, '', '', 'Jarek', 'Banasik', 'Jarzabki 47', '', '28114', 'Jarzabki', NULL, 170, 0),
(481, 439, '', '', 'Mateusz', 'Kosiorowski', 'Górzyn 19', '', '59-305', 'Rudna', NULL, 170, 0),
(482, 440, '', '', 'Maria', 'Laska', 'Glinki 6a', '', '07-100', 'Wegrow', NULL, 170, 0),
(483, 441, '', '', 'Tomasz', 'Ziemski', 'Zalesie 29', '', '26-920', 'Gniewoszów', NULL, 170, 0),
(484, 442, '', '', 'Norbert', 'Płotek', 'Osiek 16 B', '', '63-460', 'Osiek', NULL, 170, 0),
(485, 443, '', '', 'Paweł', 'Iskra', 'Mysłakowo 9', '', 'Tłuchowo', '87-605', NULL, 170, 0),
(486, 444, '', 'Roltex Kot Kazimierz', 'Kazimierz', 'Kot', 'Pruchnicka 15', '7920005459', '37-500', 'Jarosław', NULL, 170, 0),
(487, 445, '', '', 'Paweł', 'Iskra', 'mysłakowo 9', '', '87-605', 'mysłakowo', NULL, 170, 0),
(488, 446, '', '', 'Krzysztof', 'Świerz', 'Poreba Wielka 163', '', '34-735', 'Poreba Wielka', NULL, 170, 0),
(489, 447, '', '', 'Ilona', 'Czerniak', 'Nowe Komaszyce 12', '', '24-300', 'Opole Lubelskie', NULL, 170, 0),
(490, 448, '', '', 'Damian', 'Komorowski', 'Jaworów 12', '', '99-150', 'Grabów', NULL, 170, 0),
(491, 449, '', '', 'Radoslaw', 'Glowacki', 'Kaliska 34/50', '', '87-800', 'Wloclawek', NULL, 170, 0),
(492, 450, '', '', 'Anna', 'Zaniewicz-Bajkowska', 'Cieszkowizna 37', '', '21-400', 'Łuków', NULL, 170, 0),
(493, 451, '', '', 'Alina', 'Kłysiak', 'Poligonowa 21', '', '20-817', 'Lublin', NULL, 170, 0),
(494, 452, '', '', 'radosław', 'antoniak', 'dolna 43', '', '21 080', 'garbów', NULL, 170, 0),
(495, 453, '', '', 'Stanisława', 'Łapkowska', 'os. Łużyckie 23f/10', '', '66-200', 'Świebodzin', NULL, 170, 0),
(496, 454, '', '', 'Rafał', 'Kozdra', 'Św. Wojciech 31b', 'Międzyrzecz', '66-300', 'Międzyrzecz', NULL, 170, 0),
(497, 455, '', '', 'Henryk', 'Wymiatał', 'Janki 63', '', '22-500', 'Hrubieszów', NULL, 170, 0),
(498, 456, '', '', 'Bożena', 'Gądek', '134 Tworkowa', '', '32-863', 'Tworkowa', NULL, 170, 0),
(499, 457, '', '', 'anna', 'nowakowska', 'piaski28', '', '33-230', 'szczucin', NULL, 170, 0),
(500, 458, '', '', 'wiesław', 'górka', 'żarska wieś 66', '', '59-900', 'żarska wieś', NULL, 170, 0),
(501, 459, '', '', 'Albin', 'Żur', 'Podleśna wola 13', '', '32-200', 'Podleśna wola', NULL, 170, 0),
(502, 460, '', '', 'Piotr', 'Kutermowski', 'Kwiatowa 3a', '', '82-325', 'Żurawiec', NULL, 170, 0),
(503, 461, '', '', 'Piotr', 'Kuternowski', 'Kwiatowa 3a', '', '82-325', 'Żurawiec', NULL, 170, 0),
(504, 462, '', '', 'Michał', 'Dyśko', 'Ogrodowa 21', '', '96-130', 'Głuchów', NULL, 170, 0),
(505, 463, '', '', 'Agnieszka', 'Bukowska', 'Wiejska 27', '', '95-015', 'Głowno', NULL, 170, 0),
(506, 464, '', '', 'Wojciech', 'Grochoła', 'Sady Kolonia, 27', '', '26-415', 'Klwów', NULL, 170, 0),
(507, 465, '', '', 'Jacek', 'Jeruzal', 'Chrząstówek 4', '', '99-100', 'Łęczyca', NULL, 170, 0),
(508, 466, '', '', 'Łukasz', 'Batiuk', 'Hnatkowice 12', '', '37-716', 'Hnatkowice', NULL, 170, 0),
(509, 467, '', '', 'anna', 'nowakowska', 'piaski 28', '', '33-230', 'szczucin', NULL, 170, 0),
(510, 468, '', '', 'Piotr', 'Kula', 'Pastwa 47', 'Kwidzyn', '82-500', 'Kwidzyn', NULL, 170, 0),
(511, 469, '', '', 'Piotr', 'Kula', 'Pastwa 47', 'Kwidzyn', '82-500', 'Kwidzyn', NULL, 170, 0),
(512, 470, '', '', 'Elzbieta', 'Piasta', 'Broniów 37', '', '26-510', 'Broniów', NULL, 170, 0),
(513, 471, '', '', 'Elzbieta', 'Piasta', 'Broniów 37', '', '26-510', 'Broniow', NULL, 170, 0),
(514, 471, '', '', 'Elzbieta', 'Piasta', 'Broniów 37', '', '26-510', 'Chlewiska', NULL, 170, 0),
(515, 472, '', 'Gospodarstwo Rolne Bartkowicz Piotr', 'Piotr', 'Bartkowicz', 'Wonorze 44', '5562760598', '88-133', 'Dąbrowa Biskupia', NULL, 170, 0),
(516, 473, '', '', 'Monika', 'Orszewska', 'Braterstwa Broni 89', '', '22-400', 'Zamość', NULL, 170, 0),
(517, 474, '', '', 'Bartłomiej', 'Orszewski', 'Braterstwa Broni 89', '', '22-400', 'Zamość', NULL, 170, 0),
(518, 475, '', '', 'Monika', 'Orszewska', 'Braterstwa Broni 89', '', '22-400', 'Zamość', NULL, 170, 0),
(519, 476, '', '', 'Teresa', 'Kwiecień', 'Sady Kolonia, 21', '', '26-415', 'Klwów', NULL, 170, 0),
(520, 477, '', '', 'Jacek', 'Łukasiak', 'Cychry 17,', 'Cychry', '05-652', 'Cychry', NULL, 170, 0),
(521, 478, '', '', 'Grzegorz', 'Woźniak', 'Śladków Rozlazły 29', '', '99-120', 'Śladków Rozlazły', NULL, 170, 0),
(522, 479, '', '', 'Sławomir', 'Wartnik', 'Kuchary 22', 'Wislica', '28-160', 'Wislica', NULL, 170, 0),
(523, 480, '', '', 'Sławomir', 'Wartnik', 'Kuchary 22', '', '28-160', 'Wislica', NULL, 170, 0),
(524, 481, '', 'Gospodarstwo Rolno-Ogrodnicze Renata Waszak', 'Renata', 'Waszak', 'Skarszew 37', '968-083-26-60', '62-817', 'Żelazków', NULL, 170, 0),
(525, 482, '', '', 'Barbara', 'Wróblewska', '4 Bieżun', '', '09-320', 'Wieluń -Zalesie', NULL, 170, 0),
(526, 482, '', '', 'Barbara', 'Wróblewska', 'Wieluń -Zalesie4', '', '09-320', 'Bieżuń', NULL, 170, 0),
(527, 483, '', '', 'Sylwia', 'Chyła', 'Linowiec 30', '', '86-230', 'Lisewo', NULL, 170, 0),
(528, 484, '', 'Gospodarstwo Rolne Marcin Pauter', 'Marcin', 'Pauter', 'Giecz 9/1', '786-153-93-71', '63-012', 'Dominowo', NULL, 170, 0),
(529, 485, '', '', 'Mirosława', 'Formela', 'Glina, 25', 'Sadlinki', '82-522', 'Sadlinki', NULL, 170, 0),
(530, 486, '', '', 'Anna', 'Paszkiewicz', 'Drożków 88', '', '68-200', 'Żary', NULL, 170, 0),
(531, 487, '', 'GOSP. RÓL. Uprawa Warzyw', 'Justyna', 'Cumbrowska', 'Główna, 10', '559-147-42-05', 'Dragacz', 'Fletnowo', NULL, 170, 0),
(532, 488, '', 'GOSP. RÓL. Uprawa Warzyw', 'Krzysztof', 'Cumbrowski', 'Główna, 10', '559-147-42-05', 'Dragacz', 'Fletnowo', NULL, 170, 0),
(533, 489, '', 'GOSP. ROL. Uprawa Warzyw', 'Krzysztof', 'Cumbrowski', 'Główna, 10', '559-147-42-05', 'Dragacz', 'Fletnowo', NULL, 170, 0),
(534, 490, '', 'Syntech Research Poland Sp. z o.o.', 'Katarzyna', 'Wojtaniec', 'Bajeczna 6', '9671354586', '05-870', 'Bramki', NULL, 170, 0),
(535, 491, '', 'Syntech Research Poland Sp. z o.o.', 'Katarzyna', 'Wojtaniec', 'Bajeczna 6', '9671354586', '05-870', 'Bramki', NULL, 170, 0),
(536, 492, '', 'Syntech Research Poland Sp. z o.o.', 'Katarzyna', 'Wojtaniec', 'Bajeczna 6', '9671354586', '05-870', 'Bramki', NULL, 170, 0),
(537, 493, '', '', 'Laskus', 'Miroslaw', 'orzecowa 16', '', '05-503', 'Robercin', NULL, 170, 0),
(538, 494, '', 'Gospodarstwo rolne', 'Zbigniew', 'Bathelt', 'Bronowska 51', '6521595068', '43-518', 'Ligota', NULL, 170, 0),
(539, 495, '', '', 'Michal', 'Piotrowski', 'Borowiec17', 'Piatek', '99-120', 'Piatek', NULL, 170, 0),
(540, 496, '', '', 'Edyta', 'Wagner', 'Mścichów 49', 'Przytyk', '26-650', 'Przytyk', NULL, 170, 0),
(541, 497, '', '', 'Pawel', 'Gaszewski', '3-go Maja 15 G', '', '14-100', 'Ostróda', NULL, 170, 0),
(542, 498, '', '', 'Rafał', 'Tomalak', 'Macew 1a', '', '63-322', 'Gołuchów', NULL, 170, 0),
(543, 499, '', '', 'Marzena', 'Kwiecień', 'Sady Kolonia, 27', 'Klwów', '26-415', 'Klwów', NULL, 170, 0),
(544, 500, '', '', 'Wioletta', 'Dorabiała', 'Korzecznik 60', '', '62-650', 'Kłodawa', NULL, 170, 0),
(545, 501, '', 'Gospodarstwo Warzywnicze Wiesław Masztalerczyk', 'Wiesław', 'Masztalerczyk', 'Młodynie Górne, 15', '798-132-94-00', '26-807', 'Radzanów', NULL, 170, 0),
(546, 502, '', 'Gospodarstwo Warzywnicze Wiesław Masztalerczyk', 'Wiesław', 'Masztalerczyk', 'Młodynie Górne, 15', '798-132-94-00', '26-807', 'Radzanów', NULL, 170, 0),
(547, 503, '', '', 'ŁUKASZ', 'SZPYT', 'KRZYŻ 40', '', '28-506', 'CZARNOCIN', NULL, 170, 0),
(548, 504, '', '', 'Adam', 'Kwaśnik', 'Kowala Kolonia 48 B', '', '26-624', 'Kowala Stępocina', NULL, 170, 0),
(549, 505, '', '', 'Krzysztof', 'Pudłowski', 'Powidzko7a', '', '55-140', 'Powidzko', NULL, 170, 0),
(550, 506, '', '', 'Andrzej', 'Wilczak', 'Zacisze 15', 'Włoszakowice', '64-140', 'Włoszakowice', NULL, 170, 0),
(551, 507, '', '', 'Zbigniew', 'Jaros', 'Solec 101', '', '28-225', 'Szydłów', NULL, 170, 0),
(552, 508, '', '', 'Patryk', 'Dupczyk', 'Kozietuly Nowe 76', '', '05-640', 'Mogielnica', NULL, 170, 0),
(553, 509, '', '', 'Patryk', 'Dupczyk', 'Kozietuly Nowe 76', '', '05-640', 'Mogielnica', NULL, 170, 0),
(554, 510, '', '', 'Barbara', 'Kuca', 'Solec, 109', 'Szydłów', '28-225', 'Szydłów', NULL, 170, 0),
(555, 511, '', '', 'Maria', 'Bernaś', 'Czerkiesy 106', '', '98-330', 'Pajeczno', NULL, 170, 0),
(556, 512, '', '', 'Przemysław', 'Pater', 'chwalibogowice 2', '', '28-520', 'Chwalibogowice', NULL, 170, 0),
(557, 513, '', '', 'Paweł', 'Kołdej', 'Wólka wojcieszkowska 5', '', '26-922', 'Wólka wojcieszkowska', NULL, 170, 0),
(558, 514, '', '', 'Alicja', 'Krysztoforska', 'Raczków 22', '', '98-290', 'Warta', NULL, 170, 0),
(559, 515, '', '', 'Józef', 'Skoczeń', 'Gołkowice Górne 34', '', '33-388', 'Gołkowice', NULL, 170, 0),
(560, 516, '', '', 'Edyta', 'Kunka', 'Jeziorko33b', 'Koluszki', '95-040', 'Koluszki', NULL, 170, 0),
(561, 517, '', '', 'Robert', 'Gołek', 'Krótka, 10', '', '68-200', 'Żary', NULL, 170, 0),
(562, 518, '', 'GOSPODARSTWO ROLNE RUSLAN PASHKO', 'RUSLAN', 'PASHKO', 'BOGLEWICE 19A', '', '05-604', 'JASIENIEC', NULL, 170, 0),
(563, 519, '', '', 'zbigniew', 'bojanecki', 'walowice 8', '', '96 - 200', 'rawa mazowiecka', NULL, 170, 0),
(564, 520, '', '', 'Marian', 'Gołek', 'Krótka 10', '', '68-200', 'Żary', NULL, 170, 0),
(565, 521, '', '', 'sfsdf', 'sdfdsf', 'sdfsdfgdfg 54', '', '23-233', 'sdfdsf', NULL, 170, 0),
(566, 522, '', '', 'asdasd', 'asdad', 'asdadas 23', '', '12-123', 'sdadasd', NULL, 170, 0),
(567, 523, '', '', 'Weronika', 'Kubielas', 'Marianska, 63a', 'Raciborz', '47-400', 'Raciborz', NULL, 170, 0),
(568, 524, '', '', 'Grzegorz', 'Mazurek', 'Wierzbno 83', '', '32-104', 'Koniusza', NULL, 170, 0),
(569, 525, '', '', 'Łukasz', 'Przewodowski', 'Łany Wybranieckie 62', '', '88-200', 'Radziejów', NULL, 170, 0),
(570, 526, '', '', 'Mateusz', 'Przewodowski', 'Łany Wybranieckie 62', '', '88-200', 'Radziejów', NULL, 170, 0),
(571, 527, '', 'Gospodarstwo Ogrodnicze Mierzejewscy', 'Artur', 'Mierzejewski', 'Dzbenin, 195', '7582249131', '07-410', 'Ostrołęka', NULL, 170, 0),
(572, 528, '', '', 'Alicja', 'Kuran', 'Pileckiego 48', '', '96-300', 'Żyrardów', NULL, 170, 0),
(573, 529, '', '', 'Janusz', 'Szwaja', 'Siedliska 28', '', '32-104', 'Koniusza', NULL, 170, 0),
(574, 530, '', '', 'Mieczysaw', 'Barczak', 'Wysoka Glogowska 537', 'Wysoka Glogowska', '36 061', 'Wysoka Glogowska', NULL, 170, 0),
(575, 531, '', 'Instytut Immunologii', 'Czesław', 'Ługowski', 'Weigla 12 p. 228', '', '53-114', 'Wrocław', NULL, 170, 0);

-- --------------------------------------------------------

--
-- Struktura tabeli dla tabeli `address_format`
--

CREATE TABLE `address_format` (
  `address_format_id` int(11) NOT NULL,
  `address_format` varchar(128) NOT NULL DEFAULT '',
  `address_summary` varchar(48) NOT NULL DEFAULT ''
) ENGINE=MyISAM DEFAULT CHARSET=utf8;

--
-- Zrzut danych tabeli `address_format`
--

INSERT INTO `address_format` (`address_format_id`, `address_format`, `address_summary`) VALUES
(1, '$firstname $lastname$cr$streets$cr$city, $postcode$cr$statecomma$country', '$city / $country'),
(2, '$firstname $lastname$cr$streets$cr$city, $state    $postcode$cr$country', '$city, $state / $country'),
(3, '$firstname $lastname$cr$streets$cr$city$cr$postcode - $statecomma$country', '$state / $country'),
(4, '$firstname $lastname$cr$streets$cr$city ($postcode)$cr$country', '$postcode / $country'),
(5, '$firstname $lastname$cr$streets$cr$postcode $city$cr$country', '$city / $country'),
(6, '$firstname $lastname$cr$streets$cr$city$cr$state$cr$postcode$cr$country', '$postcode / $country');

-- --------------------------------------------------------

--
-- Struktura tabeli dla tabeli `admin`
--

CREATE TABLE `admin` (
  `admin_id` int(11) NOT NULL,
  `admin_name` varchar(32) NOT NULL DEFAULT '',
  `admin_email` varchar(96) NOT NULL DEFAULT '',
  `admin_profile` int(11) NOT NULL DEFAULT '0',
  `admin_pass` varchar(40) NOT NULL DEFAULT '',
  `prev_pass1` varchar(40) NOT NULL DEFAULT '',
  `prev_pass2` varchar(40) NOT NULL DEFAULT '',
  `prev_pass3` varchar(40) NOT NULL DEFAULT '',
  `pwd_last_change_date` datetime NOT NULL DEFAULT '0000-00-00 00:00:00',
  `reset_token` varchar(60) NOT NULL DEFAULT '',
  `last_modified` datetime NOT NULL DEFAULT '0000-00-00 00:00:00',
  `last_login_date` datetime NOT NULL DEFAULT '0000-00-00 00:00:00',
  `last_login_ip` varchar(15) NOT NULL DEFAULT '',
  `failed_logins` smallint(4) UNSIGNED NOT NULL DEFAULT '0',
  `lockout_expires` int(11) NOT NULL DEFAULT '0',
  `last_failed_attempt` datetime NOT NULL DEFAULT '0000-00-00 00:00:00',
  `last_failed_ip` varchar(15) NOT NULL DEFAULT ''
) ENGINE=MyISAM DEFAULT CHARSET=utf8;

--
-- Zrzut danych tabeli `admin`
--

INSERT INTO `admin` (`admin_id`, `admin_name`, `admin_email`, `admin_profile`, `admin_pass`, `prev_pass1`, `prev_pass2`, `prev_pass3`, `pwd_last_change_date`, `reset_token`, `last_modified`, `last_login_date`, `last_login_ip`, `failed_logins`, `lockout_expires`, `last_failed_attempt`, `last_failed_ip`) VALUES
(1, 'altkompserwis', 'biuro@altkomp.pl', 1, 'dba465312edc50445a2788ca5dbe47a5:5c', '20024d3a8bc3d3b24fcf39d5bb103600:f4', '5f57e2ff84774b36b435ad71f36dcdf6:ef', '', '2012-12-09 20:23:06', '', '2012-10-02 00:04:48', '2019-12-28 23:37:23', '185.157.12.106', 0, 0, '2012-12-16 19:44:14', '80.53.155.186'),
(2, 'AlseedAdmin', 'info@alseed.pl', 1, 'c8efd69b5290f7e58adfe34ed1836321:19', '', '', '', '2012-12-18 19:56:08', '', '2012-12-18 19:56:08', '2013-02-08 07:55:34', '77.254.238.41', 0, 0, '0000-00-00 00:00:00', ''),
(3, 'rsopl', 'sebastian.szczepaniak@rso.pl', 1, '88679d25fdbfbef7d1892c1d6670e303:40', '', '', '', '2019-12-23 10:16:09', '', '2019-12-23 10:16:09', '2020-01-09 12:34:56', '83.9.244.154', 0, 0, '0000-00-00 00:00:00', '');

-- --------------------------------------------------------

--
-- Struktura tabeli dla tabeli `admin_activity_log`
--

CREATE TABLE `admin_activity_log` (
  `log_id` bigint(15) NOT NULL,
  `access_date` datetime NOT NULL DEFAULT '0001-01-01 00:00:00',
  `admin_id` int(11) NOT NULL DEFAULT '0',
  `page_accessed` varchar(80) NOT NULL DEFAULT '',
  `page_parameters` text,
  `ip_address` varchar(20) NOT NULL DEFAULT '',
  `flagged` tinyint(4) NOT NULL DEFAULT '0',
  `attention` varchar(255) NOT NULL DEFAULT '',
  `gzpost` mediumblob NOT NULL
) ENGINE=MyISAM DEFAULT CHARSET=utf8;

--
-- Zrzut danych tabeli `admin_activity_log`
--

INSERT INTO `admin_activity_log` (`log_id`, `access_date`, `admin_id`, `page_accessed`, `page_parameters`, `ip_address`, `flagged`, `attention`, `gzpost`) VALUES
(1, '2019-11-19 20:19:31', 1, 'Log reset by {altkompserwis[1]}.', '', '185.157.12.106', 0, '', ''),
(2, '2019-11-19 20:19:31', 1, 'admin_activity.php', '', '185.157.12.106', 0, '', ''),
(3, '2019-11-19 20:19:52', 1, 'orders.php', '', '185.157.12.106', 0, '', ''),
(4, '2019-11-29 22:10:06', 0, 'login.php ', 'camefrom=index.php&', '185.157.12.106', 0, '', ''),
(5, '2019-11-29 22:10:17', 0, 'login.php altkompserwis', 'camefrom=index.php&', '185.157.12.106', 0, '', 0x0dc9310e80200c00c0bf7476105002bec13f9842d1340a18c13818ff2eebdd0b4891d392300698008fbae77896703d5ca08372bbc8b5c59c374e0dd057cea90165544eba5e4b3b38d5d3aabcf7a3b141682d0c0d92e0fb01),
(6, '2019-11-29 22:10:27', 1, 'categories.php', '', '185.157.12.106', 0, '', ''),
(7, '2019-11-29 22:11:32', 1, 'categories.php', 'cPath=2&', '185.157.12.106', 0, '', ''),
(8, '2019-11-29 22:11:56', 1, 'product.php', 'cPath=2&product_type=1&pID=71&action=new_product&', '185.157.12.106', 0, '', ''),
(9, '2019-11-29 22:12:07', 1, 'categories.php', 'cPath=2&pID=71&', '185.157.12.106', 0, '', ''),
(10, '2019-11-29 22:12:14', 1, 'categories.php', 'cPath=2&pID=71&action=attribute_features&page=1&', '185.157.12.106', 0, '', ''),
(11, '2019-11-29 22:12:19', 1, 'attributes_controller.php', 'products_filter=71&current_category_id=2&', '185.157.12.106', 0, '', ''),
(12, '2019-11-29 22:12:33', 1, 'attributes_controller.php', 'action=update_attribute&attribute_id=7&attribute_page=1&products_filter=71&current_category_id=2&', '185.157.12.106', 0, '', ''),
(13, '2019-11-29 22:12:45', 1, 'attributes_controller.php', 'action=update_product_attribute&attribute_page=1&products_filter=71&', '185.157.12.106', 0, '', 0x8d93dd6e83300c85df85eb69ebd64993f62c93a2347198a540a8e340d1b4775f80d041f911dc617ff639d8e62793cc8497c02050679fd947f69455e47450ec53e435865420829285920cb9a37648bdc58cab185d99d80eada50d90decf7d3754202a0283b7181a09d1c7bb9af3fbf3293e53e1bb292f1ac0fc9b67f5db58cccffa8ce6bc23168e34503239a91cfcb912188bcecf6974b3608c54ece800229c311ef81079587744f79b5fb91daafc30abd5d444754daf8993f2bb8e7a42180248135f10169881f6bb2466a38f465f59d946afb69def554c6ef65efdb0550d4606cb2b09f4ca8592416f9dc245fad8b85436e83588e01a90facce2aba04617e2ed17324fc3c5228f92ddd1fc835f2fdd7f530335843c7aef6ba2ed3814783ce38986410ba51c57b74614f2a665eb77817e021df1fb07),
(14, '2019-11-29 22:12:46', 1, 'attributes_controller.php', 'attribute_page=1&products_filter=71&current_category_id=2&', '185.157.12.106', 0, '', ''),
(15, '2019-11-29 22:12:54', 1, 'categories.php', 'action=new_product&cPath=2&pID=71&product_type=1&', '185.157.12.106', 0, '', ''),
(16, '2019-11-29 22:12:55', 1, 'product.php', 'action=new_product&cPath=2&pID=71&product_type=1&', '185.157.12.106', 0, '', ''),
(17, '2019-11-29 22:13:32', 1, 'product.php', 'cPath=2&product_type=1&pID=71&action=new_product_preview&', '185.157.12.106', 0, '', 0x8d55db6e1b3710fd15420f450258ca4ab2ebc40d0ab4451ffa10276851f445c06296a4d7d4921c8617ad7683fc7b87bb5acb926cb48661433367ce9cb970f46de63c8ac46328054459821052ccee66ab62b99e17ab79b166abd55d51dcadd7b3ab998110a52f39216bf44a86520d60721d6954e0986c2c63e724398b579de58347738e705e715906f494887ccbf5f5a2a09fe7901021a6909d27d483fc1d280d95ce8907bd363d008fc94bff92560b8690df88e86ef6eb2615c5c3ba629f3edffff1db2fb3ef4fb85205922acf8ac9560e5abf588028abae8418bdaa5294e75223ec4bae211c245d8667e345d963676a8f219c07ed948f09f4a540d02d74a3fa323c2ae794adcf83bfc6aeac70ff4a5bbf26b0511104bda0d11b65ff0b01fb8b0ca78864557c3d8f51fb61034f872b03f7ca4585769ad747f7f3c66fec26de630b57cc7968053a1458592599856dcb7b49335dde64c336f4c050180516588555622dfbdb2ac57e4f1e1db91bc22cd817dfcbde02ef91600259cab4c4dd77c1d1ba93b9e38f4c51b0439d16ec9f2e28d9d2479d6267c841610e799ff31637b149cc80e7400063311b6f39f8068843a78aacd878490cccfd80c069537e1a30300a26c24af60ec722bc14566116557b7a4194fc0b6ac9c176cc634fc36be9ff08d5cab2db9bfdb260dcb037cb55519cb848e3924c66f5967d9e3a025ef4c822317ab0bcdb922dffaad08ca5b0288d231f3da56c587ea05af9237aac3ad62a9f02b672c1fe3c66e9180635c6d6b03d90b45dc0e680194cb759c99c1492d22b9607d7765a1e032cb432529fa24f62687d0b547c6ee082fd15fd886a147b83cd822ddf13cb5bd643ab48e944713dff918934f69e18280b045aa3dc5ac67bf0964e19a3991b32c28265e0f512622b73ab874fabe46822e4bb1f2281663a910b0c0d594658c78281662c832b69f2140f383575581c18734eaa02db3441c6ae90f48354ea44ad479fc88bb69d768ad6fd6993c5a484c34b2bdf1d130fad57cc69b48b8f9b77e3e37976e48e2ff0fcf51a14528ff7f4d92d923b85890e98813a9fab4f681587c5d6d50453a6a64befc79801410f58cb385d50dc49df7a757918476cbeda709ef18106a4bb3363f27a3a0727a5b452d58f91ac3727df1bf4a5329ea0a712e56e9ebc9a1b182e6398c836efe8440c7fe666282cb3ff4fe0f77f01),
(18, '2019-11-29 22:13:37', 1, 'product.php', 'cPath=2&product_type=1&pID=71&action=update_product&', '185.157.12.106', 0, '', 0x8d544d6fe33610fd2b840fc52e107b653b69da74b1405bf4d0c366172d8a5e0c08239251c612395c7e449116fbdf3b94ac26b613b446e0c0336fdebc791cf2ebc2795249c6502a88ba04a5b45adc2c36c57abb2c36cb622b369b9ba2b8d96e17170b03216a5f4a46d6e45187124730a79e6830484a3696b1779a93c5abc9f2ce933945388f5297813c37e2dc7a7bb92af8f31c1222c41472f2887a94ff00d842d5e6c6a35e9bee40c6e4b53fd75a626009fa44648e4a68db1785a9b2ea4b88d16395a23e9510e1b1942d8443abf3f21c3c1b679ab8f614c269d103fa98a03d17086d07fda4be0cf7e81cdafab4f84beccb8a1e5fb1eb4b021b9121e4151fa941fb5f08783ceb708c4816e3eb7d0c3e8e9bf562f694d990d2ed7486cf7cd20f4889cd3550672b3f924509abbdab1986a6e6edf253cd88289942c7f974e941fbcee3f9a14dd8bc2970daf10e0cb6fd49b0d358df470e5e1ded242fec64c3e928160cf7fcca4d6f16bfec5251dc6d2bf1f1d3edefbffebcf8f67c7f75901e5d44b233fcbdfbb0f33bbb8bb7d4c185701e3a458e145516b5b0b0efe4a099727d9503fb30802065102c888aaa243af1974514bf254f8ed30d6356e2b31ff460410ec4304522655ae61efae0f84673b897f702b9d8519b56e2ef3ea0eef8679b626f38c1658ee490fb1657b149c28097c000632907af25f80698a34d1547a9f19a1984fb8e40f2a5f969c4c02498092b3d389a86f05a59a42caaf6fc4870f3cfd46a09b6179e06dee38eff4fd016adb8be7a5c17421af166bd298aa3146b5c73c86cde8a4fb323e0d5402232a3072bfb3dc7f21f86661a45446d1ce7f8b5c881f58f3cabbc274f552f3af42950a757e28fa72ebda080536d0dfb0349d7076a0e9831749d952c59212bbd10f9e0babed54f05163a1dd9a7e8931aadef8087cf06aec49fd14fa806c51b6a5662fd03b3bc150374c84a678acbe5f742a5c97b66e02e10788db2b5420ee02dbfd682cfdc70105622032fd7103b9dad1e7f6d92e313e1dced58097ca633b9a2d0706482f5221868a631246a934ff180c3d9617560cc3d790aead20c995c61e907a9ec44dd4e3995176d3fef14affbbf9bac6625125e5af9fea9f1683d0ad7925dbddfbd731f8eee57f2ed7caf8ee22fbe26f9ad59268f4b03e3db1ae6d2dd3bbe59e3d7d28c0599eb7f02bffd03),
(19, '2019-11-29 22:13:38', 1, 'categories.php', 'cPath=2&pID=71&', '185.157.12.106', 0, '', ''),
(20, '2019-11-29 22:14:23', 1, 'product.php', 'cPath=2&product_type=1&pID=2&action=new_product&', '185.157.12.106', 0, '', ''),
(21, '2019-11-29 22:15:01', 1, 'product.php', 'cPath=2&product_type=1&pID=2&action=new_product_preview&', '185.157.12.106', 0, '', 0x95545b6bdb4a10fe2b8b1f4a0bb1ea4bdc72d272a0e59c8770480ba590178318ad36ca487beb5eac48a5ffbdb3929cc672c3a146d8d6cc373bdf5cf6fbbeb0ce9491079f9710440e6529cac5d562b35a6f96e9d9b2cdea6abbbbda6d17170b053e0897734256c6a1f0390e6072fd3a063d3751873c74569073f5ac33bf7346cd11d62117b9378e12916fbddd642bfa3c85f80021fae43c397aa07f009450c89478e0abe31df0109d7013d7a7211a1401bfd339578b8ffbb85add6d0b767bfdf5bfeb7f6f96371f3e5d7ffdb0f8f188cfd1136331ab29593948f9db3acabce87208c161118398330ef09073097e62761e9e8c67d58f0daa9cf17e1e74401722c87382205be846f6b9bf476b5157f3e06fa1cb0bf3f04c77bf45d00109625c491ba050ff1f021ece329c22a2c6f07c1e850fc3229ece5878eed00634fa38b7f7f6efbddbeb7df808aeec0d6b792fbc06664a8540bf8529227bd98a4a04e035d99b8cbdddb152e32b561aa6a14e1134fcf5aed0286adf77fc9e45eba065d6f5dde8b1b4ebbdd1c985ac65958b9aa3c8d86de751b4649131748a7cd6f03e85ac76a1894c81e3405ea54d32bee5e01aa033642cc86a1a27289cd9170638edc7bb1133b150ac10bd35637e2788b0498453ea10d9e7637963d5c148e140f3ae261b3d3d52ca8c7d99c225ea8e198f23b30aeaf10f6b3b6f9a09c387d6acb72bc655c6fe49c6cb4dac889f0f6ec437c85e12689320af580f2d5252ea29f549f0e1f0f55f81e8b337ac8c6331d4b10b56831f5aa7c1d3e4b247f26d571f7b655ac3ac145ac3051d6c45ab910a4141494c49e47f3727d617786c9da35930e223236b1227ca26a23396800dd2cb2d8606855ade006d1db05af870ec1d17d45a3d75645c9be925edce058d540afe687b7e67a83a2847f3e52571319eca2147c63e0d7553d6a92974880f63bbac16d9fbfdeb71899f88cdaf9b90eec04c029429859c699975e28026929628a892724c1567b5ad0887aa22f17563d000a1cb244538aa993908d73a3c17a9119b8414e629ef40a1ec66c6e8e4f16a9e94d30aacee03597727524e3a3fcac1a35888c3323a5c2a1854ca1f0fdbbfa6690c5fcb769aa51a6699b2fc61c08f9f),
(22, '2019-11-29 22:15:08', 1, 'product.php', 'cPath=2&product_type=1&pID=2&action=update_product&', '185.157.12.106', 0, '', 0x9554db8adb4810fd95c60f2181b1e2cb78c34e422021fb302c93c01298178328b56a3465a92fe9cb68a4907fdf6a494e627986658df0a5ea549f53a7aafd7d619d29a30c3e2f21600e6589e5e26ab159ad37cbf46cc56675b5dd5dedb68b8b85021fd0e592919571843ea701cca95fc7909726ea9087ce222757cf26f33b67d41c611d49ccbd714cc4b9f57693adf8f53bc40708d1a7e4c9d183fc07a0068a26110f7a75bc0319a2433769fd559293670538d398a2129ae6495d655e743984e0a88801e70a023ce6b2013f319d97a7e0593763c39533decf8b1ec88508cdb940685ae846f5b9bf276b4957f3e26fa1cb0bf3f88c5bdf22e8400c31aee4892ad2ff8580c733865344d4149ee751f4382cd693d9149fd9a24c89cdc9bc9255f84026b2bf0aaae4e62d859a5065075b318e54c50be6c6a20192f319188e13360fe85a47e7831bb16959604e79078a9a6e166c91aafbc0c1ddc95af2ce8e56cc8dd2a098f33b935e2d3eeee36a75b72dc4edf5d7bfafffba59de7cf87cfdf5c3e2c7efab8c5e3ab2818c3e96bdb3eff76eaff7e123b8b237a2953d7a0dc2948a803f0b5344f1b2c50a03c803c7eb4cbcd98952d32b511aa1e1902a987bbd2b34e1c1f79dbc17d13a6885757d37662c5fe9dee89422d18aca452d093371db79c296234d0c9de29c35b24f25ab5da8a350e02470566993826f24b81af88c26161c35b5432e17f68501c9d7e6ed8899542851606fcdc8ef90059b2438518728be1cdb1bbb0ea641075a76078ef1d3135366e29fa9bc21dd09e3695456c161fc22dace9b7ac2c8c19af57625a4cac4a714bcdcc48af5f9e0467c4de225833609f24af4d01293b2a7ec13cae1f0f59f81e58b3f4419c766d8b10b71003f58a7c1f3e4b29fe2dbee70f4cab446d806b5860b3ed862ab891b21641253b2f8a7e624fa828ed6399e85603d4d1475d2c46c189db10cac897f4c176279037c19411cd087a37712d95a3d3932aecdf423edce058fb441f933f6fcce7077508ee1cb4bd6623cb7c3894c7c1efa66d6c9143ec487d12eab317bb77f6ddf9fec7974cd71bf4fe24f5fef74fb97d1d152c1f087e78fb5fbd7dcc1f0b66ca7fed5d07f3af47f16fcf817),
(23, '2019-11-29 22:15:09', 1, 'categories.php', 'cPath=2&pID=2&', '185.157.12.106', 0, '', ''),
(24, '2019-11-29 22:15:26', 1, 'product.php', 'cPath=2&product_type=1&pID=71&action=new_product&', '185.157.12.106', 0, '', ''),
(25, '2019-11-29 22:15:42', 1, 'product.php', 'cPath=2&product_type=1&pID=71&action=new_product_preview&', '185.157.12.106', 0, '', 0x8d55db6e1b3710fd15420f450258ca4ab2ebc40d0ab4451ffa10276851f445c06296a4d7d4921c8617ad7683fc7b87bb5acb926cb48661433367ce9cb970f46de63c8ac46328054459821052ccee66ab62b99e17ab79b166abd55d51dcadd7b3ab998110a52f39216bf44a86520d60721d6954e0986c2c63e724398b579de58347738e705e715906f494887ccbf5f5a2a09fe7901021a6909d27d483fc1d280d95ce8907bd363d008fc94bff92560b8690df88e86ef6eb2615c5c3ba629f3edffff1db2fb3ef4fb85205922acf8ac9560e5abf588028abae8418bdaa5294e75223ec4bae211c245d8667e345d963676a8f219c07ed948f09f4a540d02d74a3fa323c2ae794adcf83bfc6aeac70ff4a5bbf26b0511104bda0d11b65ff0b01fb8b0ca78864557c3d8f51fb61034f872b03f7ca4585769ad747f7f3c66fec26de630b57cc7968053a1458592599856dcb7b49335dde64c336f4c050180516588555622dfbdb2ac57e4f1e1db91bc22cd817dfcbde02ef91600259cab4c4dd77c1d1ba93b9e38f4c51b0439d16ec9f2e28d9d2479d6267c841610e799ff31637b149cc80e7400063311b6f39f8068843a78aacd878490cccfd80c069537e1a30300a26c24af60ec722bc14566116557b7a4194fc0b6ac9c176cc634fc36be9ff08d5cab2db9bfdb260dcb037cb55519cb848e3924c66f5967d9e3a025ef4c822317ab0bcdb922dffaad08ca5b0288d231f3da56c587ea05af9237aac3ad62a9f02b672c1fe3c66e9180635c6d6b03d90b45dc0e680194cb759c99c1492d22b9607d7765a1e032cb432529fa24f62687d0b547c6ee082fd15fd886a147b83cd822ddf13cb5bd643ab48e944713dff918934f69e18280b045aa3dc5ac67bf0964e19a3991b32c28265e0f512622b73ab874fabe46822e4bb1f2281663a910b0c0d594658c78281662c832b69f2140f383575581c18734eaa02db3441c6ae90f48354ea44ad479fc88bb69d768ad6fd6993c5a484c34b2bdf1d130fad57cc69b48b8f9b77e3e37976e48e2f30bfbdb3d36350483d9ed467e748ee1426ba6106ea7cb13ea1551c165b57134c999a8ebd1f630604bd612de3744471277debd5e56d1cb1f970c379c6079a91eece8cc9ebe9229c54d34a553f46b2de9c7c75d0f7ca78859e6e94dccd93577303c3710c13d9e61d5d89e1cfdc0c8565f6ff09fcfe2f),
(26, '2019-11-29 22:15:46', 1, 'product.php', 'cPath=2&product_type=1&pID=71&action=update_product&', '185.157.12.106', 0, '', 0x8d544d6fe33610fd2b840fc52e107b653b69da74b1405bf4d0c366172d8a5e0c08239251c612395c7e449116fbdf3b94ac26b613b446e0c0336fde3cbe19f2ebc2795249c6502a88ba04a5b45adc2c36c57abb2c36cb622b369b9ba2b8d96e17170b03216a5f4a46d6e45187124730a79e6830484a3696b1779a93c5abc9f2ce933945388f5297813c37e2dc7a7bb92af8f31c1222c41472f2887a94ff00d842d5e6c6a35e9bee40c6e4b53fd75a626009fa44648e4a68db1785a9b2ea4b88d16395a23e9510e1b1942d8443abf3f21c3c3bce74e2da5308a7450fe86382f65c20b41df493fa32dca37368ebd3e22fb12f2b7a7cc5ae2f096c448690573c5283f6bf10f078d6e118912cc6d7fb187c1c37ebc56c8e9fd86248e9761ae333abf40352627f0dd4d9cd8f6451c26aef6a86a1a979c1fc5433224aa6d0711e303d68df793c9fdb84cdcb02a71defc060db9f043b8df57de4e0d5d15af2ce4e4e9cfa64c170cfafdcf466f1cb2e15c5ddb6121f3fddfefeebcf8b6fcf575807e9d145243bc3dfbb0f3bbfb3bb784b1d5c08e7a153e4485165510b0bfb4e0e9a29d75739b00f03085206c182a8a84aa2137f5944f15bf2e438dd3066253efb410f16e4400c532452a665eea10f8e2f35877b792f908b1db56925feee03ea8e7fb629f686135ce6480eb96f71159b240c78090c309672f05a826f8039da5471941aaf9941b8ef0824df9b9f460c4c8299b0d283a3e9105e2b8b9445d59edf096efe995a2dc1f6c2d3c0abdcf1ff09daa215d7578feb424823deac37457194628dbc52c26cde8a4fb323e0d5402232a3072bfb3dc7f21f86663a8a88da38cef1839103eb1ff9acf29e3c55bde8d0a7409d5e893f9ebaf482024eb535ec0f245d1fa83960c6d07556b26485acf442e4c1757dab9f0a2c743ab24fd127355adf011f3e1bb8127f463fa11a146fa85989f50fccf2560cd0212b9d292e97df0b9526ef9981bb40e035cad60a3980b7fc600b9eb9e120ac44065eae21763a5b3dfeda24c713e1dced58093cd3995c51683832c17a110c34d331246a93a778c0e1ecb03a30e69e7c0aead20c995c61e907a9ec44dd4e3995176d3fef14affbbf9bac6625125e5af9fea9f1683d0ad7925dbddfbd731f8eee57f2ed7caf8ee22fbe26f9ad59268f4b03e3f31ae6d2dd3bbe59e3d7d28c0599eb7f02bffd03),
(27, '2019-11-29 22:15:47', 1, 'categories.php', 'cPath=2&pID=71&', '185.157.12.106', 0, '', ''),
(28, '2019-11-29 22:15:56', 1, 'categories.php', 'cPath=2&pID=2&action=attribute_features&page=1&', '185.157.12.106', 0, '', ''),
(29, '2019-11-29 22:16:03', 1, 'attributes_controller.php', 'products_filter=2&current_category_id=2&', '185.157.12.106', 0, '', ''),
(30, '2019-11-29 22:16:11', 1, 'attributes_controller.php', 'action=update_attribute&attribute_id=6&attribute_page=1&products_filter=2&current_category_id=2&', '185.157.12.106', 0, '', ''),
(31, '2019-11-29 22:16:21', 1, 'attributes_controller.php', 'action=update_product_attribute&attribute_page=1&products_filter=2&', '185.157.12.106', 0, '', 0x8d93db6e83300c86df85eb69ebd669177b9649519a38cc5248a8e34051b5775f38b5500e2a77d89ffdffd8e69a4966c2536410a8b3efec2b7bc94af23a2a0e7de42345542402c7424986dc5373cff892d1bb017d4f814ada08c3fbb16b860a444960f092422321ba785b73fc7c3da467aa7bf314440d98fff2ac7e1b4bf9599fd15cf0c4c293061a4c4e2a7b7fde0163d1fa398c6e168c918a3d3d81086f4c007e8a7c5a7744f79b9fb9e9ab423fabd5d444754daf4e930abb8e3a4218021826be202c3003ed7719988d3e1a43696593bcda66be573139d95bf5c3563518192daf2430281f1d83de3a85930ca9b15336ea3588e01c91bacce2aba0421fd3ed17321f868b459e24dba3b9833f6fed7f5301d5843c7aef6a92ed3414783ce38986410b4e8eab5b230a79d1b209bb40378196f8fb07),
(32, '2019-11-29 22:16:22', 1, 'attributes_controller.php', 'attribute_page=1&products_filter=2&current_category_id=2&', '185.157.12.106', 0, '', ''),
(33, '2019-11-29 22:17:08', 1, 'categories.php', 'action=new_product&cPath=2&pID=2&product_type=1&', '185.157.12.106', 0, '', ''),
(34, '2019-11-29 22:17:09', 1, 'product.php', 'action=new_product&cPath=2&pID=2&product_type=1&', '185.157.12.106', 0, '', ''),
(35, '2019-11-29 22:17:15', 1, 'categories.php', 'cPath=2&pID=2&', '185.157.12.106', 0, '', ''),
(36, '2019-11-29 22:18:11', 1, 'product.php', 'cPath=2&product_type=1&pID=1&action=copy_to&', '185.157.12.106', 0, '', ''),
(37, '2019-11-29 22:18:21', 1, 'product.php', 'action=copy_to_confirm&cPath=2&page=1&', '185.157.12.106', 0, '', 0x5dcbb10a80300c04d07fc9ac838efe4ca96d29016d429a0c45fc775b1007c77b7777010b450b5a1d46d860810982d7944930bdb60e236eced79ea2f18163d2d504e7d33363c9bdc15c48d2375615dc4dd338fdc4b5aef703),
(38, '2019-11-29 22:18:22', 1, 'categories.php', 'cPath=2&pID=169&page=1&', '185.157.12.106', 0, '', ''),
(39, '2019-11-29 22:18:30', 1, 'product.php', 'cPath=2&product_type=1&pID=169&action=new_product&', '185.157.12.106', 0, '', ''),
(40, '2019-11-29 22:21:06', 1, 'product.php', 'cPath=2&product_type=1&pID=169&action=new_product_preview&', '185.157.12.106', 0, '', 0x8d54d96edb3a10fd95811f8a16885c59a9919bdca040ba3c14e87a83a02f068411c928b42992e562452afaef1d2d6e6cf9a6ad61c0c6f09cd9cecc7c9f59677864c1e71c83c89173c16717b32c5d9c278b45929d43965d2cfeb9c8b2d9c9ac421f84cb19214be3a4f0b9ecc1f4f4e0467a66a20e7968aca0c7f4d1c7fcd6996a8ab04e32917be32810bd2d4ed3794a9f7d880f18a2ef1e0f5cf7e96f512a2c541f384d1749ffed33d7f11659884eb831eb7db2c68a28dfc9e3c5ecd52aa6e9ed6901575f6eaededcbc7ffd16ae6f3ebffdeffadd874f1fdf5dcd7efce2e5d2530d6252656765a8d4ff56c6f3a2c93104278b18c4b48680f73953e8c70c8fe99df1a81f43cb4a67bc9f92b6d28588ea384154353643f6b9bf93d64a5d4ec9df429317e6fe917e7f8ba8832488719c66a292fa4f08bc3f8a7088885a86c7e354f2be1fcd43d585674eda208ddee977695faedc4aafc2a50fcee8f2e5ab27061975fb5f9294bcf1a8983890f472f57c84423050a0e3ad819ab5c26b04c32b89f4fbb416a508c8d664dacce16c095ccb67605d2b5a8dac3584e10634ae3b26cdd062596829d6be6dd81d44ebb09ec3d7c64b51430d2a86a60209d6b0b6c3a6cbb08950a16348af95369df18ca1db20b1552cc86a364e101decae9e1e8363900a0ad15a3304768292335d3ea5a3758bf3cbc2c1eaf9d898af2dcd4a00378295d47d49e729b06a0ed7c10d196d24f0eedf8b2c96239449c8d2245b12105aaca570b81ec0d4526b60999c51073ca9013c0e258835104e6d1e3c3c3d3d4993d393cec9332a6b6394a126c21abd36e08512bcd1a61e0a02abb0dac8c3fc3f8d928c4a5925b4c639fc4eef3d894716374517d577c2f016c1cb2ec1c539b81dbda6ce0e350cf2754aac3b05b42649e7e47298b4bd8bf030aedda04ef6b4325ca8c9e1b14e6ca589b4f01596dd7a17a6c05dd2f3b52d092cab920ea71b983d8ec65e89b0bb3b662b5cede4f13919b0dde9c369dc5baca46a26c6e8d46e890e6aaa852cef0259970767986ef4b0b8bfd65a6c93e86452617f4ffcbeb3bfb027188329c570477efc04),
(41, '2019-11-29 22:21:13', 1, 'product.php', 'cPath=2&product_type=1&pID=169&action=update_product&', '185.157.12.106', 0, '', 0x8554db6edb4610fd95811e8a0430658aaee0da350c386d1e02b44d5ac3c88b0062b8bba657e25eb217d364e07fef2c49d5bad8a92088c2ec999933e7ccf2fbcc3ac3230bbee41844899c0b3ebb9c15f9e2225b2cb2e2028ae272f1cb6551cc4e660a7d10ae6484ac8d93c2977200d3d14b19e999893a94a1b3820ef3370fcb7b67d421c23ac944e98da34674b638cbe7397d76213e60883e1dee951ee83fa26cb06a86c679bec886efc05cc77b64213ae126d62fc9a5f4c4451cb04d51864df32a435e565d89213859c5200eb9047c2a59837eea749c9e8247738da3d7ce787f98f4285d88d81c13c4a6c56e645ffa0769add4f561f2b7d09595797a43b76f11759004318e93b74aeaff43e0d351877d44d432bcdd47c9a761c55e3d4df1035994e1a2d9f32b49251ea589a4afc23aa959990aa9068f0d13f3b5ad092c554dfbe6c6cc0157522111b6369b47e15a278fdd1bb16963f0b0ef3d2ad97407c156c8fa215070b9b7a5b4c2a31e53bfe864a6707028c3184c2d8e94d6a888cd770a5ece3eac629edf9f5570f3f7ddcdef777ffcf6116eefbe7cfce7f6d39f9ffffa74337bdedd7de199933648a3b7e957f67ae5567a15ae7c7046d7d71f7e32c868577fa58a5ba5f62a5ead4e27280403153ade1b68592fbc46305c49a4e7bb56d422205b53683387f325702ddf8375bde835b2de10861bd0b84e9934c262596929d6beefd80344ebb09dc3d7ce4bd1420b4d0c9d0209d6b03e61f365d84450e818d2a9d22605cf19ba0d5276132b8a9a8d13940e763bcf80c1a989824af4d68c8d9d207226f1a91dbd74e2fcaa72b03a9d84f9dad34d0be0267023f530d2450e4ccde136b891d146024fff7e2e623d41998422cf8a2501a1c7560a87eb114c925a03cbec9c14f0e406f0388e20d640b866f352e1ddd9499e9d9da422ef69ac8d690c89086bf4da80a745e59d36ed3810d806d546eef3ff3c593239651ba135cee1477eef583c657153a5ae3e19c37b042f13c1c505b86d7a4bca8e338cf62527d6c901adc9d23995b4d77bcb185db35dc2bdf80fae6abaced9cefdf0bb055e8baf4ea9caf093fd572bf3d1d2cb5d2aa325ce9e9fff05),
(42, '2019-11-29 22:21:14', 1, 'categories.php', 'cPath=2&pID=169&', '185.157.12.106', 0, '', ''),
(43, '2019-11-29 22:21:37', 1, 'categories.php', 'cPath=2&pID=169&action=attribute_features&page=1&', '185.157.12.106', 0, '', ''),
(44, '2019-11-29 22:21:43', 1, 'attributes_controller.php', 'products_filter=169&current_category_id=2&', '185.157.12.106', 0, '', ''),
(45, '2019-11-29 22:21:53', 1, 'attributes_controller.php', 'action=update_attribute&attribute_id=193&attribute_page=1&products_filter=169&current_category_id=2&', '185.157.12.106', 0, '', ''),
(46, '2019-11-29 22:22:07', 1, 'attributes_controller.php', 'action=update_product_attribute&attribute_page=1&products_filter=169&', '185.157.12.106', 0, '', 0x8d93dd6e83300c85df85eb696b37695af72c93a2347198a540a8e3d0a269ef3ef3938eb614953beccf3e07dbfc149a99709f1814dae2b3d8eede8aa7a2a16093e138c5de77123389086a5646339481ba31f72a99d030863ac31268b54f30bd8fedd0806a081c9e24940935c4fb9aedc7f3469eb9f2d9575447c0f29b2feaef6392bfe893cdc540ac0259a0c9e4ac72f4176a60ac7a3f9bece68671da70a00710159c8bc00f910feb6674bdf981bbb12a8eb35a4ccd5497f48e32a9b8ea682094238069e237840766a0f52e1373a78fc5d878dd8957df5dee55cdcef65c7db5550b4e27cf0b098c26a49ac1de3b85bd8ed2b8363ed92588e0909086cccd57418b21c9ed57ba9c868b552992fdd1fc835f2ffd7fd3021d09397b1f6ac4b60c05aecf78a6e1d043adf3ea96884a9faceee22a304ca0277eff00),
(47, '2019-11-29 22:22:08', 1, 'attributes_controller.php', 'attribute_page=1&products_filter=169&current_category_id=2&', '185.157.12.106', 0, '', ''),
(48, '2019-11-29 22:22:17', 1, 'attributes_controller.php', 'action=set_products_filter&', '185.157.12.106', 0, '', 0xab562a28ca4f294d2e298e4fcbcc29492d52b2523254d2514a2e2d2a4acd2b894f4e2c494dcf2faa8ccf4c01ca1829d50200),
(49, '2019-11-29 22:22:18', 1, 'attributes_controller.php', 'products_filter=1&current_category_id=2&', '185.157.12.106', 0, '', ''),
(50, '2019-11-29 22:22:28', 1, 'attributes_controller.php', 'action=update_attribute&attribute_id=5&attribute_page=1&products_filter=1&current_category_id=2&', '185.157.12.106', 0, '', ''),
(51, '2019-11-29 22:22:41', 1, 'attributes_controller.php', 'action=update_product_attribute&attribute_page=1&products_filter=1&', '185.157.12.106', 0, '', 0x8d93dd6e83300c85df85eb696b374d9af62c93a2347198a540a8e340d1b4775f08d041f911dc617ff639d8e62793cc8497c02050679fd97bf69455e47450ecfbc839465420829285920cb9a3b6cfbcc68cab185d39416b69030cef6fa9192a101581c15b0c8d8448f1aee6fcf17c8acf54f7eec98b0630ffe659fd3616f3b33ea339ef8885230d34989c54f6fe5c098c45e7e734ba5930462a76740011ce180f7c883cac3ba2fbcdafdcf655be9fd56a6aa2baa6d7c449f95d478910860086892f080bcc40fb5d0666a38f465f59d946afb69def554c4ef65efdb0550d4606cb2b09f4ca8592416f9dc245fad8b85436e83588e01a905266f15550a30bf1f60b990fc3c5228f92ddd1fc835f2fdd7f530335843c7a4f35d1761c0a3c9ef144c3a085528eab5b230a79d3b2f5bb409a4047fcfe01),
(52, '2019-11-29 22:22:42', 1, 'attributes_controller.php', 'attribute_page=1&products_filter=1&current_category_id=2&', '185.157.12.106', 0, '', ''),
(53, '2019-11-29 22:22:48', 1, 'specials.php', '', '185.157.12.106', 0, '', ''),
(54, '2019-11-29 22:22:58', 1, 'specials.php', 'page=1&sID=19&action=delete&', '185.157.12.106', 0, '', ''),
(55, '2019-11-29 22:23:04', 1, 'specials.php', 'page=1&action=deleteconfirm&', '185.157.12.106', 0, '', 0xab562af67451b25232b454aa0500),
(56, '2019-11-29 22:23:05', 1, 'specials.php', 'page=1&', '185.157.12.106', 0, '', ''),
(57, '2019-11-29 22:23:12', 1, 'categories.php', '', '185.157.12.106', 0, '', ''),
(58, '2019-11-29 22:23:18', 1, 'categories.php', 'cPath=2&', '185.157.12.106', 0, '', ''),
(59, '2019-11-29 22:23:23', 1, 'product.php', 'cPath=2&product_type=1&pID=1&action=new_product&', '185.157.12.106', 0, '', ''),
(60, '2019-11-29 22:23:50', 1, 'product.php', 'cPath=2&product_type=1&pID=1&action=new_product_preview&', '185.157.12.106', 0, '', 0x9d546d6bdb3010fe2b221fc6064dea240b5dbb3258b77d1b8c314abf04cc59525d257a714f525c7becbfef643b6de3ac6ccc043bdc3d77f7dcebcf49854e441e7c2e20c81c84906272315964f3c534fd966c915d2c9717abb3c9c9c4800f12734ec8d2a1923e571d98544f6e94e72eda9087a692a4cc5e54e6b7e8cc1851a1e232f70e2910e9e6f377b38c9ee7101f20449f9407ae3bfa3b501a0a9d02777c6dbc051e224a1cb83e37b16008f893fc5c4caed631cb6e9705fbf8fdfae3e7ebaf9fbe4c7e3d4273e589ac1ca593a41cb4fe630a222f9a1c424055c420c764033ce45c831f481d9b27e151e27d6d4a74de8f8d760a43047d4c10740d4dcf3ef777aaaa942dc7c6f7a1c90bf7f04261ef23d8a008e25050f38db27f43c0c351844344b42abc1cc7a8876e060fdb2b3d475505e5ecbe6597d58735aeed3a5cfa80ce961fae5e39e054edf7d445f226a2e6f2727d3a685970ac0014ad63356fa5b7c09c300ae8fbba96a50cc03724daced8d98a09abdeb00a5bd95ae0ad238c70ccc22659d2a4cc57855572e3db86dfb15821d43376d378256b56331d4363986295e36dc266abb08dcc007220adb12e09cf38e016c85ac782a46e8b92cc59b54fa1c3c010c4b042b695eb03a324722ef129915629ce2e0b64ebd3a116372d8d47603880b5b25d4ae719e366c67e04ec196d1513e9dfdb452c072857b4ead3c58a80ac855a49844d0fe6c4cbb1d5f48c2ae0a9014cc43e05b96184d3db270faf9727d97479929cbca1b4b64e3b2a22db80b78e79a9a568acab1b7348fadbd087a13d9596d6c28cfd635f072be18a14caa76e8816985789d5fc9ce1debca672f6c4fb9ea5f26f52d9ada53ecec8653f51cf36ff692cd3408ef6d13821f5e8a6542877ca455a6c03655ae3c215b0273ddb5425819529e912626fd9e168bcb50cfbfbe276126b54c767a3c7a6ab06e3b8b760946e46c2887abf2c0739d552957781a4ab83bb4a47b75fd0c7f595bb69443535d0dd0dbf77b63ea5acbad7f431b729f9318e562845fa0fa35fbf01),
(61, '2019-11-29 22:23:55', 1, 'product.php', 'cPath=2&product_type=1&pID=1&action=update_product&', '185.157.12.106', 0, '', 0x9d54db6adb4010fd95c10fa585d891ed9a346908f4f65628a584bc18c46877a3acbd17652f51a4d07fefac2437b19cb4a5c65866e69c99b36766f530a99ce591059f730c2247ce059f9c4d16d97c314ddf252cb2b3e5f26c7532399a68f441b89c11b2b44e0a9fcb0e4ca9c732d2331b4dc84353094a662f26f36b67f5185139c944eeada346949bcfdfcd32fa3c85f88021fa94dc2bddc9bf43a9b050a971a7d7c46b64213ae106ad8f945c7a5220461a5394a152cfeae279d1e4188293450c62ac20e07dce14faa1d3213d050f4ed31fb874d6fb31e94eba10511d0a445563d3abcffd8dac2a69ca31f936347961ef5f70eb36a2099220d6719aa896e66f08bc3fe8b08f88468697fb6879df2dd6b3d9141fd9a22d176a6f5ec92a71276d247f3596c9cdc216483578544ccc36554960a94bda32d7333b5c4e8544d88dd9de09573b7938bd1e9b3606c77daf514bd58c82b590e54da0e06a6f3769717b3fc66e19d4d4f3819a9e4d3eae63965d2f0bf8f0fdf2c3e7cbaf9fbe4c7e3e5d65e199935590d6ec18e7d5c5daadcd3a9cfbe0ac292f3ebeb2c86809df53919d05e7ebe3210bc142818eb7166ad60a6f102cd712e9f9ba16a508c83614dacee06405dcc83750b956b406596b09c32d18dc2426099daf0a23c5c6b70dbb815839ac6770d578296aa841c5d068905059d6266cb60adb081a1d43ca6a6353f084a1db22b1552c286ab74e101daadd113a0c0e4d3414a2ad6cdfd8091267939ed2d16b23cece0b07ebe3c18bab966e4d0037809534dd914e33607a063f82eb156d25f0f4efed22960394497aad4d172b02428bb5140e373d98912e0babe90939e06900c0637f04b101c2a9ed6385d7cba36cba3c4a45ded0b1b65659321136e88d054f4bc71b63eb46ef8bfe36cc61184fa5843138837f9cebc0e2b648ad7c9a066f11bc4caae6a7e076f49aecec85f7334bf66f92edc6d01c6754b2bad85bbae8d46ed9f6e27fb86be93e4ea393538ddd2bc8ef0aac8f09ddfd4c7f73a654515b5abb54fd3f483f7f01),
(62, '2019-11-29 22:23:56', 1, 'categories.php', 'cPath=2&pID=1&', '185.157.12.106', 0, '', ''),
(63, '2019-11-29 22:24:04', 1, 'product.php', 'cPath=2&product_type=1&pID=1&action=new_product&', '185.157.12.106', 0, '', ''),
(64, '2019-11-29 22:24:14', 1, 'product.php', 'cPath=2&product_type=1&pID=1&action=new_product_preview&', '185.157.12.106', 0, '', 0xa554db6adb4010fd95c50fa585c891ed9ab46928f4f65628a584be18c46877a3acbd177576d78a54faef9d95e424961b5aa8309299393373e6fa7356a31391075f0808b20021a4985dce96f96299a5df8a2df3cbd5ea727d313b9b19f04162c109593954d217aa0793eac18df2dc451b8ad0d69294f993cae2069d99226a545c16de210522dd62f16a9ed3f318e20384e893f2c8754f7f0f4a43a953e09eaf8d37c043448923d7c726160c017f929fcbd9fb4dccf39b55c9de7dbd7ef7f1faf3874fb35ff7d04279222b27e9242907adff988228cab68010509531c829d9007705d7e04752a7e6497892f8509b0a9df753a3bdc210419f1204dd403bb02ffcadaa6b65aba9f18fd016a5bb7ba2b03f22d8a008e25050f38db27f43c0dd49846344b42a3c1dc7a8bb7e068fdb2b3d475507e5eca16557f5db0d6eec265cf980ce566fdf3f73c0a9da6fa88be44d44cde5d5e67cd4b2e05809283ac71ade496f81396114d0f779232b19806f49b49bb38b351356bd603576b2b3c03b4718e198856db2a44959ac4babe4d6772dbf65b14668e6ec7beb956c58c3740cad618ad58e77099bafc32e3203c881b4c6ba24bce0803b206b1d4b92ba1d4a3267f521851e036310c34ad9d56e088c92c8b9c4a7425aa538bf2a916dcec75a7cef683c02c311ac95ed537a9d336ee6ec5bc081d14e3191febd5cc66a847245ab9e2dd704641d344a226c0730275e8eadb30baa80a70630118714e496114eef1e3c3c5f9de5d9ea2c39794169ed9c765444b6056f1df3524bd15ad7b4e698f497b10f637b6a2dad8539fbc7be8e56c29529944fdd101d30af12abc56b8607f386ca39101f7a96cabf4d65b796fa382797c3443ddafc87b14c0339d947e384d4939b52a3dc2b1769b10d54698d4b57c281f47c5b570456a6a24b8883658fa3f1d6321cee8bdb4b6c509d9e8d019bae1a4ce3de8051ba9d0823eac3b21ce5d44855dd0692ae8fee2a1ddd6141efd757eeb3882a33d0df0d7f70b639a7acfa57769f5b467e8ca3154a91fed72883185c25874bf3eb37),
(65, '2019-11-29 22:24:22', 1, 'product.php', 'cPath=2&product_type=1&pID=1&action=update_product&', '185.157.12.106', 0, '', 0x8d54ef6bdb3010fd57443e8c0eead44916ba75a5b06efb361863947e0998b3a4ba4a249dab1f75edd1ff7d27db599b64dd1a421ceedebb7b7a77f2af49ed50441e7c2120c802849062723699e7b37996be0b36cfcf168bb3e5e9e47862c007e90a4ec80a9d92be503d98524f6594e7186d28425b4b4ae62f268b1b87661f513bc565e1d15123cacd66efa7397d9e437c80107d4aee94eee5df83d250ead4b8d76be30df0109d74a3d6274aa13c29907b1a539483d67fd5258ab22d2004a7ca18e4be82000f05d7e0c74e87f4143c38cd70e0caa1f7fba47be542047d28107403eda0bef0b7aaae95adf6c977a12d4a7c78c1adbb08362882a0133451a3ecff10f070d0611711ad0a2ff731eaa15facbf66537ccf168342ea9d7925abe4bdc248fe1aa8929b2596403544d45c4ed7754560652ada3237307b5c418564d88e19efa56b9c3a9cde804d1b03fb7d6fc028ddee051ba9aadb40c1e5ce6ed2e20e7e8cfda25399817e4219c480953c70da822135bf287836b95cc53cbf5994ecd38fab4f5faebe7dfe3a797cbee4d273a7eaa0d06e19e7f5c5caadec2a9cfbe0d05617976f1038ade7472ab235e77c75326659405682131db28677d25b60288c027a1e35b29201f89a429b293b5d3261d55b56bb4e761678878411c82cac139384ce96a55572edbb96dfb2583b68a6ecbaf54a36ac613a86d630c56ae45dc2e6cbb089cc80e340596331054f39b80d105bc792a2b87192e8acde1ea1c7c0d8c4b05276350e8d9d247198f4548e5e28717a5e3ab63a19bdb8eee83e05e646b056b63fd2879c7133653f831b146d1413e9dfbb79ac462857f4c2cbe64b02b20e1a251dac0730275dc896d92939e069004cc4e10872cd08a7374f158e16c779b6384e45ded2b136a8914c646bf01699a77514adc5a635bba2bf8f7318c7536b692d4cd92be73ab20496a9954fd3101d30af92aad907e6b6f486ec1c840f334bf6af93edd6d21ca754b2bed859bae8f476d976e2ffb885e9a666cf56df6f0bac4e08ddff647f38195534486b97aabf9634797cfc0d),
(66, '2019-11-29 22:24:23', 1, 'categories.php', 'cPath=2&pID=1&', '185.157.12.106', 0, '', ''),
(67, '2019-11-29 22:26:58', 1, 'categories.php', 'cPath=1&', '185.157.12.106', 0, '', ''),
(68, '2019-11-29 22:31:32', 1, 'categories.php', 'cPath=3&', '185.157.12.106', 0, '', ''),
(69, '2019-11-29 22:32:30', 1, 'categories.php', 'cPath=3&pID=6&action=attribute_features&page=1&', '185.157.12.106', 0, '', ''),
(70, '2019-11-29 22:32:35', 1, 'attributes_controller.php', 'products_filter=6&current_category_id=3&', '185.157.12.106', 0, '', ''),
(71, '2019-11-29 22:34:00', 1, 'attributes_controller.php', 'action=update_attribute&attribute_id=9&attribute_page=1&products_filter=6&current_category_id=3&', '185.157.12.106', 0, '', ''),
(72, '2019-11-29 22:35:18', 1, 'attributes_controller.php', 'action=update_product_attribute&attribute_page=1&products_filter=6&', '185.157.12.106', 0, '', 0x8d93dd4ec3300c85dfa5d7083a3621e05990a22c718aa5b4e91c675b857877dcbfd1ad5db5dec5e7b37de2b83f996626dc27068536fbcc3eb2a7aca66093e1d847de2462121154ac8c66280235bdb21525d48ca11ad08d048eda2718cebb4d570d0da89ac0e1596223a2bab8045e77efd39e173f519d008b6fbe4abd8f899e4f81d1580cc42a90051aee32c9ecad850a18cbd64afe9ccbb7c4386d38d003880ace45e087c887fb8ee87af103377d56ec67b5284dba2ef53bc9a4e2aaa38e508e008689cf080fcc40eb5506e64e1d8bb1f6ba11afbeb97e573559d74bf6e6261b9c4e9e17048c26a48ac1ceb5ded65e47295c199fec12447048489d32bb151c3124d9fb5217c370b12ca465bb34ffe0d74bfbcf1c814e843c7aef72c4b60c056ed778d2c3a1874a8f4fb74494fa6c751357816e022df1fb07),
(73, '2019-11-29 22:35:18', 1, 'attributes_controller.php', 'attribute_page=1&products_filter=6&current_category_id=3&', '185.157.12.106', 0, '', ''),
(74, '2019-11-29 22:35:32', 1, 'categories.php', 'action=new_product&cPath=3&pID=6&product_type=1&', '185.157.12.106', 0, '', ''),
(75, '2019-11-29 22:35:32', 1, 'product.php', 'action=new_product&cPath=3&pID=6&product_type=1&', '185.157.12.106', 0, '', ''),
(76, '2019-11-29 22:36:38', 1, 'product.php', 'cPath=3&product_type=1&pID=6&action=new_product_preview&', '185.157.12.106', 0, '', 0xb5544b6fdb4610fe2b5b1d8a06b064598e60d73172701204e9a107bbbd092086cb153de27287d9876832f07fcfac56942daa464f11046931cfef9bd78f4963a908d2bbac00af32280a554c6e268bf9c5621abf976231bf595edd5c5e4fce263538af6c26d9b2248bca65188d2f59f512069da4607ce6bb46b172fea6325b5baac7168d45a932479613451cefaf6773febc36711e7c70acbc380abd83bf05d490eb987887d78435481facb27bac473e066ab6fcc1c29bc92795070dc2adc2fce2fd82ea8a5a8aef2bc9bff3f565927b10f7dffefafbe1eedffbaf5feec572f27c0897a163466ac4394a2568fd9f3c8b2cef32f0de621ebc1aa3f3f094490d6e8ffcd43d0a4faa930a585a726eecb445eb03e85380a05be812facc3d62d3a029c7cedf7d97e5f4f446f5bf07301ed9846cc11352a3f93f0b783ac9706c110cfab7f3d4f8a44efa5928272d361ec90c6dbd6d3eaeeccaac7cecdf12ac2a0c522b7be50c08997a5e90c8c1163d8922753994c8032e1adb2bf9486dd78241107f1868958fd6ec6e5b09ef66e29f966cdf8922a4515167a20a1a794b526c257a2151992aaae74be1fa6e33bc51ec93b9415291261b8e4730b749d953cb9066e2336c9468546b3a0ed0768e2a148d267380d0c9c733e15be6b37bb59dfd9d40f2787d680d189625640c6ccfb92669f6004680385b8ff179f12767f1aa0e03ab5d31f3169537c81c0db97e1fa2cf71c86745cde5e3d2c9de746722ee34c54a2a467e5aefe36aabd9edea3cb5eed0c15be72d99f2e35df2ad3869e7bc89a5e66a34b10f3dd407b65c7684812ed74a70abaa2858cc4555fec6f1f7f1c44345c643e5c346b83d5f2e0f1f0714907722709a0a76fcaeb8fb55c20c3c486ae37a6663d6646b909b57a05fdd8597a18de33adad69a0aa5d3b17ab5c16a8b1478ed6b28e392dfe3c6b83cd852d93bd0813770b6694a76c1bae4936a93ffce9a57402b3fdc20daf29c5a3c3d2dc9369e4718675f336ddd8d84c1ea61a18e98b50acb473f8e1e3b9d96f8b0e26a3b0d16a735ec6e8b1b82adced30a0eff53a7d3d8f7a43d4ced0bf1e9729a27ee11c02f8a3585e0a954e9763dff04),
(77, '2019-11-29 22:36:43', 1, 'product.php', 'cPath=3&product_type=1&pID=6&action=update_product&', '185.157.12.106', 0, '', 0xa5544d6fdb3810fd2bac0f8b16885dc7a9916e36e8216d51740f7b48db9b016144d1ca581447e54714a9c87fefd094525b6ed0c31a81430c67de7bf366e81fb3c65211a47759015e655014aa985dcd56cbf3d53cfe5d88d5f26a7d7975f1767636abc1796533c9992559542ec3987cc157bf60d0490ac667be6b145f2e9fbdccb696ea69466351aacc9165a2a8e3cddbc5923f8729ce830f8e2fcf8fa0f7f2ef0135e43a12eff59ab005e9835576d07a5093a163096a2232462568fd5b6145967719786f310f5e4d257878c8a40637509d96c7e0493ba9e3d29273d3a27bb43e803e1508ba852ea9cfdc1d360d9a725afcdd77594e0fcfd8f53d80f1c829640b1e698de64f19f070c2709c110cfae7796a7c50c573b7313eb1a5a642e934c603abd43d52607f6b28a39bb7b8332e0fb654f60674e05617bba6e412ac4b5e369beaf7d919c3293f0e9bee956d2d9ece30e5c6c58129fb166ad4dd24d82a2ceffc1425ee6f7265e00b16e735ece73487e0a954277e1ba859cd0f0e5ecddeab3c68106e1396e76f565457d4523c5f4afe5e6e2f52dc83b8fdfcef7f5f6ebedd7efa782bd6b3c7c3f7a09cb4d8782433a25e37ef367663363e96afc1aac220b5b257ce809089b22091832d7a1245220925f263178ded95bca3b66bc1208897065ae5633697db56c2ab85f8da92ed3b5184a4549d892a68e45f8c84ad442f242a53c5ebe55ab8bedb8d671403991b231569b2e1d881dca6cb9e5a96b4101f60a744a35ad33140db39aa50349acc93844ede9d09df723ffb53dbd9bf0824bfdc7f5a03866349190b1b7aae499a41c04410b3f5188fe77f338b577518bbda9b99b7a8bc41eed190eb07883ec791cf8a9aed63eb646fba3311f783a2938a959ffa7decb65a5c6f5ea7d13d4df0da794ba67c77936a2b26ed9c37d16a76a38973e8a17eea966d4718db65af048faa8a81d55254e50bc61ff0c4978a8c87ca879d7043bf6c0fef260ac83b1198a6827d7f973cfd2a69065e24b5733d7763b6646b90bb41f4d14a06abc7553c8afff135c7773f3f78426e84d9bc4e6b3bfe9f3b9d56a527ed616e7f01ced7f33c6146eaff8b357b7cfc09),
(78, '2019-11-29 22:36:44', 1, 'categories.php', 'cPath=3&pID=6&', '185.157.12.106', 0, '', ''),
(79, '2019-11-29 22:36:52', 1, 'product.php', 'cPath=3&product_type=1&pID=125&action=new_product&', '185.157.12.106', 0, '', ''),
(80, '2019-11-29 22:37:16', 1, 'categories.php', 'cPath=3&pID=125&', '185.157.12.106', 0, '', ''),
(81, '2019-11-29 22:37:23', 1, 'product.php', 'cPath=3&product_type=1&pID=6&action=new_product&', '185.157.12.106', 0, '', ''),
(82, '2019-11-29 22:37:45', 1, 'product.php', 'cPath=3&product_type=1&pID=6&action=new_product_preview&', '185.157.12.106', 0, '', 0xad54db6edb4610fd95ad1e8216b014598ee0c4750dd4695134409a4269df0410c3e58a1e71b9c3ec453419e4df3bab15658baad1970a82b498eb99cb99af93c65211a47759015e655014aa98dc4c16f3cbc5347eafc4627eb3bcbeb97a3bb998d4e0bcb29964cb922c2a976134be62d55318749282f199ef1ac5caf98bca6c63a91e5b3416a5ca1c594e1471bc793b9bf3e7b989f3e08363e5e549e83dfc1da0865cc7c47bbc266c40fa60953d603df13150b3e55716de4cdeab3c68106e1de6976f165457d4527c5f4bfe9d6fae92dc8358fdfee18fcff77faf7efb752596e27643c60b499aec4feb8955c57a7227fe5c7dfaf8e9fd879f6fd7afa3fa6ef2ed983443c775ab5167a25482d6ffda8d22cbbb0cbcb79807afc6357878cca40677a8efdc3d0acf7a98da5c5a726eecb443eb03e87380a05be812facc3d60d3a029c7ce5f7c97e5f4f8c28cbe04301ed9846cc17b54a3f92f0b783ccb706a110cfa97f3d4f8a8cea65e28272d361ec90cc3bf6deed6766dd63e4e79093c4683d4ca5e390342a6cd2848e4608b9e4491762194c834108ded957ca0b66bc12088ef0db4ca476b76b7ad841f66e2af966cdf8922a4855217a20a1a994b29b612bd90a84c15d5f3a5707db71dde280ec9dc20a9e2ae85d345cd6d52f6d432a499f805b64a34aa351d07683b47158a46933942e8e4c385f02dd7b37fb59d7d452079bd7e6c0d189625640cec50734dd21c008c0071b61ee3f3f21d67f1aa0e4355fb66e62d2a6f906b34e4fa43883ec7219f1535b78f5b277bd35d88c87c8a9d548cfcbcdfa7dd563366581add7182b7ce5b32e5dd7df2ad3869e7bc89ade66e34710e3dd4c76ab9ed0843b9dc2bc1a3aaa260311755f91dc73fc4139f2ba632543e6c853bd4cbede1138202f24e044e53c1bebe6b9e7e9530032f92daba9eab311bb235c8ed33d0cfeec2d3d2c6751db1b5a642e974d29e3158ed9002d3be8632927c855be3f2604b65ef410766e06cdb94ec8275c987d726ffbd3553402b3fdc20daf19e5a3c3f2dc9361e511867df70d9ba1b0983d503a14e2a6b15960f7e1c3d4e3a91f84871b59b068bd31af6b7c50dc1d6af130587ffa9d369ed7bd21ea6f6a9f0e93226fe9f634c21782a55ba55dffe01),
(83, '2019-11-29 22:37:55', 1, 'product.php', 'cPath=3&product_type=1&pID=6&action=update_product&', '185.157.12.106', 0, '', 0xa5546d6fdb3610fe2bac3e0c1d10b98e53236d960558ba615881ad85db7d33209c285a394b2255be84918afcf71e4529b5e505fd30c3b0897b7b9e7beec8af49ab55e1b835590156645014a248ae92d5f27c9586ef055b2dafd69757176f92b3a4016385ce3845964aa3301986e00b727d2f83862b276d66bb569073f9ac33db69d5cc235a8d5c644669020a3c5ebf592ce97318622c5867c8797e547aa07f0f58435e07e081af743be0d669a147ae0739191aa22066248395435dff27b122cbbb0cacd5983b2be6142c3c64bc0633429da607e3493bb1e3522b63e649f7a8ad83fa9420d41ebac83e3377d8b628cb79f217db65b97a7846ae2f0ea4450a51baa09136287f14010f2708c7114ea27d1ea7c107513ce70df6992c8d2a441dc7782095b847e548df06caa0e606f7d2e44e9742df42eda8d5c5be2d29059b92964dc7fc213aa372c24ec356f7427b8da7338cb16171608ebe8306eb6e66f402cb3b3baf12f637aa32e2398d6903c39c52705695e2446f090db1f94ac6abe49dc85d0dcc6cddf2fcf54a3595f22a9c2f39fd2e7717d16e816dfe7affcfa7db7f377ffeb1616b76bd53d232ae6aa57fdd265a14dbe4867ddc7cf8fbc3bbf7bf5d6f5f05f74df278786b84e11a5b8b4a4ed8d7edcd566fe5d6069035501589caf35e18098c4762856239e8a257ac88545c89f424b056f782df29df799008eca5042f6c88a674ed39fcbc609fbdd27dc70a17fb1167ac7235d2bb126b0bd6338e4256c1bd5c33d377fbe98c6c043393a50aadba639d721d9dbdf24469c17e87bd60adf0b2a302be33aa42d6d64a3e51e8f8dd19b39efa194ebed33f29e074bf7ff11224d922332236f6dc282e4702334284d663389ebf25142b1a37753588997b145622f52895e9c7127d8e139e660dc947d2f15e76672c6c910a4a0a627eaaf7b1da6241038ea37b9ae0b5b15ac9f2e636e65604da192b83d4a4461be6d043f3d42dc98e30b54b5a311a55150cab25abca17547facc73e55b4495059b76766ec97e4a10d460679c71cc15430f47749d3af2267a045127bd3533772a774037c3f923e5a49a7eb69158fec3fbcf3e175480f2e9a99ca6c5fc5b59dfe5353c755e9556d21d5df0ba6eb00f97f6ba4e19ea5c335a4db935207b4317b18ccc9e3e337),
(84, '2019-11-29 22:37:56', 1, 'categories.php', 'cPath=3&pID=6&', '185.157.12.106', 0, '', ''),
(85, '2019-11-29 22:38:05', 1, 'categories.php', 'cPath=3&pID=6&action=attribute_features&page=1&', '185.157.12.106', 0, '', ''),
(86, '2019-11-29 22:38:09', 1, 'attributes_controller.php', 'products_filter=6&current_category_id=3&', '185.157.12.106', 0, '', ''),
(87, '2019-11-29 22:38:19', 1, 'attributes_controller.php', 'action=update_attribute&attribute_id=9&attribute_page=1&products_filter=6&current_category_id=3&', '185.157.12.106', 0, '', ''),
(88, '2019-11-29 22:38:30', 1, 'attributes_controller.php', 'action=update_product_attribute&attribute_page=1&products_filter=6&', '185.157.12.106', 0, '', 0x8d93dd6e83300c85df85eb69a3da34697b9649519a38cc5220d47168d1b4779ff9eba05054eee2f3d93e71cc4fa699098f8941a1cd3eb38fec29ab29d864380e917789984404152ba3198a40eda0bc8a126ac6508de841028df609c6f3dba1af8606544de0f022b109517dbcab92e7cfb97cf3c65753519d018b6f5ee4dfc7445fd499dcc540ac0259a0f142b3ccc15fa880b1ecfc5cddac18a70d077a0051c1b908fc10f970df09dd2f7ee276c88ac3ac36a559d7ad7e679954dc75d413ca11c038f115e1811968bfcac8dca96331d65eb7e2d5b7cb7755b39dbd661f6eb2c1e9e47943c06842aa18ec5a1b6c1d7594c295f1c96e4104a784d42bab5b418321c9f297ba18878b65212dbba5f907bf5eba1fa7013a13f2e4bdcf11db3214b85de3590f871e2a3d3ddd1651ea8bd56ddc05fa0974c4ef1f),
(89, '2019-11-29 22:38:31', 1, 'attributes_controller.php', 'attribute_page=1&products_filter=6&current_category_id=3&', '185.157.12.106', 0, '', ''),
(90, '2019-11-29 22:38:44', 1, 'specials.php', '', '185.157.12.106', 0, '', ''),
(91, '2019-11-29 22:38:51', 1, 'specials.php', 'page=1&action=new&', '185.157.12.106', 0, '', ''),
(92, '2019-11-29 22:39:09', 1, 'specials.php', 'page=1&action=insert&go_back=&', '185.157.12.106', 0, '', 0xab562a28ca4f294d2e298ecf4c51b2523253d2418814146526a702058162c505a9c9998939083123130b0ca529f14995f1892525459949a525508da505298925a9f1a8b6800c2c492c2a813053f3c062b500),
(93, '2019-11-29 22:39:10', 1, 'specials.php', 'page=1&sID=24&', '185.157.12.106', 0, '', ''),
(94, '2019-11-29 22:40:50', 1, 'categories.php', '', '185.157.12.106', 0, '', ''),
(95, '2019-11-29 22:40:56', 1, 'categories.php', 'cPath=3&', '185.157.12.106', 0, '', ''),
(96, '2019-11-29 22:40:56', 1, 'categories.php', 'cPath=3&', '185.157.12.106', 0, '', ''),
(97, '2019-11-29 22:41:52', 1, 'categories.php', 'cPath=3&pID=72&action=attribute_features&page=1&', '185.157.12.106', 0, '', ''),
(98, '2019-11-29 22:41:57', 1, 'attributes_controller.php', 'products_filter=72&current_category_id=3&', '185.157.12.106', 0, '', ''),
(99, '2019-11-29 22:42:50', 1, 'attributes_controller.php', 'action=set_products_filter&', '185.157.12.106', 0, '', 0xab562a28ca4f294d2e298e4fcbcc29492d52b252b23455d2514a2e2d2a4acd2b894f4e2c494dcf2faa8ccf4c014a192bd50200),
(100, '2019-11-29 22:42:51', 1, 'attributes_controller.php', 'products_filter=95&current_category_id=3&', '185.157.12.106', 0, '', ''),
(101, '2019-11-29 22:43:07', 1, 'attributes_controller.php', 'action=set_products_filter&', '185.157.12.106', 0, '', 0xab562a28ca4f294d2e298e4fcbcc29492d52b252323752d2514a2e2d2a4acd2b894f4e2c494dcf2faa8ccf4c014a192bd50200),
(102, '2019-11-29 22:43:08', 1, 'attributes_controller.php', 'products_filter=72&current_category_id=3&', '185.157.12.106', 0, '', ''),
(103, '2019-11-29 22:43:28', 1, 'attributes_controller.php', 'action=delete_product_attribute&attribute_id=179&attribute_page=1&products_filter=72&current_category_id=3&', '185.157.12.106', 0, '', ''),
(104, '2019-11-29 22:43:32', 1, 'attributes_controller.php', 'action=delete_attribute&attribute_page=1&products_filter=72&', '185.157.12.106', 0, '', 0xab562a28ca4f294d2e298e4fcbcc29492d52b252323752d2514a2e2d2a4acd2b894f4e2c494dcf2faa8ccf4c014a190365525273524b52e3134b4a8a32934a812cb08ca1b9a5522d00),
(105, '2019-11-29 22:43:33', 1, 'attributes_controller.php', 'attribute_page=1&products_filter=72&current_category_id=3&', '185.157.12.106', 0, '', ''),
(106, '2019-11-29 22:43:39', 1, 'attributes_controller.php', 'action=update_attribute&attribute_id=95&attribute_page=1&products_filter=72&current_category_id=3&', '185.157.12.106', 0, '', ''),
(107, '2019-11-29 22:43:59', 1, 'attributes_controller.php', 'action=update_product_attribute&attribute_page=1&products_filter=72&', '185.157.12.106', 0, '', 0x8d93dd6e83300c85df85eb69a3fbd5f62c93a23471982520d47168d1b4779f09d0c14a512fe3f3d93e719cef4c3313ee2383429b7d64ef2fd95dd690b7d17018426f8f123291086a564633149eba417a12c5378cbe1ed99d045a5d4618cfcfbb540e0da886c0e1496213a252bc87f27cdef4ec28a82360f1c58bd4eb98e8f9fdc2fe642d7862e5c90209f32ac42c7730e76b60ac2095c8f3e4e78271dab0a71b10e59d0bc0379137f79dd0ede207ee86ac304c6b559a755deb779449854d4789508e20195f234a6006daae323257ea580c4da93bf15a76a33abeab9aadec397bf72f1b9c8e25af08188c8f3583bdd4065b7b1da4706dca68d7208243444acac5ada0451f65f32b5d8cc3c5aa9096fdd2fc819f0ffdaf69818e843c794f39625b8602cbeb2e36dd6109b59e9e6e8da8f4c9ea2e6c0269023df1f30b),
(108, '2019-11-29 22:43:59', 1, 'attributes_controller.php', 'attribute_page=1&products_filter=72&current_category_id=3&', '185.157.12.106', 0, '', ''),
(109, '2019-11-29 22:44:05', 1, 'attributes_controller.php', 'action=update_attribute&attribute_id=95&attribute_page=1&products_filter=72&current_category_id=3&', '185.157.12.106', 0, '', ''),
(110, '2019-11-29 22:44:14', 1, 'attributes_controller.php', 'action=update_product_attribute&attribute_page=1&products_filter=72&', '185.157.12.106', 0, '', 0x8d93db4ec3300c86dfa5d708368e8267418ab2c42996d2a6739c6d15e2dd71d3031debaaf52efe3fdb7f1cf7bbd0cc84bbc4a0d0161fc5fb4b715734146c321cfbd0dba3844c22829a95d10c65a0b6979e44090d63a807762b8183f60986f3f336974303aa21707892d888a81cefa0cde67e23dfbcf3642baa2360f9c567f9d7b1c1c3048cee622056812c9010af42cc327b7fa106c6aaf333b9b9609c361ce8064405e722f04de4cd7d4774bdf89edb3e2bf6b35a94665d97fa1d655271d551269423c8c697080fcc40eb5506e64a1d8bb1f1ba15afbe1dd4e15dd56c6ba7ecedbf6c703a795e10309a906a067ba9f5b6763a4ae1daf8649720827d42cacac5ade08021c9f257ba1c868b55292dbba5f9033f1fba1fe7007424e4d17bce11db321438bfeed99e3bf450ebf1e996884a9fac6ee32a9027d0113fbf),
(111, '2019-11-29 22:44:15', 1, 'attributes_controller.php', 'attribute_page=1&products_filter=72&current_category_id=3&', '185.157.12.106', 0, '', ''),
(112, '2019-11-29 22:44:26', 1, 'attributes_controller.php', 'action=set_products_filter&', '185.157.12.106', 0, '', 0xab562a28ca4f294d2e298e4fcbcc29492d52b2523253d2514a2e2d2a4acd2b894f4e2c494dcf2faa8ccf4c01ca182bd50200),
(113, '2019-11-29 22:44:27', 1, 'attributes_controller.php', 'products_filter=6&current_category_id=3&', '185.157.12.106', 0, '', ''),
(114, '2019-11-29 22:44:34', 1, 'attributes_controller.php', 'action=update_attribute&attribute_id=9&attribute_page=1&products_filter=6&current_category_id=3&', '185.157.12.106', 0, '', ''),
(115, '2019-11-29 22:44:41', 1, 'attributes_controller.php', 'attribute_page=1&products_filter=6&current_category_id=3&', '185.157.12.106', 0, '', ''),
(116, '2019-11-29 22:44:48', 1, 'attributes_controller.php', 'action=set_products_filter&', '185.157.12.106', 0, '', 0xab562a28ca4f294d2e298e4fcbcc29492d52b252323752d2514a2e2d2a4acd2b894f4e2c494dcf2faa8ccf4c014a192bd50200),
(117, '2019-11-29 22:44:48', 1, 'attributes_controller.php', 'products_filter=72&current_category_id=3&', '185.157.12.106', 0, '', ''),
(118, '2019-11-29 22:44:57', 1, 'categories.php', 'action=new_product&cPath=3&pID=72&product_type=1&', '185.157.12.106', 0, '', ''),
(119, '2019-11-29 22:44:58', 1, 'product.php', 'action=new_product&cPath=3&pID=72&product_type=1&', '185.157.12.106', 0, '', ''),
(120, '2019-11-29 22:45:31', 1, 'product.php', 'cPath=3&product_type=1&pID=72&action=new_product_preview&', '185.157.12.106', 0, '', 0xad55db6edb4610fd95a9801409202994ecd48deb1a480c034d9146819dc22820801892636a457297d98b6932c8bf77964bcab654b72fd58bc89ddb9933b387df26b556994bad8933b41463965136399d2ca3c5d12c5acea223581e9d46cbd3a3b793e9a4426349c7297be64a0b32b1f0ce476c7a48234caa9cb4b16d6b6263f4ac31bed5aadaf7a8b54829364a7321b61d47d13ce2df631763d13ac3c6c593d43dfc3b142526a52fdce395ee1653eb34e901eb931889157b7ee3c3d3c90525ae44f8ebf2e3c7d50d5cdf5c5e7e81ebcfef3e7db8fe0dce6e95b490aa52e95fd7134dd97a720e9faf567fac2e7e7f77b67eedcde793efbbccb130dc1cedb5ef4f532ccb7f6c398b9336466bb5489ca57da016efe3b44433347118ee0f0f880a5ce65a19b31f7427b475581e02c4b2c136a08fcd46d4b590f97ef057dbc689ba7f66105f1d4a2bd845e98c97a512f2bf3cf0fea0c2530f27857dbe4e25eee960b41999548bda0a25c7099fd5e76bbd966b3b8cda364a772d24a8b34e015a8d45da6e254da170a5e04d9f42e6d62e5a9ca4044dab7f5498f26c7e69244a82d4272178a98a39fc0c69f50a142402bdfff1b2ada012fe317a131298ce4da156856e2d71612e19ac5308f6317708b72ad1c1dea9263c40b0385384f739acb24aa0442e6b4429b96223f8527604196e69ecaa698d2a04d4a5925c1e54a1421e058b65049914986e40659c821a37879b761bd2db42354362302d735141e1934ba19a9633750d328343918ce1725d5f44353d03d109486cc84203c6a51b82122d8200650656f29d9b20dd6156a83ebc1dc21651f482b18fdc918728a46c7bb0be6dd8100b84ea785efeb0011614417025b6d2244ee7a4e7f0fe11050389754952f614bc490600219fefc9368c25ebc43042ee2e4326082e56ef57577f720d2f8aa055c1447dc29ee5d0cee22d53003573906e989ea68ff2af1df8edf86976c2db40a36fdacee1dfc4a65625a57eb05b3296f9800097c1053a5ad0ada482d91c8ada66dc1e6d78b5e0e5308f1d38957063f86ace4a15aec0ee269c19ab95cccf07aafc8879d8fd767b4afcf5e8b0da2dbea0b030fdee0b66846f50e10f78978afc07ce3fe483eb8225110bebb60f303a6ea61280490b8ecb14e30a64613cc74be47da4ad1fb790b74a57986ee901f4237d7db8fcfedaefa95ea5322a83fe3f5242ba13cab17c56987bb1ec3bc0d94698ae46c958e635ebdc7422aa9c3f523a84f7ceac2425d951cad51de9468b43850ebefe8383fbc56fb9ebb2dd3b74ba1c75e949630d897c63f7b3fbef61d0c29d52d2ddcc6931abb0976833265bbf0ead8dffb396ca523533d310d999e16685d9f88aff57f00c9d55390591fffe37);
INSERT INTO `admin_activity_log` (`log_id`, `access_date`, `admin_id`, `page_accessed`, `page_parameters`, `ip_address`, `flagged`, `attention`, `gzpost`) VALUES
(121, '2019-11-29 22:45:36', 1, 'product.php', 'cPath=3&product_type=1&pID=72&action=update_product&', '185.157.12.106', 0, '', 0x9d556d6fdb460cfe2b9c810d2d60b98a932e6b9605688302dbd0d545b221186040a024463e4bba53ef258a54e4bf8fa79352c75e5660f9129b6fcfc387e4f9cbacd12a779935498e9612cc73ca6767b3657c741cc5cb283e86e5f159bc3c3b7e339bcf6a349674927164a1b42093081f7cccaeaf6584c9949336b15d43ec8c9f7526b75ad5fb118d16192546690662df491c2f62fedb0d3116ad33ec3c7a527aa07f87a2c2b4f2c0035fe96e31b34e931eb9eee424c23005da23e9ad1956d5bf12cb93b44bd05a2d5267699f82c5fb24abd08c5087e9de78d04ee8b8d0ca98fda43ba1adc3ea9020562d76817d6236a269842cf6933fdb2e49d5fd33727d7628ade010a5731e692de4b722f0fe00e1698493c23e8f538b7bca9ff37afb9e2cb5caa90a63dc918aee8472ac6f8d855733a3d455186d84e91b94a6c445c342cc67a22e78d774481f8213ae46769ab5ba23dd6a7138c210ebf706f7c16fb11655b7676c49141bbb5fc5af6f1065c4735a44350e638ad05955d081dc126b66f3858d67b3cba12df8fbfd870fab1bb8be79fffe4fb8fef4f6e36fd7bfc2f9ad9216325529fdcb7aa6295fcf2ee0d3d5ea8fd5e5ef6fcfd7afbcfb62f6b07b1964322d1a2b949c00ce9b8bb55ecbb51d916cab74df418a3aef15a0d55866dd56d21c4a57093efa39e46eede2a3d38ca0edf40f0a333e809f5b8992609802c10b552ee027c8ea97a02015e8e34f965d0db5f01fe3d7a180e9dd1c1a55eace12033364f0ce21f8a7da21ddaa54077fafdaf00182c799327c5fc02aaf054a6458232ac988ade0f7a927c8714b53576d675429a0a994647850a50a75141c2d63c8a5c06c032ae712d4ba05dc74db50de96aa1d0b83e9588b1a4a5f5c0ad5765ca96f91151c4172a6cbb81e44b58302f129486cc9420bc6651b820a2d82006546558ac73041bac7bc54437a37a6f15d7ccfdc27edc8531452760359df366c78afb5ea795eded802bfad82e04a6ca5499d2e482fe0dd8e04a3884d45520e12bc4e4702a19eefc9b6cc25efc53842ee2e4716082e57ef56577f3186ff7d00ad4a16ea230e2a87768edeb004d0b006d986e569872cffb507bf1d3f46a7bc0d34c566dd02fe6bd71b5551e607bb2563590f0874995c90a303dd492a59cd11d4b6d3f668c3ab052fc6793c92532937862f177c28e1041e2fe1dc58ad6471314ae547ccc31eb6db4be2cfa3c7fa71f105858519765fb0227c41a537f02e95c5775c7fac07d7255f2496d66dbfd2e8b9995a00a61d388629a715c8c3784e96c8fb485b3f6e216f95ae31db5220fde4b49daea6937e62ffd6fbe81fd268e751325395f5ab9032fd8f3aaa2ad546a625b291e122c26c3cd4ff4e8efc03150def173f5e1153ae55b6c5c13c7b78f807),
(122, '2019-11-29 22:45:37', 1, 'categories.php', 'cPath=3&pID=72&', '185.157.12.106', 0, '', ''),
(123, '2019-11-29 22:45:47', 1, 'specials.php', '', '185.157.12.106', 0, '', ''),
(124, '2019-11-29 22:45:55', 1, 'specials.php', 'page=1&action=new&', '185.157.12.106', 0, '', ''),
(125, '2019-11-29 22:46:08', 1, 'specials.php', 'page=1&action=insert&go_back=&', '185.157.12.106', 0, '', 0xab562a28ca4f294d2e298ecf4c51b252323752d2410815146526a702458162c505a9c9998939083163130b0ca529f14995f1892525459949a525508da505298925a9f1a8d6800c2c492c2a813053f3c062b500),
(126, '2019-11-29 22:46:09', 1, 'specials.php', 'page=1&sID=25&', '185.157.12.106', 0, '', ''),
(127, '2019-11-29 22:47:34', 1, 'categories.php', '', '185.157.12.106', 0, '', ''),
(128, '2019-11-29 22:47:46', 1, 'categories.php', 'cPath=3&', '185.157.12.106', 0, '', ''),
(129, '2019-11-29 22:48:02', 1, 'categories.php', 'cPath=4&', '185.157.12.106', 0, '', ''),
(130, '2019-11-29 22:48:11', 1, 'categories.php', 'cPath=4&pID=11&action=attribute_features&page=1&', '185.157.12.106', 0, '', ''),
(131, '2019-11-29 22:48:15', 1, 'attributes_controller.php', 'products_filter=11&current_category_id=4&', '185.157.12.106', 0, '', ''),
(132, '2019-11-29 22:48:22', 1, 'attributes_controller.php', 'action=update_attribute&attribute_id=16&attribute_page=1&products_filter=11&current_category_id=4&', '185.157.12.106', 0, '', ''),
(133, '2019-11-29 22:48:31', 1, 'attributes_controller.php', 'action=update_product_attribute&attribute_page=1&products_filter=11&', '185.157.12.106', 0, '', 0x8d93dd6ec2300c85dfa5d7d3061242d39e65521412a7b39436c5710a15dabbcffd092b502a7a57fbb3cfa9ed5e0acd4c78480c0a6df1556cf7c55bd150b0c9709c425b09994404352ba319ca40dd98da4926348ca1ceac045aed134cef9f433734a01a0287670965420d7109ec77ef1b79e6ba5753519d00cb1fbe297f8e49fea64ff61603b10a6481268fb3cad15ea881b1eaed6cb29b07c669c3815e4054702e02bf44beac9bd1f5e647eec6aa38ce6a3135535dd23bc9a4e2aaa381508e00a6893f101e9881d6bb4ccc933e1663e375275e7d77bb5735bbd96bf5dd562d389d3c2f24309a906a06fbec140e3a4ae3daf86497208263421a320f5f052d8624a75fe9721a2e56a548f647f30f7e7ff4bf4d0b7422e4ec7da811db3214b83fe39986430fb5ceab5b222a7db6ba8babc030819ef8fd03),
(134, '2019-11-29 22:48:32', 1, 'attributes_controller.php', 'attribute_page=1&products_filter=11&current_category_id=4&', '185.157.12.106', 0, '', ''),
(135, '2019-11-29 22:48:41', 1, 'attributes_controller.php', 'action=set_products_filter&', '185.157.12.106', 0, '', 0xab562a28ca4f294d2e298e4fcbcc29492d52b252323452d2514a2e2d2a4acd2b894f4e2c494dcf2faa8ccf4c014a9928d50200),
(136, '2019-11-29 22:48:42', 1, 'attributes_controller.php', 'products_filter=12&current_category_id=4&', '185.157.12.106', 0, '', ''),
(137, '2019-11-29 22:48:46', 1, 'attributes_controller.php', 'action=update_attribute&attribute_id=17&attribute_page=1&products_filter=12&current_category_id=4&', '185.157.12.106', 0, '', ''),
(138, '2019-11-29 22:48:57', 1, 'attributes_controller.php', 'action=update_product_attribute&attribute_page=1&products_filter=12&', '185.157.12.106', 0, '', 0x8d93dd6e83300c85df85eb69eba6699bf62c93a2347198a540a8e340d1b4779ff949475b8aca1df6679f836d7e0acd4cb84f0c0a6df1593cbf170f4543c126c3710ebd48c82422a85919cd5006eaa7d4ab6442c318eacc4aa0d53ec1fcfe31764303aa217078945026d4181f98b7c79d3c4bdd93a9a83ac0f29bcfca6f63923feb93bdc540ac0259a0d9e3a272b2176a60ac063bbbece68a71da70a03b10159c8bc0779177eb6674bbf981fba92a4eb35a4d2d54d7f43a9954dc743412ca11c03cf12bc20333d0769799b9d1c7626cbceec5abefcff7aa16377baabed8aa05a793e79504461352cd606f9dc25e47695c1b9fec1a4470484863e6eaaba0c590e4f42b5dcec3c5aa14c9e168fec1afa7e1b769813a42cedec71ab12d4381cb335e6838f450ebbcba35a2d247abfbb8098c131888df3f),
(139, '2019-11-29 22:48:58', 1, 'attributes_controller.php', 'attribute_page=1&products_filter=12&current_category_id=4&', '185.157.12.106', 0, '', ''),
(140, '2019-11-29 22:49:04', 1, 'categories.php', 'action=new_product&cPath=4&pID=12&product_type=1&', '185.157.12.106', 0, '', ''),
(141, '2019-11-29 22:49:05', 1, 'product.php', 'action=new_product&cPath=4&pID=12&product_type=1&', '185.157.12.106', 0, '', ''),
(142, '2019-11-29 22:49:05', 0, 'login.php ', 'camefrom=categories.php&', '185.157.12.106', 0, '', ''),
(143, '2019-11-29 22:49:11', 1, 'categories.php', 'cPath=4&pID=12&', '185.157.12.106', 0, '', ''),
(144, '2019-11-29 22:50:38', 1, 'categories.php', 'cPath=6&', '185.157.12.106', 0, '', ''),
(145, '2019-11-29 22:50:55', 1, 'categories.php', 'cPath=6&pID=16&action=attribute_features&page=1&', '185.157.12.106', 0, '', ''),
(146, '2019-11-29 22:51:00', 1, 'attributes_controller.php', 'products_filter=16&current_category_id=6&', '185.157.12.106', 0, '', ''),
(147, '2019-11-29 22:51:13', 1, 'attributes_controller.php', 'action=update_attribute&attribute_id=29&attribute_page=1&products_filter=16&current_category_id=6&', '185.157.12.106', 0, '', ''),
(148, '2019-11-29 22:51:23', 1, 'attributes_controller.php', 'action=update_product_attribute&attribute_page=1&products_filter=16&', '185.157.12.106', 0, '', 0x8d93dd4ec3300c85dfa5d708363490e05990a22c718aa5b4e91c675b857877dc9f8c76ebaae5ae3e9fed53c7f9293433e13e3128b4c567f1fa513c150d059b0cc721b47d9790494450b3329aa10cd40e52a7848631d49995c051fb04f97bd3974303aa217078965846541f97c0dbee792367daf8e22aaa1360f9cdb3f4fb98e8b33ad95c0cc42a90051a8949e6602fd4c058757636d9cd0de3b4e1400f202a3817811f221fee9bd1f5e2076e87ac38cc6a519a745dea779249c555473da11c01dc9ba70766a0f52a2373a78ec5d878dd8a57dfceef554d96f692bdbdca06a793e70501a309a966b0b7da606bafa314ae8d4f7609223824a45eb9f92b386248b2fb952ec7e162554acb6e69fec1af97eedd1c814e849cbdf739625b8602d76b3ce9e1d043adf3d52d11953e5bddc655a09f4047fcfe01),
(149, '2019-11-29 22:51:24', 1, 'attributes_controller.php', 'attribute_page=1&products_filter=16&current_category_id=6&', '185.157.12.106', 0, '', ''),
(150, '2019-11-29 22:51:47', 1, 'attributes_controller.php', 'action=set_products_filter&', '185.157.12.106', 0, '', 0xab562a28ca4f294d2e298e4fcbcc29492d52b252323756d2514a2e2d2a4acd2b894f4e2c494dcf2faa8ccf4c014a9929d50200),
(151, '2019-11-29 22:51:48', 1, 'attributes_controller.php', 'products_filter=73&current_category_id=6&', '185.157.12.106', 0, '', ''),
(152, '2019-11-29 22:51:52', 1, 'attributes_controller.php', 'action=update_attribute&attribute_id=30&attribute_page=1&products_filter=73&current_category_id=6&', '185.157.12.106', 0, '', ''),
(153, '2019-11-29 22:52:02', 1, 'attributes_controller.php', 'action=update_product_attribute&attribute_page=1&products_filter=73&', '185.157.12.106', 0, '', 0x8d93db4ec3300c86dfa5d708366d80e05990a22c718aa5b4e91c675b857877dcd3e8d68396bbfaff6cff759c9f4c33131e1283429b7d66bb4df69455146c321cbbd0fb4e42261141c9ca68863c50dd496fa2848a31943dbb95c049fb04fdf7475b0d0da88ac0e1454203a1dab8045ef7cf1b39e3be5753519d01f36fbe495fc644bfa933788b815805b2403d31caecec8512188bc6ce667033619c361ce8014405e722f043e4c37d0774bdf891eb2e2b76b39a95465de7fa9d655271d5514b2847004bf3f4c00cb45ea56716ea588c95d7b578f5f5edbdaad1ce5eb3b777d9e074f23c23603421950c76aa75b60e3a4ae1d2f864e7208263426a95c95fc1094392d52f74de0f178b5c5a364bf30f7ebd34cfe6047426e4c17b9b23b6652870bfc6a31e0e3d947ab8ba39a2d017abebb80ab4136888df3f),
(154, '2019-11-29 22:52:02', 1, 'attributes_controller.php', 'attribute_page=1&products_filter=73&current_category_id=6&', '185.157.12.106', 0, '', ''),
(155, '2019-11-29 22:52:50', 1, 'attributes_controller.php', 'action=set_products_filter&', '185.157.12.106', 0, '', 0xab562a28ca4f294d2e298e4fcbcc29492d52b252323757d2514a2e2d2a4acd2b894f4e2c494dcf2faa8ccf4c014a9929d50200),
(156, '2019-11-29 22:52:51', 1, 'attributes_controller.php', 'products_filter=77&current_category_id=6&', '185.157.12.106', 0, '', ''),
(157, '2019-11-29 22:52:57', 1, 'attributes_controller.php', 'action=update_attribute&attribute_id=34&attribute_page=1&products_filter=77&current_category_id=6&', '185.157.12.106', 0, '', ''),
(158, '2019-11-29 22:53:07', 1, 'attributes_controller.php', 'action=update_product_attribute&attribute_page=1&products_filter=77&', '185.157.12.106', 0, '', 0x8d93dd6e83300c85df85eb69a36ad54a7b9649519a38cc5220d471daa269ef3ef3d7414b51b9c3e7f3f1c1093f9966263c26068536fbccb6bbec2dab29d86438f6a5c3414a261141c5ca68862250d34b7b5142cd18aa81dd48e1ac7d82e17d9b77766840d5040eaf521b11d5d55b97fd7b2ecf74f02d555417c0e29b67edcf31d1673e63b8188855200b341093ce3e5ea880b16ce3e4639a07c669c3815e4054702e02bf44be3c7744d7cd4fdcf45db1dfd5a23499ba34ef229b8aab893a42390278b64f0fcc40eb2e03f3c4c762acbd6e24ab6fe6e7aa2697f6d6bdb9eb06a793e70501a309a962b08f5a1feba8a31857c627bb04119c1252a73c7c159c3124b9fba52e86e56259c8c8f6d2fc835f1fed7f7306ba10f298bdeb91d8b214b8bfc693190e3d547a3cba25a2d457ab9bb80a741b6889df3f),
(159, '2019-11-29 22:53:08', 1, 'attributes_controller.php', 'attribute_page=1&products_filter=77&current_category_id=6&', '185.157.12.106', 0, '', ''),
(160, '2019-11-29 22:53:34', 1, 'attributes_controller.php', 'action=set_products_filter&', '185.157.12.106', 0, '', 0xab562a28ca4f294d2e298e4fcbcc29492d52b25232343156d2514a2e2d2a4acd2b894f4e2c494dcf2faa8ccf4c01ca9929d50200),
(161, '2019-11-29 22:53:34', 1, 'attributes_controller.php', 'products_filter=143&current_category_id=6&', '185.157.12.106', 0, '', ''),
(162, '2019-11-29 22:53:40', 1, 'attributes_controller.php', 'action=update_attribute&attribute_id=153&attribute_page=1&products_filter=143&current_category_id=6&', '185.157.12.106', 0, '', ''),
(163, '2019-11-29 22:53:49', 1, 'attributes_controller.php', 'action=update_product_attribute&attribute_page=1&products_filter=143&', '185.157.12.106', 0, '', 0x8d93dd6e83300c85df85eb696bd5ad177b9649519a38cc5248a8e3d0a269efbef0938eb680e00e9fcfc70727fc149299f0141904eae2b3d87f1c8a97a226afa3e230d6debb9a8a44e05828c9507a6a07ed98145f337a97e15468a48d30be1f76bd1f2a103581c16baa6544f4f5cee5f8ba4bcf74f22d571017c0f29befda97b1a4dff9e470c1130b4f1a6824269d433cef80b1eae2ec729a27c648c59e3620c21b138037919be76674ddfcccedd015865dcd4a93a973f32e69536135514f0843004bfbb4c00cb4ee32320b3e1a436d659bb2daf6fe5cc5e4dadebaf70fdd6064b43c2360503e3a06fdac0db14e322463a76cd47310c13922f5cad35741833ea6bb5fc9725c2e56651ad95d9a7ff0ebadfb6f1aa00b21e7ec7d4f8a9d96028fd77832c3a00527f3d1cd1195bc6ad98655a0df4047fcfe01),
(164, '2019-11-29 22:53:50', 1, 'attributes_controller.php', 'attribute_page=1&products_filter=143&current_category_id=6&', '185.157.12.106', 0, '', ''),
(165, '2019-11-29 22:54:50', 1, 'attributes_controller.php', 'action=set_products_filter&', '185.157.12.106', 0, '', 0xab562a28ca4f294d2e298e4fcbcc29492d52b25232343151d2514a2e2d2a4acd2b894f4e2c494dcf2faa8ccf4c01ca9929d50200),
(166, '2019-11-29 22:54:50', 1, 'attributes_controller.php', 'products_filter=144&current_category_id=6&', '185.157.12.106', 0, '', ''),
(167, '2019-11-29 22:55:03', 1, 'attributes_controller.php', 'action=update_attribute&attribute_id=154&attribute_page=1&products_filter=144&current_category_id=6&', '185.157.12.106', 0, '', ''),
(168, '2019-11-29 22:55:13', 1, 'attributes_controller.php', 'action=update_product_attribute&attribute_page=1&products_filter=144&', '185.157.12.106', 0, '', 0x8d93dd6e83300c85df85eb696bb5ae177b9649519a38cc5248a8e3d0a269efbef0938eb680e00e9fcfc70727fc149299f0141904eae2b3d87f1c8a97a226afa3e230d60e5d4d4522702c9464283db583764c8aaf19bdcb702a34d24618dfdf77bd1f2a103581c16baa6544f4f5cee5f8ba4bcf74f22d571017c0f29befda97b1a4dff9e470c1130b4f1a6824269d433cef80b1eae2ec729a27c648c59e3620c21b138037919be76674ddfcccedd015865dcd4a93a973f32e69536135514f0843004bfbb4c00cb4ee32320b3e1a436d659bb2daf6fe5cc5e4dadebaf70fdd6064b43c2360503e3a06fdac0db14e322463a76cd47310c13922f5cad35741833ea6bb5fc9725c2e56651ad95d9a7ff0ebadfb6f1aa00b21e7ec7d4f8a9d96028fd77832c3a00527f3d1cd1195bc6ad98655a0df4047fcfe01),
(169, '2019-11-29 22:55:14', 1, 'attributes_controller.php', 'attribute_page=1&products_filter=144&current_category_id=6&', '185.157.12.106', 0, '', ''),
(170, '2019-11-30 12:23:09', 0, 'login.php ', 'camefrom=index.php&', '185.157.12.106', 0, '', ''),
(171, '2019-11-30 12:23:35', 0, 'login.php altkompserwis', 'camefrom=index.php&', '185.157.12.106', 0, '', 0x0dc9310e80200c00c0bf7476b0350af806ff608aa0691430827130fe5dd6bb17d8058973e4e061043eca9ec299fdf5488606f26d83941a53da2456e0a5488a155c52063b747a30ca50bfa25fa843d21adbbe65f296e0fb01),
(172, '2019-11-30 12:29:27', 1, 'specials.php', '', '185.157.12.106', 0, '', ''),
(173, '2019-11-30 12:29:50', 0, 'login.php ', 'camefrom=specials.php&', '185.157.12.106', 0, '', ''),
(174, '2019-11-30 12:29:56', 1, 'specials.php', 'page=1&sID=22&action=edit&', '185.157.12.106', 0, '', ''),
(175, '2019-11-30 12:30:06', 1, 'specials.php', 'page=1&action=update&go_back=&', '185.157.12.106', 0, '', 0x65cd3d0a80300c86e1bb6416698b3a7899d09f0c05d1d0a6838877b7557431e3cb13be0332938f76c91803cc600c74c0690bc54b464ed153adb57dec6dc3a87a55efe703ba1dad488aae4893ba92c2c10ae127ef313db5ef2c36c933426bcb705e),
(176, '2019-11-30 12:30:07', 1, 'specials.php', 'page=1&sID=22&', '185.157.12.106', 0, '', ''),
(177, '2019-11-30 12:30:25', 1, 'specials.php', 'page=1&sID=21&action=edit&', '185.157.12.106', 0, '', ''),
(178, '2019-11-30 12:30:33', 1, 'specials.php', 'page=1&action=update&go_back=&', '185.157.12.106', 0, '', 0x658d3b0a80301005efb2b54822a6d0cb2cf96c11100dc9a610f1ee66156d7ce530cc3ba024f2d12e05638019060d1da4bc85eab960cad153a38d7ddacb46a37ad5f6f303ba1d2d738eaeb29892ac295826fcccfb4c9b49ca6c333f27b40a86f302),
(179, '2019-11-30 12:30:34', 1, 'specials.php', 'page=1&sID=21&', '185.157.12.106', 0, '', ''),
(180, '2019-11-30 12:30:52', 1, 'specials.php', 'page=1&sID=12&action=edit&', '185.157.12.106', 0, '', ''),
(181, '2019-11-30 12:31:00', 1, 'specials.php', 'page=1&action=update&go_back=&', '185.157.12.106', 0, '', 0x65cdc10a80200cc6f177d93942a3087a99a1ce831035741e227af714c94b3bfef9b1ef86c4de05b3270c041be80906e078527692906370bed4d23afbdabca85195fb79427ba11189c166a9521792998c78ecb28da9b57e1613a58df8a366785e),
(182, '2019-11-30 12:31:01', 1, 'specials.php', 'page=1&sID=12&', '185.157.12.106', 0, '', ''),
(183, '2019-11-30 12:31:15', 1, 'specials.php', 'page=1&sID=23&action=edit&', '185.157.12.106', 0, '', ''),
(184, '2019-11-30 12:31:24', 1, 'specials.php', 'page=1&action=update&go_back=&', '185.157.12.106', 0, '', 0x65cdbb0a80300c85e177c92cd2d6cbe0cb84de86826869d341c4773755ec62c69f8f9c1372f436e8356370b0801aa0839876572c658c2958cf955b635f1b27d10bbe9f77680ed444299842554a26253a4d1e9b7cc6e4acea67d289de11bfd50cd70d),
(185, '2019-11-30 12:31:25', 1, 'specials.php', 'page=1&sID=23&', '185.157.12.106', 0, '', ''),
(186, '2019-11-30 12:31:38', 1, 'specials.php', 'page=1&sID=13&action=edit&', '185.157.12.106', 0, '', ''),
(187, '2019-11-30 12:31:47', 1, 'specials.php', 'page=1&action=update&go_back=&', '185.157.12.106', 0, '', 0x65cdc10a80200cc6f177d93942a9207a99317507214a741e227af714c94b3bfef9b1ef8614d87ada137a071be8090608f174d94ac210bde5524bebec6bf3a24655eee71d9a0b49247a93a54a5d480e8e84b1cb36a6d7fa59284a1be1a366785e),
(188, '2019-11-30 12:31:47', 1, 'specials.php', 'page=1&sID=13&', '185.157.12.106', 0, '', ''),
(189, '2019-11-30 12:32:02', 1, 'specials.php', 'page=1&sID=11&action=edit&', '185.157.12.106', 0, '', ''),
(190, '2019-11-30 12:32:11', 1, 'specials.php', 'page=1&action=update&go_back=&', '185.157.12.106', 0, '', 0x658d3b0a80301005efb2b54802da789965f32902a261b32944bcbb5982697ce530ccbba1e4e813ed0553800dac8509329fa17a299839f9d8686343fbd8b29ad9b4fdfc80ee4212e1e4aaa8a9c99a0349c461f633b36a5988a59fc443313c2f),
(191, '2019-11-30 12:32:11', 1, 'specials.php', 'page=1&sID=11&', '185.157.12.106', 0, '', ''),
(192, '2019-11-30 12:34:01', 1, 'categories.php', '', '185.157.12.106', 0, '', ''),
(193, '2019-11-30 12:34:08', 1, 'categories.php', 'cPath=5&', '185.157.12.106', 0, '', ''),
(194, '2019-11-30 12:34:21', 1, 'categories.php', 'cID=5&', '185.157.12.106', 0, '', ''),
(195, '2019-11-30 12:34:27', 1, 'categories.php', 'cPath=6&', '185.157.12.106', 0, '', ''),
(196, '2019-11-30 12:41:19', 1, 'categories.php', 'cPath=6&pID=101&action=attribute_features&page=1&', '185.157.12.106', 0, '', ''),
(197, '2019-11-30 12:41:24', 1, 'attributes_controller.php', 'products_filter=101&current_category_id=6&', '185.157.12.106', 0, '', ''),
(198, '2019-11-30 12:41:33', 1, 'attributes_controller.php', 'action=update_attribute&attribute_id=100&attribute_page=1&products_filter=101&current_category_id=6&', '185.157.12.106', 0, '', ''),
(199, '2019-11-30 12:41:46', 1, 'attributes_controller.php', 'action=update_product_attribute&attribute_page=1&products_filter=101&', '185.157.12.106', 0, '', 0x8d93dd6e83300c85df85eb69a3bbe8c59e655294260eb31408751c28aaf6ee0b3fe9a050c4253e9f8f0fc6dc33c94c78090c0275f6959df23c7bcb6a723a28f6a9768a351588a062a12443e1a81bb573545ccde8aa04c742236d80f4fc39f8a102511318bcc55a42c450ef5dceef79be9cfcc8e5450b58fcf0a2fd3516f5854f0ae71db170a4812662d639c6731530967d9c3ca55931462a76740011ce180f7c883c3c37a1fbe657eec62e3fee6a539a4ddd9ad7c64df9dd4403210c01bcdaa70566a07d978979e1a3d1d7567631abed96df55cccef6d17d7aea062383e50d01bd72a162d06b6d8c75913e1a57ca06bd05115c03d2a0acde0a1a7421de7e298b69b9581671647f34ffe0f747ffdf34402d21a7ec434f8c1d9702cf673c9b61d04225d3a7db224a79d3b2f3bbc0b0819ef8fd03),
(200, '2019-11-30 12:41:47', 1, 'attributes_controller.php', 'attribute_page=1&products_filter=101&current_category_id=6&', '185.157.12.106', 0, '', ''),
(201, '2019-11-30 12:41:54', 1, 'attributes_controller.php', 'action=set_products_filter&', '185.157.12.106', 0, '', 0xab562a28ca4f294d2e298e4fcbcc29492d52b25232343354d2514a2e2d2a4acd2b894f4e2c494dcf2faa8ccf4c01ca9929d50200),
(202, '2019-11-30 12:41:55', 1, 'attributes_controller.php', 'products_filter=161&current_category_id=6&', '185.157.12.106', 0, '', ''),
(203, '2019-11-30 12:42:00', 1, 'attributes_controller.php', 'action=update_attribute&attribute_id=183&attribute_page=1&products_filter=161&current_category_id=6&', '185.157.12.106', 0, '', ''),
(204, '2019-11-30 12:42:10', 1, 'attributes_controller.php', 'action=update_product_attribute&attribute_page=1&products_filter=161&', '185.157.12.106', 0, '', 0x8d93dd6e83300c85df85eb696b57a99af62c93a2347198a540a8e3d0a269ef3ef3938eb614953b7c3e1f1f9cf0536866c2436250688bcf62fbb12b5e8a86824d86e354db6fa5661211d4ac8c66280375a3b61725348ca1ceb0145aed13e4f7f7c10f0da886c0e1596a195143bd77d9bf6ee4994fbee48aea04587ef355fb634cf42b9f1c2e066215c8024dc4ac738c176a60acfa389b9ce68e71da70a02710159c8bc04f914fcfcde8baf991bbb12b8ebb5a94665397e69d64537135d1402847008ff6e9811968dd65621ef8588c8dd79d64f5ddf5b9aad9b5bd746f6fbac1e9e47941c06842aa19ecbd36c63ae828c6b5f1c92e4104c7843428775f052d862477bfd2e5b45cac4a19d95f9a7ff0ebadff6f5aa01321e7ec438fc496a5c0ed359ecd70e8a1d6f9e896884a9fadeee22a306ca0277eff00),
(205, '2019-11-30 12:42:11', 1, 'attributes_controller.php', 'attribute_page=1&products_filter=161&current_category_id=6&', '185.157.12.106', 0, '', ''),
(206, '2019-11-30 12:42:16', 1, 'categories.php', 'action=new_product&cPath=6&pID=161&product_type=1&', '185.157.12.106', 0, '', ''),
(207, '2019-11-30 12:42:16', 1, 'product.php', 'action=new_product&cPath=6&pID=161&product_type=1&', '185.157.12.106', 0, '', ''),
(208, '2019-11-30 12:43:43', 1, 'product.php', 'cPath=6&product_type=1&pID=161&action=new_product_preview&', '185.157.12.106', 0, '', 0xbd55596fdb4610fe2b0b15c893244baee540b26bc0689b3c044e80f8ad10400c972b7ac43d983d449341fe7b67b9ba15b7e84bf522eeee1cdf7c737d1fd4d614817b9715e0450645218ac162703d99ce4793e96872c3ae278bd9af8b9be9603850e0bcb01927c9d258142ec3287c4b4f0733e8b809da67bead053d4ede7ccc56d6a87389da22179933961c45d3b7e309fd8e259c071f1cbd4d4f2cf7e83780127219fdf670755801f7c10abb857a7daca34191e47732b4187c00672430d7d560a1340db00aec324ca637d7f1f0f4e7e73fbe3c3f0e7eecd533741480380b31de7290f2a7611559de66e0bdc53c78711e8187d78c4b705ba497eaf1f2828dc457698d73e74a1bb43e80bc0408b28136a1cfdc0bd635eaf25cf99b6fb3dcbcbec1f6b700da2389185b504128d4ff2601af171e4e258246ffb61f85af7d5d9ee65c386eb1f668f42e8df7f5c3d22ef5d2df3b6f8d2e1ffe42218d06b64af9ad534ac1558604e26132ab8e127cbfbcda2a322ad1c0be1a2a2233649a2a3f4a4fe73507660a85a05bf6e9f1f3f3e3f3983def4d212b9287509af831cb3932538dd9f49671c5900a4c58539dbe5d4f9852e3fbdcb2e5d516fed7ad8444726358d3ba63a59b593446d79da626a4f05bc59c0a55724d87da54d6acc390158675391a1b984df079a7a977098812fc05346ecf1dab6d273a0dbc13645351c02cb96b50c48ff7bc65b6d5a262c64217ed4605dfbc33c0a998efacf30d8cd9979e19e2d9344622e1ae5ce721e122e288468cd9e0a46eba0664bcea2ded684bbe2206a2c60a17b6f84fe9d965f7c37fce6a016bc172b045b76515594d05c214267e1c3adff29721f1495c68fa640793bb601be29e134b84724d095d47834d445c1c4a03b403f78fa89f842e8c832370316a05ccd383d07c8d91e6a695a2a444f5e4d6c6ea6d19f490de2f58833638d611d3890442a34c074881f5358f43463d64a1d2743b24a4154d56a46f66f27df68ac8d69890a4f639eaa21a341140187e5b0eb891c62e7e59ade210ba5b0e1e3e853aac1337541ebdbbc4e23b9dbbfa6e1721cb5baa05c2a4c9b570e44a23b37b32f5aec20e1626b305fb1d6af47df37d3492f8601f69c40fd9a32cc16e44648db03dec311f8de6c3dca089309fcf8f6786328590693d1ccd50b1411368f02a28c57e193c19ea8502c6ebba24695425ad2f9b547b419a3f52f8dd02301b611b8b97733dc9c65d04e78e57a050b66797c1cadd343b89a91158bef873eb7153a6094a2fb3f42436a36071a4a09fec6e676d799586e0e8b0e4465d3f1e63d7402c819f89d01e94f15f253a22a6ffcdfa088237a548dbe5c7df),
(209, '2019-11-30 12:43:48', 1, 'product.php', 'cPath=6&product_type=1&pID=161&action=update_product&', '185.157.12.106', 0, '', 0xb5554d6fdb480cfd2b032fd093edd8d938859d6c806077db439116686e0b0302258d155a9aa13a1f51a422ffbd1c8d1d7f255df4505f2c0dc9c7c7470ef57d501bca7de66c92839309e4b9cc078bc1f9643a1f4da6a3c985389f2c667f2e2ea683e1408175d224197b166450da0483f3259b76306833f2da25aead251b276f1a93952175ec511bcc6462c970a2007d399ef06fdfc33a70deb26d7a80dcb37f04ac20ad42de9eaef62bc89c37d26ca89eef6212b4cc401e710ca71954d5abbcf2246d1370ce60ea9d3ca6e0e029c92ab09b54a7e1e1f0a49c587061c8dae3a04734ce43754a10aa06dac83eb10f58d7a88be3e06fae4d527a7a43ae6f1eb443762193734715eafff380a7930c871e5ea37b3b8fc2a77eb05eb5f2f97c3edfb728ca6515bbb8a7947c44f22caf822288f9012c5570479dd4398cd775c1dea80a9e3213437bc78491a4dbb6991ea5690c9e762ffa869181e3c42b5058b547878dc4e2c11da384c18d7ab065164cdee04841dfa2117847853c915a83623adff9705b93b05d0d060a6a409460967e32bd380f2f77ff7efee7cbfdede0797ff4a5cd0cd60e496f51aeeb9ba559eaa5bbb6ce902e6efe43599106b18af07544045b123b8497c9acdcc3bf5e9e6d0205df542fbe120b4343a1790104efe9bcce4050ae10742b3edd7ebebfbd1f8bfb17281479cce00b0a0fb3344341e5584c2f45a604727dd25079683b9f08a5c6d7a911cbb30dfdaf1b8f0a390d89a6b5fb4117b300c6c79de65dc4e5b74a58e5cb989a5f6a2a0dadfd50e424ba14c9786122fdacd3bcc2988892d90368dcbc77a2369dec34643c532815172c62ba066578789fb5c2b45a96820c74013704b8e61d41c62be1ca58d7c0587ce995619da9a10a9977693b0791170bc73262e846c6e1d4355085a31e692b5bcc1538b034465abfe17f28cfb6bb1f7eb9ab39aca548c1e4dd465514350f885018f5b1685d9b3d0c594fd642f3a3d8416e8b6d58fb8c5562966b6ee83a00368171be1b0dd016ec4f59dff1ed250b7be442d50a846383d4d91a83cc4d5bc9821bd58b5b93d19b31e829bd5f88068db7a263a5a308cc465107c885f5338f43c1bbc640a9f974c84c4bfec0203f0b4a5fba9707b5c6cc245e9fbd5b5483660198c35fcb41461599c51fab5558e557cbc1cd275ffb75d486c7a34f17557ca7535b5f6d2b1469cbb3c09c34a79696536914e6454cbd9db01dc264b6107f438daebf7c1fa9623dc447fed20dc56d558079944135e676d3733ed80ade54db6d7070feb3e51936ec686f61d92dc2f22c2e8ed16e2f8dba7ea584498320db6b2ebcbaaaf0af6296c0e377a0477907cfcf3f00),
(210, '2019-11-30 12:43:49', 1, 'categories.php', 'cPath=6&pID=161&', '185.157.12.106', 0, '', ''),
(211, '2019-11-30 12:46:03', 1, 'categories.php', 'cPath=7&', '185.157.12.106', 0, '', ''),
(212, '2019-11-30 12:47:07', 1, 'categories.php', 'cPath=7&pID=19&action=attribute_features&page=1&', '185.157.12.106', 0, '', ''),
(213, '2019-11-30 12:47:11', 1, 'attributes_controller.php', 'products_filter=19&current_category_id=7&', '185.157.12.106', 0, '', ''),
(214, '2019-11-30 12:47:22', 1, 'attributes_controller.php', 'action=update_attribute&attribute_id=18&attribute_page=1&products_filter=19&current_category_id=7&', '185.157.12.106', 0, '', ''),
(215, '2019-11-30 12:47:32', 1, 'attributes_controller.php', 'action=update_product_attribute&attribute_page=1&products_filter=19&', '185.157.12.106', 0, '', 0x8d93dd4ec3300c85dfa5d708360904e35990a22c718aa5b4e91ca75b857877dc9f8c6eebaae5ae3e9fed53c7f9293433e13e3128b4c567b1fd289e8a86824d86e314da49c82422a85919cd5006ea46e95d94d030863ab31268b54f307def866a684035040e4f12ca841ae212787b7ddec899f73d9b8aea08587ef345fa7d4cf48b3ad95b0cc42a90059a8859e6682fd4c058f57636d9cd0de3b4e1400f202a3817811f221fee9bd1f5e207eec6ac38ce6a519a755dea779449c5554703a11c01dc9ba70766a0f52a1373a78ec5d878dd8957df5ddeab9aedec397b7b950d4e27cf0b02461352cd606fb5d1d65e47295c1b9fec12447048488372f357d06248b2fa952ea7e162554acb7e69fec1af97fed9b4404742cede871cb12d4381eb359ef570e8a1d6f9ea96884a9faceee22a304ca0277eff00),
(216, '2019-11-30 12:47:33', 1, 'attributes_controller.php', 'attribute_page=1&products_filter=19&current_category_id=7&', '185.157.12.106', 0, '', ''),
(217, '2019-11-30 12:49:09', 1, 'attributes_controller.php', 'action=set_products_filter&', '185.157.12.106', 0, '', 0xab562a28ca4f294d2e298e4fcbcc29492d52b25232343052d2514a2e2d2a4acd2b894f4e2c494dcf2faa8ccf4c01ca992bd50200),
(218, '2019-11-30 12:49:10', 1, 'attributes_controller.php', 'products_filter=102&current_category_id=7&', '185.157.12.106', 0, '', ''),
(219, '2019-11-30 12:49:18', 1, 'attributes_controller.php', 'action=update_attribute&attribute_id=101&attribute_page=1&products_filter=102&current_category_id=7&', '185.157.12.106', 0, '', ''),
(220, '2019-11-30 12:49:28', 1, 'attributes_controller.php', 'action=update_product_attribute&attribute_page=1&products_filter=102&', '185.157.12.106', 0, '', 0x8d93dd6ec2300c85dfa5d7d35686c4a43dcba428244e67296d8ae300d5b4779ffb1356a054e4ae3e9fed53c7f9293433e13e3128b4c567b12937c54bd152b0c970ccb177899944040d2ba319aa40dda87d88125ac6d064580247ed134cdfdb72a88706544be0f02cb18ca8212e81ddeeb59433ef7cf115d509b0fae6abf4c798e85775b2b9188855200b3411b3ccd15e6880b1eeed94d9cd1de3b4e1404f202a3817819f229fee9bd1f5e207eec6ac38ce6a519a755dea779249c5554703a11c013c9aa70766a0f52a13f3a08ec5d87add8957df5ddfab9aaded257b73930d4e27cf0b02461352c360efb5d1d65e4729dc189fec12447048488372f75770c49064f76b5d4dc3c5ba9296fdd2fc835f6ffdbb39029d08397b1f72c4b60c056ed778d6c3a18746e7ab5b226a7db6ba8babc030819ef8fd03),
(221, '2019-11-30 12:49:29', 1, 'attributes_controller.php', 'attribute_page=1&products_filter=102&current_category_id=7&', '185.157.12.106', 0, '', ''),
(222, '2019-11-30 12:49:51', 1, 'attributes_controller.php', 'action=set_products_filter&', '185.157.12.106', 0, '', 0xab562a28ca4f294d2e298e4fcbcc29492d52b25232343051d2514a2e2d2a4acd2b894f4e2c494dcf2faa8ccf4c01ca992bd50200),
(223, '2019-11-30 12:49:51', 1, 'attributes_controller.php', 'products_filter=104&current_category_id=7&', '185.157.12.106', 0, '', ''),
(224, '2019-11-30 12:49:58', 1, 'attributes_controller.php', 'action=update_attribute&attribute_id=103&attribute_page=1&products_filter=104&current_category_id=7&', '185.157.12.106', 0, '', ''),
(225, '2019-11-30 12:50:07', 1, 'attributes_controller.php', 'action=update_product_attribute&attribute_page=1&products_filter=104&', '185.157.12.106', 0, '', 0x8d93dd6ec2300c85dfa5d7d356c4c4a43dcba428244e67296d8ae300d5b4779ffb1356a054e4ae3e9fed53c7f9293433e13e3128b4c567b129b7c54bd152b0c970ccb177899944040d2ba319aa40dda87d88125ac6d064580247ed134cdfdb72a88706544be0f02cb18ca8212e81ddeeb59433ef7cf115d509b0fae6abf4c798e85775b2b9188855200b3411b3ccd15e6880b1eeed94d9cd1de3b4e1404f202a3817819f229fee9bd1f5e207eec6ac38ce6a519a755dea779249c5554703a11c013c9aa70766a0f52a13f3a08ec5d87add8957df5ddfab9aaded257b73930d4e27cf0b02461352c360efb5d1d65e4729dc189fec12447048488372f75770c49064f76b5d4dc3c5ba9296fdd2fc835f6ffdbb39029d08397b1f72c4b60c056ed778d6c3a18746e7ab5b226a7db6ba8babc030819ef8fd03),
(226, '2019-11-30 12:50:08', 1, 'attributes_controller.php', 'attribute_page=1&products_filter=104&current_category_id=7&', '185.157.12.106', 0, '', ''),
(227, '2019-11-30 12:51:04', 1, 'categories.php', 'action=new_product&cPath=7&pID=104&product_type=1&', '185.157.12.106', 0, '', ''),
(228, '2019-11-30 12:51:05', 1, 'product.php', 'action=new_product&cPath=7&pID=104&product_type=1&', '185.157.12.106', 0, '', ''),
(229, '2019-11-30 12:51:12', 1, 'categories.php', 'cPath=7&pID=104&', '185.157.12.106', 0, '', ''),
(230, '2019-11-30 12:51:48', 1, 'categories.php', 'cPath=7&pID=100&action=attribute_features&page=1&', '185.157.12.106', 0, '', ''),
(231, '2019-11-30 12:51:53', 1, 'attributes_controller.php', 'products_filter=100&current_category_id=7&', '185.157.12.106', 0, '', ''),
(232, '2019-11-30 12:52:00', 1, 'attributes_controller.php', 'action=update_attribute&attribute_id=99&attribute_page=1&products_filter=100&current_category_id=7&', '185.157.12.106', 0, '', ''),
(233, '2019-11-30 12:52:09', 1, 'attributes_controller.php', 'action=update_product_attribute&attribute_page=1&products_filter=100&', '185.157.12.106', 0, '', 0x8d93d16e83300c45ff85e769a37be8d47dcba4284d1c662910ea38b468dabf2f8486414b511ff13df6bd18f3534866c2636010a88bcfe270285e8a969c0e8afd58da9565aca940040d0b25192a47fda87d44c5b58caec9702c74d206c8cfef691e2a102d81c14bac6544a47a2cecf7af65995c26e729961767c0ea9b17ed8fb1a82fe6e470de110b471ae84acc3ac778ae01c67a8853e634778c918a1d3d8108678c077e8a7cda37a3dbc34fdc8f5d7edcd5aa34735df33bc74df9cd44891086001eedd30233d0f6942bf3608e46df5ad9c7acb65f7e5731bbdaa97b77d30d4606cb2b027ae542c3a0efb531d651fa38b85136e83588e014909272f756d0a10bf1f66b595d978b75152d87a3f907bfde86ffa6033a1372ce9e7a62ecb814b83de39987410b8dcc9f6e8da8e545cbde6f02690303f1fb07),
(234, '2019-11-30 12:52:10', 1, 'attributes_controller.php', 'attribute_page=1&products_filter=100&current_category_id=7&', '185.157.12.106', 0, '', ''),
(235, '2019-11-30 12:52:18', 1, 'categories.php', 'action=new_product&cPath=7&pID=100&product_type=1&', '185.157.12.106', 0, '', ''),
(236, '2019-11-30 12:52:18', 1, 'product.php', 'action=new_product&cPath=7&pID=100&product_type=1&', '185.157.12.106', 0, '', ''),
(237, '2019-11-30 12:52:26', 1, 'categories.php', 'cPath=7&pID=100&', '185.157.12.106', 0, '', ''),
(238, '2019-11-30 12:53:56', 1, 'categories.php', 'cPath=8&', '185.157.12.106', 0, '', ''),
(239, '2019-11-30 12:54:52', 1, 'categories.php', 'cPath=8&pID=142&action=attribute_features&page=1&', '185.157.12.106', 0, '', ''),
(240, '2019-11-30 12:54:57', 1, 'attributes_controller.php', 'products_filter=142&current_category_id=8&', '185.157.12.106', 0, '', ''),
(241, '2019-11-30 12:55:04', 1, 'attributes_controller.php', 'action=update_attribute&attribute_id=152&attribute_page=1&products_filter=142&current_category_id=8&', '185.157.12.106', 0, '', ''),
(242, '2019-11-30 12:55:17', 1, 'attributes_controller.php', 'action=update_product_attribute&attribute_page=1&products_filter=142&', '185.157.12.106', 0, '', 0x8d93dd6e83300c85df85eb696bab4eaaf62c93a2347198a540a8e34051b5775ff8490785a27287fd9de383136e9964263c0706813afbcaf69f87ec2dabc8e9a0d88fb563575381084a164a32e48edaa1778a1d5731ba32c1b1504b1b607c3f9e7a3f54202a0283d7584b88e8eb9dcbe17d179fe9e47b2e2f1ac0fc8767f2e758eccf7c5238ef8885230d341213e510cf95c05874717629cd823152b1a31710e18cf1c02f912fcf4de8b6f985db41e5875dadb62653d7e63571537e33514f084300cff669811968db65649ef868f495956dcc6adbf9b98ac9b5bdabf70f6a3032585eb5552e940c7a291a629da58fc6a5b241af41049780d477165f0535ba10ef7e21f371b958e471647769fec1ef8feebfa9811a424ed97b4d8c1d97028fd77832c3a08552a6a35b230a79d5b2f59b40bf818ef8fd03),
(243, '2019-11-30 12:55:17', 1, 'attributes_controller.php', 'attribute_page=1&products_filter=142&current_category_id=8&', '185.157.12.106', 0, '', ''),
(244, '2019-11-30 12:56:05', 1, 'attributes_controller.php', 'action=set_products_filter&', '185.157.12.106', 0, '', 0xab562a28ca4f294d2e298e4fcbcc29492d52b252323255d2514a2e2d2a4acd2b894f4e2c494dcf2faa8ccf4c014a5928d50200),
(245, '2019-11-30 12:56:06', 1, 'attributes_controller.php', 'products_filter=25&current_category_id=8&', '185.157.12.106', 0, '', ''),
(246, '2019-11-30 12:56:13', 1, 'attributes_controller.php', 'action=update_attribute&attribute_id=27&attribute_page=1&products_filter=25&current_category_id=8&', '185.157.12.106', 0, '', ''),
(247, '2019-11-30 12:56:27', 1, 'attributes_controller.php', 'action=update_product_attribute&attribute_page=1&products_filter=25&', '185.157.12.106', 0, '', 0x8d93eb6e83300c85df85dfd3d656dd457b9649519a38cc5220d471daa269ef3e73eba05054fee1f3f9f8e0849f4c33131e1283429b7d66bbf7ec29ab28d86438f6a55729994404252ba319f24075277d88122ac650f6ec560a27ed13f4effbb7d60e0da88ac0e1456a03a2da7ae3b27bdec8331e7c4d15d51930ffe649fb7d4cf489cf102e066215c802f5c4a8b38b174a602c9a389b21cd8c71da70a00710159c8bc00f910fcf1dd075f323d75d57ec76b5288da62ecd3bcba6e26aa296508e00eeedd30333d0ba4bcfdcf1b1182baf6bc9eaebe9b9aad1a5bd766f6fbac1e9e47941c068422a19ec5ceb621d7414e3d2f86497208263426a95d957c1094392bb5fe8bc5f2e16b98c6c2ecd3ff8f5d2fc3727a033210fd9db1e892d4b81db6b3c9ae1d043a987a35b220a7db1ba8eab40bb8186f8fd03),
(248, '2019-11-30 12:56:27', 1, 'attributes_controller.php', 'attribute_page=1&products_filter=25&current_category_id=8&', '185.157.12.106', 0, '', ''),
(249, '2019-11-30 12:56:48', 1, 'attributes_controller.php', 'action=set_products_filter&', '185.157.12.106', 0, '', 0xab562a28ca4f294d2e298e4fcbcc29492d52b252323256d2514a2e2d2a4acd2b894f4e2c494dcf2faa8ccf4c014a5928d50200),
(250, '2019-11-30 12:56:49', 1, 'attributes_controller.php', 'products_filter=23&current_category_id=8&', '185.157.12.106', 0, '', ''),
(251, '2019-11-30 12:56:54', 1, 'attributes_controller.php', 'action=update_attribute&attribute_id=23&attribute_page=1&products_filter=23&current_category_id=8&', '185.157.12.106', 0, '', ''),
(252, '2019-11-30 12:57:07', 1, 'attributes_controller.php', 'action=update_product_attribute&attribute_page=1&products_filter=23&', '185.157.12.106', 0, '', 0x8d93dd6e83300c85df85eb696bbb699af62c93a2347198a540a8e340d1b4775f08d041f951b923e7f3f1c1313f9964263c0706813afbcc4eafd9535691d341b19f1ca94004250b251972476d2f7d44c5558cae1cd8633ca8a50d30bcbfbd273b54202a0283d7783622229d772ea7e7437ca68d6fa9bc6800f36f9e956f63519ff98ce1bc23168e34d0404c2afb78ae04c6a28b7318d32c1823153b7a0011ce180ffc10f970df11dd37bf70db57f97e56abd2a4eb5abf264ecaef264a843004b0354f0bcc40fb2e03b3e1a3d15756b631ab6de7f72a264b7bab3ede558391c1f28a805eb95032e8a5d6c73a4b1f8d4b65835e83082e0129298baf821a5d88bb5fc87c182e16796cd92dcd3ff8f5d2fd37355043c863f6541363c7a1c0fd1a4f7a18b450caf1ead688425eb56cfd2e9026d011bf7f),
(253, '2019-11-30 12:57:08', 1, 'attributes_controller.php', 'attribute_page=1&products_filter=23&current_category_id=8&', '185.157.12.106', 0, '', ''),
(254, '2019-11-30 12:58:28', 1, 'categories.php', 'action=new_product&cPath=8&pID=23&product_type=1&', '185.157.12.106', 0, '', ''),
(255, '2019-11-30 12:58:28', 1, 'product.php', 'action=new_product&cPath=8&pID=23&product_type=1&', '185.157.12.106', 0, '', ''),
(256, '2019-11-30 12:58:34', 1, 'categories.php', 'cPath=8&pID=23&', '185.157.12.106', 0, '', ''),
(257, '2019-11-30 12:58:54', 1, 'categories.php', 'cPath=25&', '185.157.12.106', 0, '', ''),
(258, '2019-11-30 12:59:16', 1, 'categories.php', 'cPath=25&pID=145&action=attribute_features&page=1&', '185.157.12.106', 0, '', ''),
(259, '2019-11-30 12:59:20', 1, 'attributes_controller.php', 'products_filter=145&current_category_id=25&', '185.157.12.106', 0, '', ''),
(260, '2019-11-30 12:59:27', 1, 'attributes_controller.php', 'action=update_attribute&attribute_id=155&attribute_page=1&products_filter=145&current_category_id=25&', '185.157.12.106', 0, '', ''),
(261, '2019-11-30 12:59:45', 1, 'attributes_controller.php', 'action=update_product_attribute&attribute_page=1&products_filter=145&', '185.157.12.106', 0, '', 0x8d93dd4ec3300c85dfa5d70836b401e25990a22c718aa5b4e91ca75b857877dcbfd1ad5db5dcd5e7b37dea383f9966263c24068536fbccb6fb7df69455146c321c87d8ae8d994404252ba319f2404dafbdb652a8184339d212a8b54f307cbf75f5d080aa081c9e253412aa8b4be07df3bc9133ed7cf115d50930ffe6abf4fb98e85775466f3110ab401648880f212699bdbd500263d1dab9b899314e1b0ef400a2827311f821f2e1be23ba5efcc84d9f15fb592d4a93ae4bfd4e32a9b8eaa82394238061e233c20333d07a9581b953c762acbc6ec4ab6faeef554dd6f692bdbdc906a793e70501a309a964b073adb775d0510a97c627bb04111c1352a7ccfe0a6a0c4956bfd0f9305c2c7269d92ecd3ff8f5d23e9b1ae844c8a3f72e476ccb50e0768d273d1c7a28f578754b44a1cf56377115e826d012bf7f),
(262, '2019-11-30 12:59:46', 1, 'attributes_controller.php', 'attribute_page=1&products_filter=145&current_category_id=25&', '185.157.12.106', 0, '', ''),
(263, '2019-11-30 13:00:00', 1, 'attributes_controller.php', 'action=set_products_filter&', '185.157.12.106', 0, '', 0xab562a28ca4f294d2e298e4fcbcc29492d52b25232343153d2514a2e2d2a4acd2b894f4e2c494dcf2faa8ccf4c01ca19992ad50200),
(264, '2019-11-30 13:00:01', 1, 'attributes_controller.php', 'products_filter=146&current_category_id=25&', '185.157.12.106', 0, '', ''),
(265, '2019-11-30 13:00:05', 1, 'attributes_controller.php', 'action=update_attribute&attribute_id=156&attribute_page=1&products_filter=146&current_category_id=25&', '185.157.12.106', 0, '', ''),
(266, '2019-11-30 13:00:16', 1, 'attributes_controller.php', 'action=update_product_attribute&attribute_page=1&products_filter=146&', '185.157.12.106', 0, '', 0x8d93dd4ec3300c85dfa5d70836c426c4b3204559e2144b69531c675b857877dc9f8c6eedaae5ae3e9fed53c7f9293433e1213128b4c547b1dded8ba7a2a16093e138c6deba98494450b3329aa10cd40edaeb4ea4d030863ad312386a9f60fc1eeaa101d510383c4b2813aa8f77ccfe792367daf9e22baa1360f9c557e9f731d1afea646f3110ab401648887721269983bd500363d5d9d9643733c669c3811e4054702e023f443edc37a3ebc5bfb91db2e230ab4569d275a9df492615571df5847204304e7c467860065aaf323277ea588c8dd7ad78f5edf5bdaac9da5eb2b737d9e074f2bc20603421d50c76ae0db60e3a4ae1daf864972082ef84d42bb3bf82238624ab5fe9721c2e56a5b4ec96e61ffc7ce99ecd11e844c8d97b9f23b6652870bbc6931e0e3dd43a5fdd1251e9b3d56d5c05fa0974c4ef1f),
(267, '2019-11-30 13:00:17', 1, 'attributes_controller.php', 'attribute_page=1&products_filter=146&current_category_id=25&', '185.157.12.106', 0, '', ''),
(268, '2019-11-30 13:00:51', 1, 'attributes_controller.php', 'current_category_id=10&products_filter=146&action=new_cat&', '185.157.12.106', 0, '', ''),
(269, '2019-11-30 13:00:52', 1, 'attributes_controller.php', 'products_filter=29&current_category_id=10&', '185.157.12.106', 0, '', ''),
(270, '2019-11-30 13:01:07', 1, 'attributes_controller.php', 'action=set_products_filter&', '185.157.12.106', 0, '', 0xab562a28ca4f294d2e298e4fcbcc29492d52b252323654d2514a2e2d2a4acd2b894f4e2c494dcf2faa8ccf4c014a191a28d50200),
(271, '2019-11-30 13:01:08', 1, 'attributes_controller.php', 'products_filter=31&current_category_id=10&', '185.157.12.106', 0, '', ''),
(272, '2019-11-30 13:01:21', 1, 'attributes_controller.php', 'action=update_attribute&attribute_id=36&attribute_page=1&products_filter=31&current_category_id=10&', '185.157.12.106', 0, '', ''),
(273, '2019-11-30 13:01:31', 1, 'attributes_controller.php', 'action=update_product_attribute&attribute_page=1&products_filter=31&', '185.157.12.106', 0, '', 0x8d93dd6ec2300c85dfa5d7d30643e362cf32290a89d3594a9be238856adabbcffd092b502a72579fcff6a9e3fc149a99f0901814dae2b3d8ed8b97a2a16093e13885b6123289086a5646339481ba51da6e440a0d63a827b8675bed13e4eff7a11e1a500d81c3b3c432a286b8043ef6af1b39f3ce175b519d00cb6fbe4a7f8c897e55279b8b815805b2401331cb1ced851a18abdece26bbb9639c361ce8094405e722f053e4d37d33ba5efcc8dd9815c7592d4ab3ae4bfd4e32a9b8ea682094238047f3f4c00cb45e65621ed4b1181baf3bf1eabbeb7b55b3adbd646f6fb2c1e9e47941c06842aa19ecbd36da3ae828856be3935d82088e096950eefe0a5a0c4976bfd2e5345cac4a69d92fcd3ff8f5d6bf9b16e844c8d9fb9023b6652870bbc6b31e0e3dd43a5fdd1251e9b3d55d5c058609f4c4ef1f),
(274, '2019-11-30 13:01:32', 1, 'attributes_controller.php', 'attribute_page=1&products_filter=31&current_category_id=10&', '185.157.12.106', 0, '', ''),
(275, '2019-11-30 13:01:59', 1, 'attributes_controller.php', 'action=set_products_filter&', '185.157.12.106', 0, '', 0xab562a28ca4f294d2e298e4fcbcc29492d52b252323652d2514a2e2d2a4acd2b894f4e2c494dcf2faa8ccf4c014a191a28d50200),
(276, '2019-11-30 13:02:02', 1, 'attributes_controller.php', 'products_filter=32&current_category_id=10&', '185.157.12.106', 0, '', ''),
(277, '2019-11-30 13:02:15', 1, 'attributes_controller.php', 'action=update_attribute&attribute_id=37&attribute_page=1&products_filter=32&current_category_id=10&', '185.157.12.106', 0, '', ''),
(278, '2019-11-30 13:02:26', 1, 'attributes_controller.php', 'action=update_product_attribute&attribute_page=1&products_filter=32&', '185.157.12.106', 0, '', 0x8d93dd4ec3300c85dfa5d708b62140e25990a22c718aa5b4e91ca75b857877dc9f8c6eebaae5ae3e9fed53c7f9293433e13e3128b4c567f1fa513c150d059b0cc729b49390494450b3329aa10cd48dd27623526818433dc15b09b4da27c8dfbba11e1a500d81c393c432a286b804dede9f3772e69dcfb6a23a0296df7c917e1f13fda24e361703b10a648126629639da0b353056bd9d4d7673c3386d38d003880ace45e087c887fb6674bdf881bb312b8eb35a94665d97fa1d655271d5d140284700f7e6e9811968bdcac4dca96331365e77e2d57797f7aa665b7bcede5e6583d3c9f38280d1845433d85b6db4b5d7510ad7c627bb04111c12d2a0dcfc15b41892ec7ea5cb69b85895d2b25f9a7ff0eba57f372dd09190b3f721476ccb50e07a8d673d1c7aa875beba25a2d227abbbb80a0c13e889df3f),
(279, '2019-11-30 13:02:27', 1, 'attributes_controller.php', 'attribute_page=1&products_filter=32&current_category_id=10&', '185.157.12.106', 0, '', ''),
(280, '2019-11-30 13:02:32', 1, 'categories.php', 'action=new_product&cPath=10&pID=32&product_type=1&', '185.157.12.106', 0, '', ''),
(281, '2019-11-30 13:02:32', 1, 'product.php', 'action=new_product&cPath=10&pID=32&product_type=1&', '185.157.12.106', 0, '', ''),
(282, '2019-11-30 13:02:40', 1, 'categories.php', 'cPath=10&pID=32&', '185.157.12.106', 0, '', ''),
(283, '2019-11-30 13:02:59', 1, 'categories.php', 'cPath=25&', '185.157.12.106', 0, '', ''),
(284, '2019-11-30 13:03:07', 1, 'categories.php', 'cPath=10&', '185.157.12.106', 0, '', ''),
(285, '2019-11-30 13:07:53', 1, 'categories.php', 'cPath=23&', '185.157.12.106', 0, '', ''),
(286, '2019-11-30 13:11:34', 1, 'product.php', 'cPath=23&product_type=1&pID=156&action=new_product&', '185.157.12.106', 0, '', ''),
(287, '2019-11-30 13:13:03', 1, 'categories.php', 'cPath=23&pID=156&', '185.157.12.106', 0, '', ''),
(288, '2019-11-30 13:13:25', 1, 'categories.php', 'action=setflag&flag=0&pID=155&cPath=23&page=1&', '185.157.12.106', 0, '', ''),
(289, '2019-11-30 13:13:26', 1, 'categories.php', 'cPath=23&pID=155&page=1&', '185.157.12.106', 0, '', ''),
(290, '2019-11-30 13:13:32', 1, 'product.php', 'cPath=23&product_type=1&pID=155&action=new_product&', '185.157.12.106', 0, '', ''),
(291, '2019-11-30 13:13:43', 1, 'product.php', 'cPath=23&product_type=1&pID=155&action=new_product_preview&', '185.157.12.106', 0, '', 0xad556d6fdb380cfe2bbc7c2836204e9c3469dab4572057f4c3aed85ab43d0c050c18b4ad3a6a64c993e43af6b0ff7e949da479d90b76b87c481cf121f93c144d7eede45a25456c4d98a0652126094b3ad3ced01f9c7afec81bfa303c9e8ecfa6a3934eb793a1b14c87312153a53933216fc0c7647b8bc34dac0a69435be58cacfe0f8de1b356d93e22d73c66a1519a32916d30f17b3e7db621c6a22dcc41e886ff2b72819170891bc2b278c6d8169ae915d9d1b68fc48c905f3b0332dc148b4257498d608a9ce041e10f4643952c101e3e5f5f3fc2c3dd87fb0f8ff06e329a1cdf3fbdef7cdb040ab9212d6c4fad3b8d5188ef2a4cc2a80ad15acda3c23ac7c136c4e2328c059a15e7437777785097b674a956e6a038af5cdb02c521411425562dfbd0cc799e7399ee3b7fb15518a9e55bdd77b87e29505a4e10a5136a8e8ccb5f21707990611751486e7f9c27e3cba64777ac0933b1e6b9e54aae2ff422bf0c7420037b61ac5632bdbc30394a30b612eccfa01361bca05a1532f16225949e824ea377c3f1b80bc3017df9efcf83cee5ecf17e7673f5f4f7a76bb8bafef404b777b39bdbcfb3a6398e8f6464f27318f83ed055804443e9ffb808fa2ed1a5fb5d250efa2d970da5dd8e9258970825fcf330835577c1640c89e45d5828112131f2864388b32eb8cce3483332c6088982717744067828b28c69782819b3479aa5e7f0b11096bffdef1db2f8abedf1cad471ed1efd71cc9a0493f848614c8d79de222c839aa396d80595641c258282b27a699dec4295ec05366f4c15d71570301992815bd5528e494c52b4d1c93dc995962b53136642f58378aeb48aaa1edcaed29495d57595611b1b296c82abb41445af699652659c69c940b39a74a3adc8d5a805a74905b950b2e8c11593743f08f48a9771cdcc5e7aa5b1de15d53eed0b69e13db853355719c4c54217e0b2d74a52563a1786ea58565219def286c189373805ead69849bb7d139b76b46c693d143c95537020a65dfbad1a986729a0b0040b3a6074ec1efa3cc39499a06f31626281de6235c058ef254f1d6e15b9e4899d4fe164ece7cb7398339eceed148efd81fb1b356f9cb7c2f85b478dfb148c123c212a10f42f7f9777fb7efcb65a84b966cf8dc63c790efa3361180dcc8d3eb79c7aced2018b3a65ae2e6124502e28c6cf6bb5408b42a59b5aa1d704fb6ec186fe4ec186a7c3ff52307cabdad6c6781b6734a8cece768661a61226dafdb535dad92b5705ed0327848c1b01b32b37319c02c293765ab1ba756ea0341805b3ebcda45e992e353f5c382dd6ad4bdc4ffd8c1917d5de61a1c57acceea82a9b62ed4777dbbc1ded64193716f6ea159a7b19361bc7ac83d10dad856d3d7aed46166e197bc64d34cfe49c74784ebbae1c85ff33dab77f01),
(292, '2019-11-30 13:13:53', 1, 'product.php', 'cPath=23&product_type=1&pID=155&action=update_product&', '185.157.12.106', 0, '', 0xad556d6fdb380cfe2bbc7c2836204e9c3469dab4572057f4c3aeb8b5687a180a1830685b75d4c89227c975ec61fffd283b69f3d2edb0c3e543e2880ff93ca448fa5b27d72a29626bc2042d0b314958d2997686fee0d4f347ded087e1f1747c361d9d74ba9d0c8d653a8c09992acd990979033e26db5b1c6e6255481bda2a6764f57f680c9fb4caf611b9e6310b8dd2c444b6c1c4eff9f4d986188bb63007a11bfd2fc80546c211378265f184b12d34d36bb1a3379f901b92c0f644bad3188578575812465588d66a1e15d6390eb6211657612cd0aca90edddde1413a6dc6a956e620a717ae6d81e250208a12ab567d68163ccfb94cf79dbfda2a8cd4eaad5c3b5abf16282d2788d209dd69c6e5bf217075c0b08b2824b73fe6c9f8aa69ad77ad747e76b6133b530913ed2d6e558abd70555079334c5d3197c5b2d05552e3ec6a329a1cf79ef394f03c4ba9d174ebdc40438ac5ece6a2d50bd3a5e687f7d7625dd3e03ef513665c547b8725e3e9c2ee4771bddb56842ce36d8bc48c38bf117cdab9d9480753e4d49d41e10f4643952c11e65faeaf1f607ef7e9fed3037c7089dd3f7eec7cdfee756662cd73cb95dcc4bbc82f031dc8c05e18ab954c2f2f4c8e128cad04fb3de844182fa9c50a9978b1124a4f41a7d187e178dc85e180befc8fe741e772f6703fbbb97afcf3f3355c5d7f7e84dbbbd9cded9759a3edf84846263f8781ef037530483444ffdb45d0774497ee774d1cf45b2daf9276139258970825fc3d9fc13a39988c2191bc0b4b25222445de700871d605c73c8e3423638c902818774764807991654cc3bc64cc1e69969ec35f85b0fced7fef50c51f6d892b53c7b57bf4c7316b0826f191c298e6f9bc45580635472db10b2ac9384a040565f5dc3ad9a52ad933bc5e5815d71570301992815bd54a8e2999a468a3937b922b2dd7a626cc84ea07f1426915553db85dd39495d57595611b1b296c826b5a8aa237324ba932ceb464a0594d79a3adc8d5a825a7bd0cb950b2e8c11593743f08d461655c33b347af34d6bb49b54ffb89b4f01edca99aab0ce262a90b70ecb592c44ae7c2501dcb4a2ac35bdd3038f106a740dd1a3369b76fe2b51d2d5b590f054fe5141c8869d77eeb06a6f90514966041078c8edd43bf994d13f42d464c2cd1db8c3e7343ef70ebc8254fec620a27633f5f9dc3a299d0291cfb03f7376ac6d25b63fcada3c67d0a46099e901408fa97bfaabb9d8f5fce1661a1d95393639e3c05fd99308cde33aff9b95771cf593a6051a7ccd5258c04ca25c5f879ad966851a8f4b556e835c1de2dd8d0df29d8f074f85f0a866dd5769655a1c56649ed9cff7c89bb5def159a7b19366f37b38941696d1cb61ebd768b0ab7403de3d68067724e4bde733175e598ffcf68dfff01),
(293, '2019-11-30 13:13:54', 1, 'categories.php', 'cPath=23&pID=155&', '185.157.12.106', 0, '', ''),
(294, '2019-11-30 13:15:12', 1, 'product.php', 'cPath=23&product_type=1&pID=129&action=new_product&', '185.157.12.106', 0, '', ''),
(295, '2019-11-30 13:15:45', 1, 'product.php', 'cPath=23&product_type=1&pID=129&action=new_product_preview&', '185.157.12.106', 0, '', 0xad53db6eab400cfc9588e7d2421aa93af98cf635d2ca611dead3bd50af978453f5dfcf02491a48a3be340f48c133f6783c7c640d7b1d2b094a83a002ad5167eb6c59944f7951e6cb3f8b72b55e96eb7295dd65168220ab2a216bcf8441d1007e4cb5af3e142a1f9d28e91a4cd5e26651edd8db39a261aa5005cf69525fbb2fd2ef1210042486542a278d07f52d9081ade9c70e725ddc412591918f5257971c0736213f52a375f6bc8945b17b4ccff2a972b8f0da12b86ef116df2277fa5f977d9e998a42928eb3e5fab715183357362ca4d5b65320c2b48d72e58ac0415506c251e4b51fdf1a313a55b30f614e6a892582b91608660fdda85e85576a1a72f59cfc2e9ddafac30da3df2338a104f1ac53162cb99f1070b89a30454447727b8ea5c310c9e9b931544c8d9077a70b5e1ce88bddf366b659afd18c01b9b0125bf231f96fa1eedd3e9d1d5eb04577ffb7a9139c6c9d02cc237740261d06cff7f42df29e69f83f513b62fb38c27cf20e2c996ef632b2f976ab3d52fd2af3eefdb7323a396e3bd4b0cd23536e61387138b5db3c9c37db3c9073981f839e4f82fe3bd41ca2f81ac7807cfe07);
INSERT INTO `admin_activity_log` (`log_id`, `access_date`, `admin_id`, `page_accessed`, `page_parameters`, `ip_address`, `flagged`, `attention`, `gzpost`) VALUES
(296, '2019-11-30 13:15:50', 1, 'product.php', 'cPath=23&product_type=1&pID=129&action=update_product&', '185.157.12.106', 0, '', 0x8552db6ea3400cfd9588e7a5853452d57cc6f635d2c8611ceaed5ca8c74342abfe7b0748da40922d0f23e1736c1f1ffb236bd8eb5849501a0415688d3a5b67cba27ccc8b325f3e2dcad57a59aecb55f627b31004595589597b260c8a06f243c27eea50a87c74a2a46b30a1c54d50edd8db39a361aa5005cfa9538fdd15e93b270401892141e5a4f0a0be0532b0357ddb41ae8b3ba82432f251eaea27475148027026b18f5660ccbcfe204bab6da74084691be562368183aa0c8463abcba9ae8e33ce5bb30f619ed4124b04732910cc1eba51bd0a2fd434e4ea79f29b746aeb0f37ec7a8be08412c5b34e1bb5e47e63c0e1a2c394111dc9ed3e960ec3615d45fbf8cc16eb359a718d6756614b3e267f2dd4bd9baff13572a7dfe1195b7477ff9a3ad1c9d6e9cc78cc1d982a95c2ef7df91679cf34fc4fd48cdcfe6860de7907964c370bee91ea179957e92f7774649c2a619129b7306c298728bec60bb71dd8a4e72305d7d9df4d2c8add437acbc7cae1c26b4be0bac569da2efb3c3f7c0c155323e4dda9c0048f6caec6ffeb61ef747e263b9c4a6ceebff99b7b720ef3a3ba7ca2eed754f6efd7733fbf00),
(297, '2019-11-30 13:15:51', 1, 'categories.php', 'cPath=23&pID=129&', '185.157.12.106', 0, '', ''),
(298, '2019-11-30 13:18:00', 1, 'categories.php', 'cPath=11&', '185.157.12.106', 0, '', ''),
(299, '2019-11-30 13:18:58', 1, 'categories.php', 'cPath=11&pID=36&action=attribute_features&page=1&', '185.157.12.106', 0, '', ''),
(300, '2019-11-30 13:19:03', 1, 'attributes_controller.php', 'products_filter=36&current_category_id=11&', '185.157.12.106', 0, '', ''),
(301, '2019-11-30 13:19:12', 1, 'attributes_controller.php', 'action=update_attribute&attribute_id=40&attribute_page=1&products_filter=36&current_category_id=11&', '185.157.12.106', 0, '', ''),
(302, '2019-11-30 13:19:21', 1, 'attributes_controller.php', 'action=update_product_attribute&attribute_page=1&products_filter=36&', '185.157.12.106', 0, '', 0x8d93dd6e83300c85df85eb696bd76a177b9649519a38cc5220d47168d1b4779ff949475b8aca1df6778e0f4ef8293433e1213128b4c567b1df142f4543c126c3712ced3ea4641211d4ac8c66280375636bbb95566818433dc17da1d53e417edf0d7e684035040ecf52cb881aea5278dfbf6ee4994fbec48aea04587ef395fc3126fd2b9f1c2e066215c8024dc44c39c60b3530567d9c4d4e73c7386d38d013880ace45e0a7c8a7e76674ddfcc8dda88ae3ae165bb3a94bf34eb2a9b89a682094238047fbf4c00cb4ee32310f7c2cc6c6eb4eb2faeefa5cd5ecd65ed4db1b35389d3c2fda9a906a067b2f1a631d7414e3daf86497208263421a3a775f052d862477bfd2e5b45cac4a19d95f9a7ff0ebadff6f5aa01321e7ec834662cb52e0f61acf6638f450eb7c744b44a5cf567771151836d013bf7f),
(303, '2019-11-30 13:19:22', 1, 'attributes_controller.php', 'attribute_page=1&products_filter=36&current_category_id=11&', '185.157.12.106', 0, '', ''),
(304, '2019-11-30 13:19:36', 1, 'attributes_controller.php', 'action=update_attribute&attribute_id=41&attribute_page=1&products_filter=36&current_category_id=11&', '185.157.12.106', 0, '', ''),
(305, '2019-11-30 13:19:46', 1, 'attributes_controller.php', 'action=update_product_attribute&attribute_page=1&products_filter=36&', '185.157.12.106', 0, '', 0x8d93d16e83300c45ff85e7696bb56a9af62d93a2347198a540a8e3d0a26affbe04480785a2e60dfbd8f7e238d74232131e0383405d7c15877df15234e47450ec87d0fb470ca94004350b25194a47dd90da27da358cae1ee11468a50d90bf0f7d3f54201a02839718cb88e8e309fa3cbceee2994adf7c7971062c7f7856ff188bf9599fecce3b62e148038dc4a472f0e76a60ac929f5d76b3608c54ece8094438633cf053e4d3ba19dd6e7ee26ea8f2c3ac565313d535bd739c94df74d413c210c0a3795a6006daee32320ffa68f48d955df46abbf9bd8ac9dadeaaf777d56064b0bc9240af5ca819f43237d83a4a1f1bd7ca06bd06119c02529f59fc15b4e8425cfe4a96e370b12aa3645a9a7ff0fb2d3d9c16e84cc8d97b5f136dc7a1c0fd1a4f340c5aa865beba35a292172d3bbf09f41348c4ef1f),
(306, '2019-11-30 13:19:47', 1, 'attributes_controller.php', 'attribute_page=1&products_filter=36&current_category_id=11&', '185.157.12.106', 0, '', ''),
(307, '2019-11-30 13:20:17', 1, 'attributes_controller.php', 'action=set_products_filter&', '185.157.12.106', 0, '', 0xab562a28ca4f294d2e298e4fcbcc29492d52b2523234b454d2514a2e2d2a4acd2b894f4e2c494dcf2faa8ccf4c01cb29d50200),
(308, '2019-11-30 13:20:18', 1, 'attributes_controller.php', 'products_filter=119&current_category_id=11&', '185.157.12.106', 0, '', ''),
(309, '2019-11-30 13:20:24', 1, 'attributes_controller.php', 'action=update_attribute&attribute_id=123&attribute_page=1&products_filter=119&current_category_id=11&', '185.157.12.106', 0, '', ''),
(310, '2019-11-30 13:20:33', 1, 'attributes_controller.php', 'action=update_product_attribute&attribute_page=1&products_filter=119&', '185.157.12.106', 0, '', 0x8d93db6ec3200c86df25d7d3d6d3cdf62c9310059359222135a66d54eddde71ce8d2368dca5dfc7fb6ff1873293433e13e3128b4c557b1de6c8bb7a2a16093e138c6d69f123389086a5646339481daac89141ac650675a0247ed13e4ef5d5f100da886c0e1596219517d5c029bedee7d2567dafbea2caa1360f9c337f9cf31d16fea64773110ab40166824269983bf500363d5f95965370f8cd38603bd80a8e05c047e897cb96f46978b1fb81db2e230ab5969d275aedf492615171df5847204f06c9e1e988196ab8ccc933a1663e3752b5e7d7b7baf6ab2b8d7ecf55d36389d3ccf08184d4835837dd4065b7b1da5706d7cb27310c12121f5cac35fc1114392e5af74390e17ab525a764bf30f7e7f740fe7087422e4ecbdcf11db3214b85fe3490f871e6a9daf6e8ea8f4d9ea362e02fd043ae2f70f),
(311, '2019-11-30 13:20:34', 1, 'attributes_controller.php', 'attribute_page=1&products_filter=119&current_category_id=11&', '185.157.12.106', 0, '', ''),
(312, '2019-11-30 13:21:05', 1, 'attributes_controller.php', 'action=set_products_filter&', '185.157.12.106', 0, '', 0xab562a28ca4f294d2e298e4fcbcc29492d52b25232b650d2514a2e2d2a4acd2b894f4e2c494dcf2faa8ccf4c014a191a2ad50200),
(313, '2019-11-30 13:21:06', 1, 'attributes_controller.php', 'products_filter=38&current_category_id=11&', '185.157.12.106', 0, '', ''),
(314, '2019-11-30 13:21:23', 1, 'attributes_controller.php', 'action=update_attribute&attribute_id=42&attribute_page=1&products_filter=38&current_category_id=11&', '185.157.12.106', 0, '', ''),
(315, '2019-11-30 13:21:34', 1, 'attributes_controller.php', 'action=update_product_attribute&attribute_page=1&products_filter=38&', '185.157.12.106', 0, '', 0x8d93dd6e83300c85df85eb69ebcf2ea63dcba4284d1c662910ea38b468dabbcffca4a32d45e50efb3bc70727fc149a99f0901814dae2b378df152f4543c126c3712ced3fa4641211d4ac8c66280375636bbb95566818433dc17da1d53e417edf0f7e684035040ecf52cb881aea52d8ed5f37f2cc275f624575022cbff94afe1893fe954f0e1703b10a64812662a61ce3851a18ab3ece26a7b9639c361ce8094405e722f053e4d37333ba6e7ee46e54c571578badd9d4a57927d9545c4d3410ca11c0a37d7a60065a779998073e1663e37527597d777dae6a766b2feaed8d1a9c4e9e176d4d483583bd178db10e3a8a716d7cb24b10c131210d9dbbaf82164392bb5fe9725a2e56a58cec2fcd3ff8f5d6ff372dd0899073f64123b16529707b8d67331c7aa8753eba25a2d267abbbb80a0c1be889df3f),
(316, '2019-11-30 13:21:34', 1, 'attributes_controller.php', 'attribute_page=1&products_filter=38&current_category_id=11&', '185.157.12.106', 0, '', ''),
(317, '2019-11-30 13:21:43', 1, 'attributes_controller.php', 'action=update_attribute&attribute_id=43&attribute_page=1&products_filter=38&current_category_id=11&', '185.157.12.106', 0, '', ''),
(318, '2019-11-30 13:21:58', 1, 'attributes_controller.php', 'action=update_product_attribute&attribute_page=1&products_filter=38&', '185.157.12.106', 0, '', 0x8d93d16e83300c45ff85e7696bd53e54fb9649519a38cc5220d47168d1b47f5f20a4a32d20f286efb17d719c9f4232139e0383405d7c16c743f15634e47450ec53e8708a211588a066a12443e9a84bd27e1f25d730ba7a84fb402b6d80fc7d1ceaa102d11018bcc55846c410efa1d3f17d17cfb4f5dd971757c0f29b1ff297b1a83fd4c9eebc23168e34d0484c32933f570363d5fbd965372f8c918a1d6d408433c6036f2237f7cde87af10b7729cba759cd4a93ae73fdae71527ed5d1400843004bf3b4c00cb45e656416ea68f48d955df46abbc77b1593b5bd67ef9fb2c1c860794640af5ca819f4ab966c9da58f856b65839e83082e0169505efe0a5a74212e7f25cb71b85895b165bf34ffe0d747ff705aa02b2167ef434eb41d8702cf6b3ce961d0422df3d5cd1195bc69d9f9556098404ffcfe01),
(319, '2019-11-30 13:21:59', 1, 'attributes_controller.php', 'attribute_page=1&products_filter=38&current_category_id=11&', '185.157.12.106', 0, '', ''),
(320, '2019-11-30 13:22:20', 1, 'categories.php', 'action=new_product&cPath=11&pID=38&product_type=1&', '185.157.12.106', 0, '', ''),
(321, '2019-11-30 13:22:21', 1, 'product.php', 'action=new_product&cPath=11&pID=38&product_type=1&', '185.157.12.106', 0, '', ''),
(322, '2019-11-30 13:22:27', 1, 'categories.php', 'cPath=11&pID=38&', '185.157.12.106', 0, '', ''),
(323, '2019-11-30 13:23:42', 1, 'product.php', 'cPath=11&product_type=1&pID=40&action=new_product&', '185.157.12.106', 0, '', ''),
(324, '2019-11-30 13:23:50', 1, 'product.php', 'cPath=11&product_type=1&pID=40&action=new_product_preview&', '185.157.12.106', 0, '', 0x9d556d6fdb3610fe2b077fd827db91dd6449b362408735c590ad1b5660050603c299a46d5a14a9929419b2e87fdf512f895f560c982143d2f139de73cf1d4f5f268d35bc65de951cbd289173c127f79365b158cef2f53d2c8bfb9b57f7c5abc97452a3f3c2968c905b63a570a5cce0c582d65ef6918e9956fbd2c746d06af1cdc572634d7d8e68ac64a274c652a44c64392fe8778c701e7deb2e76eee81f502a5cab1cb7e3abdb0d32df5a6147aec73e1a6b427e21e3fde437b46c27023cfcfaf6f1f1ddc777f0f0cb5f6f1f275f9fe1a57444589ca594ad0c95fad73478b98e257a6fe5baf5e23cbac7a792297403b34bf76cbcc8bed7676b8dbb90e020ad6f515d12441530f6ec4bb7934d23f5f6dcf9b38fe5da3cbda87bc2f5738bda4b8218cba9036aa9ff0b814f17114e11ad96fedb716af9242eeac5856356365e1a3d96ed4df3e3caaef4caafda62718356702d0d34df196424f90fd97a8b1ac1f05ae67b026e5c6534e695eb65aca7d0981a6dff7ecd920986256183d1b18610d76883145a8a1a2a632348b03cd13bcee1d1d8fc2420ff6bdce71d8a1b485228a3c51eb67d0813e21c3e48d1186a516240172a6a6e8d569a94318bd71d2085582931ba21afe414d6034d9758eaf767311349a2e70bbc07b45bd309b066920eec6c790dac86bd701e94a82a03ce77ebb7ac32017d9c66ce352a605149cd6d644993d1f76c1a03092bf3ac88a6047e1ff43b51af4b662d523304efd417e46c1af4833836eaaa9d921f3464613b922320e9474a72859dd187b15cd6f940cafe6153042705290f7745013eba39857254f7d5d52e93b03489f21d78dbe715d90eac4944d28e9b8529a58dda04392807440a2b16f79a766f2d2d089633a88cf3d5588831512a3c4f445a099ddb87e8282aea14122747aaae4626e7f089703ca743e1a94d03f22c17bd04f8d3282d59a22efa1babb1a6d41cf0f3a05690c85942951bede3fbf79fc8a7cb652d14a6dc40814a59dc819d439ba2ab2815a263f4d0cb111e14569570021ee4012b8287e84cf5d2088be2163ce113ec44e5a9c7e7f0539fd5b310084c743d99b59dbf595df5c7e968ecbd9c493a6dafefee8ecf636db850fda83d9a4fe2204d4b43adc66d1e6123cb8ee47cdf6c092deb2d7d0a6cefda01e96c2be1c7e16a0e7402adbc9c993d36cf753c0fbcc15aaa78666cad1a27c5494e41c8edcef703f6e6e4e3421f9e7e40e5d0fdfc1287596be5acc66e70ba71c3d555dd7f339e1f669b21d7d926279b23fe4fc7afff00),
(325, '2019-11-30 13:23:54', 1, 'product.php', 'cPath=11&product_type=1&pID=40&action=update_product&', '185.157.12.106', 0, '', 0x9d546d6f1b370cfe2b843fec93ed9cdd6449b3a2408735c590ad1b5660050603075a926df974d255d259918afef751f792c4f6b201336c9c8f7c483e7c48e9eba4b186b7ccbb92a31725722ef8e476b22c16cb59fe7e0fcbe2f6ead56df16a329dd4e8bcb02523e4d658295c293378b120df531ee99869b52f7d6c04798b179de5c69afa14d158c944e98ca54a99c8725ed0e739c279f4ad3bcbdcd13fa054b856b96ec757b71b64beb5c28e5c9f624ae9888138e198ad0c95fa475ebc5cc712bdb772dd7a719cce951e1f4aa6d00da5cec3b3f1ac9dbee1ad35eeaca783b4be45754e1055c0d8b32fdd4e368dd4dbd3e02f3e966bf3f024d711d72f2d6a2f09622ca791d652ff17021fce2a1c235a2dfdcb756af920f84b5eb2bfbeb979eea90d17aa9fe233a5c4419a96e4ad719bc5bc535855c2893b79c06abe6fb68496f596b6ccf6a11db0a44cc28f633607618395e7d3ebb17965f0b4f0066ba9e2893108b9ddf97ea45747fb49bbdb4b924b1c29a6b1a6ba5fa9f0ede457b46c2702dcfdf2eefefefda7f770f7f39fefee27df9eefb470cccac64ba3c7a837cddb955de9955fb5c5e20aade05a1a68be33c868237fc8d66bd40886d7323f1370e32aa3317b2e97b19e42636ab4fdfb254b2618964812a3630d21aed10629b4143554c646906079a2779cc3bdb1f99f80fcab719f33145790a450468b3d6cfb1226c4397c94a231742489017d51d161d668a54919b378dd01528895126318f24a4e613dd07489a53e3f8b9948123d5fe03da0dd9a4e8035937441cd9697c06ad80be74189aa32e07ce7bf669509e8e33473ae51018b4a6a6e234b9a8cbe67d31848589947453435f0dba0df917a5d336b919aa178a7bea060d3a01fc4b15157ed94e2a0210bdb911c01493f52922bec8c3e8ce3b2ce0752f6779b2238294879b8290af0d1cda994a3b9af2e769984a59b373f81b77d5f91edc09a4424ed982c4ca96dd426c84139205258b1b8d794bdb5e4102c775019e7ab711063a334789e88b4123aaf0fd15134d429244e81345d8d4ccee133e1786e87cad39a06e4592e7a09f087515ab2445bf41756e34c6939e0a741ad2091b3842a2fdaa70f1f3e534cd7cb5a284c7981028db2b8013b87364557512b44c7e86197238cc71dbaf34ef0109da99e1661515c83277c829da83cedf81c7eecbb7a140281896e27b3b6f337ab8be6edd1896bad1a4fda91fddf6e9c7c2dcd5a2b67357617b11b33ac2eeafe8c3ffe996d86f8d92627c825fe67e0b7bf01),
(326, '2019-11-30 13:23:55', 1, 'categories.php', 'cPath=11&pID=40&', '185.157.12.106', 0, '', ''),
(327, '2019-11-30 13:24:02', 1, 'product.php', 'cPath=11&product_type=1&pID=121&action=new_product&', '185.157.12.106', 0, '', ''),
(328, '2019-11-30 13:24:09', 1, 'product.php', 'cPath=11&product_type=1&pID=121&action=new_product_preview&', '185.157.12.106', 0, '', 0xad556d8fdb360cfe2b443eec539c3ac1bdaf18d061bd62b8bd61055660086030922ee159965c493e9f54f4bf8fb2e3bb5cb2625f1624702c3d241f3ea4a82fb3d659d989e02b89415528a592b39bd9aa5c9e17cb55515ec36a75535edc9457b3f9ac411f94ab0423b7d691f21565f072c97b2f7ec80bdb995085d82ade2dbfb959dd3bdb1c235a474255de3a8e9489acce16257f0e213e60e8fc89eb81ff2392c68dce8107c2a6bb47113aa7dc44f6d0c660c3c82fbc7833fb159dd8a91e6e7f797777f7fee37bb8fdf9af777750a3a68db33d1a05cbf945b19c5fcdbe3ebba8c87316ea28cfbc2a50eb7fcd4d569b5861088e365d50c78c023e5542a3dfb33d35cf8b278a8ca26d9df527b23c920b1dea5382a87b8c23fbcaefa86dc96c8f8d3f87586decd38be2afb87eeed00462887592dba221f35f087c3a89f01ad1190adf8ed3d0933aa9a1545e386a03593395f26dfbc3daadcd3aac3bee63744a1ab2d07e6751b0e4dfe7d54b34085636949f09a4f5b5359877ce56b199436b1b74e3fb9948b6b72229d75b131be8e3065d4fca906aa0b62e02819389df710177d6e57f0af2afc187eca13c87444a5ba31e603b86b07d5cc06fa45acb6dcb0cf88b9a3bdea0239b3266793d00521f6bad26339435cd61b3a7e99348a37f113391a446be204740b7b583001b41b02a8bd51988061e940fa0555d5bf061d8bf1435b77788f3ccb9410d226a32d245910c2f86914d6b21616d9f15319cc0ef7bfd5ea93724b351a9dd071fd4576c6c5b0c7b715c347537673b687945ec580e3e6084aca4d4382c867e2a97f3a16765ff70298227c5cac3555942887ec1a13cd77dfd669749381e4ff909b21bf38a6207ce2626e92667fd9cd346637bda2b074c0a6b111f0c7beff8a093123983dafa504f859812e5c2cbc4a4b532b97d988ee6a2ce214936e4ea1a14b4804f8c93391d0edfe6d121b35cfcd2c39f561b1289bbe86faca79a7273c04f7bb57a422912eadc681f3f7cf8c436432e1ba531e506eab994e515b8057429fa9a53613ad6ec7b39c2adc6ba565ec12d3d62cdf03e7a5bbf34c2b2bc84c0f8043b5507eef105fc3866f52c048250434f666d176fd76fc6e37430f65ece249fb6ebab8bc3f3d858a9f4387e0fe6937a24dbf1506b709b47d8c47220b97868b78ca666cbf7831b4d07209f6dadc2345ced239f4047a73373c4e6598fc781efb1211d8f163ba7a749f12aa75ed1761786017bfeeabee1cb689c4f2f979d7a2c3a474583c3dcf493bff59b66bc469eff14f7fb548bfb9c6b71709f14cb82ef9362b84ffe47675fff01),
(329, '2019-11-30 13:24:14', 1, 'product.php', 'cPath=11&product_type=1&pID=121&action=update_product&', '185.157.12.106', 0, '', 0xad54db6ee33610fd95811ffa64796523f72e16d8a29b4591ded005ba40614018938c3d11456a492a0ab9d87fef50b292386eda971a36640de772e6cce17c9db5ceca4e045f490caa4229959c5dcd56e5f2b458ae8af21256ababf2ecaabc98cd670dfaa05c25d8736b1d295f51765e2ef9ec290f79613b13aa105bc5a7e5ab87d5adb3cd4b8fd6915095b78e2b6520ab9345c99fe72e3e60e8fc51ea01ff3d92c68dce8507c0a6bb45113aa7dc04f629a622cf10d40b90d92a50eb7f0426ab4dac3004479b2ea8c374be0af850098d7e5fea383c1b8fda193bde3aeb8f7aba27173ad4c70051f71847f495df51db92d9be0cfe1262b5b10f4f741d60fdd2a109c42ed6499e6943e6bf3cf0e1a8c2a1476728bc5ea7a107255f3b65fbe5c5d9f393c64aa5c7293e634add93ed98de06b799cc6b8d75adbcbaa67bac1777ed96bda9d9b2ccdc183a38569c498569ccf65eb9ded1f1f446df2c197c59f8161bd2f185b157b4dd8561a4a707f264ed8e8c1cdd0d830d97fdca75af66bfa0133bd5c3f5cfef6f6e3e7cfa00d73ffdf9fe066ad4b471b647a360393f2b96f38bd9b7e732575e386a035933657adbbe5bbbb5598775c7d7169d92862cb4df59142cd2efb3f51c0d82950de56702697d6d0de69393556ce6d0da06ddf87e2292edad48cc9235b1813e6ed0f5a40ca9066aeb22103899f81d1770635dfea720ff1abccb19ca5348a4b435ea0eb66309dbc705fc4aaab57c4b19017f51f30537e8c8a6ecb3bc1c1c521f6bada6309435cd61b387e99348637e113390a446bc2047876e6b07023682605516ab13100ddc291f40abbab6e0c3707e2e6a6637c479c6dca006113519e9a248868d6144d35a4858db47460c37f0db9ebf03f68666362ab5fbe203fb8a836d8b614f8e8ba6eee61c072d5bc48ee9e0f912329352e3600cfd342ee743cfccfeee52044f8a99878bb28410fd824b799efbfacd2e8370bc8df3136437f615c50e9c4d0cd24dc9fa39b78dc6f6b4670e1814d622de19cedeb1ce4889dc416d7da8a7414c8df2e06562d05a992c1f86a379a87348920379ba06052de033fbc9dc0e976fb37265a68b5f7af8c36a4322b18afec27a9a298b037edcb3d5134a915067a17dfaf8f133c70cbd6c94c69405d4f328cb0b700be852f435b7c270acd96b39c2b401605801ecde476feb27212ccb7308ec9f60a7eac01a5fc00f63578f44200835683273bb78bb7ed3be3bb8719dd3d34d3bb0ffdb12ca9baae81c150d0ebbd94f19d66f9af1de3ffe296ef7f1c56d4e503c5b00c5b2e005500c0be07f4cf6ed6f),
(330, '2019-11-30 13:24:14', 1, 'categories.php', 'cPath=11&pID=121&', '185.157.12.106', 0, '', ''),
(331, '2019-11-30 13:24:24', 1, 'product.php', 'cPath=11&product_type=1&pID=38&action=new_product&', '185.157.12.106', 0, '', ''),
(332, '2019-11-30 13:24:32', 1, 'product.php', 'cPath=11&product_type=1&pID=38&action=new_product_preview&', '185.157.12.106', 0, '', 0x8d550d6fdb3610fd2b070f285ac05665a56e1d370bd0ac4151645d8b7443b0c28070a218999644aafc882215fdef3b8af147ec059b215814f98ef7ee1d79f763d468953b664d9aa3e529e639cf478b51124f93897f5e43122f66f122998fc6a31a8de53a65842c9416dca4c283a7535adbed230c534edad4760da7d5f8c9c5f456abfa10d168c1786a94264f9ec84914d36f1f612c5a67bcdf473b0ff4ef50549855deefc057ba5b64d669ae375cf76d24d684fc41938bd127d46cc55bb8b8bcfefde3d55f9f2eaf21f11f17ef463fb726a930449a1f84e5671956d5bf8692a75997a2b55a64cef2430616ef5356a17960776cee278f14081a155a1973687427b475581d13c4aac52eb04fcd4a348d90c5a1f177dba599ba7f42e1ef0ea51504513aa753500bf95f08bc3ff2f018e1a4b04ffba9c53d3fca59ce0dd3a2b142c94deace9af3a55ecaa53d330d4a30b6abf8afcb115395d28b5f6e87dfdbe5e8fccc58ad6471fe1896212b494a27f349b0005d64cf93d96c0c313d2fbce5cdd5f5b3cfc828816ffffced126ee0eb97eb6f97efdf2d5d3c7d93fd0d13e8b1e92cae41019d5b92865e5504f329cce29369327f7db67ce9bd9efbf7038bdd4ce0bf0de38bee792f91f54a22d0e3bdccb256f0c11deb4077929763c8153404ad3be3175e250e849fcb1fbe0a41b77440b0956abb16a5c0083e979a1b6879c12db2b5005546303d99412e4504578ad083f92b605d2564ae3bd6cb0e929349320356ef365781151363b07e383d6d14a950aa60eec977a44611f0989782afc194cf549051331ec17b95913f68bb0c752b7cb4a5d24851e87c4323823fd08fe237502b460857ab2043255a8150537014d840b2cfc4767b0a346f940e0236816049403e06fa6b14958bb08615254ca216aa0fa8e8735e0ba495b6d39bed8247d20f8c082820ca794f6253085d0da6460ab08e609b3b4e6e164f670fb6e9db2527a4ef20a5cfe7716ce9f3e50a273028646c19388ca763aad0e3595df95598f848a99658ddbd206d71cd3724dbcea852ec07d44a24c19a4a49dab3e5165ab0dae5b2632b68513b59228d5ca3b1257634f407850e8e9f35cef45d04177b02d06552c6f9b018a77d251acaa60f66fd7020fc41013508db4537d453e23968553af27bad2a9f3f12f11b969bd3d20b4ea763231de6acc74a12e4eb870f376413ee1dafb09774aa5cdf19caad0af13c78810bae2b51ba9a6b3fcc289f41871d9fd3649c8055d2ab176dafe15eb9dfd522aa32a7a7f3fd3a54ab9c57a1cdecd5657e2794a3625e63e14bf78ec340215a3705e1455d5023d4c178805255abb8ddb41575c775abc571b70858dfd5f0d0f52dd6a2ea0e269dae3635f251542d17c5ca86d6327bd45aa9ed86d24c8b6185df4d9c16931a878e61f6f7fb1ff3137456153c748a9fff00),
(333, '2019-11-30 13:24:36', 1, 'product.php', 'cPath=11&product_type=1&pID=38&action=update_product&', '185.157.12.106', 0, '', 0x85550b6fdb3610fe2b070f285ac0566da56e1d370bd0ac4131645d8a7443b0c28070a218999644aa7c44918afcf71dc5f8dd6c866051f7fceebbd3e9c7a0d62a73cc9a2443cb13cc329e0de683783c8947fe7a0bf1783e1dcfe3d96038a8d058ae134696b9d2829b4478e3c98474db38c230e5a44d6c5b73d28e9f5526775a558716b5168c274669cae4819c4463faed5a188bd6199f772f720fff1e458969e9f3f678a5bb43669de67a8d75eb93084308f801462f6558963fc59525699ba0b55aa4cef24308161f1256a2794a75ecee8547e5848273ad8c3974ba17da3a2c8f0162d9601bd0276629ea5ac8fcd0f9bb6d93543d3c43d77787d20a32513aa3965642fe9f053e1c65d8b77052d8e7f354e28167cf69497e7a3adbd5542ae365e8e20e53fc5e2847f456987b322fb82e45e12aaee99462b4aa73b217554e73a683736f9a502c6ed78d56f75c375a1cf72fd8faa1c1c3d4775889b23d10365ce44b1b9a3add9b509ade400a29bdc66931aab06fd3089d55393fa25b6245807e90703ef88c9a2d79031797377ffc7ef5f7e7cb1b88fdc3c587c1e3eec873c3b4a8ad5072ed79569f2ff4422eec99a95182b16dc97f5d0c982a959eff72d7ffde2f06e767c66a25f3f37db314594183e864360a1ea0f3f4653c9d0e614cd72bef797b75f3e21a198dfffbbf7ebb845bf8fae5e6dbe5c70f0b379ebc4bff81117458b71657a0805e611a2cba9511cc26301d9f4ce2d9dbb3c56b9ff5dcdf9f506c2501ffa68c2fbae39d44d629894097cf324d1bc1fb74ac05dd4a5e0c2153509369d51aaf78133b105e963d3de58216566fc196aa691b940223b82e3437d0f09c5b642b01aa88607232854c8a08ae1459f7ee6f80b5a590996e59275b884f46f11458b50dae022a268660fd71725a2b62a150c1dd836f898d3cd8635608be0253bc508146cd78041f554af9a06953d48df0d5164a2355a1b3358c08fe447f1abf834a31b270950a3494a2110815154785f520bb546cc253a159ad7420b00e000b32e443a0bf5ad1e60c3a2ca96112b5505db08aaeb34a20699a56afc3858cc41f1811ac8020671d914d25b415980aa9c02a824def38a5993fdf3dd8b46fdb9cd0be8396be9c8dc7961e5f2f71043d43c61601c37032a48fd5705a955e0b235f296d62abdb57c42daef81a64d31a5588dd821a8944585d2a49311b6ea101ab5d265bb68406b59305d2c9d51a1b4247473f2834385e6a9ce9da082e7608a0974919e7cb629ce24a34d44d5fccea6920fca080ea896da35bfabc8e67a055e128ef8d2a7dff88c46f58aca7a5139ca6634d1d66acc35292c9d74f9f6ec927bc77bcc44ed254b9ae35d45b15ea79ca02db3d09fda224b79e872d9ed378188355d2b317f5afe1dea671ba5c6f983df97f2f62bfaf473babcfecc6f8997cf1ba0a9b6f7318a59bc8a3d83fa438787cfc17),
(334, '2019-11-30 13:24:37', 1, 'categories.php', 'cPath=11&pID=38&', '185.157.12.106', 0, '', ''),
(335, '2019-11-30 13:24:44', 1, 'product.php', 'cPath=11&product_type=1&pID=38&action=new_product&', '185.157.12.106', 0, '', ''),
(336, '2019-11-30 13:25:39', 1, 'product.php', 'cPath=11&product_type=1&pID=38&action=new_product_preview&', '185.157.12.106', 0, '', 0xad556d6fdb3610fe2b077f1836c0566ca55e13afd887604531745d87144581c18070a218999648aa7cb14215fdef3b8af14bec05fbb2c00828de73bce7b93b1ebf4d3aa32bcf9c2d2a74bcc0aae2d56435c9e78b7c167f3f433e5f2de7abfc66329d48b48e9b8211b2d646705b88085e2cc8763c4758a6bd72850b1d27ebfc4563f160b43c477446305e586d285224729dcde9ef14611d3a6f63dc67278ff477285a2cdb1877e4abfc0332e70d377baea73e0a2521bfd1e66af2010ddbf01eeededefff1fbfbcf1fdede433ef97e0017c2125d7e2628ee326cdb7f1551156528d039234aeff8796c878f056bd13ef1ba748f9b17da53766aa3ad3d77da09e33cb69704b1ed3124f685dd88ae13aa3e77feea4251eac71772fbd5a3728220da54547f29d47f21f0f122c2738457c2bd1c478a477e51ad8a5b6644e78456fba2bde97e5d9bb55abbbfccc007856cd00a817e6b3f5f2ccb5ef0b878cd0298a07833854a434750196c34bcca3d88b8573d7dd5821a7b44b08dee438f4a60061f1bc32df4bce60ed956806e32585c2fa1522283f79ad0a3fb2b60a115aa32810d2a407e3dcb97c0e4f1709d5831310517978bdb4ec3808d4eee917c000d75c263d508be05dbfca0915103fd6218cfe0375d523ce84389a617516da30d920a53ed6964f027c6d5fc3548cd08e1a54e6968452f102489236123c9a11487e34968d5699312d825820d01f914e85fa7e986251bb67437151aa18784ca3e56522059fa60f6c7a588943fb022a180285703259b24040956220994191c6ac729cceae5eac1a17cc7e2a4f29d95f4c79bf9dcd1e7d506673066c8ba2671982ea634d4a64bd9462bcca252ba84ce849f28b7b8e57b927db0ba11a7827a8594b0aed58aceecb9831e9cf1950a6c033d1aaf1aa495ef0cf6c48e96b151a871e2aef5760819dc9d2400acd3d647598cd3b90a2d55338ad93e35446c14d0636243f685c6f0fc068c6e3cc5bdd76dac1f25f16f6cf6dd32084eddb14f1d566cc05611e4d3bb775fc8674c65c95b1c1475951f82a5daeaa4e7290adc71d38ac64b6ee2b2a47aa63c1cf9dce6d31c9c56317bd99bf555ba7f2773f27889e97adedede9c5e60a92bdea6c97c32d0f84e684f5350621d67de91c34821db7635e185ace9ed30c97984d23868b9dbcf63bde3a637e272cc266c7c08f03cf4034ad186b34d6fdafd7079a6aae7a2deb8349397cf5e237aa9d24c2363b2f0ddcc1b3193388e5abb3f6f7d25d31b7358ccca83d8591e3f4a8c41ff2fe7197aa76b9e86f5f77f00),
(337, '2019-11-30 13:25:43', 1, 'product.php', 'cPath=11&product_type=1&pID=38&action=update_product&', '185.157.12.106', 0, '', 0x9d556d6fdb3610fe2b077f1836c0566ca55e13afe887604531745d87144581c18070a218999148aa7c894215f9ef3b8af1fbb201330c83e23d77f7dc73a7f3f7496774e599b345858e175855bc9aac26f97c91cfe2f767c8e7abe57c955f4da61389d671533042d6da086e0b11c18b05d9f6718465da2b57b8d071b2ce5f34167746cb53446704e385d58632452297d99c3e8708ebd0791bf31e451ee93fa068b16c63de91aff277c89c37dc6cb9ee7d0a6189013fe1186f19b6ed3ff2aa8a3214e89c11a577fc9482c3c782b5689f539dbbc7cbb37252c1b5d1d69e3a3d08e33cb6e704b1ed3124f685dd88ae13aa3e75fee64251eac717e4fae6513941106d2a6aa914eabf10f87896e118e195702fe791e291572f59e9fefafaead02275c5dbd4c503a5f883d09ee4955847316fb86945e32537742a31bbef6ac20b59d39c99e43c420b8ac5ddb6d1fa819bde88f3fe256c1c1a3c4d7d8752b4e1e4b2e7a2deb8d4d4e5d184d2f42651c8182dde8899c4b14d33f44ed7fc4c6e8592087da7cbd5e4231ab6e13ddcbcbbfdfdb70f5f3ebebb857cf27438ecdc32233a27b4dafabce9deaecd5aaddd9f66e0834236688540dfb59f2f96652f783cbc66014c50bc9942a5a123a80c361a5ee51e44bcab9e9f6a41eff888601bdd871e95c00c3e35865be879cd1db27b01bac96071b9844a890c3e68428feeaf808556a8ca0436a800f9e52c5f0293fbe03ab162620a2e1e17d79d86011b9ddc23f9001aea84c7aa11fc1e6cf38346462fde2f86f10c7ed525e5833e94687a11ab6db441aac2545b1a19fc81f1347f0d52334278a9930cade80582a4e2a8b091e4508a5d782ab4eab4490276896043403e05fae9342d9b64c396d6944223f49050d9a74a0a244b1fcc365cca48fa8115090544b91a486c2a2148b012a94099c1ae779cd2ac5eee1eecdab76f4e6adf494b7fbc9acf1d3d5e6c7006a342d63589c37431a5fd3e5dca365a61162ba5e5e54cf889b4c57bbe25d907ab1b715850af9004eb5aad2866cf1df4e08caf54601be8d178d5209d7c67b02776748c834283136fadb743c8e0e64000b04e5b1fcb629ce22ab4d4cd58ccfdf340c441013d0a1bb2aff48f34bf02a31b4f796f751bfb4722fe85cd765a06c1693ab6d261c5066c15413ebf7fff957c46294bdee2a068aafc102cf556a77a9eb3c07eb5c0b85bc86dd461cfe73a9fe6e0b48aea656fd617dddba357d49b76fb6a1eddfffbee8a2b6e76b02dec36c6fa42a6a5b03bccca5d84591e1f4a8c89fe87f3e4e9e96f),
(338, '2019-11-30 13:25:44', 1, 'categories.php', 'cPath=11&pID=38&', '185.157.12.106', 0, '', ''),
(339, '2019-11-30 13:27:03', 1, 'categories.php', 'cPath=12&', '185.157.12.106', 0, '', ''),
(340, '2019-11-30 13:30:25', 1, 'categories.php', '', '185.157.12.106', 0, '', ''),
(341, '2019-11-30 13:30:35', 1, 'categories.php', 'cPath=&cID=12&action=edit_category&', '185.157.12.106', 0, '', ''),
(342, '2019-11-30 13:31:22', 1, 'categories.php', 'cPath=&cID=12&', '185.157.12.106', 0, '', ''),
(343, '2019-11-30 13:34:45', 1, 'categories.php', 'cPath=13&', '185.157.12.106', 0, '', ''),
(344, '2019-11-30 13:35:26', 1, 'categories.php', 'cPath=13&pID=43&action=attribute_features&page=1&', '185.157.12.106', 0, '', ''),
(345, '2019-11-30 13:35:31', 1, 'attributes_controller.php', 'products_filter=43&current_category_id=13&', '185.157.12.106', 0, '', ''),
(346, '2019-11-30 13:35:39', 1, 'attributes_controller.php', 'action=update_attribute&attribute_id=52&attribute_page=1&products_filter=43&current_category_id=13&', '185.157.12.106', 0, '', ''),
(347, '2019-11-30 13:35:51', 1, 'attributes_controller.php', 'action=update_product_attribute&attribute_page=1&products_filter=43&', '185.157.12.106', 0, '', 0x8d93db6e83300c86df85eb69eb699ab4679914a589c32c05421da72d9af6ee338774b4a5a8dc617ffefd639b9f423313ee1383425b7c16ef9be2a56828d864380ea1dd5642261141cdca688632503ba4d65d2a348ca11ee1b5048eda27c8ef1fbd1e1a500d81c3b3c432a2fab80436bbd7953cd3ce175b519d00cb6fbe2a7f8c49fe4a279b8b815805b240a3c949e5602fd4c058757656d9cd1de3b4e1404f202a3817819f229fee9bd165f103b743551c66359b9a749deb779249c545473da11c018c13bf233c30032dab8ccc031d8bb1f1ba15afbebddeab9a5ceda5fa66ab169c4e9e67654d4835837d740a7b1d45b8363ed93988e09090faccdd57c1114392dbaf74390e17ab525a7647f30f7ebd75ffcd11e844c8d97b5f23b66528707bc6931e0e3dd43aaf6e8ea8f4d9ea362e02fd043ae2f70f),
(348, '2019-11-30 13:35:52', 1, 'attributes_controller.php', 'attribute_page=1&products_filter=43&current_category_id=13&', '185.157.12.106', 0, '', ''),
(349, '2019-11-30 13:35:57', 1, 'attributes_controller.php', 'action=update_attribute&attribute_id=53&attribute_page=1&products_filter=43&current_category_id=13&', '185.157.12.106', 0, '', ''),
(350, '2019-11-30 13:36:07', 1, 'attributes_controller.php', 'action=update_product_attribute&attribute_page=1&products_filter=43&', '185.157.12.106', 0, '', 0x8d93dd6e83300c85df85eb69ebdfa469cf32294a1387590a843a0e2d9af6ee4b8074b450d4dce1f3d93e38ce4f2199098f8141a02e3e8bf77df15234e47450ec87d021855420829a85920ca5a36e90b649720da3ab47781b03adb401f2f7475f0f158886c0e025c63222fa78820ebbd74d3cd3d6575f5e9c01cb6fbec97f8c45fda64e76e71db170a48122b18bc42473f0e76a60ac929f4d7633638c54ece8094438633cf053e4d37d33ba5efcc4dd90e587592d4a93ae4bfdce71527ed5514f084300e3c467840566a0f52a23f3a08e46df58d945afb6bbbd573159db6bf6f62e1b8c0c961704f4ca859a41cfb5c1d651fa58b85636e82588e014907a65f657d0a20b71f92b598ec3c5aa8c2dd3d2fc835f6fe9e1b4406742cedefb9c683b0e05eed778d2c3a0855ae6ab5b222a79d1b2f3ab403f8144fcfe01),
(351, '2019-11-30 13:36:08', 1, 'attributes_controller.php', 'attribute_page=1&products_filter=43&current_category_id=13&', '185.157.12.106', 0, '', ''),
(352, '2019-11-30 13:37:24', 1, 'attributes_controller.php', 'action=set_products_filter&', '185.157.12.106', 0, '', 0xab562a28ca4f294d2e298e4fcbcc29492d52b252323155d2514a2e2d2a4acd2b894f4e2c494dcf2faa8ccf4c014a191a2bd50200),
(353, '2019-11-30 13:37:25', 1, 'attributes_controller.php', 'products_filter=45&current_category_id=13&', '185.157.12.106', 0, '', ''),
(354, '2019-11-30 13:37:41', 1, 'attributes_controller.php', 'action=update_attribute&attribute_id=54&attribute_page=1&products_filter=45&current_category_id=13&', '185.157.12.106', 0, '', ''),
(355, '2019-11-30 13:37:50', 1, 'attributes_controller.php', 'action=update_product_attribute&attribute_page=1&products_filter=45&', '185.157.12.106', 0, '', 0x8d93dd6ec2300c85dfa5d7d306032eb667991485c4e92ca54d711ca09af6ee737fc20a948aded5fe7c7c6abb3f856626dc270685b6f82c76dbe2a56828d864380ea1ed4e42261141cdca688632503ba4d61b49858631d423bc96c051fb04f9fda3d74303aa217078965846541f97c0fbe67525cfb4f3c5565427c0f29bafca1f6392bfd2c9e6622056812cd068725239d80b3530569d9d557673c7386d38d013880ace45e0a7c8a7fb667459fcc0ed50158759cda6265de7fa9d645271d1514f284700e3c4ef080fcc40cb2a23f340c7626cbc6ec5ab6faff7aa26577ba9bed9aa05a793e759591352cd601f9dc25e4711ae8d4f760e223824a43e73f75570c490e4f62b5d8ec3c5aa9496ddd1fc835f6fdd7f73043a1172f6ded7886d190adc9ef1a487430fb5ceab9b232a7db6ba8d8b403f818ef8fd03),
(356, '2019-11-30 13:37:51', 1, 'attributes_controller.php', 'attribute_page=1&products_filter=45&current_category_id=13&', '185.157.12.106', 0, '', ''),
(357, '2019-11-30 13:37:57', 1, 'attributes_controller.php', 'action=set_products_filter&', '185.157.12.106', 0, '', 0xab562a28ca4f294d2e298e4fcbcc29492d52b252b23453d2514a2e2d2a4acd2b894f4e2c494dcf2faa8ccf4c014a191a2bd50200),
(358, '2019-11-30 13:37:58', 1, 'attributes_controller.php', 'products_filter=96&current_category_id=13&', '185.157.12.106', 0, '', ''),
(359, '2019-11-30 13:38:02', 1, 'attributes_controller.php', 'action=update_attribute&attribute_id=92&attribute_page=1&products_filter=96&current_category_id=13&', '185.157.12.106', 0, '', ''),
(360, '2019-11-30 13:38:14', 1, 'attributes_controller.php', 'action=update_product_attribute&attribute_page=1&products_filter=96&', '185.157.12.106', 0, '', 0x8d93dd4ec3300c85dfa5d708362626e05990a22c718aa5b4e91ca75b857877dcbfd1ad5db5dec5e7b37de2b83f9966263c24068536fbcc3e5eb3a7aca26093e13884f6123289084a564633e4819a5edaee440a15632807782b815afb04c379df954303aa22707896d048a82edee6bcbd3f6fe49b76bed88aea04987ff355fe7d4cf4ab3aa3b9188855200b24447bc74966ef2f94c058b47e36a39b19e3b4e1400f202a3817811f221fee3ba2ebc58fdcf459b19fd5a234e9bad4ef24938aab8e3a42390218263e233c3003ad5719983b752cc6caeb46bcfae6fa5dd5646b2fd9db9b6c703a795e10309a904a063bd77a5b071da570697cb24b10c1312175caec56506348b2fb85ce87e162914bcb7669fec1af97f6bfa9814e843c7aef72c4b60c056ed778d2c3a187528f4fb74414fa6c751357816e022df1fb07),
(361, '2019-11-30 13:38:15', 1, 'attributes_controller.php', 'attribute_page=1&products_filter=96&current_category_id=13&', '185.157.12.106', 0, '', ''),
(362, '2019-11-30 13:40:10', 1, 'attributes_controller.php', 'action=update_attribute&attribute_id=92&attribute_page=1&products_filter=96&current_category_id=13&', '185.157.12.106', 0, '', ''),
(363, '2019-11-30 13:40:42', 1, 'attributes_controller.php', 'attribute_page=1&products_filter=96&current_category_id=13&', '185.157.12.106', 0, '', ''),
(364, '2019-11-30 13:40:58', 1, 'attributes_controller.php', 'action=set_products_filter&', '185.157.12.106', 0, '', 0xab562a28ca4f294d2e298e4fcbcc29492d52b252323155d2514a2e2d2a4acd2b894f4e2c494dcf2faa8ccf4c014a191a2bd50200),
(365, '2019-11-30 13:40:59', 1, 'attributes_controller.php', 'products_filter=45&current_category_id=13&', '185.157.12.106', 0, '', ''),
(366, '2019-11-30 13:41:39', 1, 'attributes_controller.php', 'action=add_product_attributes&attribute_page=1&products_filter=45&', '185.157.12.106', 0, '', 0x8d92d14ec3300c45ff25cf95a0820ec4af008ab2c42996d2a6739c7515e2df49db95b2d1763c26f7dc6bc7cea768c89ba8394834e2453c1622133a1241cd522b86d253374af943927cc3e8eb339ca78ba37211c6f3abd889f72c05a206d910583c256862e470dfbb8a6791cd651533e13e720a6901cb0fbeb0ae6357fad458f0c4d293011a815fbeb1315f0363052baa559a3d6d8ad25b1b806f30ffa832416b8107ee463e6c48372ab56914614b939660cdec8019286cabcb010643e35497ba735d12efe755cd9b94f863ceafdc6055747c365ec66a1f6b06f3d73476b5572105d7da45b304111c22d2a0f4d1589529b3dff7ccbcddf5fffc08d412f2d4dcd23fb4e8a056d3e897884a9d8ceafa013ead13c383125288af6f),
(367, '2019-11-30 13:41:40', 1, 'attributes_controller.php', 'attribute_page=1&products_filter=45&current_category_id=13&', '185.157.12.106', 0, '', ''),
(368, '2019-11-30 13:41:49', 1, 'categories.php', 'action=new_product&cPath=13&pID=45&product_type=1&', '185.157.12.106', 0, '', ''),
(369, '2019-11-30 13:41:49', 1, 'product.php', 'action=new_product&cPath=13&pID=45&product_type=1&', '185.157.12.106', 0, '', ''),
(370, '2019-11-30 13:42:11', 1, 'categories.php', 'cPath=13&pID=45&', '185.157.12.106', 0, '', ''),
(371, '2019-11-30 13:42:25', 1, 'product.php', 'cPath=13&product_type=1&pID=96&action=new_product&', '185.157.12.106', 0, '', ''),
(372, '2019-11-30 13:42:32', 1, 'product.php', 'cPath=13&product_type=1&pID=96&action=new_product_preview&', '185.157.12.106', 0, '', 0xa554cb6edb3a10fd15c28baeae532771903a2deee276ddc7a63b03c2886494b144521d9256a4a2ffdea128f9d9a28b6b1810c9799d799d1f8b969c8a32f84241d00528a5d5e26971b7ba5d2f57fcbf17abcdd3fde669bd5afcb330e083a642b266e508b52f3029dfdeb3ece807bd74d18622f4ad66e9ea8fc2e2999cb9d46809a52ebc238e947c3fbcbb59f1ef54c50708d15fb91ef1ef011b289b1478046ce333c81049d30cf6d4c68261cd1ffcf8b4f88a3a50f4430dc28244d781f8f8e5d3a76f9fc5dde2e7c1a640cfb0f54562e95542d3fc361955947d0121109631e84b08015e0bd9809fe05d9ba7c7ab12e42a55e4fc551df6482142730d109a0efa8cbef02fd8b668ab4be3efa12f4af77a2cf119d6ef116c405671a4780e0cdabf69c0eb5584738d6831fc398ec1577dd534a5bd246c033a3bf7ee43fbef96b6761bbe2883608f1d74a2c16d5cdd3e941241be882a5dd677a06ae45beb942b6dcfa7da0f01b22c68239413a5a66cba5efb1af54eecb4b2500b8b5a84ced19064ab070962a82896a8b3aea859a42d0767b737e23f203538813668ebfb2e1993cb80d219188298f1a5efed4662147ee8cbda09a788178e0340abd914765348d1a16e5c4d2e241fdd64c82964b9e87a053b3b8519df1ec782bcb1a56fdfdb51ff518ad812a4128d25bbc0fdd11913adb81306842297c0eefca04faac981193cbd712079aadf77162c235729d7b1a293dbdc88d1e7dc9bd6355aa6032b779caa0f633378df79a00efe040ae688e37544db3332d4c6ba2155c06a8ec218f8cbde7256b341ee656d0f554dd87dfaf8a94acaf9dad9a9e9bd113e92eb24377f07f5dc942eb7f591bbdcd2d04f05231812f671206bb94336f543bcf9b07d9bc7f0842e8eb3cc53bad99c11a5714a3799a74ef65aefd145260303555afddc889b5d5bb11a9a8a1994b2cda8c1cbd0e830b391db6bea08af4926eb263684cb88cf60b0e92f1e2335f36a9d25d369ac5ec2c8480f678ccc749d17fab0ee7abf8c844b0323cff8d91dd7e8c0b3a7e7e5b4b14b3926bc1c39f77f3af8f90b),
(373, '2019-11-30 13:42:37', 1, 'product.php', 'cPath=13&product_type=1&pID=96&action=update_product&', '185.157.12.106', 0, '', 0xa5544d6fdb300cfd2b420e3d2d5ddaa6e8920d3b6ce7aebbec16c0a025d5656c492e25d5b58bfef751fe68be5aecb0208025917c7c7ca4f432abc9a92883cf14049d81525acdd6b3cbc5c572bee0ff9558acd657abf57231fb3433e083a64cb267e108b5cf30395f5cb16d87835eba684316da5ab375f1a131bb27678e3d6a42a933ef883325eceb2fe70bfeedbbf80021fa13e89eff136005799512f7846dbc071922699ac8ee6232f44c411f914ca712aaea5d622acbdb0c4220cc63d087703e0bf09cc90afc98ea343c1d9e9433545c90f327353d218508d52941a81a6807f6997fc0ba465b1c073f8636cbddf34eae03ae8f116c407671a4b8a706edbf3ce0f924c3a147b4183ece63f059ab8fac7cbe5a1d8c91714a574317f794d24fe822cb6ba04862fe74c6447bbead0b764353f07cd110d37b640ca1c3d45ff7a4a9213c6ddbe09b66058e33de83c1aa3d3a6c34160fa1efe5f5c15cf2d00e521c0b65c170d6174ebb9efd461d28faae046141a26b40fcbcbbbdfdf34b5cce5ef7e7597b49580774760afd567fdfd0c66ec29d32087607e044859bb8b8b8ce25827c1045da2c2f4195c8bbda2997db9657a5ef020cb6a08d504ee49a86d0e5d297a8b762ab95855258d422348eba645b5c4b105d4131473df88a924dda7272863d173f8054e704daa0ad6f9b144c6e2094d6c014c4c42f7d2f5612a3f05d9b974e3845fcae7002a83587c2764c291ad4952bc98584d18c815cc260174dab606bc734fdd94d2fc899cd7dfdd5f6fe3752c49a2049d44b76c47b981f71290c08452e91ddfa4eefa9c989993c9d39907ce1bf36162c3357a9d65ed1117668448f39f5a676959669c1ce0d97ea43df0c7ed6f8aebde10914fc14eeb63ddb9699a136d6754901ab390b73e02fa30d554d01432f4bfba66ae2eed3c78f2a29e74b67c7a6b746f848ae91dcfc2d9453539aa1ad37dce59aba76148ca04bdcfb812ce51639d477f1fcdbe673fdfd60522355d3841e9cbf7b4bd31d9e47c2b981fed5f25328c3bedd8cfdf57c1cf2b9ec61e6fd2df94f80d7bf),
(374, '2019-11-30 13:42:38', 1, 'categories.php', 'cPath=13&pID=96&', '185.157.12.106', 0, '', ''),
(375, '2019-11-30 13:43:56', 1, 'categories.php', 'cPath=15&', '185.157.12.106', 0, '', ''),
(376, '2019-11-30 13:46:23', 1, 'categories.php', 'cPath=22&', '185.157.12.106', 0, '', ''),
(377, '2019-11-30 13:47:36', 1, 'product.php', 'cPath=22&product_type=1&pID=138&action=new_product&', '185.157.12.106', 0, '', ''),
(378, '2019-11-30 13:47:45', 1, 'product.php', 'cPath=22&product_type=1&pID=138&action=new_product_preview&', '185.157.12.106', 0, '', 0x9d550b6fdb460cfe2b070f285ac0722c7759eac40bd02e5892bd1c34d98a010604ea7476689dee54de298a5cf4bf8f27d98e1f2b064c102089fc487e7c1cf5a55792cd2ae95d928157096499ca7ae7bdd1303e8b8671341a8b787ccef7db71afdf2bc079458964e4c2122a97600b1eb1eec50f3a692be313df948ab5c36f2a9339d9e21051124a95384b1c8975f1bbe160c8d72ec479f0953b72ddf27f02d490ea10b8256caa39485f91a235d91f766d0c148cfcd28b59710725353988fbdbab9b5bf1732c26736bbc90565bfa71d62395cd7a97e2eee3f4f7e94fbfbc9fcc4e82fab2f775eb2e41c719a9839c835482d6ff9a6796a44d02de13a6950f86f12ec4c3732235b835f363f3203caa4e57c005597754a227245f813e2608ba86a6639fb8472c4b348b43e3cfbe4952fbfc52fd3dae9f2b301e196229e31129d0fc17029e8f22ec232a83fedb710a7c6e27754f9b2927094b8fd66cda3a292f673433333f712518e17ca315b7b36debf977f3f6bae0ce4e9c276b1697fbb01464cea5ac4c1675168216e9ebd1e9695f0cf97e132c7924aefefcf5415c4def1f66d5308edfddfdf1b7985e89381e8473c4a3127c5e86e73ac68ba463b725b91942b952545b0382cf49253e682bf3be58a1d24156d24aa54035c232c41b9e4a100edbd06361b6c676203e00652bcb4acd62b201729a6ae48f6cd7d6a6a80441b67641af2c489ec78bdaa00ab233296a2e092967eb463e8a1aa83239c8c781f814124108a8ef47ec44ad2acd03d288aa24a81b8122b32e67d61b84e5d9e2685dcb94f1db5881b981651a28a35a8aba2960b16519c2f2465086a36e7c976db190b9bdd7852244313bb941b7ea189d88a0416382694eb06cf94e6b2b1557887dd9dc16966cadfa22abba34f935078da922711d5d5ff7852b40ae0cb3663a6b2a3e6793a55842beae672b3e13963d6f93d996be6e9ccd43bedcb9661fc34e1754a5815ee74822b45565e268bc32aea94d536cdac96f7918c195e2aa07af3c1c562b022397206a9b2a290accc946aeec1a99873a1cf29a66a525b347fd5cdc7c3c170fc5301a89d7bfbd7d731bbeee3ffd3598a4c4255d8fe62b93baf2623bb23b8befe554f2791b8fc7bb27b2b099d2dd32ded950ea096dc56b8d3b1c9658d7487098e1a0e4cdd3ef61b1e07f0575862d8ccfb6567eb35ced13d784f0786776d8b0f7e130ec1c0ad4cd81b022bdd9147b19d50a178f9ea5a707ff1efe3175fb29445eebd45354114605b48bd36d1c72a9bac4b62f11a7f888d13c8ed86161b97121e8ffb7fdfa0f),
(379, '2019-11-30 13:47:51', 1, 'product.php', 'cPath=22&product_type=1&pID=138&action=update_product&', '185.157.12.106', 0, '', 0x9d540b6fdb3610fe2b8407142d6039963b2fb5e31968172c49f770d0642b0618104e14ed9c2591ea918a2217fdef3b4ab6e3478301330458bac7f77df720bf760a3249299d8d12702a8224514967dc19f4c3f3a01f0683910847637ede8e3add4e0ed6298a24472e0da1b21136c103f63de3a095a6d42e7275a1d8db7fd1192dc8e4c71105a1549135c44cec0bdff57b7dfeed875807aeb427d08dfe47c00ce2cc13378275b900e94a52b411fbd3734e849625a82391de2a21cbbe2b2c89e23a02e708e3d2f9c4703fc4c1532433b01baad3746f3c29a7ad7849c69ed4f488e44ac84e05425641ddaa8fec031605eae571f2175747b1797a6ed781d62f2568871c6228e199e6a8ff2b029e4e180e234a8dee659e1c9f9ad5faae97eda3d168df939b4465ed14f73aa51ed194dcde1c96be99051454a76031c15ec11de876305ff292519bd884458ca3dc76c8e6515145783abb36d62f0c1cd32e20c7ac3e32560a970f8e8dc3a3e5e4cd6dfbe1190e7d1a72e6fdcac4e3ce6d2b5ddcdd5c5edf885f43315918ed843499a19fe71d52c9bc3315b79f667fcc7ef9f87e323ff3ee69e7dbfec62b2b090b87466f5127c5744e733d77135b8016d6d59962b40675fcc3a2f95d30f0c43a327a393d0c8b41a6bc87a54e823643d0327e3d180ebba2cfcf1b9fc98a2efffaed5e5cceeeeee7653f0cdfddfef98f985d8a30ecf95b83957acca9ffdf703c5b5a753b91db1ec8350fc568107c2b94e2436664da156b5499b715b456315085b0f27cfda10461b1a11e09bd4b363df10128591b76666c26e343867186fc91ece79a189520483610f4ca80e4c37c516954de762e45c52d21654d55cb075101953a05f9d0139f7d21083eeac70183a87599f1e9aa45591054b54091189bb2ea6d84e183c96cedc894763b2eaf5cc32af69251ad4455f3feed547a5abeff9466d62d76bbebc8dade67b92244313fbb46bb6e159d09ef41ad7d6a4ab06af4ce2a23157788b14c6a7243a6525d91946d99fc9a4286b12271155c5d7585cd41ae35ab66391b292ee594955841bae967633e17869177c5ec5a5fd5d6a4be5e9e5c7d18c3a04b2a632faf0592084d5759386aa7b4ad2b5de7db71f25bea5770adb8eb1e9597c3648a40cb1588cac44a8a1c5332812dda41a6be0fc7ba664961481f481f8beb4f63719ff7838178fdfbdb3737feebeef3dfbd494cdcd2cd6abed2b12d2e9a953d38732565dbb376607ff946f297565012063934d7b4dde633761bbc7b0938ed01834518306e6eb852cff1ff73bffd0b),
(380, '2019-11-30 13:47:52', 1, 'categories.php', 'cPath=22&pID=138&', '185.157.12.106', 0, '', ''),
(381, '2019-11-30 13:48:00', 1, 'product.php', 'cPath=22&product_type=1&pID=139&action=new_product&', '185.157.12.106', 0, '', ''),
(382, '2019-11-30 13:48:11', 1, 'product.php', 'cPath=22&product_type=1&pID=139&action=new_product_preview&', '185.157.12.106', 0, '', 0xa554df6fdb3610fe570e7a0856207625af9991340dd06dd8d262598aae685f0c082792b6198b3c86a42ccb41fff71d2d3b71ec167da81f2499f7ddddf7dd0f3e64ce936c440ca5c4a84a9452c9ec221be5c578901783d13914e717a3b38bd1383bcd0c86a87c29183923af5528f5063c62db531c1d04353696b1738aadf9778de5d493394438af852a0379cec4b6629c0f73feed4342c4d884a3d01bfe4bd43556754abc216c9b298ad878e5b7647fdbf7b16818f990156cf880ce770b84bfdffefbe7f53bf8ab80cb29d908826af26f26995772925dc1878fb737b77fbc7f7b397999cc57d9d7c778a50e2c491d884ea702ebfa9b4265597525c6e875d5c4e458ec4322ae4a5163d8523f764f8747e5e92b38f3148e6ab4d43e36581f13c4bac5ae675f86b9764edbd9a1f37decca8a564fe57fc6f5be411b3543c84b9e11a3ed8f10b83acaf01cd1581dbf9fc7e8d566549f59a50ac26b1735d95d5f2fddd5c44fec24ee1a4c20292cc8e2a4c98b57a3ce80582bdf92e5af456af65a0de1b625a1a0c861951e226178206941863cb5ea94a3cc7c5375620e29cc592534da058af929b49d3f2114dccfd7ad459bb0d291b70a2c4270095e9c2fd06adca521709c54f67c9af41a0bb2ea0ea26fb72c6997051cad2b4d9e39df0de18604c7f55b6bad6d076b08ba4e5a42c7db6a5412c5d1ada6b63343f81dbd5c13930cb4d00a5ccdba01a3c785e8ee6cd243cce95100539486a521881482df89ea1ae624a97d82410bd73aac1dabd2c925e9dd924acf7c7c01d71fe193c907bfc22fffbc7a01eff8df7f5f3e0f87979587c9cb6d8b4e6c15dc6b5eadbe677bbbf5d4f8d4f28389372455dd6ffcde16a8a5a68657c7e02c2d8aebdb3f432be77ae878be4f336d667c25f9de7503e409aa55dcad302d7930bc3edecc1e9bae173c4c3c45a3ebeee0b0f1f56e1e9f896a959ecd239f9e1d5c717cfff55bf0b8236a3968bc1e18dc2c67d885e35af5c21e3f06bdc4c1b418703c43e20e53ce9f70fefa3f),
(383, '2019-11-30 13:48:15', 1, 'product.php', 'cPath=22&product_type=1&pID=139&action=update_product&', '185.157.12.106', 0, '', 0xa554db6ed34010fd95911f10484d6a074ad4b454e2222808685510bc44b2c6eb4db28d7767d95dd77150ff9dd93869d384cb0379b09d9d33e79cb9d83f13eba8ac45f0798941e65896b24c46c920cd86bd34eb0d8e213b1e0d8e468361729068f441ba5c30724a4e499fab1578c0b17b1ee505d526e4a1b592a3e91f83f9c491de4558a784cc3d3956e258364cfb29ffb6213e60a8fd1ef5caff0daa0a8b2a0aaf0c9b7a8222d44ebab5d9e7f739b9f26c41ee988ca702abeab7c6cabc68730cc1a9a20e3131db86045ce4a242bf96da4f8f877be574154f1df9bd9a6e940b3556fb06b16ab0eddce77ea6ac5566ba9bfc23b479418bfb763df0faa346131443c8953c53adccbf10b8d8537888a88d0a7fd6d16ab15aaddf46e3f94e5b3495b2eac6b8d52a79a3a8e6fe6a9cc66e5ab4ae9de3144d39537dcb4d3848949ef29eb92e7505cc994986cd9ce946bac6a9fdf175d8b833b82b3c41adaa76e7b0916a3a0b7c78b4b39fbcbc5d4b761b6650b3ea4f961d25979d7578f7f2f39bf3f7f03683d3099900822a722fc68993e5383983cbab8b4f17af3fbc3c1d1fc6f05972bbbdf3d20ba76c506436b4a7f66cecc6661c36fc0425f939191cd769f66cd06a104b6e00197e9a47ada5ecc34543424296c2225e44c4f0fb4773d2e4a89107cc327575d18a19449aa34228347314b303685af78850f0eb70d21834115b5a72468241f036c2b3e3391a851b1902cba265e7a78eb7a12023af21b866ed92362a6069592872ecf9ba0f9f4830af5b472b655a58825755acc5b7fc71d23216c5ec4651d3ea3ebc42572e894d7a9a2b09b6e2ba0183c3b968af4dac87d8d35d016cb1d45c1a8288147c8f569730a3929a7b183470aefcd272552aa6c47ad7a6e2351d8ee0fc0abeeab4f7141e7f7cf604def3bf2fdfbff5fba78583f1e17a448f4ce1ed094fd63e1c6bedaacd381f9cff6debe3abd1ab9dea695c7d0dfc8681d93bf8dd43af4bec4db21e536b12d71865fe23f9f617),
(384, '2019-11-30 13:48:16', 1, 'categories.php', 'cPath=22&pID=139&', '185.157.12.106', 0, '', ''),
(385, '2019-11-30 13:48:24', 1, 'product.php', 'cPath=22&product_type=1&pID=140&action=new_product&', '185.157.12.106', 0, '', ''),
(386, '2019-11-30 13:48:52', 1, 'product.php', 'cPath=22&product_type=1&pID=140&action=new_product_preview&', '185.157.12.106', 0, '', 0xad544d8fdb380cfd2b440e734a523b6db69bcc606fdb5bb1835da0458100062d691c4d6c51d5471ca7e87f5fca76d2493283bdac4f16f9c4f74891fc31b18e6414c11712832a504a2527ebc922cb3fceb27cb65841be5abfcfd7cb0f93e9a4411f942b04232b725af942f7e005fb7ec5d15e5034a1089d55eccdde74164f8e9a6b84755aa8c2936326f6ad7e9f67fcbd44f880217af6e517917bf97bd4359675e2edf59af8842244a7dca8f5e28ec186913fd8b89e3ca275dd0ee1d3df7f7e834ff9e4e7195768cf4ad5552ec92ab0ae5fd52f8bb22b3004a7cb18d4356dc043216af4a3a4dbebc97893f65098ca91f7d797f6da8588f5ad40ac5bec06f585df6a6bb5a9ae2f7f0f5d51d2e18db27e8f6882660839c94fdf68f35f083cdc305c22a2d1e16d9e461fd4cd4349e585d3366832a7f77ab07f6cdcc66cc2577154de20d8f101ad3baaa3417124364a027fdcd5e88c060d211a55eb39fcd5925020e326729bf35f9edd19897e7b9f2fe000abd32103d10041db3d2760b60c3b6a092a17cb4e6ca1d1c99aafbcf6219dd369590a8d6687623b877f8e9ded193e2c761aecf0d7710c208f92d5a9b3102a5933eb737784821be6be35d468c5a215f89126a1d0b51a4731400e8fe0c703bb382490b4e48c02cedcdbe1de0e8dc6397c85681db6ac6ca802b54933c986f522348c0fc8693b49ed18b2ed3ced68c8aa377d9c72dcc0c2780b40dbd7590e598d852493629e794e851fa98644b26585af844e0f95ff960a3e07794a519cd2eaf15c0b5b3305530b1cabc9cfb373ca27d72b6ad4f320a6e342f785b9a05cc3e3e7cff405f2e962fa7e0a8f5fbe4136cde70fa583cdbbb1b7ee4ce9edfdc3e6ddd06c2f96c2af8e4dbd7a35aa0d49550f2be8c5f8aabda6c833df6095267cec579ecd6e6e792ca713dd54bc20dd70b18771e3d72a9c360fed956b9dbe5d2803366d3bbca67dc246d7dd9531bafa34461729b54a57db9036faf272e3f2361e86f73cda6a3f8b4ecf1aec778a3f85e34a0d699d7f6629c1d9533ee3680d89674c8cffcfd519c640951a36d2cf7f01),
(387, '2019-11-30 13:48:57', 1, 'product.php', 'cPath=22&product_type=1&pID=140&action=update_product&', '185.157.12.106', 0, '', 0x95544d6fdb300cfd2b840f3d25999d35db9216bbadb762c506741810c0a025d551634baa3eea3845fffb28dbe9f2d160584e16f9c8f7f844e5253156f3c0bccb397a9123e782278b649a669fc769369ece219b2f3e668bd965324a6a745ed89c11b2d4560a97cb0e3ca5dcdf3ed2311d94cf7d6b0465d3b3c9fcc1eafa1861ac642277da1213e5e65f2629fdf611cea30f8e72d941e74efe33ca0a8b2af2767a557840e6831576d0ba57934b470ac491c618655855efeae279d1e6e8bd9545f0e25882c74dce2a7403d569790c9e8cd30f5c5aeddc71d1b3b43e60752a10ab06db5e7dee56d218a9cae3e227dfe685de9cb1eb29a0f29220da72bad25aaa7f217073c27088084afaf33cb5dc087e2e1be347b6d49a8baabfc63dabc4b3d481fcadb18c6e1a34b65d23f9d04e0c59304a645dd292d9beb083e5d447f8dd2deb67611b2b4f2fafc7c68dc163da07ac65d51e051b21cb958fdb3f3bdc4edadcde9081315839aeb1bba23106af4b7162b5c29af4bc507091dcf523c1cd8f6fbfe1264b5ef7775c3866a5f152ab1dfcda7c5ddaa55afa5f6c2b9c42182c0163b762ab906d3505b906b75d57689504093e2851c9097c6f3413c0c332d06ba7af2cbd501cddea2a9bc206e6bb430aac060d4dfb1881e9ccaf75a3a1b4a168d90a6a19a3d9dc49e7e3399e660593a8d6c85613f8b96d4dc770395d4b30fd574b3d403be4a44ebc09d10569267df64223a3f775d5285d4b41a205b88126a2d036120731a02d6ec10d074a514bd0dc68ab04d0e4cef4756b541227f00b82b1d890b2de05dd44cd9ad7a417a126bc471adb72dd0c2d9bd6e9b5eea7ea429f47d4d79330fa3384a6f399f7530d466a157bbef1ec8c1fa8fa41d25989efb48e17957d8a864f80ef4664bbb13a3c79612aa2206a86839b743d6b2b5c4cbda3463cf6625a32ba33e680720177b7b7fa1eb2d174f4710477f7bf211d6593ebc2c2f2c3b05b17aa70e6ea7af9c17c3dd8c760abdd1e1ec4cf3fcff882c77b2fc2edeaa9770f7efb18c7b2f14336a6b6b5668f1829feaf34797dfd03),
(388, '2019-11-30 13:48:57', 1, 'categories.php', 'cPath=22&pID=140&', '185.157.12.106', 0, '', ''),
(389, '2019-11-30 13:49:12', 1, 'categories.php', 'cPath=22&pID=140&action=attribute_features&page=1&', '185.157.12.106', 0, '', ''),
(390, '2019-11-30 13:49:16', 1, 'attributes_controller.php', 'products_filter=140&current_category_id=22&', '185.157.12.106', 0, '', ''),
(391, '2019-11-30 13:49:34', 1, 'attributes_controller.php', 'action=update_attribute&attribute_id=150&attribute_page=1&products_filter=140&current_category_id=22&', '185.157.12.106', 0, '', ''),
(392, '2019-11-30 13:50:46', 1, 'attributes_controller.php', 'action=update_product_attribute&attribute_page=1&products_filter=140&', '185.157.12.106', 0, '', 0x8d93d16e83300c45ff85e7696bbb4d9af62d93a2347198a540a8e3d0a269ffbe4048475b40e40ddf63fbe2383f8564263c060681baf82cf6efbbe2a968c8e9a0d88fb1b73ea60211d42c9464281d75493b1ca2e41a4657673a065a69038cdf875410158886c0e025c6322286780fbd7e3cefe299f6be3af3e20c587ef34dfe3216f59b3ad99d77c4c291061a894966f2e76a60ac7a3fbbece6813152b1a30d8870c678e04de4e6be195d2f7ee22e65f934ab5969d275aedf394ecaaf3a1a08610860699e169881d6ab8ccc421d8dbeb1b28b5e6d777baf62b2b8d7ecfd5d3618192ccf08e8950b35837ed492ada3f4b170ad6cd07310c129200dcac35f418b2ec4e5af64390e17ab32b6ec97e61ffc7ae91f4e0b7426e4ec7dc889b6e350e07e8d273d0c5aa865beba39a292172d3bbf0a0c13e889df3f),
(393, '2019-11-30 13:50:47', 1, 'attributes_controller.php', 'attribute_page=1&products_filter=140&current_category_id=22&', '185.157.12.106', 0, '', ''),
(394, '2019-11-30 13:51:11', 1, 'specials.php', '', '185.157.12.106', 0, '', ''),
(395, '2019-11-30 13:51:20', 1, 'specials.php', 'page=1&sID=16&action=delete&', '185.157.12.106', 0, '', ''),
(396, '2019-11-30 13:51:20', 1, 'specials.php', 'page=1&sID=16&action=edit&', '185.157.12.106', 0, '', '');
INSERT INTO `admin_activity_log` (`log_id`, `access_date`, `admin_id`, `page_accessed`, `page_parameters`, `ip_address`, `flagged`, `attention`, `gzpost`) VALUES
(397, '2019-11-30 13:51:28', 1, 'specials.php', 'page=1&action=deleteconfirm&', '185.157.12.106', 0, '', 0xab562af67451b252323453aa0500),
(398, '2019-11-30 13:51:28', 1, 'specials.php', 'page=1&', '185.157.12.106', 0, '', ''),
(399, '2019-11-30 13:51:34', 1, 'specials.php', 'page=1&sID=15&action=delete&', '185.157.12.106', 0, '', ''),
(400, '2019-11-30 13:51:37', 1, 'specials.php', 'page=1&action=deleteconfirm&', '185.157.12.106', 0, '', 0xab562af67451b252323455aa0500),
(401, '2019-11-30 13:51:38', 1, 'specials.php', 'page=1&', '185.157.12.106', 0, '', ''),
(402, '2019-11-30 13:51:57', 1, 'specials.php', 'page=1&sID=18&action=delete&', '185.157.12.106', 0, '', ''),
(403, '2019-11-30 13:52:02', 1, 'specials.php', 'page=1&action=deleteconfirm&', '185.157.12.106', 0, '', 0xab562af67451b25232b450aa0500),
(404, '2019-11-30 13:52:03', 1, 'specials.php', 'page=1&', '185.157.12.106', 0, '', ''),
(405, '2019-11-30 13:53:09', 1, 'categories.php', '', '185.157.12.106', 0, '', ''),
(406, '2019-11-30 13:53:15', 1, 'categories.php', 'cPath=22&', '185.157.12.106', 0, '', ''),
(407, '2019-11-30 13:53:21', 1, 'product.php', 'cPath=22&product_type=1&pID=140&action=new_product&', '185.157.12.106', 0, '', ''),
(408, '2019-11-30 13:53:41', 1, 'product.php', 'cPath=22&product_type=1&pID=140&action=new_product_preview&', '185.157.12.106', 0, '', 0x95544d4fe33010fd2ba31e38b5252974590adadb72438b76251052a568629bd634b18d3f9aa688ffbee3242d3405ad36a778fc66de9bf1ccbc0e8cd53c30ef328e5e64c8b9e083d96092a417a3241d4d2e21bd9c9da5b3e9f9603828d179613346c885b652b84c36e009ddbdc7918ee9a07ce66b23e836f9f2327bb2baec238c954c644e5b628ab1cfbe8f13fa3e429c471f1c5da607a11bfd6b9405e645246e04abf084cc072b6c27f6c0476149c85732ce0677686cbd42b8f9fdf3116ed2c1db1e97494752452f99686558149f26c0b3bcced07b2bf3e0459fd6e3266305ba4ed2b17b341ea5dd566661b5737da7b5b43e60712c108b0aeb567de696d218a9167de7175f67b9de7c51d69780ca4b8268cbe9ed4ba9fe85c0cd11c3212228e9bfe629e5461c3d14178e5969bcd46af75ed7e6c7dcced5dc3fb0ad700ac1740f68ec566c15b2ad2623d7e0b6ab02ad9220c107250a39865f956602789807ea73fa4b9313c5d12dafd2096ce07277488095a0a1aa9f233099fa95ae342c6cc86bb68452466b7ae9a4f3f11c4fd39c49542b64cb31fcd9d6a661389fac2498f6afa618a01d725227f642744e9a499f3dd1c8a861ae2aa54b2948b400d7d14414da4a622706b4c52db8ee405714123437da2a0194b933addf0a95c4313c4030162b52d656415751b3e625e9452809ef91d2b65c575dc8aa767aa5dbac1ad3c590e27a12466b00aaa6cebccdaa2ba45631e69e6757f88eaa4d24992ef093d0f1a1d26fb1e063e0bb14d92ead064fb53005511035c3ae9af43c2b2b5cbcfa448d786ec5d454e8a630079433b8bbbdd5f7900e27c3b321dcdd3f42324cc7d7b985f969d75b272a77e6ea7a7eda36db87a5f0deb1b1577ba35a6a2e8a76057d185fb1963ad0cc97b88813def52bcd663d363496c3812c17b4216debd8c0a8f10be1779b47af85adac3c5e282d366e3becd33e61298bba670cb6d88dd1414a95908ba527ebb4b771691db7c3bb1f6db11e052b4725363bc5edc251a5dab4f63fa398e0e8a959a8ffebf1f617),
(409, '2019-11-30 13:53:45', 1, 'product.php', 'cPath=22&product_type=1&pID=140&action=update_product&', '185.157.12.106', 0, '', 0x95544d4fe33010fd2ba31e38b5252974d916c46db9a145bb1208a95234b14d6b9ad8c61fa429e2bfef3849599a52adb6a778e6cdbc37cfe3be0d8cd53c30ef328e5e64c8b9e083f96092a417a3241d4d6690cee667e97c7a3e180e4a745ed88c1172a9ad142e930d7842b9bf7da4633a289ff9da08ca264793d993d5651f61ac642273da1253ec7df67d9cd0ef33c479f4c15132dd6bdde87f4559605e44e246b00a4fc87cb0c276623fd564d29104d11319a30c8be24b613ccbeb0cbdb7320f5ef42578dc64ac40d7511d96c7e0c138edc44bab9deb17bd4aeb03168702b1a8b06ed5676e258d916ad92f7ef17596ebcd11bb5e022a2f09a22da73b2da5fa170237070cfb88a0a43fce53ca8de0c7b231deb3a5d45c14ed357eb24abc4a1dc8df1297d14d83c6d66b241feab1210b8603592e69cb6c5bd8c032ea23fcee96f5abb095958797d762e3c6609ff6094b59d4bd6025e472e52938ed6d27ad6e6b48df2e8525b1be11ed7c70d70a879b5f3f1ee1261dbc7fde64e19895c64bad76f02b73bdb00bb5f00f6c2b9c42e8060763b762ab906d3505b906b75d17689504093e2851c831fcac3413c0c322d0a3a6af3439511cddea329dc00666bb4302ac040d55fd1c81c9d4af75a56169435eb315943246d39993cec7733c4d732651ad91adc6f07b5b9b86e17cb29660daaf9a7a8076c8499df810a273d24cfaec894646afe8b252ba9482440b701d4d44a1ad247662405bdc82eb0e94a296a0b9d15609a0c99d69ebd6a8248ee10182b15891b2d6055d45cd9a97a417a124bc471adb725d752dabdae9b56ea76a421743eaeb4918fde741d5f8ccdba93a23b58a3d3f7876c67754ed20c974895fb48e17957e8b868f81ef4664bbb11a3c79610aa2206a869d9b743d6b2b5c4c7da1463cb7626a32ba31668f720e77b7b7fa1ed2e164783684bbfb474886e9f82ab7b038ed76eb44e5ce5c5e2d4ecdf5de3e065becf6702f7efc11c6773a0a568e4a6cfe9adcae9e7ab7e08f8f512c1b3d352fe07f2bdeff00),
(410, '2019-11-30 13:53:46', 1, 'categories.php', 'cPath=22&pID=140&', '185.157.12.106', 0, '', ''),
(411, '2019-11-30 13:54:52', 1, 'categories.php', 'cPath=16&', '185.157.12.106', 0, '', ''),
(412, '2019-11-30 13:55:06', 1, 'categories.php', 'cPath=16&pID=147&action=attribute_features&page=1&', '185.157.12.106', 0, '', ''),
(413, '2019-11-30 13:55:10', 1, 'attributes_controller.php', 'products_filter=147&current_category_id=16&', '185.157.12.106', 0, '', ''),
(414, '2019-11-30 13:55:17', 1, 'attributes_controller.php', 'action=update_attribute&attribute_id=157&attribute_page=1&products_filter=147&current_category_id=16&', '185.157.12.106', 0, '', ''),
(415, '2019-11-30 13:55:29', 1, 'attributes_controller.php', 'action=update_product_attribute&attribute_page=1&products_filter=147&', '185.157.12.106', 0, '', 0x8d93dd6ec2300c85dfa5d7d3061363d29e65521412a7b39436c571800aeddde7fe84152815b9abcf67fbd471ce856626dc250685b6f82ad61f9fc54bd150b0c9701c639b2e661211d4ac8c662803b5a3b61529348ca1ceb4040eda2718bfdf377d4134a01a028727896544f571096cb6af2b39d3d61763511d01cb1fbe4a7f8c897e55279b8b815805b2402331c91cec851a18abcece2abbb9639c361ce8094405e722f053e4d37d33ba5c7ccfed90158759cd4a93ae73fd8e32a9b8e8a82794238047f3f4c00cb45c65641ed4b1181baf5bf1eadbeb7b5593bdbd64af6fb2c1e9e47946c06842aa19ecbd36d8dae928856be3939d8308f609a957eefe0a0e1892ec7ea5cb71b85895d2b25b9a7ff0fbad7b3707a0232167ef7d8ed896a1c0ed1a4f7a38f450eb7c757344a54f56b77111e827d011bf7f),
(416, '2019-11-30 13:55:30', 1, 'attributes_controller.php', 'attribute_page=1&products_filter=147&current_category_id=16&', '185.157.12.106', 0, '', ''),
(417, '2019-11-30 13:55:37', 1, 'categories.php', 'action=new_product&cPath=16&pID=147&product_type=1&', '185.157.12.106', 0, '', ''),
(418, '2019-11-30 13:55:38', 1, 'product.php', 'action=new_product&cPath=16&pID=147&product_type=1&', '185.157.12.106', 0, '', ''),
(419, '2019-11-30 13:55:43', 1, 'categories.php', 'cPath=16&pID=147&', '185.157.12.106', 0, '', ''),
(420, '2019-11-30 13:56:01', 1, 'categories.php', 'cPath=19&', '185.157.12.106', 0, '', ''),
(421, '2019-11-30 13:56:17', 1, 'categories.php', 'cID=19&', '185.157.12.106', 0, '', ''),
(422, '2019-11-30 13:56:37', 1, 'categories.php', 'cPath=14&', '185.157.12.106', 0, '', ''),
(423, '2019-11-30 13:58:03', 1, 'categories.php', 'cPath=14&pID=137&action=attribute_features&page=1&', '185.157.12.106', 0, '', ''),
(424, '2019-11-30 13:58:08', 1, 'attributes_controller.php', 'products_filter=137&current_category_id=14&', '185.157.12.106', 0, '', ''),
(425, '2019-11-30 13:58:16', 1, 'attributes_controller.php', 'action=update_attribute&attribute_id=147&attribute_page=1&products_filter=137&current_category_id=14&', '185.157.12.106', 0, '', ''),
(426, '2019-11-30 13:58:34', 1, 'attributes_controller.php', 'action=update_product_attribute&attribute_page=1&products_filter=137&', '185.157.12.106', 0, '', 0x8d93dd6ec3200c85df25d7d3d6aa9536ed5926210a26b3442035266d34eddd477ee8d23689c25decefd827c6fc149299f0141904eae2b3d81fdf8b97a226afa3e230c60e5d4c4522702c9464283db5994f295f337a97e91468a48d307e1f0e7d4154206a0283d714cb88e8e39de863f7ba4b67dafbe62c880b60f9cd77fa652ce5efea6477c1130b4f1a682426cac19f77c058757e6e6e9e1823157bda80086f4c00de446eee9bd1f5e2676e07551866359b9a749deb7749930aab8e7a421802589aa70566a0f52a23b3504763a8ad6c9357dbdedfab982cee4dbd7f508391d1f24c0283f2d131e8e7dc60eb24432aec948d7a0e223847a43ef3f457d0a08f69f92b598ec3c5aa4c2dbba5f907bfdeba87d3005d08397bef35c9761a0a3caef1a487410b4ee6ab9b232a79d5b20dab403f818ef8fd03),
(427, '2019-11-30 13:58:35', 1, 'attributes_controller.php', 'attribute_page=1&products_filter=137&current_category_id=14&', '185.157.12.106', 0, '', ''),
(428, '2019-11-30 13:59:35', 1, 'attributes_controller.php', 'action=set_products_filter&', '185.157.12.106', 0, '', 0xab562a28ca4f294d2e298e4fcbcc29492d52b252323552d2514a2e2d2a4acd2b894f4e2c494dcf2faa8ccf4c014a199a28d50200),
(429, '2019-11-30 13:59:36', 1, 'attributes_controller.php', 'products_filter=52&current_category_id=14&', '185.157.12.106', 0, '', ''),
(430, '2019-11-30 13:59:44', 1, 'attributes_controller.php', 'action=update_attribute&attribute_id=58&attribute_page=1&products_filter=52&current_category_id=14&', '185.157.12.106', 0, '', ''),
(431, '2019-11-30 13:59:53', 1, 'attributes_controller.php', 'action=update_product_attribute&attribute_page=1&products_filter=52&', '185.157.12.106', 0, '', 0x8d93dd6e83300c85df85eb69a3d526557b9649519a38cc5220d47168d1b4779ff9eba0a5a8b9c3e7b37d709c9f4c33131e1383429b7d661f87ec25ab29d864388ea1bd844c22828a95d10c45a0769076ef22859a315423bc9340a37d82f17b9ff7f5d080aa091c5e243621aa8f77d0217fcde5cc5b5f7d4575062cbe7991ff18137d5167721703b10a648146629639f80b1530969d9fab9b3bc669c3819e4054702e023f453edd7742b78b9fb81db2e230ab5569d675addf592615371df5847204f0689e1e9881b6ab8ccc833a1663ed752b5e7dbbbc57355bdb6bf6ee261b9c4e9e57048c26a48ac1de6b83ada38e52b8323ed93588e094907ae5eeafa0c19064f94b5d8cc3c5b29096ddd2fc835f6fddc36980ce843c79ef73c4b60c056ed778d6c3a1874a4f57b74694fa62751b37817e021df1fb07),
(432, '2019-11-30 13:59:54', 1, 'attributes_controller.php', 'attribute_page=1&products_filter=52&current_category_id=14&', '185.157.12.106', 0, '', ''),
(433, '2019-11-30 14:00:30', 1, 'attributes_controller.php', 'current_category_id=27&products_filter=52&action=new_cat&', '185.157.12.106', 0, '', ''),
(434, '2019-11-30 14:00:31', 1, 'attributes_controller.php', 'products_filter=131&current_category_id=27&', '185.157.12.106', 0, '', ''),
(435, '2019-11-30 14:00:58', 1, 'attributes_controller.php', 'action=update_attribute&attribute_id=138&attribute_page=1&products_filter=131&current_category_id=27&', '185.157.12.106', 0, '', ''),
(436, '2019-11-30 14:01:09', 1, 'attributes_controller.php', 'action=update_product_attribute&attribute_page=1&products_filter=131&', '185.157.12.106', 0, '', 0x8d93dd6ec2300c85dfa5d7d306ec6268cf32290a89d3594a9be238856adabbcffd092b502a72579fcff6a9e3fc149a99f0901814dae2b3d8beef8b97a2a16093e198635b89994404352ba319ca40dda8ed3e440a0d63a8332d8156fb04d3f76e33144403aa217078965846d410efa1fde6752367defbe22caa1360f9cd57f98f31d1afea64773110ab401668226699a3bf500363d5fbb9b8b9639c361ce8094405e722f053e4d37d33ba5efcc8dd9815c7592d4ab3ae4bfd4e32a9b8ea682094238047f3f4c00cb45e65621ed4b1181baf3bf1eabbeb7b55b3c5bd646f6fb2c1e9e47941c06842aa19ecbd36da3ae828856be3935d82088e096950eefe0a5a0c4996bfd2e5345cac4a69d92fcd3ff8f5d63f9c16e844c8d9fb9023b6652870bbc6b31e0e3dd43a5fdd1251e9b3d55d5c058609f4c4ef1f),
(437, '2019-11-30 14:01:10', 1, 'attributes_controller.php', 'attribute_page=1&products_filter=131&current_category_id=27&', '185.157.12.106', 0, '', ''),
(438, '2019-11-30 14:02:44', 1, 'attributes_controller.php', 'action=set_products_filter&', '185.157.12.106', 0, '', 0xab562a28ca4f294d2e298e4fcbcc29492d52b25232343656d2514a2e2d2a4acd2b894f4e2c494dcf2faa8ccf4c01ca19992bd50200),
(439, '2019-11-30 14:02:45', 1, 'attributes_controller.php', 'products_filter=133&current_category_id=27&', '185.157.12.106', 0, '', ''),
(440, '2019-11-30 14:03:17', 1, 'attributes_controller.php', 'action=set_products_filter&', '185.157.12.106', 0, '', 0xab562a28ca4f294d2e298e4fcbcc29492d52b25232343353d2514a2e2d2a4acd2b894f4e2c494dcf2faa8ccf4c01ca19992bd50200),
(441, '2019-11-30 14:03:18', 1, 'attributes_controller.php', 'products_filter=166&current_category_id=27&', '185.157.12.106', 0, '', ''),
(442, '2019-11-30 14:03:56', 1, 'attributes_controller.php', 'action=update_attribute&attribute_id=189&attribute_page=1&products_filter=166&current_category_id=27&', '185.157.12.106', 0, '', ''),
(443, '2019-11-30 14:04:10', 1, 'attributes_controller.php', 'action=update_product_attribute&attribute_page=1&products_filter=166&', '185.157.12.106', 0, '', 0x8d93dd6ec2300c85dfa5d7d356b8606ccf32290a89d3594a9be2384035eddde7feae40a9c85d7d3edba78ef3936966c243625068b3cf6cb3ffc85eb29a824d86e310dbed2466121154ac8c66280235bdb67d1729d48ca11a69099cb44f307c6ff3ae201a503581c38bc4464475f116dae7afb99c79efc9595467c0e29baff21f63a25fd519ddc540ac0259a0819865f6fe42058c65eb677273c7386d38d013880ace45e0a7c8a7fb8ee87af123377d56ec67b528cdba2ef53bcba4e2aaa38e508e001ecdd30333d07a95817950c762acbd6ec4ab6faeef55cd1677cadedc6483d3c9f38280d1845431d87badb775d0510a57c627bb04111c1352a7dcfd159c302459fe5217c370b12ca465bb34ffe0d75bfb704e4067421ebd7739625b8602b76b3cebe1d043a5c7ab5b224a7db1ba89ab40378196f8fd03),
(444, '2019-11-30 14:04:11', 1, 'attributes_controller.php', 'attribute_page=1&products_filter=166&current_category_id=27&', '185.157.12.106', 0, '', ''),
(445, '2019-11-30 14:05:42', 1, 'categories.php', 'action=new_product&cPath=27&pID=166&product_type=1&', '185.157.12.106', 0, '', ''),
(446, '2019-11-30 14:05:42', 1, 'product.php', 'action=new_product&cPath=27&pID=166&product_type=1&', '185.157.12.106', 0, '', ''),
(447, '2019-11-30 14:05:50', 1, 'categories.php', 'cPath=27&pID=166&', '185.157.12.106', 0, '', ''),
(448, '2019-11-30 14:05:59', 1, 'product.php', 'cPath=27&product_type=1&pID=131&action=new_product&', '185.157.12.106', 0, '', ''),
(449, '2019-11-30 14:06:52', 1, 'product.php', 'cPath=27&product_type=1&pID=131&action=new_product_preview&', '185.157.12.106', 0, '', 0x8d54db6eda4010fd95150f790ac4a6210924aa44d5464a95347dab2a2159c3ee6206f6e2ec0563a2fc7bd7170a36895a3f60b37b66ce39bb33f3dacb8c669e3a9b30703c01c638eb4d7ac328beee47717f3826f1e5647433f974d53bef49b08e9b840664aa0d729b6005be0e7b873c68a9f6ca25aec878d88d3edc4c1646cb2e2233487962b5094c65ee9b681085e718621d386fc366dc4a5de9df000a988b92b812acfc02a8f3869b46ecd5718c021990af21d1a4f7534b64da10bb5b0b300a6176e1bce2823c4d1f1f7e3cfffa4da64fdf1e1fa6e43eeebdfdcd91a00d3678c768b94a418877cdb1645e24e09cc1b977bc6bc3c136a1026c23f734bc5c3c3992fad452a3aded066dd0380fe25420881c8a5a7d62979865a8d26ef08b2b92b9de7e70e42f1e94c300d18685ba90a8fe8580ed09431be115ba8f79246eabf26c5f3cb7d460e650abfd5dde659f6766a666ee0b18b6d324a73b6e55412408543a2f48d65cb6263ad714e8920ca3e84c31b0cbdbe12822e9dddc90d94593e5ab263e3310e272428bb5f024476db95285244856dc62fdad0dec6a24c9cc8eb3998fe2cba12f5fd754ab22d0e487fa0aff905425567e2eb4c0a08c2e072dea6726111490a9e40281305871326f4c1556af9164422b626b2acdd6187259097457d1353ecf34d0506bb77930dc44d701c04addfb639164ad850eca07e43bb76e8f713904dd952fe441b30abf2e0fb882ec90077abe221996e078ecd6d836d008bf8fcb737244577e4a6c343a88a9adc8ca4b480ecec09a16abcac25edc3b6eda4c676a6eb3dbbbd9457df9474d7aa8a0501be3716b5c49cdb8a8a7c55137f10d6a1f5a50425a365c430c95974116fae4bc87320de3ccd4a1153054a2e06e3f0af4869bdce06987d7d87234419778011245d159f446ecebbae529e7982e5d581d75c663989d7537957bd50edff4bdc1be84aac9ed71baff58ef83773ae57573bffd01),
(450, '2019-11-30 14:06:59', 1, 'product.php', 'cPath=27&product_type=1&pID=131&action=update_product&', '185.157.12.106', 0, '', 0x8553db6eda4010fd95951ff21413434312481489aa8d942a69fa565542b286f502037b71f6823151febd631bc2352d0f6066cecc396766fc16e5d664817b9766e0450a5926b2a81f7592f6759cb4e34e8fb52ffbdd9bfe97abe83c52e0bcb02927e4c458142ec51a7c4db96d1f74dc04ed535fe682b2c9a7c9746c8d3a44e416b9489db1c454f5be495a097d7621ce830f8e92edbdd6b5fe05a08491ac886bc13a8c81fb60855d8bbddad6a4e84882381059453948795258968eca14bcb7380a5e1c4af0b04cb904b7a63a2eaf8247761ac7136b9c3b2c5aa0f501e4b1409005948dfad44d31cf514f0e8b5f7d998eccf29371bd06d01e09626c463b55a8ff8780e511c33e2268f49ff3285cd6a775324bf15e6fef8c94c9846cb6b83329b1401368bc0a26d53073a3303316949008ad9c66701ea19ad099d9a6b406a6d449f8cd9acd42d8c2e2f1f61a6c753270483c0685b23c08160227534fc1eec179d2ed3613a9729409166305f58e6208de4cc4d1ac355988fa6f14ec47bf1a53ccade612ac46185ef8a08564cf83a7c79f2fbfffb0c1f3f7a7c7017b6847efbb2f8070dc62eed1e84dabbbfc7e68877ae8bf82cd5686157c259c2e990289da14255b0f9019660ac3814f592749ce74066e7adbe9266c7237b26c78b1eef2cdb0905ba0ba82f1722e032bd038a175a918b29970d83cd346560d92e57625b26148da979d50fd5c73a34ba229b6f6e81fb2da61f538361249199fb6f6a85f3285a0810dea55b30c66828dd6a64a67e6c8726934730d95c9e648bd9c02beaae9d63ecf0c707a6f6f0b32bcae6e0a20ab746fc6a2d8dc4843ca5bec87707e83f10590eeda170ad2ace9db17842bd90a05d18b19cbb102b77b7e8efb06d6c21fdad59c3c33b59f0a9b74b7621a2baaf642cdc15b98f372565bd8883be1669fe94c8f5c7e7b37bcc8eff7ee2358b9b98bbdf8bf5ea6ea8d8b77eed7ed76381527d6a64dbcd1bb8d7c6c3caeb7fd81881bca784cf7fcfe17),
(451, '2019-11-30 14:06:59', 1, 'categories.php', 'cPath=27&pID=131&', '185.157.12.106', 0, '', ''),
(452, '2019-11-30 14:07:30', 1, 'product.php', 'page=1&product_type=1&cPath=27&pID=133&action=new_product&', '185.157.12.106', 0, '', ''),
(453, '2019-11-30 14:07:30', 1, 'product.php', 'cPath=27&product_type=1&pID=133&action=new_product&', '185.157.12.106', 0, '', ''),
(454, '2019-11-30 14:08:57', 1, 'product.php', 'cPath=27&product_type=1&pID=133&action=new_product_preview&', '185.157.12.106', 0, '', 0xbd555b8bdb4614fe2b831f9616565ed989e3ec85425e1a96369ba504428b411c8fc6f258a339ca5c3c2b85fcf79e91e47bb77dab31583ed7ef7ce7a2efa3da60eeb9b3590e4e6490e7221fdd8da6e9649ea493647acb26b33bfaced2d1f5a802eb84c938591668a4b099ec8ce7a43bc49196a3d72e734d2d489bbeaacc5606ab738bda482e328b8632916e324fc7297d8e4dac03e76d549e84eef06f412a58aa98b803acfd0ab8f3469801ec9b631f0d15597ea74077a367ac648e86d9b65460b484c58df35a28f6e9c3ef8f4f9fbffe191fa6ef53f6eb84fd54636d5a916b89ece3e387a72fecf9f1e937d2fc3cfab10f9f494b158a330ea2948352ff58779e2d9b0c9c3372e99d38afd0c14bc615d8a1924bf728bc60ab27b43068edb9d3561ae7415d020415a0e9d167762deb5aeae2dcf99b6bb225bebcd28d6f1eb493648226a791a9a4fe2f0b78b9c8706ae1b574afe7a9e44b37b9a733212c37b27612f5aecd0ff52f0bb3d00bf795b7c26a60985712e8b70225350612302e173e9da4b322febc9d36150badc1f867b6e452b01c99af0d848685c3b8f03593ac9b98f8b8422531347c3d665f029ab66194829aa0a3f2ed95cec1aeefdf3125ca1299adfb44605bdea2262f8601f91502a731b80f0489568f124f67e9e0fa669ab262ccfe185011f408dc4aa509ad6d684f2bb22f29b3d01148754d85d668c82c7e2595a1a52021cb7d0c31e7b14a594407aa035d00e34854636970e3c7ecf38e26eccd055b361d4bf39e8b4ed982d983d6183305d19746c9180d8130a0b4d8b00d94942550f8bcd70f51233b680a2080adeed8fbf46ff902e34da93c01472bb48e556e0411151f297e6f2858b7ab7d9ea158241063f697a0c6162a8a26b7b98f789760f21659682c96d153513bf623423442014c6a27b46d82a62b483e6187908680900885b61cfa4907a2c44066d71143c33cc5312401dd51db4a8c5d82169d6730248d0a0736524e332098ad80b8a056813350f266a363839c09d02711b1373552e25cf7b34976da52af29a8ec6ae76b9a004a2a61cc3e52258e3d4b5dc64396c346d0348836108f6240d055bd63623f1ed499ba3f9187b91c762636ea6169d8e266d8ad2bbdb4f5fdc3e2a65fb6a3a378d858dac5dbf7b7c7db5a612e547fb88fae97d84af474f288fa78e0060c452c83ce5239aee9345d8f6455d0cbc5f4de9d2d2dbf126e777d712b4c30f2f2a8f6b6f14501e7b9575049d59c09bd51bb5372525610b258bbf8369c9dbeaca80ffd01db6716dbc41b9954d0dd55bb0b476cf5b5253b5a0f92fd9549ba0bb3b7483a1e924844b29a4440ff4be404bcc342f437fdc7df),
(455, '2019-11-30 14:10:38', 1, 'product.php', 'cPath=27&product_type=1&pID=133&action=update_product&', '185.157.12.106', 0, '', 0xad55db6edb4610fd95851e8c1430654a89aaf88200796960b4718c2240d04000315aaea815973bcc5ebc2683fc7b6749ea1e372f3504589edb39736666fd7d541bcc3d7736cbc1890cf25ce4a39bd1349dcc9374924cafd96476439f593aba1c55609d3019a7c8028d1436935df09c7cfb3ad272f4da65aea90579d3179dd9ca60751a511bc94566d11012f926f3749cd2cf618875e0bc8dcea3d21dff27900a962a027784b55f0177de0833907dbdcfc9a4250ae28464b47250eaa7c4f26cd964e09c914befc4290507cf19576007a8f3f4683c6ba7efb83068ed69d29334ce833a27082a40d3b3cfec5ad6b5d4c569f237d7644b7c7e41ae6f1eb493148226a7995652ff2a029ecf108e23bc96ee659c4a3e77abf5532fd9afdf5e1f7a2acc85eaa778a0947892e849de0a8a28668d95ccd11492aa9004e5b826192e47b22a68d34c9fddc566544cb8eda4f1499860e4f900fbd8b835708abd824aaae6c418842cd62e9ec0ec7843697d7b5106046f64524137a604bcc3429cc9ada1223edfc978337aecfb62b62d15182d6171e5bc168a7d7cffd7fdc3a72fffc42fd3b729fb63c25ed5589b56e45a22fb70fffee1337bbc7ff8933cbf8d7e1c9e87b0dcc8da49d45b94bbfaddc22cf4c27de1adb01a18e6152909ac0225350632302e173e9da4b322fe7a336d2a165a83f18fd9924bc17264be36101a16f66cf99a49d6118e5f57a8248686afc7ec7340d3368c2068dd7574beb9d039d8f5edef4c89b24466eb1e086ccb5bd494c53020bf40e07470b78128d12b44c0a4f890fa7a9ab262ccfe1e5811f548dc4aa589ad6de8c9aa28be2464a12391ea921aadd15058fc486a434b414696fb5862ce6397b28809d407ba00c691a9c6d2e0c68fd9a7ad4cd8870bb66c3a95e6bd169db305b323ad312205d1b746608cce4d18505a6cd8064a4209543eeffd43d5a80ead3610c15677ea7dfc2fbcc078532a4fc4d10aad63971b4142c5af54bf0f14ac5b951e67681689c4987d1534d84245d3e43af791ef124cde220b8dc532662a1ac76e454846288049ed84b64dd0f40f8172c296212d0131110a6d39cc93f6b3c44061979143c33cd5316401dd49db4a8c5382169d6730804687031b25a71d10cc56405ad0a8c0192879b3d17140ce04e841449c4d8d049ceb7e37294e5b9a3515955def7c4d1b40a012c6ec437c36d823bd1bf18e72d808da06d106d2510c0cbaaeb74aecd6832633bc3cfbbd1c6e260eea6e69d8e26ab8ad0bbdb4f5eddde2aa7e77748fdea8ed1d1ed97ff1b4c5273039784decb60801f419c996c9deb23bcca43bca5d44d2554f62f964358934feb7caf485de27aa9aec9fa753b81fff02),
(456, '2019-11-30 14:10:39', 1, 'categories.php', 'cPath=27&pID=133&', '185.157.12.106', 0, '', ''),
(457, '2019-11-30 14:14:01', 1, 'product.php', 'cPath=27&product_type=1&pID=132&action=new_product&', '185.157.12.106', 0, '', ''),
(458, '2019-11-30 14:14:27', 1, 'categories.php', 'cPath=27&pID=132&', '185.157.12.106', 0, '', ''),
(459, '2019-11-30 14:14:35', 1, 'product.php', 'cPath=27&product_type=1&pID=166&action=new_product&', '185.157.12.106', 0, '', ''),
(460, '2019-11-30 14:15:07', 1, 'product.php', 'cPath=27&product_type=1&pID=166&action=new_product_preview&', '185.157.12.106', 0, '', 0xb5546d6bdb3010fe2b221fca06756a67cd4ad332288cc1605b4757288380b9c88a73a9a473f512c72efdef93eda4499c957d5a3e44f2dd73efcfe9795018ca3c7736cdc08914b24c6483c960142797519c44f1391b8d26a38f937132381d28b04e989407644e06854db1055f04ddce0f5a4e5ebbd4558508daf84d653a37a4fa88c22017a9251322055d721e0fe3f0db875807cedb4679e0bacd7f052861269bc06dc2dacf813b6f84d924fb61df46830ac8e7e06832f8490a3332ccd68f128c46989e39af8564df6fbe7dfd71fbf0bbb98ce2987d49d8bb820a538b4c23b19b5ff7773741f87ef0f2ea39451b8a13bdf21b290729ff5a7296ceaa149c3338f34ef48b73b04eb904bb29e2d8bc111e35aaeb656ec8dabed10a8df3208f13045942d5659fda051605eabc6ffce4aa7446eb3706f1e4413b0c103259608b42fd2f04ac8f221c22bc46f7761c85eb96b4877410961b2c1c92de4ef8baf83435533d750fbc1656c3292ba4d01a18650a219c454701600a246a2a03cb19318e531f27f1386f8ef351a558591b6a3ec6338e62c83e13f38581b2622592d51d9a215b0a8b426fac59b963165f046d4baee63a278954567c3164f72599ba623330594dacaccc09010f74b82a3568c1a8241efe5909592d5872199fe80cece26a94c42c1f32ab80d75a9c06c4c60338038fbc5aea90f4a6a6707b2419c284c46f5b7f0a969b145b4e7755fae6b8e0b4adc699123acda6f2567e31bc9e9e755ddd63ff6e34cd507a9c549409d96de71e4fc50ac907722bc8c56e17bb851b2e8b3ca051e5e1f9309d690b0c3396c26d978c56c294068f77a7c3364f01f403cf41a1ac7a426fe4963107459502f3850bd271ef390a6f55c7d346d76ac42af2062305edfad8adbbd0abaeb0683b8c9de4951c514b8c574473094d88e64993cc7ff71a8177948b6e655ffe00),
(461, '2019-11-30 14:15:11', 1, 'product.php', 'cPath=27&product_type=1&pID=166&action=update_product&', '185.157.12.106', 0, '', 0xad55db6adb4010fd95c50fa185c891dcb8211702815228b44d6903a16010e3d55a1e672fca5e2c4b21ffde9164c7b69cb42ff583773d7366e6cc9959fc3428acc902f72ecdc08b14b24c64838bc1284ecea33889e253361a5d8c3e5e8c93c1f14081f3c2a69c90b9b1285c8a2df88c7cdb3ce8b809daa7be2a0479e3379de9cc1ad5471416b9489db154897cc9693c8ce9b30b711e7c708d732f75cb7f0928612a9bc22d611d66c07db0c2aec97ed8c6a4e88882e8916cac1ca47c9558964eab14bcb7380d5ef4297858a55c825b973a0c6f8c07ed741de7d638d70f5aa2f501e421419025541dfbd4cdb12850e7fde0475fa553b37a43aec700da23418ccd68a60af5bf10b03aa8b08f081afddb7514aedad57ad5dbd87bb2289309d98d71472ab14413485f0579a3e60fa33033f6dbcdd7511c0f17454e685439ed99ed425b604a9984dfccd92c852d2d1e8eafc3363b03fdc2335028ab9eb11498cf3d19c7bdfda4e5ed24697ce409162305ed902208dee4e2406c0d8af83c91f1a529e6ea070956234c4e7cd042326af3cbf7dbfbdfaceb977d4ed8bbc214b6169946c36e7eddfdbc21e3fbc1f3eebb108e5b2c3c1abd2970555c4fec444ffc3daf85d370cc0a29b4066632854067d13100a640a236253d776618c7498893789c37c7e9a852acacad697e8ca71cc5907d322c1416ca8a95689ceed00cd94238147a1dcdca6d637c4edeb6b7e63a33124d59f1f990dd95c6d6159b82cd6ac3caca1e19e0f4e22e4b0d5a30531a4edfac84ac162c398f8f74066e7e394a62960f9953c06b2d8e09b1ce00dec203af169a48af7ba2db8391548688dfb6f9142cd6145b49bb2e43739c71b3e9c6db123acfbaf3d67e36bc9a9c14d77bc2072b3782efd9ffb6bbcd82473bebe23619287b078f36f4b7961739a356ca174473a1d4d12c69eaffffacd176f722fa67b0d0567afe03),
(462, '2019-11-30 14:15:12', 1, 'categories.php', 'cPath=27&pID=166&', '185.157.12.106', 0, '', ''),
(463, '2019-11-30 14:16:59', 1, 'server_info.php', '', '185.157.12.106', 0, '', ''),
(464, '2019-11-30 14:19:39', 1, 'ezpages.php', '', '185.157.12.106', 0, '', ''),
(465, '2019-11-30 14:19:47', 1, 'ezpages.php', 'page=1&ezID=6&action=new&', '185.157.12.106', 0, '', ''),
(466, '2019-11-30 14:20:06', 1, 'ezpages.php', 'page=1&action=update&', '185.157.12.106', 0, '', 0x8d90cd6e02310c845f05e5dca50b481cb8f6352a59eec6ec460d4e147bbbb48877274b969fc2855be6f378acccc1446c49c059b3316bf3364975eac96c0e6691f10731bbef992545ef9a3ffe9d2deb656d8ec50c211203d30083631b86bcb09872c00988f88988a2f6021da1a594599d59112021298474e393579ca5afb0bf0414f5dfbdbab9b721e835a188e7640d0d341d467dbc95077796a7bdd24ba73b0f4a7bbd7433b6805ea14fe337a3dd7ebe37e7bae6f96dae33c82b941847d31896e8a7ea93ab7618a3e356eee35ee015f61a5ae27331c713),
(467, '2019-11-30 14:20:06', 1, 'ezpages.php', 'page=1&ezID=6&', '185.157.12.106', 0, '', ''),
(468, '2019-11-30 19:35:04', 1, 'categories.php', '', '185.157.12.106', 0, '', ''),
(469, '2019-11-30 19:35:17', 1, 'categories.php', 'cPath=&action=new_category&', '185.157.12.106', 0, '', ''),
(470, '2019-11-30 19:35:58', 1, 'categories.php', 'action=insert_category&cPath=&', '185.157.12.106', 0, '', 0x8d8ec10ac3300c437f65f8dc3076ed2fec1706c134c618963838c9c628fdf7a594d1f6b6a3a427a41926acc46a42c5278c04e30c3718e1ae99eca26c1af4fd8165388281ca6492ab68faf12b21917d10eb6a671f5738552522938f981a3ed7da0045ad7ab540b6e96cf472cdc445cc591297e3c41fbec35695a93febe9f205),
(471, '2019-11-30 19:35:59', 1, 'categories.php', 'cPath=&cID=29&', '185.157.12.106', 0, '', ''),
(472, '2019-11-30 19:36:12', 1, 'categories.php', 'cPath=&action=new_category&', '185.157.12.106', 0, '', ''),
(473, '2019-11-30 19:36:33', 1, 'categories.php', 'action=insert_category&cPath=&', '185.157.12.106', 0, '', 0x8d8ec10ac2301044ff65cf0d56bcf527fc8142589a75597493b049bc94febb2922d69bc79979c3cc0a0b56e26442c54754826985334c70e5b98de3ed6274876d385281ca6292aba4f8817742947d10ebeacbce27f8a98a2293578c0d1f7b6d8092acfa6481ecadb3d1d33513a798b3442ec7893f7c87ad26a6feaca7db0b),
(474, '2019-11-30 19:36:34', 1, 'categories.php', 'cPath=&cID=30&', '185.157.12.106', 0, '', ''),
(475, '2019-11-30 19:37:12', 1, 'categories.php', 'cPath=29&', '185.157.12.106', 0, '', ''),
(476, '2019-11-30 19:37:17', 1, 'categories.php', 'x=56&y=12&product_type=1&cPath=29&action=new_product&', '185.157.12.106', 0, '', ''),
(477, '2019-11-30 19:37:18', 1, 'product.php', 'x=56&y=12&product_type=1&cPath=29&action=new_product&', '185.157.12.106', 0, '', ''),
(478, '2019-11-30 19:39:21', 1, 'product.php', 'cPath=29&product_type=1&action=new_product_preview&', '185.157.12.106', 0, '', 0x8d934f6fdb300cc5bf8ae173bd391d7658510ce879180aec1c40a065c625a03f2e4539718a7ef7c971d3d67282ed68f289fc49eff9a5ecd9b7514b502d082a685b6ccbbbf2b6defca8369bea5b5dde941682202b9d049d67c2a068d2a4cec7610ada47274ac61e53afbeda543bf63657f44c1a55f09cf6e4bd202031a4ea6631f3443b0019680cce34165cdc8196c8c817181dd8247c4973eeca5fbe472e7c977a7e3f160f7f1e7f3f94afef62452171627693a9aac1988bf4ad6a4605224c4d14cc71050e4a1b086f58ebe319ebfc20092f845c3e104b04b34603b38771e656e189fa9e5c971f7e965135fe70e5519f2338a124f1dc26c32db97f29e0b0dab0544447727d8fa5c3296e4b6b3168a65ec8bbb35df7fdcf2d6fdd562ef9566842ebfc91d07837de140d707bf405a49c818cfae8c6fbedd779c0278b3f28a6fd75bdb884f52d9a952538908fc9410bdd9b5f64bb946e3e7fa47aa23728e7e0f80179cfb4cec3ac9d020bf99e1d583263568c6cce6fb1b8c31ea97b9269db97ef8b9f26fd4ab303effee05045a6cac22918e1f3b8ffa85710c5773807e2f52f),
(479, '2019-11-30 19:39:27', 1, 'product.php', 'cPath=29&product_type=1&action=insert_product&', '185.157.12.106', 0, '', 0x85535d6fdb300cfc2b869febd5d9b0871545813e0fc3803d1b1068497189e9c3a5a8244e91ff3e398eb1584ed0471f8fbcd391fe287bf22a4a0e42016b014a69553e955febcd8f6ab3a9bed5e5436921b0262113a1f3843a081c39a9f2bf1983f4d1b1e0a1d7a956df2d8a2d799b337a42a945f09474f25a60e01812ba59cc3cbbdd011a688d9edc5870710b9223695a79141892b4cecc8da804636e1a52a21d043013b69175ee80e120a48170515ab767114d6fecc88790d377481cc1acad81d9c330f916e10dfb1e5d9737bff3205a7fb893d37b04c798289e54daa145f719030e2b8525233ae4fb3a160fe70bba591df1ba5e0cb75e69b38a4aefd0c794ac85ee9223da2e1d12cd1f0917a951f3bc50bfd3b4275cef69e28eb701b9ce162c9a2103f71abb371ea77ef9beb8c3749d530217c548585938efa482c8bed3ab6c1dd8e4e723814fe54fdf6b2a7c3a00e5f743f1fae7f7afd7f2747dd23a48c29ed1bbb9e7b97f69a8710ddf6a2e246aebfc11b5f16e78285a2075f405a4ff0b789047373c378ffdcb42239299672ff0aba0c7f0ababb785eb865b78f3f8777457cdeef2efeaeca83c9dfe01),
(480, '2019-11-30 19:39:28', 1, 'categories.php', 'cPath=29&pID=170&', '185.157.12.106', 0, '', ''),
(481, '2019-11-30 19:39:33', 1, 'attributes_controller.php', 'products_filter=170&current_category_id=29&', '185.157.12.106', 0, '', ''),
(482, '2019-11-30 19:40:16', 1, 'attributes_controller.php', 'action=add_product_attributes&attribute_page=1&products_filter=170&', '185.157.12.106', 0, '', 0x8d92d14ec3300c45ff25cf95d8406c825f01146589532ca549e738eb2ac4bf93b694b2d1763cd6f7dc6bd7ce87a82998a4394a34e2596cf71b51089d88c0b3d48aa10cd40edafd539642cd18fc48e7c249b904c3f78bd889b72227a2065913583c676864645fcf85879d28a6b68a99f09038673480e53b5f3897b12b7d9c2b066219c8000dc02fdf3057f0c058c1826a95e640aba20cd646e01bcc3fba8cd052e091db818f2bd28d4e4d5e455cd3a42558323b60068aebea7c80c1583bd5e6e95c9bc5cd74aae992127fccdb2b3758951c7f1b2f6375489ec1fc350d531d54ccc15ebb64e620826342ea952e1aab326776f79e98d7bbee999f801a421e879b7b87161d7835ae7e8ea8d4d9a8b65be07e99e87f28238fe2f30b),
(483, '2019-11-30 19:40:17', 1, 'attributes_controller.php', 'attribute_page=1&products_filter=170&current_category_id=29&', '185.157.12.106', 0, '', ''),
(484, '2019-11-30 19:41:01', 1, 'options_values_manager.php', '', '185.157.12.106', 0, '', ''),
(485, '2019-11-30 19:41:19', 1, 'options_values_manager.php', 'action=add_product_option_values&value_page=1&', '185.157.12.106', 0, '', 0xab56ca2f28c9cccf8bcf4c51b2523254d2512a4bcc294d85704d2ce1fcbcc4dc5425ab6aa00aa02a85ec74a55a1da582a2fc94d2e492e2788811c5f160a5c5f1c5f94525f1f94529a94540c54ab500),
(486, '2019-11-30 19:41:20', 1, 'options_values_manager.php', 'value_page=1&', '185.157.12.106', 0, '', ''),
(487, '2019-11-30 19:41:31', 1, 'categories.php', '', '185.157.12.106', 0, '', ''),
(488, '2019-11-30 19:41:40', 1, 'categories.php', 'cPath=29&', '185.157.12.106', 0, '', ''),
(489, '2019-11-30 19:41:45', 1, 'categories.php', 'cPath=29&pID=170&action=attribute_features&page=1&', '185.157.12.106', 0, '', ''),
(490, '2019-11-30 19:41:50', 1, 'attributes_controller.php', 'products_filter=170&current_category_id=29&', '185.157.12.106', 0, '', ''),
(491, '2019-11-30 19:42:21', 1, 'attributes_controller.php', 'action=add_product_attributes&attribute_page=1&products_filter=170&', '185.157.12.106', 0, '', 0x8d92d16ec2300c45ff25cfd506d30662bfb2a128240eb3149ae238946adabfcf6dd5c1585bd6b7fa1e5fdf38f9541545972d278d4ebdaae57aa10a65331194acad61d8476a7aed692352ac186339d052389990a1ff7f53cf1bb52dc4122de88ac0e359a801d25d5d0aabd5c3423e555c861b66c25d6671aa01f71ffcab7d1abbd187742912eb480ea807aefafa70b104c6034ca8de588e342beae87d02bec3fc63ca004d191eb9e9f93423dd9954cb2ad29ca63dc154730066a034af8e1b384c55308da40b8d8857377eb9498d3fcdcb9b6ef026071e1130d9984b06f757eb53ed4c12e3d286ecc620826346ea9436131ef6e2d9def785797f6c1ffb09a826e421dcd83bf418a034c3eac78883393bd3b40b5c4f13dd810479515fdf),
(492, '2019-11-30 19:42:22', 1, 'attributes_controller.php', 'attribute_page=1&products_filter=170&current_category_id=29&', '185.157.12.106', 0, '', ''),
(493, '2019-11-30 19:43:35', 1, 'categories.php', '', '185.157.12.106', 0, '', ''),
(494, '2019-11-30 19:43:46', 1, 'categories.php', 'cPath=30&', '185.157.12.106', 0, '', ''),
(495, '2019-11-30 19:43:46', 1, 'categories.php', 'cPath=30&', '185.157.12.106', 0, '', ''),
(496, '2019-11-30 19:43:52', 1, 'categories.php', 'x=41&y=10&product_type=1&cPath=30&action=new_product&', '185.157.12.106', 0, '', ''),
(497, '2019-11-30 19:43:52', 1, 'product.php', 'x=41&y=10&product_type=1&cPath=30&action=new_product&', '185.157.12.106', 0, '', ''),
(498, '2019-11-30 19:47:02', 1, 'product.php', 'cPath=30&product_type=1&action=new_product_preview&', '185.157.12.106', 0, '', 0x8d534d6fd34010fd2b960f9c88b05b3850422484a8040205c18583a5d5643d7147d90f7776368955f5bfb38e9bb6761ac1cd9e793bf3e6bd99bbbc655f472d41d520a8a0aeb1ceaff28ba27c3f2bcbd96591bfce2d0441563a011acf8441518f4999a7c714b48f4e94742da65c7136a9d6eced14d1326954c173ea33cd0501892145cb51cd03db2d908195c1818d0517d7a02532f20b1c1dd804bc4b75aef26553c5a2585f326eb2df5fbe5f7ffd935d9759ebebcc51d8106694edbae0fb2f1f12b47c7be15d97cdd7de49a6bdf1fcb1ca19eb2a5ffcfcb5fcb1fcfcedd3bc7ad36717f9fd634f45218d8b1341faa806635e14a156ab4e8108d32a0a4ea716d82b6d203c4c77fa7c32f2a06bc33e84297c4b2c11cc2935303be806de2adc50db926ba68f6fa5532bbf3fe3cd6d042794209eebb43796dcbf10b03fe93046444772be8fa5fd616bc71b824133b542de1d5d9fb78b8a2b57c9b2a590ed36fcca834e327f108dc9be21fbccbfa7167df1a21831b4be4673a2376ec9c7648f85e6c10cb24dba003efea478a266508e5be1b7c83ba653b3076cbfd430edb3064ba69b04239be3a0a3197648cd8df447fd6e7c58e9dc06791fc5c7ed2c32cd2c1c5c0fcfcbfd477c06517c8383dbf77f01),
(499, '2019-11-30 19:47:13', 1, 'product.php', 'cPath=30&product_type=1&action=insert_product&', '185.157.12.106', 0, '', 0x8554c18ed33010fd9528074e589becc281a55442889540a022b87088644d1d273bd4ce64c776db68b5ff8ed3b4a2495a714af2e68de7cd9b719ed396a90cca3b5982d712ca5297e97d7a9be5ef449e8bbb2c7d9d5a705eb354915013a376127b4e8cfc4b46a728345efaaed531965d0dca8ac94e192da3d2d211c73ad398f3e0838b683e3af3a0760b68606df4a0c642132a503eb0e69946892e96d613713daac0988b824ab9ee2478cfb80e5e4f1578d84b65c01d2bcdd327160d3dd64cce4de95b641fc0cca581d94137e896ee11db169b7a9afce43bb9a6fd159f9e02341e2385b88c33b4d8fc8f01fb5985312334e8afd7b1b83f6cd0c5688f67d9e8704ba53633abf4162944672dd4471fd1d67191f8f411711913b53f0d94b69a778cf3390ddc7e37605aa7028ba69b803b8df5a3efefc0dbf11ec6ed1c1c38560c8cc2c261260282a75acfbc6dc0463dcf11bc4f577511b2acba63bd497e7dfef6f0e577f290272d9549836e833ac164d739eadfc8456afee6969a2e5954d4f8449121fe50a4accb225dfef8b9fabefaf4f5e3a2b8e9a3cbf4e5fc6668a7185b8fd49c4a2fda65c14553f8558b2ed96df815818a2bfdde2b1dcf68c7070436a7c4117e368c7e40e2ac7f779e70092f6e28fe3af4e6f4144e9b0af7a2ca4574400c0e081447070439139b177d77e2d07b6c5c442596d41f38c0e9cbcb5f),
(500, '2019-11-30 19:47:14', 1, 'categories.php', 'cPath=30&pID=171&', '185.157.12.106', 0, '', ''),
(501, '2019-11-30 19:47:22', 1, 'attributes_controller.php', 'products_filter=171&current_category_id=30&', '185.157.12.106', 0, '', ''),
(502, '2019-11-30 19:48:07', 1, 'attributes_controller.php', 'action=add_product_attributes&attribute_page=1&products_filter=171&', '185.157.12.106', 0, '', 0x8d93d16e83300c45ff25cfd55684aa4afb956d8ad2c4619642421da71455fbf705106dd701dd23bec7373776b8888682499aa34423de44b12fc446e844049ea5560c55a06ed4ca6d9642c318fc44e7c249b904e3f7bb284bf1b9c996a841360416cf999a2039d47361b77bd9f65ed7a31533e12171f66901ab2ffed5bc8c3de853b618886520033402777d63b4e081b18605d52acd81564519ac8dc04f987f9c32414b8647ee463eae484f4e6af328e29a262dc152b30366a0b8aece1b188c8d535d4ee7ba2cde6dfcb64989d7e6e2a11bac4a8e67048c3a24cf60fe6a63aa838ad9d86b97cc1c44704c4883d267c2baca9efdbe6fccc76bffd44f402d214fe1e6dea145075e4da39f236a7536aaeb07b85f26860bf57f86f8fe01),
(503, '2019-11-30 19:48:08', 1, 'attributes_controller.php', 'attribute_page=1&products_filter=171&current_category_id=30&', '185.157.12.106', 0, '', ''),
(504, '2019-11-30 19:48:19', 1, 'specials.php', '', '185.157.12.106', 0, '', ''),
(505, '2019-11-30 19:48:24', 1, 'specials.php', 'page=1&action=new&', '185.157.12.106', 0, '', ''),
(506, '2019-11-30 19:48:38', 1, 'specials.php', 'page=1&action=insert&go_back=&', '185.157.12.106', 0, '', 0xab562a28ca4f294d2e298ecf4c51b25232343754d2418815146526a702858162c505a9c99989390831134b3d03030cc529f14995f1892525459949a52550ada505298925a9f1a836818c2c492c2a813053f3c062b500),
(507, '2019-11-30 19:48:38', 1, 'specials.php', 'page=1&sID=26&', '185.157.12.106', 0, '', ''),
(508, '2019-11-30 19:49:21', 1, 'categories.php', '', '185.157.12.106', 0, '', ''),
(509, '2019-11-30 19:49:28', 1, 'categories.php', 'cPath=30&', '185.157.12.106', 0, '', ''),
(510, '2019-11-30 19:50:37', 1, 'categories.php', 'x=27&y=8&product_type=1&cPath=30&action=new_product&', '185.157.12.106', 0, '', ''),
(511, '2019-11-30 19:50:38', 1, 'product.php', 'x=27&y=8&product_type=1&cPath=30&action=new_product&', '185.157.12.106', 0, '', ''),
(512, '2019-11-30 19:55:04', 1, 'product.php', 'cPath=30&product_type=1&action=new_product_preview&', '185.157.12.106', 0, '', 0x8d534d6fdb300cfd2b860f3b359bb3a287756980a08722fb6882ee6a406064c6252a592e4525318afef7c971d3d64e83ed68f289ef3d3efa29add915418b5705082a280a2cd2cbf46b36fe361a8f47e7597a965af082ac7404948e09bda216133b6f8fc96b172a51d2d4187bd9c9a65ab3b34344cda45179c79167d8f302127cac8e7b33f76a37400656063b3516aab0062d81913fd058818dc0a738e7325d9479c8b2f539e343523be3b64db29cddcdffcc67b7c9727efdf3d7fcf626b9c8923299ac5d25898e18beca53c6224fa7cbbbc5efc5f58fd924ffd276a7e9f32b8d221f1de260076d5583311ffa2ed4aa5120c2b40a8243a3023ba50df81743c7cf072ebb5596ecbc1fc237c412c01c4b03b385a6d3adfc3dd53555e5f0f1a3346ae57627e2780c50094588e3229e8aa5ea5f08d81d31f411a12239cd6369b73fd4fe51a0d74cb590ab0e414fea69ce7995cba2269f6c1ff893031dd7fc5d34c6f8baeebbfcde28dae159d653685d81e668dfb82117623c16ca9730c896f1e8f9f011eb519a41395c85db206f998ec3eeb0ed1dc390670d964c3328063607a33d0f5ba4f25e5ab6cfd945ef678abf58b7dfd7ede36614984616f6b1fbf7f3fea33e8220aec42eeee7bf),
(513, '2019-11-30 19:55:12', 1, 'product.php', 'cPath=30&product_type=1&action=insert_product&', '185.157.12.106', 0, '', 0x85544d8fda3010fd2b510e3dd5ddd015876e2912da43453f16b4bd46b206c764a7d8b1776c03d18aff5e87809624a09ea2bc7933efcd47f2965a324510def102bce45014b2481fd2cfd9e80b1b8dd87d967e4c35382f898b48280da1741c1b4e8cbc27a31326549efbdaca18cb6e06f99a8cee332ca190dc198a3afd98f3e0838be8a853f3e8760ba860a564eb464315d6207c2049038f1c5d94963d730d2a40a9ab860abeaa39784fb80a5ef61d78d873a1c09d9486e9bd11b53d96649cebd3b7483e801a5a03b583baf5cddd0b5a8b55d94f7ef5355f99fd8d39bd06a83c468aa122ee5063f53f06ec070a5d46a8d0dfd6d1b83f5ed0d568836759a7b83685548351c92d9a1027aba13ccd1175190f89ce2f11e73151faf342cd56d28e70b8a796dbdc06f475d6a051d53d7027b17cf14dd54fd9b87388f13cdb119c240321d3705c0a83e04d2907c3ad4047436f117c4817651eb26c7d4f729358a3ccae4e96b3e7f99ff9ec2959ce1f7ffe9a3f7d4fc659522693b5a97c222287bee529c9224fa7cbe7c5efc5e38fd924bf6ba2d3f470f935482708ad47539dd526769a535ee57e61d125bb0d7d3020e2197ff542c61ab65b20903a2776f08b05344b61172dbbcb846b787e67e2ef426ece4fd636cd2c103a848a59141bd50c6f9cb192355db163cfb161161d6823fec2114e0f877f),
(514, '2019-11-30 19:55:12', 1, 'categories.php', 'cPath=30&pID=172&', '185.157.12.106', 0, '', ''),
(515, '2019-11-30 19:55:26', 1, 'attributes_controller.php', 'products_filter=172&current_category_id=30&', '185.157.12.106', 0, '', ''),
(516, '2019-11-30 19:56:20', 1, 'options_values_manager.php', '', '185.157.12.106', 0, '', ''),
(517, '2019-11-30 19:57:05', 1, 'options_values_manager.php', 'action=add_product_option_values&value_page=1&', '185.157.12.106', 0, '', 0x3d8c490a80301004bf32f459dcc08b6f11866082889a914c1444fcbb51c163355d7542d6388ae7d1a245850cbb9937f76153feeccde2d09ee9f1cc345057904c39d5140fcdc91b4d115c19d62076eba3f2d7557e7d659510598275211570dd),
(518, '2019-11-30 19:57:06', 1, 'options_values_manager.php', 'value_page=1&', '185.157.12.106', 0, '', ''),
(519, '2019-11-30 19:57:17', 1, 'categories.php', '', '185.157.12.106', 0, '', ''),
(520, '2019-11-30 19:57:24', 1, 'categories.php', 'cPath=30&', '185.157.12.106', 0, '', ''),
(521, '2019-11-30 19:57:31', 1, 'attributes_controller.php', 'products_filter=172&current_category_id=30&', '185.157.12.106', 0, '', ''),
(522, '2019-11-30 19:58:45', 1, 'attributes_controller.php', 'action=add_product_attributes&attribute_page=1&products_filter=172&', '185.157.12.106', 0, '', 0x8d92d16ec3200c45ff85e74a4b375595f62bdb842898cc1209a9314da36aff3e1244bb7549bac7708eaf1dc34574e44dd41c241af12ab6fb67b1113a1241cb522b86dad390d94b9590ef187d5bec7470522e42fe7e13bb4a7c6c52246a901d81c573b28a24a7f33168ec71edab98090f9153480f587ff2afca65ed8e97c18227969e0c50167ed4e5b97c0b8c0d2c50ab347b5a85d25b1b801f38ffe852a4a5c0230fd90f2be841a73ead22ac316909968a1d300385753a1f6030744e0d693a372458ddaeea769312afc5dbbb6ab02a3a9e0118b48f2d83f9cbf25407155270ab5d347312c131224d649c099b3a658ef77d73de9fc6777e02ea09b90c37f70e2d3a685559fd9cd1a8b351c3b8c0fdb231fd505276e2eb1b),
(523, '2019-11-30 19:58:45', 1, 'attributes_controller.php', 'attribute_page=1&products_filter=172&current_category_id=30&', '185.157.12.106', 0, '', ''),
(524, '2019-11-30 19:58:59', 1, 'specials.php', '', '185.157.12.106', 0, '', ''),
(525, '2019-11-30 19:59:02', 1, 'specials.php', 'page=1&action=new&', '185.157.12.106', 0, '', ''),
(526, '2019-11-30 19:59:26', 1, 'specials.php', 'page=1&action=insert&go_back=&', '185.157.12.106', 0, '', 0xab562a28ca4f294d2e298ecf4c51b25232343752d2418815146526a702858162c505a9c99989390831230b3d03030cc529f14995f1892525459949a52550ada505298925a9f1a836818c2c492c2a813053f3c062b500),
(527, '2019-11-30 19:59:27', 1, 'specials.php', 'page=1&sID=27&', '185.157.12.106', 0, '', ''),
(528, '2019-11-30 19:59:37', 1, 'options_values_manager.php', '', '185.157.12.106', 0, '', ''),
(529, '2019-11-30 19:59:59', 1, 'options_values_manager.php', 'action=add_product_option_values&value_page=1&', '185.157.12.106', 0, '', 0x45cc4b0a80300c45d1ad8437167fe0a46b1142b145446da4a982887bb7e8c0e185cbb9205b9a24f0e460d0a0c06197dd7fd9fd1decea61ae7c18b45d4d23f515c95c5253533ab5a4603533b80b6c51dc3e24e54f567e0565959858a2f3311bb81f),
(530, '2019-11-30 20:00:00', 1, 'options_values_manager.php', 'value_page=1&', '185.157.12.106', 0, '', ''),
(531, '2019-11-30 20:01:25', 1, 'categories.php', '', '185.157.12.106', 0, '', ''),
(532, '2019-11-30 20:01:31', 1, 'categories.php', 'cPath=30&', '185.157.12.106', 0, '', ''),
(533, '2019-11-30 20:01:38', 1, 'product.php', 'cPath=30&product_type=1&pID=172&action=copy_to&', '185.157.12.106', 0, '', ''),
(534, '2019-11-30 20:01:47', 1, 'product.php', 'action=copy_to_confirm&cPath=30&page=1&', '185.157.12.106', 0, '', 0x5dcb4b0a80300c04d0bb64ade067217899526d28016d439a2e8a78775b10172ee7cdcc052cd1e55d9321072b8ccb041dec56d147217c751e1a462ec6a61a5de683daa66a16ea4fcb4cc1d7867c8882df585568cb8aedf41353aade0f),
(535, '2019-11-30 20:01:47', 1, 'categories.php', 'cPath=30&pID=173&page=1&', '185.157.12.106', 0, '', ''),
(536, '2019-11-30 20:01:52', 1, 'product.php', 'cPath=30&product_type=1&pID=173&action=new_product&', '185.157.12.106', 0, '', ''),
(537, '2019-11-30 20:02:22', 1, 'product.php', 'cPath=30&product_type=1&pID=173&action=new_product_preview&', '185.157.12.106', 0, '', 0x8d534d6fdb300cfd2b860f3bcd9b9cac18966501821e86eca309daab0181911597a86cb91495c428fadf27db4d9b380bb6c097908f7ce47bd4535c93cdbd622773602d21cf751e4fe29148bf24699a8c45341213914e3e7d8edfc72538d62455401696503b892d782c42eead0f3a657dc5929b5a87ece5a4dc902d87889a5069e92c05a6b6f7e88308bf63846360ef422e3de9dc8dbf0534b0361daf1069d27ddde495df80624f9a5ea63e2eaea00c254fa1e3245e169917623326fd10d5d6d85d13ade6b78bbbc5fc265a2dae7ffe5adc7c8f4657222aa2e9c6561ca900a26f594c3acfe2d9ea76f97b79fd633ecd3eb6d959fcfcca23d18595f5409436aac098bf0a91cb7523819970ed590f7766d84b65c0bd6c745ede06cff4eb152ec83a372cda22b107733e20981d34fdf4d2dd635d63550c8b1fb9916bbbbfe0cfa3878a31402ce5e1864aacfe8580fd19c329c257c897794adc77a77c7a25da29c29ad15607bfa7f52ca3acca7859a38b760ff4ce820a627f65a583897df6c8c5378ab6f940dbd2e6da0c8eab26bd45eb83492514ba4f625984b740873f211e46339a0fb761b79a7684e796f7d8f69c61c8b381124d33087a3287454f76d8692ceeb9bb8fd1d5c9eb0a2fafd7f7557dbd4d3c61524267bb3beef71ff1043cdb42f7763fff01),
(538, '2019-11-30 20:02:27', 1, 'product.php', 'cPath=30&product_type=1&pID=173&action=update_product&', '185.157.12.106', 0, '', 0x85545d8fda3010fc2b511efa54f712e8a92aa548e81e2afa71a0bbd748d6e298dc1627cead6d203af1dfeb24a02309a81152c4ececeeeccec25b58924e9db086a760258734956938094751fc95c5311b47c1289a44f1e4f397f0639883b192b8f0cc4c134ac3b1268f231f7baf83466857586eab52fae8ed20df90cefb8c9250486e34f94e75edd1a7c83f970c63c13ae36371a772237f07a860ad9abe5114b3e6d3282fdc06847524e9a4fa3d99a3f152644f6c8d0a50eaaac094af2b0ed612ae9d957d2d160e5c2830a74ec3f41a1cccd54e9e9136a69fb443b20ed45020a83d54ad7a6e5eb02cb1c8fac9afb6e26b7db8b1b7570785454fd1947a6f732cfec780c3a04397e10ab4b7fbe478684eec6ab4c67b6bc9752a55c7af7a557287daf9fde690c9368879e6cf8bce5f3cce7da2b4675bf54ed29e70e856cbad2f04fa7d3690a3aa7ae05e62f6621b0b47f79dc3f447dbaee0d4d211b21c1a531838ab3339586e01b917f4e6c149b8cc1217459b31c96d506aa5f755b09a3f2d9e17f3c760b578f8f57bf1f82318dd4741164c37bab081f024fa9e8424d3249cad9e967f960f3fe7d3e4ae8ecec2e3e5cf431a41585ad4c5b9ddb49c259414895d966882fd963e6810fe9abf59217d8db25bc0913a2776f00b076a57d8c5cce632e11a9edc69ff3f22b7e7376ba76625101a84829528b6aade9e9f9a65ac1e8b3543fb899997906bf1171a383c1eff01),
(539, '2019-11-30 20:02:28', 1, 'categories.php', 'cPath=30&pID=173&', '185.157.12.106', 0, '', ''),
(540, '2019-11-30 20:02:34', 1, 'categories.php', 'cPath=30&pID=173&action=attribute_features&page=1&', '185.157.12.106', 0, '', ''),
(541, '2019-11-30 20:02:38', 1, 'attributes_controller.php', 'products_filter=173&current_category_id=30&', '185.157.12.106', 0, '', ''),
(542, '2019-11-30 20:02:48', 1, 'attributes_controller.php', 'action=update_attribute&attribute_id=199&attribute_page=1&products_filter=173&current_category_id=30&', '185.157.12.106', 0, '', ''),
(543, '2019-11-30 20:03:28', 1, 'attributes_controller.php', 'action=update_product_attribute&attribute_page=1&products_filter=173&', '185.157.12.106', 0, '', 0x8d93dd6ec2300c85dfa5d7d30643d3c49e65521412a7b39436c571800aeddde7fe84152815bdabcf77ec53273d179a9970971814dae2ab586fb7c54bd150b0c9701c6b9f1ba9994404352ba319ca40eda06d5622858631d49996c241fb04e3fbc7ba6f88065443e0f024b58ca8bede9936efaf2b79a6b32fc9a23a02963f7ce57f8c897ed527a78b815805b2402331710ef9420d8c55976795d3dc314e1b0ef404a2827311f829f2e9b9195d6ebee77670c56157b3d264eadcbca36c2a2e26ea09e508e0d13e3d30032d771999077d2cc6c6eb56b2faf6fa5cd5e4e25edceb1b37389d3ccf08184d483583bdd786583b1da5716d7cb27310c13e21f5cadd57c1014392cb5fe9725c2e56a58cec2ecd3ff8fdd6fd3807a02321e7ecbd4762cb52e0f61a4f6638f450eb7c747344a54f56b77111e837d011bf7f),
(544, '2019-11-30 20:03:28', 1, 'attributes_controller.php', 'attribute_page=1&products_filter=173&current_category_id=30&', '185.157.12.106', 0, '', ''),
(545, '2019-11-30 20:03:48', 1, 'specials.php', '', '185.157.12.106', 0, '', ''),
(546, '2019-11-30 20:03:53', 1, 'specials.php', 'page=1&action=new&', '185.157.12.106', 0, '', ''),
(547, '2019-11-30 20:04:11', 1, 'specials.php', 'page=1&action=insert&go_back=&', '185.157.12.106', 0, '', 0xab562a28ca4f294d2e298ecf4c51b25232343756d2418815146526a702858162c505a9c999893908314b0b3d03030cc529f14995f1892525459949a52550ada505298925a9f1a836818c2c492c2a813053f3c062b500),
(548, '2019-11-30 20:04:12', 1, 'specials.php', 'page=1&sID=28&', '185.157.12.106', 0, '', ''),
(549, '2019-11-30 20:13:35', 1, 'specials.php', 'page=1&action=new&', '185.157.12.106', 0, '', ''),
(550, '2019-11-30 20:13:42', 1, 'specials.php', 'page=1&', '185.157.12.106', 0, '', ''),
(551, '2019-11-30 20:13:47', 1, 'categories.php', '', '185.157.12.106', 0, '', ''),
(552, '2019-11-30 20:13:53', 1, 'categories.php', 'cPath=24&', '185.157.12.106', 0, '', ''),
(553, '2019-11-30 20:14:00', 1, 'categories.php', 'x=51&y=7&product_type=1&cPath=24&action=new_product&', '185.157.12.106', 0, '', ''),
(554, '2019-11-30 20:14:01', 1, 'product.php', 'x=51&y=7&product_type=1&cPath=24&action=new_product&', '185.157.12.106', 0, '', ''),
(555, '2019-12-04 12:35:57', 0, 'login.php ', 'camefrom=index.php&', '185.157.12.106', 0, '', ''),
(556, '2019-12-04 12:36:07', 0, 'login.php altkompserwis', 'camefrom=index.php&', '185.157.12.106', 0, '', 0x0dc93b0e80201005c0bb6c6d21fe029ec13b9807ae66a380118c85f1eed2cebc84c54b98033cd34838f21efd99f87a245145e9b65e7289296e120ac06589a1c012614c03d73314f7ccb5c20a58a0d57537b0d186be1f),
(557, '2019-12-04 12:36:20', 1, 'specials.php', '', '185.157.12.106', 0, '', ''),
(558, '2019-12-04 12:36:25', 1, 'specials.php', 'page=1&sID=24&action=edit&', '185.157.12.106', 0, '', ''),
(559, '2019-12-04 12:36:34', 1, 'specials.php', 'page=1&action=update&go_back=&', '185.157.12.106', 0, '', 0x65cd3d0a80300c86e1bb6416d12245bc4ce8df10102d693a8878775bc52e667c79c877428ac1915913928705d4041d44de7d76923032b9506a698d7d4de9b91fcafdbc477ba01161b259aa1c0bc9d11b09d8e433a6eb5f312cef44d86a84eb06),
(560, '2019-12-04 12:36:35', 1, 'specials.php', 'page=1&sID=24&', '185.157.12.106', 0, '', ''),
(561, '2019-12-23 10:13:26', 0, 'login.php ', 'camefrom=index.php&', '185.157.12.106', 0, '', ''),
(562, '2019-12-23 10:13:32', 0, 'login.php altkompserwis', 'camefrom=index.php&', '185.157.12.106', 0, '', 0x0dc9410e40301000c0bfecd96129daf5067f9055251bda8a561cc4dff53af3022f5ec214d83b18808fbc477f26773d92a08274cf5e7289316e120ab0cd1243812532d5eb4cb6a7d634ca10ba15add12d326a341d29f87e),
(563, '2019-12-23 10:13:44', 1, 'users.php', '', '185.157.12.106', 0, '', ''),
(564, '2019-12-23 10:14:10', 1, 'users.php', 'action=add&', '185.157.12.106', 0, '', ''),
(565, '2019-12-23 10:16:09', 1, 'users.php', '', '185.157.12.106', 0, '', 0x1dcb310a80300c46e1bb649682ab9357f92d11826d529a4e15ef6e74fce0bd9b908798d246a2ce7dd0428acae1eed64a902ba4849d0ff81068f2992737a8e0daa34a7fd6ba9d52be71a5e705),
(566, '2019-12-23 10:16:21', 1, 'logoff.php', '', '185.157.12.106', 0, '', ''),
(567, '2019-12-23 10:16:21', 0, 'login.php ', '', '185.157.12.106', 0, '', ''),
(568, '2019-12-23 10:16:41', 0, 'login.php rsopl', '', '185.157.12.106', 0, '', 0x0dc8310e80200c00c0bf74763020487d837f3005c43491620427e3dfe5c67b816266d984f20e0bdcb55c270c501f9fb9f558cbc1d28342e3223d6221246550a3c3c97844a7529a51076783b701e308df0f);
INSERT INTO `admin_activity_log` (`log_id`, `access_date`, `admin_id`, `page_accessed`, `page_parameters`, `ip_address`, `flagged`, `attention`, `gzpost`) VALUES
(569, '2019-12-23 10:19:09', 0, 'login.php ', 'camefrom=index.php&', '185.157.12.106', 0, '', ''),
(570, '2019-12-23 11:23:45', 0, 'login.php ', 'camefrom=index.php&', '83.9.39.146', 0, '', ''),
(571, '2019-12-23 11:23:58', 0, 'login.php rsopl', 'camefrom=index.php&', '83.9.39.146', 0, '', 0x0dc8cb0d80200c00d05d7af602c8cf19dcc1d0028644a8113d197797777c2f84584bdb5aa80916b83a9f074cd01face51eb1f25eda884077e1362272f64ac82c2c69243446aaa09d3606dd4c689347f87e),
(572, '2019-12-23 11:24:16', 3, 'alt_nav.php', '', '83.9.39.146', 0, '', ''),
(573, '2019-12-28 23:37:16', 0, 'login.php ', 'camefrom=index.php&', '185.157.12.106', 0, '', ''),
(574, '2019-12-28 23:37:19', 0, 'login.php ', 'camefrom=index.php&', '185.157.12.106', 0, '', ''),
(575, '2019-12-28 23:37:22', 0, 'login.php altkompserwis', 'camefrom=index.php&', '185.157.12.106', 0, '', 0x0dc9310e80200c00c0bf74768080a2bec13f98d6a2691430827130fe5dd6bb179083c43962f030021e654fe1ccfe7a244303f9a620a5c69436891570299262054e6dcf16890d2add6a6d57520e9d724c037b653a0bdf0f),
(576, '2019-12-28 23:37:48', 1, 'server_info.php', '', '185.157.12.106', 0, '', ''),
(577, '2019-12-28 23:41:33', 1, 'orders.php', 'oID=481&origin=index&', '185.157.12.106', 0, '', ''),
(578, '2019-12-28 23:41:51', 1, 'orders.php', 'origin=index&page=1&oID=481&action=edit&', '185.157.12.106', 0, '', ''),
(579, '2020-01-09 12:34:44', 0, 'login.php ', 'camefrom=index.php&', '83.9.244.154', 0, '', ''),
(580, '2020-01-09 12:34:55', 0, 'login.php rsopl', 'camefrom=index.php&', '83.9.244.154', 0, '', 0x0dc8310e80200c00c0bf7476918812dfe01f4c29d43491d6084ec6bfcb8df702a622ba2b960c2bdcd5ae1306a84f2cd27a6c7688f6406a62da23d94c63a01098714a8e3ca177893d2f141d674682ef07),
(581, '2020-01-09 12:36:04', 3, 'orders.php', '', '83.9.244.154', 0, '', '');

-- --------------------------------------------------------

--
-- Struktura tabeli dla tabeli `admin_menus`
--

CREATE TABLE `admin_menus` (
  `menu_key` varchar(32) NOT NULL DEFAULT '',
  `language_key` varchar(255) NOT NULL DEFAULT '',
  `sort_order` int(11) NOT NULL DEFAULT '0'
) ENGINE=MyISAM DEFAULT CHARSET=utf8;

--
-- Zrzut danych tabeli `admin_menus`
--

INSERT INTO `admin_menus` (`menu_key`, `language_key`, `sort_order`) VALUES
('configuration', 'BOX_HEADING_CONFIGURATION', 1),
('catalog', 'BOX_HEADING_CATALOG', 2),
('modules', 'BOX_HEADING_MODULES', 3),
('customers', 'BOX_HEADING_CUSTOMERS', 4),
('taxes', 'BOX_HEADING_LOCATION_AND_TAXES', 5),
('localization', 'BOX_HEADING_LOCALIZATION', 6),
('reports', 'BOX_HEADING_REPORTS', 7),
('tools', 'BOX_HEADING_TOOLS', 8),
('gv', 'BOX_HEADING_GV_ADMIN', 9),
('access', 'BOX_HEADING_ADMIN_ACCESS', 10),
('extras', 'BOX_HEADING_EXTRAS', 11);

-- --------------------------------------------------------

--
-- Struktura tabeli dla tabeli `admin_pages`
--

CREATE TABLE `admin_pages` (
  `page_key` varchar(32) NOT NULL DEFAULT '',
  `language_key` varchar(255) NOT NULL DEFAULT '',
  `main_page` varchar(64) NOT NULL DEFAULT '',
  `page_params` varchar(64) NOT NULL DEFAULT '',
  `menu_key` varchar(32) NOT NULL DEFAULT '',
  `display_on_menu` char(1) NOT NULL DEFAULT 'N',
  `sort_order` int(11) NOT NULL DEFAULT '0'
) ENGINE=MyISAM DEFAULT CHARSET=utf8;

--
-- Zrzut danych tabeli `admin_pages`
--

INSERT INTO `admin_pages` (`page_key`, `language_key`, `main_page`, `page_params`, `menu_key`, `display_on_menu`, `sort_order`) VALUES
('configMyStore', 'BOX_CONFIGURATION_MY_STORE', 'FILENAME_CONFIGURATION', 'gID=1', 'configuration', 'Y', 1),
('configMinimumValues', 'BOX_CONFIGURATION_MINIMUM_VALUES', 'FILENAME_CONFIGURATION', 'gID=2', 'configuration', 'Y', 2),
('configMaximumValues', 'BOX_CONFIGURATION_MAXIMUM_VALUES', 'FILENAME_CONFIGURATION', 'gID=3', 'configuration', 'Y', 3),
('configImages', 'BOX_CONFIGURATION_IMAGES', 'FILENAME_CONFIGURATION', 'gID=4', 'configuration', 'Y', 4),
('configCustomerDetails', 'BOX_CONFIGURATION_CUSTOMER_DETAILS', 'FILENAME_CONFIGURATION', 'gID=5', 'configuration', 'Y', 5),
('configShipping', 'BOX_CONFIGURATION_SHIPPING_PACKAGING', 'FILENAME_CONFIGURATION', 'gID=7', 'configuration', 'Y', 6),
('configProductListing', 'BOX_CONFIGURATION_PRODUCT_LISTING', 'FILENAME_CONFIGURATION', 'gID=8', 'configuration', 'Y', 7),
('configStock', 'BOX_CONFIGURATION_STOCK', 'FILENAME_CONFIGURATION', 'gID=9', 'configuration', 'Y', 8),
('configLogging', 'BOX_CONFIGURATION_LOGGING', 'FILENAME_CONFIGURATION', 'gID=10', 'configuration', 'Y', 9),
('configEmail', 'BOX_CONFIGURATION_EMAIL_OPTIONS', 'FILENAME_CONFIGURATION', 'gID=12', 'configuration', 'Y', 10),
('configAttributes', 'BOX_CONFIGURATION_ATTRIBUTE_OPTIONS', 'FILENAME_CONFIGURATION', 'gID=13', 'configuration', 'Y', 11),
('configGzipCompression', 'BOX_CONFIGURATION_GZIP_COMPRESSION', 'FILENAME_CONFIGURATION', 'gID=14', 'configuration', 'Y', 12),
('configSessions', 'BOX_CONFIGURATION_SESSIONS', 'FILENAME_CONFIGURATION', 'gID=15', 'configuration', 'Y', 13),
('configRegulations', 'BOX_CONFIGURATION_REGULATIONS', 'FILENAME_CONFIGURATION', 'gID=11', 'configuration', 'Y', 14),
('configGvCoupons', 'BOX_CONFIGURATION_GV_COUPONS', 'FILENAME_CONFIGURATION', 'gID=16', 'configuration', 'Y', 15),
('configCreditCards', 'BOX_CONFIGURATION_CREDIT_CARDS', 'FILENAME_CONFIGURATION', 'gID=17', 'configuration', 'Y', 16),
('configProductInfo', 'BOX_CONFIGURATION_PRODUCT_INFO', 'FILENAME_CONFIGURATION', 'gID=18', 'configuration', 'Y', 17),
('configLayoutSettings', 'BOX_CONFIGURATION_LAYOUT_SETTINGS', 'FILENAME_CONFIGURATION', 'gID=19', 'configuration', 'Y', 18),
('configWebsiteMaintenance', 'BOX_CONFIGURATION_WEBSITE_MAINTENANCE', 'FILENAME_CONFIGURATION', 'gID=20', 'configuration', 'Y', 19),
('configNewListing', 'BOX_CONFIGURATION_NEW_LISTING', 'FILENAME_CONFIGURATION', 'gID=21', 'configuration', 'Y', 20),
('configFeaturedListing', 'BOX_CONFIGURATION_FEATURED_LISTING', 'FILENAME_CONFIGURATION', 'gID=22', 'configuration', 'Y', 21),
('configAllListing', 'BOX_CONFIGURATION_ALL_LISTING', 'FILENAME_CONFIGURATION', 'gID=23', 'configuration', 'Y', 22),
('configIndexListing', 'BOX_CONFIGURATION_INDEX_LISTING', 'FILENAME_CONFIGURATION', 'gID=24', 'configuration', 'Y', 23),
('configDefinePageStatus', 'BOX_CONFIGURATION_DEFINE_PAGE_STATUS', 'FILENAME_CONFIGURATION', 'gID=25', 'configuration', 'Y', 24),
('configEzPagesSettings', 'BOX_CONFIGURATION_EZPAGES_SETTINGS', 'FILENAME_CONFIGURATION', 'gID=30', 'configuration', 'Y', 25),
('categories', 'BOX_CATALOG_CATEGORIES_PRODUCTS', 'FILENAME_CATEGORIES', '', 'catalog', 'Y', 1),
('productTypes', 'BOX_CATALOG_PRODUCT_TYPES', 'FILENAME_PRODUCT_TYPES', '', 'catalog', 'Y', 2),
('priceManager', 'BOX_CATALOG_PRODUCTS_PRICE_MANAGER', 'FILENAME_PRODUCTS_PRICE_MANAGER', '', 'catalog', 'Y', 3),
('optionNames', 'BOX_CATALOG_CATEGORIES_OPTIONS_NAME_MANAGER', 'FILENAME_OPTIONS_NAME_MANAGER', '', 'catalog', 'Y', 4),
('optionValues', 'BOX_CATALOG_CATEGORIES_OPTIONS_VALUES_MANAGER', 'FILENAME_OPTIONS_VALUES_MANAGER', '', 'catalog', 'Y', 5),
('attributes', 'BOX_CATALOG_CATEGORIES_ATTRIBUTES_CONTROLLER', 'FILENAME_ATTRIBUTES_CONTROLLER', '', 'catalog', 'Y', 6),
('downloads', 'BOX_CATALOG_CATEGORIES_ATTRIBUTES_DOWNLOADS_MANAGER', 'FILENAME_DOWNLOADS_MANAGER', '', 'catalog', 'Y', 7),
('optionNameSorter', 'BOX_CATALOG_PRODUCT_OPTIONS_NAME', 'FILENAME_PRODUCTS_OPTIONS_NAME', '', 'catalog', 'Y', 8),
('optionValueSorter', 'BOX_CATALOG_PRODUCT_OPTIONS_VALUES', 'FILENAME_PRODUCTS_OPTIONS_VALUES', '', 'catalog', 'Y', 9),
('manufacturers', 'BOX_CATALOG_MANUFACTURERS', 'FILENAME_MANUFACTURERS', '', 'catalog', 'Y', 10),
('reviews', 'BOX_CATALOG_REVIEWS', 'FILENAME_REVIEWS', '', 'catalog', 'Y', 11),
('specials', 'BOX_CATALOG_SPECIALS', 'FILENAME_SPECIALS', '', 'catalog', 'Y', 12),
('featured', 'BOX_CATALOG_FEATURED', 'FILENAME_FEATURED', '', 'catalog', 'Y', 13),
('salemaker', 'BOX_CATALOG_SALEMAKER', 'FILENAME_SALEMAKER', '', 'catalog', 'Y', 14),
('productsExpected', 'BOX_CATALOG_PRODUCTS_EXPECTED', 'FILENAME_PRODUCTS_EXPECTED', '', 'catalog', 'Y', 15),
('product', 'BOX_CATALOG_PRODUCT', 'FILENAME_PRODUCT', '', 'catalog', 'N', 16),
('productsToCategories', 'BOX_CATALOG_PRODUCTS_TO_CATEGORIES', 'FILENAME_PRODUCTS_TO_CATEGORIES', '', 'catalog', 'N', 17),
('payment', 'BOX_MODULES_PAYMENT', 'FILENAME_MODULES', 'set=payment', 'modules', 'Y', 1),
('shipping', 'BOX_MODULES_SHIPPING', 'FILENAME_MODULES', 'set=shipping', 'modules', 'Y', 2),
('orderTotal', 'BOX_MODULES_ORDER_TOTAL', 'FILENAME_MODULES', 'set=ordertotal', 'modules', 'Y', 3),
('customers', 'BOX_CUSTOMERS_CUSTOMERS', 'FILENAME_CUSTOMERS', '', 'customers', 'Y', 1),
('orders', 'BOX_CUSTOMERS_ORDERS', 'FILENAME_ORDERS', '', 'customers', 'Y', 2),
('groupPricing', 'BOX_CUSTOMERS_GROUP_PRICING', 'FILENAME_GROUP_PRICING', '', 'customers', 'Y', 3),
('paypal', 'BOX_CUSTOMERS_PAYPAL', 'FILENAME_PAYPAL', '', 'customers', 'Y', 4),
('invoice', 'BOX_CUSTOMERS_INVOICE', 'FILENAME_ORDERS_INVOICE', '', 'customers', 'N', 5),
('packingslip', 'BOX_CUSTOMERS_PACKING_SLIP', 'FILENAME_ORDERS_PACKINGSLIP', '', 'customers', 'N', 6),
('linkpointReview', 'BOX_CUSTOMERS_LINKPOINT_REVIEW', 'FILENAME_LINKPOINT_REVIEW', '', 'customers', 'Y', 7),
('countries', 'BOX_TAXES_COUNTRIES', 'FILENAME_COUNTRIES', '', 'taxes', 'Y', 1),
('zones', 'BOX_TAXES_ZONES', 'FILENAME_ZONES', '', 'taxes', 'Y', 2),
('geoZones', 'BOX_TAXES_GEO_ZONES', 'FILENAME_GEO_ZONES', '', 'taxes', 'Y', 3),
('taxClasses', 'BOX_TAXES_TAX_CLASSES', 'FILENAME_TAX_CLASSES', '', 'taxes', 'Y', 4),
('taxRates', 'BOX_TAXES_TAX_RATES', 'FILENAME_TAX_RATES', '', 'taxes', 'Y', 5),
('currencies', 'BOX_LOCALIZATION_CURRENCIES', 'FILENAME_CURRENCIES', '', 'localization', 'Y', 1),
('languages', 'BOX_LOCALIZATION_LANGUAGES', 'FILENAME_LANGUAGES', '', 'localization', 'Y', 2),
('ordersStatus', 'BOX_LOCALIZATION_ORDERS_STATUS', 'FILENAME_ORDERS_STATUS', '', 'localization', 'Y', 3),
('reportCustomers', 'BOX_REPORTS_ORDERS_TOTAL', 'FILENAME_STATS_CUSTOMERS', '', 'reports', 'Y', 1),
('reportReferrals', 'BOX_REPORTS_CUSTOMERS_REFERRALS', 'FILENAME_STATS_CUSTOMERS_REFERRALS', '', 'reports', 'Y', 2),
('reportLowStock', 'BOX_REPORTS_PRODUCTS_LOWSTOCK', 'FILENAME_STATS_PRODUCTS_LOWSTOCK', '', 'reports', 'Y', 3),
('reportProductsSold', 'BOX_REPORTS_PRODUCTS_PURCHASED', 'FILENAME_STATS_PRODUCTS_PURCHASED', '', 'reports', 'Y', 4),
('reportProductsViewed', 'BOX_REPORTS_PRODUCTS_VIEWED', 'FILENAME_STATS_PRODUCTS_VIEWED', '', 'reports', 'Y', 5),
('templateSelect', 'BOX_TOOLS_TEMPLATE_SELECT', 'FILENAME_TEMPLATE_SELECT', '', 'tools', 'Y', 1),
('layoutController', 'BOX_TOOLS_LAYOUT_CONTROLLER', 'FILENAME_LAYOUT_CONTROLLER', '', 'tools', 'Y', 2),
('banners', 'BOX_TOOLS_BANNER_MANAGER', 'FILENAME_BANNER_MANAGER', '', 'tools', 'Y', 3),
('mail', 'BOX_TOOLS_MAIL', 'FILENAME_MAIL', '', 'tools', 'Y', 4),
('newsletters', 'BOX_TOOLS_NEWSLETTER_MANAGER', 'FILENAME_NEWSLETTERS', '', 'tools', 'Y', 5),
('server', 'BOX_TOOLS_SERVER_INFO', 'FILENAME_SERVER_INFO', '', 'tools', 'Y', 6),
('whosOnline', 'BOX_TOOLS_WHOS_ONLINE', 'FILENAME_WHOS_ONLINE', '', 'tools', 'Y', 7),
('storeManager', 'BOX_TOOLS_STORE_MANAGER', 'FILENAME_STORE_MANAGER', '', 'tools', 'Y', 9),
('developersToolKit', 'BOX_TOOLS_DEVELOPERS_TOOL_KIT', 'FILENAME_DEVELOPERS_TOOL_KIT', '', 'tools', 'Y', 10),
('ezpages', 'BOX_TOOLS_EZPAGES', 'FILENAME_EZPAGES_ADMIN', '', 'tools', 'Y', 11),
('definePagesEditor', 'BOX_TOOLS_DEFINE_PAGES_EDITOR', 'FILENAME_DEFINE_PAGES_EDITOR', '', 'tools', 'Y', 12),
('sqlPatch', 'BOX_TOOLS_SQLPATCH', 'FILENAME_SQLPATCH', '', 'tools', 'Y', 13),
('couponAdmin', 'BOX_COUPON_ADMIN', 'FILENAME_COUPON_ADMIN', '', 'gv', 'Y', 1),
('couponRestrict', 'BOX_COUPON_RESTRICT', 'FILENAME_COUPON_RESTRICT', '', 'gv', 'N', 1),
('gvQueue', 'BOX_GV_ADMIN_QUEUE', 'FILENAME_GV_QUEUE', '', 'gv', 'Y', 2),
('gvMail', 'BOX_GV_ADMIN_MAIL', 'FILENAME_GV_MAIL', '', 'gv', 'Y', 3),
('gvSent', 'BOX_GV_ADMIN_SENT', 'FILENAME_GV_SENT', '', 'gv', 'Y', 4),
('profiles', 'BOX_ADMIN_ACCESS_PROFILES', 'FILENAME_PROFILES', '', 'access', 'Y', 1),
('users', 'BOX_ADMIN_ACCESS_USERS', 'FILENAME_USERS', '', 'access', 'Y', 2),
('pageRegistration', 'BOX_ADMIN_ACCESS_PAGE_REGISTRATION', 'FILENAME_ADMIN_PAGE_REGISTRATION', '', 'access', 'Y', 3),
('adminlogs', 'BOX_ADMIN_ACCESS_LOGS', 'FILENAME_ADMIN_ACTIVITY', '', 'access', 'Y', 4),
('recordArtists', 'BOX_CATALOG_RECORD_ARTISTS', 'FILENAME_RECORD_ARTISTS', '', 'extras', 'Y', 1),
('recordCompanies', 'BOX_CATALOG_RECORD_COMPANY', 'FILENAME_RECORD_COMPANY', '', 'extras', 'Y', 2),
('musicGenre', 'BOX_CATALOG_MUSIC_GENRE', 'FILENAME_MUSIC_GENRE', '', 'extras', 'Y', 3),
('mediaManager', 'BOX_CATALOG_MEDIA_MANAGER', 'FILENAME_MEDIA_MANAGER', '', 'extras', 'Y', 4),
('mediaTypes', 'BOX_CATALOG_MEDIA_TYPES', 'FILENAME_MEDIA_TYPES', '', 'extras', 'Y', 5),
('configCOWOA', 'BOX_CONFIGURATION_COWOA', 'FILENAME_CONFIGURATION', 'gID=31', 'configuration', 'Y', 31),
('configZenLightbox', 'BOX_CONFIGURATION_ZEN_LIGHTBOX', 'FILENAME_CONFIGURATION', 'gID=32', 'configuration', 'Y', 32),
('configImageHandler4', 'BOX_TOOLS_IMAGE_HANDLER', 'FILENAME_IMAGE_HANDLER', '', 'tools', 'Y', 14),
('backup_mysql', 'BOX_TOOLS_BACKUP_MYSQL', 'FILENAME_BACKUP_MYSQL', '', 'tools', 'Y', 17),
('Szybka aktualizacja produktów', 'BOX_CATALOG_QUICK_UPDATES', 'FILENAME_QUICK_UPDATES', '', 'catalog', 'Y', 103),
('quick_updates_config', 'BOX_CATALOG_QUICK_UPDATES', 'FILENAME_CONFIGURATION', 'gID=33', 'configuration', 'Y', 103),
('configZXSlideshow', 'BOX_CONFIGURATION_ZX_SLIDESHOW', 'FILENAME_CONFIGURATION', 'gID=34', 'configuration', 'Y', 34),
('multi_ezpages', 'BOX_MULTI_EZPAGES_INSTALL', 'FILENAME_MULTI_EZPAGES_INSTALL', '', 'tools', 'Y', 70),
('easypopulate_4', 'BOX_TOOLS_EASYPOPULATE_4', 'FILENAME_EASYPOPULATE_4', '', 'tools', 'Y', 97),
('easypopulate_4_config', 'BOX_TOOLS_EASYPOPULATE_4', 'FILENAME_CONFIGURATION', 'gID=36', 'configuration', 'Y', 97),
('configCookieControl', 'BOX_CONFIGURATION_COOKIECONTROL', 'FILENAME_CONFIGURATION', 'gID=39', 'configuration', 'Y', 39),
('ceon_uri_mapping_config', 'BOX_CEON_URI_MAPPING', 'FILENAME_CEON_URI_MAPPING_CONFIG', '', 'modules', 'Y', 40),
('ceon_uri_mapping_config_group', 'BOX_CEON_URI_MAPPING_CONFIG_GROUP', 'FILENAME_CONFIGURATION', 'gID=40', 'configuration', 'Y', 40),
('sitemapxml', 'BOX_SITEMAPXML', 'FILENAME_SITEMAPXML', '', 'tools', 'Y', 41),
('sitemapxmlConfig', 'BOX_CONFIGURATION_SITEMAPXML', 'FILENAME_CONFIGURATION', 'gID=41', 'configuration', 'Y', 41);

-- --------------------------------------------------------

--
-- Struktura tabeli dla tabeli `admin_pages_to_profiles`
--

